36.255.204.20 - - [05/May/2026:15:53:58 -0500] "GET /wp-content/plugins/pro-elements/assets/js/elements-handlers.min.js?ver=3.35.0 HTTP/1.1" 200 44257 "https://dialogos.ensad.edu.pe/" "Mozilla/5.0 (Windows NT 10.0; Win64; x64) AppleWebKit/537.36 (KHTML, like Gecko) Chrome/147.0.0.0 Safari/537.36"
36.255.204.20 - - [05/May/2026:15:53:58 -0500] "GET /wp-content/themes/twentytwenty/assets/js/index.js?ver=1.7 HTTP/1.1" 200 25645 "https://dialogos.ensad.edu.pe/" "Mozilla/5.0 (Windows NT 10.0; Win64; x64) AppleWebKit/537.36 (KHTML, like Gecko) Chrome/147.0.0.0 Safari/537.36"
36.255.204.20 - - [05/May/2026:15:53:58 -0500] "GET /wp-content/themes/twentytwenty/print.css?ver=1.7 HTTP/1.1" 200 2574 "https://dialogos.ensad.edu.pe/" "Mozilla/5.0 (Windows NT 10.0; Win64; x64) AppleWebKit/537.36 (KHTML, like Gecko) Chrome/147.0.0.0 Safari/537.36"
36.255.204.20 - - [05/May/2026:15:53:58 -0500] "GET /wp-content/themes/twentytwenty/assets/fonts/inter/Inter-upright-var.woff2 HTTP/1.1" 200 223892 "https://dialogos.ensad.edu.pe/wp-content/themes/twentytwenty/style.css?ver=1.7" "Mozilla/5.0 (Windows NT 10.0; Win64; x64) AppleWebKit/537.36 (KHTML, like Gecko) Chrome/147.0.0.0 Safari/537.36"
36.255.204.20 - - [05/May/2026:15:54:00 -0500] "GET /wp-content/plugins/elementor/assets/lib/font-awesome/webfonts/fa-brands-400.woff2 HTTP/1.1" 200 81612 "https://dialogos.ensad.edu.pe/wp-content/plugins/elementor/assets/lib/font-awesome/css/brands.min.css?ver=5.15.3" "Mozilla/5.0 (Windows NT 10.0; Win64; x64) AppleWebKit/537.36 (KHTML, like Gecko) Chrome/147.0.0.0 Safari/537.36"
36.255.204.20 - - [05/May/2026:15:54:00 -0500] "GET /wp-content/plugins/elementor/assets/js/section-frontend-handlers.d85ab872da118940910d.bundle.min.js HTTP/1.1" 200 449 "https://dialogos.ensad.edu.pe/" "Mozilla/5.0 (Windows NT 10.0; Win64; x64) AppleWebKit/537.36 (KHTML, like Gecko) Chrome/147.0.0.0 Safari/537.36"
36.255.204.20 - - [05/May/2026:15:54:00 -0500] "GET /wp-content/plugins/elementor/assets/js/shared-frontend-handlers.03caa53373b56d3bab67.bundle.min.js HTTP/1.1" 200 8481 "https://dialogos.ensad.edu.pe/" "Mozilla/5.0 (Windows NT 10.0; Win64; x64) AppleWebKit/537.36 (KHTML, like Gecko) Chrome/147.0.0.0 Safari/537.36"
36.255.204.20 - - [05/May/2026:15:54:00 -0500] "GET /wp-content/plugins/pro-elements/assets/js/nav-menu.8521a0597c50611efdc6.bundle.min.js HTTP/1.1" 200 5239 "https://dialogos.ensad.edu.pe/" "Mozilla/5.0 (Windows NT 10.0; Win64; x64) AppleWebKit/537.36 (KHTML, like Gecko) Chrome/147.0.0.0 Safari/537.36"
36.255.204.20 - - [05/May/2026:15:54:00 -0500] "GET /wp-content/plugins/pro-elements/assets/js/load-more.8b46f464e573feab5dd7.bundle.min.js HTTP/1.1" 200 5345 "https://dialogos.ensad.edu.pe/" "Mozilla/5.0 (Windows NT 10.0; Win64; x64) AppleWebKit/537.36 (KHTML, like Gecko) Chrome/147.0.0.0 Safari/537.36"
36.255.204.20 - - [05/May/2026:15:54:00 -0500] "GET /wp-content/plugins/pro-elements/assets/js/posts.aec59265318492b89cb5.bundle.min.js HTTP/1.1" 200 3316 "https://dialogos.ensad.edu.pe/" "Mozilla/5.0 (Windows NT 10.0; Win64; x64) AppleWebKit/537.36 (KHTML, like Gecko) Chrome/147.0.0.0 Safari/537.36"
36.255.204.20 - - [05/May/2026:15:54:00 -0500] "GET /wp-content/plugins/pro-elements/assets/js/portfolio.4cd5da34009c30cb5d70.bundle.min.js HTTP/1.1" 200 7270 "https://dialogos.ensad.edu.pe/" "Mozilla/5.0 (Windows NT 10.0; Win64; x64) AppleWebKit/537.36 (KHTML, like Gecko) Chrome/147.0.0.0 Safari/537.36"
36.255.204.20 - - [05/May/2026:15:54:00 -0500] "GET /wp-content/plugins/elementor/assets/js/text-editor.45609661e409413f1cef.bundle.min.js HTTP/1.1" 200 1348 "https://dialogos.ensad.edu.pe/" "Mozilla/5.0 (Windows NT 10.0; Win64; x64) AppleWebKit/537.36 (KHTML, like Gecko) Chrome/147.0.0.0 Safari/537.36"
36.255.204.20 - - [05/May/2026:15:54:00 -0500] "GET /wp-content/plugins/elementor/assets/lib/font-awesome/webfonts/fa-solid-900.woff2 HTTP/1.1" 200 78196 "https://dialogos.ensad.edu.pe/wp-content/plugins/elementor/assets/lib/font-awesome/css/solid.min.css?ver=5.15.3" "Mozilla/5.0 (Windows NT 10.0; Win64; x64) AppleWebKit/537.36 (KHTML, like Gecko) Chrome/147.0.0.0 Safari/537.36"
36.255.204.20 - - [05/May/2026:15:54:00 -0500] "GET /wp-includes/js/wp-emoji-release.min.js?ver=6.9.4 HTTP/1.1" 200 22762 "https://dialogos.ensad.edu.pe/" "Mozilla/5.0 (Windows NT 10.0; Win64; x64) AppleWebKit/537.36 (KHTML, like Gecko) Chrome/147.0.0.0 Safari/537.36"
36.255.204.20 - - [05/May/2026:15:54:00 -0500] "GET /wp-content/uploads/2022/12/portada_aaa.jpg HTTP/1.1" 200 85068 "https://dialogos.ensad.edu.pe/" "Mozilla/5.0 (Windows NT 10.0; Win64; x64) AppleWebKit/537.36 (KHTML, like Gecko) Chrome/147.0.0.0 Safari/537.36"
36.255.204.20 - - [05/May/2026:15:54:00 -0500] "GET /wp-content/uploads/2023/02/04-Mesa-de-trabajo-4.jpg HTTP/1.1" 200 127253 "https://dialogos.ensad.edu.pe/" "Mozilla/5.0 (Windows NT 10.0; Win64; x64) AppleWebKit/537.36 (KHTML, like Gecko) Chrome/147.0.0.0 Safari/537.36"
36.255.204.20 - - [05/May/2026:15:54:01 -0500] "GET /wp-content/uploads/2023/10/simbolico_art.jpg HTTP/1.1" 200 85444 "https://dialogos.ensad.edu.pe/" "Mozilla/5.0 (Windows NT 10.0; Win64; x64) AppleWebKit/537.36 (KHTML, like Gecko) Chrome/147.0.0.0 Safari/537.36"
36.255.204.20 - - [05/May/2026:15:54:01 -0500] "GET /wp-content/uploads/2022/12/estela_banner.jpg HTTP/1.1" 200 134236 "https://dialogos.ensad.edu.pe/" "Mozilla/5.0 (Windows NT 10.0; Win64; x64) AppleWebKit/537.36 (KHTML, like Gecko) Chrome/147.0.0.0 Safari/537.36"
36.255.204.20 - - [05/May/2026:15:54:01 -0500] "GET /wp-content/uploads/2021/01/Foto-1.jpg HTTP/1.1" 200 117038 "https://dialogos.ensad.edu.pe/" "Mozilla/5.0 (Windows NT 10.0; Win64; x64) AppleWebKit/537.36 (KHTML, like Gecko) Chrome/147.0.0.0 Safari/537.36"
36.255.204.20 - - [05/May/2026:15:54:01 -0500] "GET /wp-content/uploads/2022/12/fernandoluque1.jpg HTTP/1.1" 200 156659 "https://dialogos.ensad.edu.pe/" "Mozilla/5.0 (Windows NT 10.0; Win64; x64) AppleWebKit/537.36 (KHTML, like Gecko) Chrome/147.0.0.0 Safari/537.36"
36.255.204.20 - - [05/May/2026:15:54:01 -0500] "GET /wp-content/plugins/elementor/assets/lib/eicons/fonts/eicons.woff2?5.48.0 HTTP/1.1" 200 105704 "https://dialogos.ensad.edu.pe/wp-content/plugins/elementor/assets/lib/eicons/css/elementor-icons.min.css?ver=5.48.0" "Mozilla/5.0 (Windows NT 10.0; Win64; x64) AppleWebKit/537.36 (KHTML, like Gecko) Chrome/147.0.0.0 Safari/537.36"
222.165.190.235 - - [05/May/2026:15:55:39 -0500] "GET /wp-login.php HTTP/1.1" 200 9854 "-" "Mozilla/5.0 (Windows NT 6.1; Win64; x64) AppleWebKit/537.36 (KHTML, like Gecko) Chrome/63.0.3239.132 Safari/537.36 OPR/50.0.2762.67"
222.165.190.235 - - [05/May/2026:15:55:41 -0500] "POST /wp-login.php HTTP/1.1" 503 19280 "https://www.dialogos.ensad.edu.pe/wp-login.php" "Mozilla/5.0 (Windows NT 6.1; Win64; x64) AppleWebKit/537.36 (KHTML, like Gecko) Chrome/63.0.3239.132 Safari/537.36 OPR/50.0.2762.67"
167.86.88.122 - - [05/May/2026:15:56:58 -0500] "POST /wp-cron.php?doing_wp_cron=1778014618.6212348937988281250000 HTTP/1.1" 200 - "-" "WordPress/6.9.4; https://dialogos.ensad.edu.pe"
46.22.135.218 - - [05/May/2026:15:56:57 -0500] "POST /xmlrpc.php HTTP/1.1" 503 19280 "-" "Mozilla/5.0 (Windows NT 6.3; Win64; x64) AppleWebKit/537.36 (KHTML, like Gecko) Chrome/52.0.2743.116 Safari/537.36 Edge/15.15063"
167.86.88.122 - - [05/May/2026:16:04:24 -0500] "POST /wp-cron.php?doing_wp_cron=1778015064.5582780838012695312500 HTTP/1.1" 200 - "-" "WordPress/6.9.4; https://dialogos.ensad.edu.pe"
165.22.61.123 - - [05/May/2026:16:04:23 -0500] "GET /wp-login.php HTTP/1.1" 200 9854 "-" "Mozilla/4.0 (compatible; MSIE 7.0; Windows NT 6.3; WOW64; Trident/7.0; .NET4.0E; .NET4.0C; .NET CLR 3.5.30729; .NET CLR 2.0.50727; .NET CLR 3.0.30729; InfoPath.3)"
165.22.61.123 - - [05/May/2026:16:04:26 -0500] "POST /wp-login.php HTTP/1.1" 503 19280 "https://www.dialogos.ensad.edu.pe/wp-login.php" "Mozilla/4.0 (compatible; MSIE 7.0; Windows NT 6.3; WOW64; Trident/7.0; .NET4.0E; .NET4.0C; .NET CLR 3.5.30729; .NET CLR 2.0.50727; .NET CLR 3.0.30729; InfoPath.3)"
51.91.98.45 - - [05/May/2026:16:04:29 -0500] "POST /xmlrpc.php HTTP/1.1" 503 19280 "-" "Mozilla/5.0 (Windows NT 10.0; Win64; x64) AppleWebKit/537.36 (KHTML, like Gecko) Chrome/64.0.3282.140 Safari/537.36 OPR/51.0.2830.34"
167.86.88.122 - - [05/May/2026:16:12:07 -0500] "POST /wp-cron.php?doing_wp_cron=1778015527.2336699962615966796875 HTTP/1.1" 200 - "-" "WordPress/6.9.4; https://dialogos.ensad.edu.pe"
20.118.17.81 - - [05/May/2026:16:12:05 -0500] "POST /xmlrpc.php HTTP/1.1" 503 19280 "-" "Mozilla/5.0 (Macintosh; Intel Mac OS X 10_13_2) AppleWebKit/537.36 (KHTML, like Gecko) Chrome/66.0.3359.139 Safari/537.36"
178.156.154.250 - - [05/May/2026:16:16:03 -0500] "GET / HTTP/1.1" 200 61885 "-" "Better Stack Better Uptime Bot Mozilla/5.0 (Windows NT 10.0; Win64; x64) AppleWebKit/537.36 (KHTML, like Gecko) Chrome/130.0.0.0 Safari/537.36"
167.86.88.122 - - [05/May/2026:16:16:05 -0500] "POST /wp-cron.php?doing_wp_cron=1778015765.1984090805053710937500 HTTP/1.1" 200 - "-" "WordPress/6.9.4; https://dialogos.ensad.edu.pe"
72.167.150.128 - - [05/May/2026:16:19:31 -0500] "POST /xmlrpc.php HTTP/1.1" 503 19280 "-" "Mozilla/5.0 (Macintosh; Intel Mac OS X 10_11_6) AppleWebKit/537.36 (KHTML, like Gecko) Chrome/67.0.3396.87 Safari/537.36"
47.128.56.36 - - [05/May/2026:16:19:35 -0500] "GET /05/los-titeres-como-una-herramienta-pedagogica-que-aporta-al-desarrollo-de-la-creatividad-en-la-educacion-primaria1/ HTTP/1.1" 200 103729 "-" "Mozilla/5.0 (Linux; Android 5.0) AppleWebKit/537.36 (KHTML, like Gecko) Mobile Safari/537.36 (compatible; Bytespider; spider-feedback@bytedance.com)"
47.128.56.36 - - [05/May/2026:16:19:38 -0500] "GET /wp-content/plugins/elementor/assets/css/frontend.min.css?ver=4.0.3 HTTP/1.1" 200 54666 "https://dialogos.ensad.edu.pe/05/los-titeres-como-una-herramienta-pedagogica-que-aporta-al-desarrollo-de-la-creatividad-en-la-educacion-primaria1/" "Mozilla/5.0 (Linux; Android 5.0) AppleWebKit/537.36 (KHTML, like Gecko) Mobile Safari/537.36 (compatible; Bytespider; spider-feedback@bytedance.com)"
47.128.56.36 - - [05/May/2026:16:19:38 -0500] "GET /wp-content/plugins/pro-elements/assets/css/widget-share-buttons.min.css?ver=3.35.0 HTTP/1.1" 200 32720 "https://dialogos.ensad.edu.pe/05/los-titeres-como-una-herramienta-pedagogica-que-aporta-al-desarrollo-de-la-creatividad-en-la-educacion-primaria1/" "Mozilla/5.0 (Linux; Android 5.0) AppleWebKit/537.36 (KHTML, like Gecko) Mobile Safari/537.36 (compatible; Bytespider; spider-feedback@bytedance.com)"
47.128.56.36 - - [05/May/2026:16:19:38 -0500] "GET /wp-content/plugins/elementor/assets/css/widget-social-icons.min.css?ver=4.0.3 HTTP/1.1" 200 5110 "https://dialogos.ensad.edu.pe/05/los-titeres-como-una-herramienta-pedagogica-que-aporta-al-desarrollo-de-la-creatividad-en-la-educacion-primaria1/" "Mozilla/5.0 (Linux; Android 5.0) AppleWebKit/537.36 (KHTML, like Gecko) Mobile Safari/537.36 (compatible; Bytespider; spider-feedback@bytedance.com)"
47.128.56.36 - - [05/May/2026:16:19:38 -0500] "GET /wp-content/plugins/elementor/assets/css/widget-icon-list.min.css?ver=4.0.3 HTTP/1.1" 200 10255 "https://dialogos.ensad.edu.pe/05/los-titeres-como-una-herramienta-pedagogica-que-aporta-al-desarrollo-de-la-creatividad-en-la-educacion-primaria1/" "Mozilla/5.0 (Linux; Android 5.0) AppleWebKit/537.36 (KHTML, like Gecko) Mobile Safari/537.36 (compatible; Bytespider; spider-feedback@bytedance.com)"
47.128.56.36 - - [05/May/2026:16:19:39 -0500] "GET /wp-content/plugins/elementor/assets/lib/font-awesome/css/solid.min.css?ver=5.15.3 HTTP/1.1" 200 669 "https://dialogos.ensad.edu.pe/05/los-titeres-como-una-herramienta-pedagogica-que-aporta-al-desarrollo-de-la-creatividad-en-la-educacion-primaria1/" "Mozilla/5.0 (Linux; Android 5.0) AppleWebKit/537.36 (KHTML, like Gecko) Mobile Safari/537.36 (compatible; Bytespider; spider-feedback@bytedance.com)"
47.128.56.36 - - [05/May/2026:16:19:39 -0500] "GET /wp-content/plugins/pro-elements/assets/css/widget-posts.min.css?ver=3.35.0 HTTP/1.1" 200 16950 "https://dialogos.ensad.edu.pe/05/los-titeres-como-una-herramienta-pedagogica-que-aporta-al-desarrollo-de-la-creatividad-en-la-educacion-primaria1/" "Mozilla/5.0 (Linux; Android 5.0) AppleWebKit/537.36 (KHTML, like Gecko) Mobile Safari/537.36 (compatible; Bytespider; spider-feedback@bytedance.com)"
47.128.56.36 - - [05/May/2026:16:19:39 -0500] "GET /wp-content/uploads/elementor/css/post-35.css?ver=1777936344 HTTP/1.1" 200 9434 "https://dialogos.ensad.edu.pe/05/los-titeres-como-una-herramienta-pedagogica-que-aporta-al-desarrollo-de-la-creatividad-en-la-educacion-primaria1/" "Mozilla/5.0 (Linux; Android 5.0) AppleWebKit/537.36 (KHTML, like Gecko) Mobile Safari/537.36 (compatible; Bytespider; spider-feedback@bytedance.com)"
47.128.56.36 - - [05/May/2026:16:19:39 -0500] "GET /wp-content/uploads/elementor/css/post-40.css?ver=1777936408 HTTP/1.1" 200 10983 "https://dialogos.ensad.edu.pe/05/los-titeres-como-una-herramienta-pedagogica-que-aporta-al-desarrollo-de-la-creatividad-en-la-educacion-primaria1/" "Mozilla/5.0 (Linux; Android 5.0) AppleWebKit/537.36 (KHTML, like Gecko) Mobile Safari/537.36 (compatible; Bytespider; spider-feedback@bytedance.com)"
167.86.88.122 - - [05/May/2026:16:28:18 -0500] "POST /wp-cron.php?doing_wp_cron=1778016498.6833848953247070312500 HTTP/1.1" 200 - "-" "WordPress/6.9.4; https://dialogos.ensad.edu.pe"
52.232.35.131 - - [05/May/2026:16:28:17 -0500] "POST /xmlrpc.php HTTP/1.1" 503 19280 "-" "Mozilla/5.0 (Windows NT 6.1; Win64; x64) AppleWebKit/537.36 (KHTML, like Gecko) Chrome/67.0.3396.62 Safari/537.36"
222.165.190.235 - - [05/May/2026:16:28:38 -0500] "GET /wp-login.php HTTP/1.1" 200 9854 "-" "Mozilla/5.0 (Windows NT 6.1; WOW64; Trident/7.0; NP08; rv:11.0) like Gecko"
222.165.190.235 - - [05/May/2026:16:28:39 -0500] "POST /wp-login.php HTTP/1.1" 503 19280 "https://www.dialogos.ensad.edu.pe/wp-login.php" "Mozilla/5.0 (Windows NT 6.1; WOW64; Trident/7.0; NP08; rv:11.0) like Gecko"
167.86.88.122 - - [05/May/2026:16:31:19 -0500] "POST /wp-cron.php?doing_wp_cron=1778016679.7602269649505615234375 HTTP/1.1" 200 - "-" "WordPress/6.9.4; https://dialogos.ensad.edu.pe"
52.167.144.184 - - [05/May/2026:16:31:18 -0500] "GET /wp-sitemap-posts-page-1.xml HTTP/1.1" 200 1677 "-" "Mozilla/5.0 AppleWebKit/537.36 (KHTML, like Gecko; compatible; bingbot/2.0; +http://www.bing.com/bingbot.htm) Chrome/116.0.1938.76 Safari/537.36"
72.167.150.128 - - [05/May/2026:16:36:32 -0500] "GET /wp-login.php HTTP/1.1" 200 9854 "-" "Mozilla/5.0 (Windows NT 10.0; WOW64; Trident/7.0; ASJB; rv:11.0) like Gecko"
72.167.150.128 - - [05/May/2026:16:36:33 -0500] "POST /wp-login.php HTTP/1.1" 503 19280 "https://www.dialogos.ensad.edu.pe/wp-login.php" "Mozilla/5.0 (Windows NT 10.0; WOW64; Trident/7.0; ASJB; rv:11.0) like Gecko"
42.115.72.43 - - [05/May/2026:16:36:36 -0500] "POST /xmlrpc.php HTTP/1.1" 503 19280 "-" "Mozilla/5.0 (Macintosh; Intel Mac OS X 10_13_2) AppleWebKit/537.36 (KHTML, like Gecko) Chrome/66.0.3359.181 Safari/537.36"
176.101.174.45 - - [05/May/2026:16:37:00 -0500] "GET /wp-content/uploads/2023/02/06-el-viaje-del-Ukuko.jpg HTTP/1.1" 200 758771 "-" "Mozilla/5.0 (compatible; crawler)"
167.86.88.122 - - [05/May/2026:16:45:05 -0500] "POST /wp-cron.php?doing_wp_cron=1778017505.5471880435943603515625 HTTP/1.1" 200 - "-" "WordPress/6.9.4; https://dialogos.ensad.edu.pe"
3.70.164.132 - - [05/May/2026:16:45:03 -0500] "POST /xmlrpc.php HTTP/1.1" 503 19280 "-" "Mozilla/5.0 (Windows NT 10.0; Win64; x64) AppleWebKit/537.36 (KHTML, like Gecko) Chrome/65.0.3325.181 Safari/537.36 OPR/52.0.2871.40"
91.98.38.26 - - [05/May/2026:16:46:05 -0500] "GET / HTTP/1.1" 200 69983 "-" "Better Stack Better Uptime Bot Mozilla/5.0 (Windows NT 10.0; Win64; x64) AppleWebKit/537.36 (KHTML, like Gecko) Chrome/130.0.0.0 Safari/537.36"
167.86.88.122 - - [05/May/2026:16:46:06 -0500] "POST /wp-cron.php?doing_wp_cron=1778017566.4731369018554687500000 HTTP/1.1" 200 - "-" "WordPress/6.9.4; https://dialogos.ensad.edu.pe"
47.128.56.68 - - [05/May/2026:16:51:52 -0500] "GET /05/el-ready-made-de-duchamp-y-su-relacion-con-el-teatro-de-objetos/ HTTP/1.1" 200 104678 "-" "Mozilla/5.0 (Linux; Android 5.0) AppleWebKit/537.36 (KHTML, like Gecko) Mobile Safari/537.36 (compatible; Bytespider; spider-feedback@bytedance.com)"
47.128.56.68 - - [05/May/2026:16:51:54 -0500] "GET /wp-content/uploads/elementor/css/post-1352.css?ver=1777936345 HTTP/1.1" 200 743 "https://dialogos.ensad.edu.pe/05/el-ready-made-de-duchamp-y-su-relacion-con-el-teatro-de-objetos/" "Mozilla/5.0 (Linux; Android 5.0) AppleWebKit/537.36 (KHTML, like Gecko) Mobile Safari/537.36 (compatible; Bytespider; spider-feedback@bytedance.com)"
47.128.56.68 - - [05/May/2026:16:51:55 -0500] "GET /wp-content/uploads/2024/05/Articulo02_img-768x401.jpg HTTP/1.1" 206 500 "https://dialogos.ensad.edu.pe/05/el-ready-made-de-duchamp-y-su-relacion-con-el-teatro-de-objetos/" "Mozilla/5.0 (Linux; Android 5.0) AppleWebKit/537.36 (KHTML, like Gecko) Mobile Safari/537.36 (compatible; Bytespider; spider-feedback@bytedance.com)"
51.210.146.129 - - [05/May/2026:16:52:28 -0500] "GET /wp-login.php HTTP/1.1" 200 9854 "-" "Mozilla/5.0 (Windows NT 6.1; WOW64; Trident/7.0; EIE10;ENGBWOL; rv:11.0) like Gecko"
51.210.146.129 - - [05/May/2026:16:52:30 -0500] "POST /wp-login.php HTTP/1.1" 503 19280 "https://www.dialogos.ensad.edu.pe/wp-login.php" "Mozilla/5.0 (Windows NT 6.1; WOW64; Trident/7.0; EIE10;ENGBWOL; rv:11.0) like Gecko"
167.86.88.122 - - [05/May/2026:16:53:09 -0500] "POST /wp-cron.php?doing_wp_cron=1778017989.3984758853912353515625 HTTP/1.1" 200 - "-" "WordPress/6.9.4; https://dialogos.ensad.edu.pe"
41.76.214.94 - - [05/May/2026:16:53:07 -0500] "POST /xmlrpc.php HTTP/1.1" 503 19280 "-" "Mozilla/5.0 (Macintosh; Intel Mac OS X 10_11_6) AppleWebKit/537.36 (KHTML, like Gecko) Chrome/65.0.3325.181 Safari/537.36"
167.86.88.122 - - [05/May/2026:16:56:22 -0500] "POST /wp-cron.php?doing_wp_cron=1778018182.3961749076843261718750 HTTP/1.1" 200 - "-" "WordPress/6.9.4; https://dialogos.ensad.edu.pe"
57.141.0.66 - - [05/May/2026:16:56:21 -0500] "GET /comments/feed/ HTTP/1.1" 200 743 "-" "meta-externalagent/1.1 (+https://developers.facebook.com/docs/sharing/webmasters/crawler)"
135.236.141.8 - - [05/May/2026:17:00:03 -0500] "GET /wp-login.php HTTP/1.1" 200 9854 "-" "Mozilla/4.0 (compatible; MSIE 7.0; Windows NT 6.1; WOW64; Trident/7.0; SLCC2; .NET CLR 2.0.50727; .NET CLR 3.5.30729; .NET CLR 3.0.30729; Media Center PC 6.0; .NET4.0C; .NET4.0E; GWX:RESERVED)"
135.236.141.8 - - [05/May/2026:17:00:05 -0500] "POST /wp-login.php HTTP/1.1" 503 19280 "https://www.dialogos.ensad.edu.pe/wp-login.php" "Mozilla/4.0 (compatible; MSIE 7.0; Windows NT 6.1; WOW64; Trident/7.0; SLCC2; .NET CLR 2.0.50727; .NET CLR 3.5.30729; .NET CLR 3.0.30729; Media Center PC 6.0; .NET4.0C; .NET4.0E; GWX:RESERVED)"
66.249.65.161 - - [05/May/2026:17:04:25 -0500] "GET /author/dialogos/page/2/ HTTP/1.1" 200 319861 "-" "Googlebot/2.1 (+http://www.google.com/bot.html)"
167.86.88.122 - - [05/May/2026:17:04:29 -0500] "POST /wp-cron.php?doing_wp_cron=1778018669.5117380619049072265625 HTTP/1.1" 200 - "-" "WordPress/6.9.4; https://dialogos.ensad.edu.pe"
167.86.88.122 - - [05/May/2026:17:07:34 -0500] "POST /wp-cron.php?doing_wp_cron=1778018854.9326000213623046875000 HTTP/1.1" 200 - "-" "WordPress/6.9.4; https://dialogos.ensad.edu.pe"
91.227.37.60 - - [05/May/2026:17:07:33 -0500] "GET /wp-login.php HTTP/1.1" 200 9854 "-" "Mozilla/5.0 (Macintosh; Intel Mac OS X 10_12) AppleWebKit/602.1.50 (KHTML, like Gecko) Version/10.0 Safari/602.1.50"
91.227.37.60 - - [05/May/2026:17:07:36 -0500] "POST /wp-login.php HTTP/1.1" 503 19280 "https://www.dialogos.ensad.edu.pe/wp-login.php" "Mozilla/5.0 (Macintosh; Intel Mac OS X 10_12) AppleWebKit/602.1.50 (KHTML, like Gecko) Version/10.0 Safari/602.1.50"
178.156.217.188 - - [05/May/2026:17:15:59 -0500] "GET / HTTP/1.1" 200 105270 "-" "Better Stack Better Uptime Bot Mozilla/5.0 (Windows NT 10.0; Win64; x64) AppleWebKit/537.36 (KHTML, like Gecko) Chrome/130.0.0.0 Safari/537.36"
167.86.88.122 - - [05/May/2026:17:16:01 -0500] "POST /wp-cron.php?doing_wp_cron=1778019361.0351700782775878906250 HTTP/1.1" 200 - "-" "WordPress/6.9.4; https://dialogos.ensad.edu.pe"
38.95.35.85 - - [05/May/2026:17:16:08 -0500] "POST /xmlrpc.php HTTP/1.1" 503 19280 "-" "Mozilla/5.0 (Windows NT 6.3; WOW64) AppleWebKit/537.36 (KHTML, like Gecko) Chrome/66.0.3359.139 Safari/537.36"
66.249.88.192 - - [05/May/2026:17:16:57 -0500] "GET /.well-known/traffic-advice HTTP/1.1" 404 80831 "-" "Chrome Privacy Preserving Prefetch Proxy"
167.86.88.122 - - [05/May/2026:17:16:59 -0500] "POST /wp-cron.php?doing_wp_cron=1778019419.0553870201110839843750 HTTP/1.1" 200 - "-" "WordPress/6.9.4; https://dialogos.ensad.edu.pe"
193.186.4.249 - - [05/May/2026:17:16:57 -0500] "GET /06/el-cisne-negro-un-analisis-del-enfoque-inconsciente-de-nina-sayers-en-base-al-yo-al-ello-y-al-sintoma/ HTTP/1.1" 200 103103 "https://www.google.com/" "Mozilla/5.0 (Windows NT 10.0; Win64; x64) AppleWebKit/537.36 (KHTML, like Gecko) Chrome/147.0.0.0 Safari/537.36"
40.77.167.50 - - [05/May/2026:17:22:37 -0500] "GET /05/los-titeres-como-una-herramienta-pedagogica-que-aporta-al-desarrollo-de-la-creatividad-en-la-educacion-primaria1/ HTTP/1.1" 200 103729 "-" "Mozilla/5.0 AppleWebKit/537.36 (KHTML, like Gecko; compatible; bingbot/2.0; +http://www.bing.com/bingbot.htm) Chrome/116.0.1938.76 Safari/537.36"
185.23.118.183 - - [05/May/2026:17:22:49 -0500] "GET /wp-login.php HTTP/1.1" 200 9854 "-" "Mozilla/4.0 (compatible; MSIE 7.0; Windows NT 6.1; Trident/7.0; SLCC2; .NET CLR 2.0.50727; .NET CLR 3.5.30729; .NET CLR 3.0.30729; .NET4.0C; .NET4.0E; Media Center PC 6.0; InfoPath.3; BRI/2)"
185.23.118.183 - - [05/May/2026:17:22:50 -0500] "POST /wp-login.php HTTP/1.1" 503 19280 "https://www.dialogos.ensad.edu.pe/wp-login.php" "Mozilla/4.0 (compatible; MSIE 7.0; Windows NT 6.1; Trident/7.0; SLCC2; .NET CLR 2.0.50727; .NET CLR 3.5.30729; .NET CLR 3.0.30729; .NET4.0C; .NET4.0E; Media Center PC 6.0; InfoPath.3; BRI/2)"
52.167.144.140 - - [05/May/2026:17:23:01 -0500] "GET /wp-content/plugins/elementor/assets/lib/font-awesome/webfonts/fa-regular-400.woff HTTP/1.1" 200 16276 "https://dialogos.ensad.edu.pe/wp-content/plugins/elementor/assets/lib/font-awesome/css/regular.min.css?ver=5.15.3" "Mozilla/5.0 AppleWebKit/537.36 (KHTML, like Gecko; compatible; bingbot/2.0; +http://www.bing.com/bingbot.htm) Chrome/136.0.0.0 Safari/537.36 AppleWebKit/537.36 (KHTML, like Gecko; compatible; bingbot/2.0; +http://www.bing.com/bingbot.htm) Chrome/116.0.1938.76 Safari/537.36"
40.77.167.4 - - [05/May/2026:17:23:05 -0500] "GET /wp-content/uploads/elementor/css/post-40.css?ver=1777936408 HTTP/1.1" 200 10983 "https://dialogos.ensad.edu.pe/05/los-titeres-como-una-herramienta-pedagogica-que-aporta-al-desarrollo-de-la-creatividad-en-la-educacion-primaria1/" "Mozilla/5.0 AppleWebKit/537.36 (KHTML, like Gecko; compatible; bingbot/2.0; +http://www.bing.com/bingbot.htm) Chrome/136.0.0.0 Safari/537.36 AppleWebKit/537.36 (KHTML, like Gecko; compatible; bingbot/2.0; +http://www.bing.com/bingbot.htm) Chrome/116.0.1938.76 Safari/537.36"
52.167.144.199 - - [05/May/2026:17:23:05 -0500] "GET /wp-content/plugins/elementor/assets/lib/font-awesome/webfonts/fa-regular-400.woff2 HTTP/1.1" 200 13276 "https://dialogos.ensad.edu.pe/wp-content/plugins/elementor/assets/lib/font-awesome/css/regular.min.css?ver=5.15.3" "Mozilla/5.0 AppleWebKit/537.36 (KHTML, like Gecko; compatible; bingbot/2.0; +http://www.bing.com/bingbot.htm) Chrome/136.0.0.0 Safari/537.36 AppleWebKit/537.36 (KHTML, like Gecko; compatible; bingbot/2.0; +http://www.bing.com/bingbot.htm) Chrome/116.0.1938.76 Safari/537.36"
52.167.144.199 - - [05/May/2026:17:23:05 -0500] "GET /wp-content/plugins/elementor/assets/lib/font-awesome/webfonts/fa-regular-400.ttf HTTP/1.1" 200 33736 "https://dialogos.ensad.edu.pe/wp-content/plugins/elementor/assets/lib/font-awesome/css/regular.min.css?ver=5.15.3" "Mozilla/5.0 AppleWebKit/537.36 (KHTML, like Gecko; compatible; bingbot/2.0; +http://www.bing.com/bingbot.htm) Chrome/136.0.0.0 Safari/537.36 AppleWebKit/537.36 (KHTML, like Gecko; compatible; bingbot/2.0; +http://www.bing.com/bingbot.htm) Chrome/116.0.1938.76 Safari/537.36"
40.77.167.4 - - [05/May/2026:17:23:15 -0500] "GET /wp-content/uploads/elementor/css/post-1356.css?ver=1777936345 HTTP/1.1" 200 695 "https://dialogos.ensad.edu.pe/05/los-titeres-como-una-herramienta-pedagogica-que-aporta-al-desarrollo-de-la-creatividad-en-la-educacion-primaria1/" "Mozilla/5.0 AppleWebKit/537.36 (KHTML, like Gecko; compatible; bingbot/2.0; +http://www.bing.com/bingbot.htm) Chrome/136.0.0.0 Safari/537.36 AppleWebKit/537.36 (KHTML, like Gecko; compatible; bingbot/2.0; +http://www.bing.com/bingbot.htm) Chrome/116.0.1938.76 Safari/537.36"
47.128.56.64 - - [05/May/2026:17:26:54 -0500] "GET /09/gestion-y-calidad-educativa-propuesta-de-una-red-de-conocimiento/ HTTP/1.1" 200 135484 "-" "Mozilla/5.0 (Linux; Android 5.0) AppleWebKit/537.36 (KHTML, like Gecko) Mobile Safari/537.36 (compatible; Bytespider; spider-feedback@bytedance.com)"
167.86.88.122 - - [05/May/2026:17:26:56 -0500] "POST /wp-cron.php?doing_wp_cron=1778020016.5692710876464843750000 HTTP/1.1" 200 - "-" "WordPress/6.9.4; https://dialogos.ensad.edu.pe"
47.128.56.64 - - [05/May/2026:17:26:57 -0500] "GET /wp-content/uploads/elementor/css/post-812.css?ver=1777936456 HTTP/1.1" 200 7241 "https://dialogos.ensad.edu.pe/09/gestion-y-calidad-educativa-propuesta-de-una-red-de-conocimiento/" "Mozilla/5.0 (Linux; Android 5.0) AppleWebKit/537.36 (KHTML, like Gecko) Mobile Safari/537.36 (compatible; Bytespider; spider-feedback@bytedance.com)"
47.128.56.64 - - [05/May/2026:17:26:58 -0500] "GET /wp-content/uploads/elementor/css/post-883.css?ver=1777936393 HTTP/1.1" 200 10718 "https://dialogos.ensad.edu.pe/09/gestion-y-calidad-educativa-propuesta-de-una-red-de-conocimiento/" "Mozilla/5.0 (Linux; Android 5.0) AppleWebKit/537.36 (KHTML, like Gecko) Mobile Safari/537.36 (compatible; Bytespider; spider-feedback@bytedance.com)"
47.128.56.64 - - [05/May/2026:17:26:58 -0500] "GET /wp-content/uploads/2021/09/figura-01b-768x268.jpg HTTP/1.1" 206 500 "https://dialogos.ensad.edu.pe/09/gestion-y-calidad-educativa-propuesta-de-una-red-de-conocimiento/" "Mozilla/5.0 (Linux; Android 5.0) AppleWebKit/537.36 (KHTML, like Gecko) Mobile Safari/537.36 (compatible; Bytespider; spider-feedback@bytedance.com)"
47.128.56.64 - - [05/May/2026:17:26:58 -0500] "GET /wp-content/uploads/2021/09/02b-768x519.jpg HTTP/1.1" 206 500 "https://dialogos.ensad.edu.pe/09/gestion-y-calidad-educativa-propuesta-de-una-red-de-conocimiento/" "Mozilla/5.0 (Linux; Android 5.0) AppleWebKit/537.36 (KHTML, like Gecko) Mobile Safari/537.36 (compatible; Bytespider; spider-feedback@bytedance.com)"
47.128.56.64 - - [05/May/2026:17:26:58 -0500] "GET /wp-content/uploads/2021/09/figura-2-768x460.jpg HTTP/1.1" 206 500 "https://dialogos.ensad.edu.pe/09/gestion-y-calidad-educativa-propuesta-de-una-red-de-conocimiento/" "Mozilla/5.0 (Linux; Android 5.0) AppleWebKit/537.36 (KHTML, like Gecko) Mobile Safari/537.36 (compatible; Bytespider; spider-feedback@bytedance.com)"
47.128.56.64 - - [05/May/2026:17:26:58 -0500] "GET /wp-content/uploads/2021/09/IMG_20191128_130818-scaled-1-768x576.jpg HTTP/1.1" 206 500 "https://dialogos.ensad.edu.pe/09/gestion-y-calidad-educativa-propuesta-de-una-red-de-conocimiento/" "Mozilla/5.0 (Linux; Android 5.0) AppleWebKit/537.36 (KHTML, like Gecko) Mobile Safari/537.36 (compatible; Bytespider; spider-feedback@bytedance.com)"
82.165.2.172 - - [05/May/2026:17:30:16 -0500] "GET /wp-login.php HTTP/1.1" 200 9854 "-" "Mozilla/5.0 (Macintosh; Intel Mac OS X 10_11_6) AppleWebKit/537.36 (KHTML, like Gecko) Chrome/66.0.3359.117 Safari/537.36"
82.165.2.172 - - [05/May/2026:17:30:17 -0500] "POST /wp-login.php HTTP/1.1" 503 19280 "https://www.dialogos.ensad.edu.pe/wp-login.php" "Mozilla/5.0 (Macintosh; Intel Mac OS X 10_11_6) AppleWebKit/537.36 (KHTML, like Gecko) Chrome/66.0.3359.117 Safari/537.36"
162.214.66.154 - - [05/May/2026:17:30:59 -0500] "POST /xmlrpc.php HTTP/1.1" 503 19280 "-" "Mozilla/5.0 (Macintosh; Intel Mac OS X 10_11_6) AppleWebKit/537.36 (KHTML, like Gecko) Chrome/66.0.3359.139 Safari/537.36"
167.86.88.122 - - [05/May/2026:17:31:01 -0500] "POST /wp-cron.php?doing_wp_cron=1778020261.1221671104431152343750 HTTP/1.1" 200 - "-" "WordPress/6.9.4; https://dialogos.ensad.edu.pe"
66.249.65.162 - - [05/May/2026:17:31:14 -0500] "GET /category/dialogos-5/ HTTP/1.1" 200 380257 "-" "Googlebot/2.1 (+http://www.google.com/bot.html)"
57.141.0.32 - - [05/May/2026:17:34:24 -0500] "GET /wp-sitemap-users-1.xml/page/2/ HTTP/1.1" 404 80831 "-" "meta-externalagent/1.1 (+https://developers.facebook.com/docs/sharing/webmasters/crawler)"
167.86.88.122 - - [05/May/2026:17:34:25 -0500] "POST /wp-cron.php?doing_wp_cron=1778020465.6441810131072998046875 HTTP/1.1" 200 - "-" "WordPress/6.9.4; https://dialogos.ensad.edu.pe"
43.166.128.86 - - [05/May/2026:17:34:45 -0500] "GET / HTTP/1.1" 200 110922 "http://dialogos.ensad.edu.pe" "Mozilla/5.0 (iPhone; CPU iPhone OS 13_2_3 like Mac OS X) AppleWebKit/605.1.15 (KHTML, like Gecko) Version/13.0.3 Mobile/15E148 Safari/604.1"
51.222.116.95 - - [05/May/2026:17:38:09 -0500] "GET /wp-login.php HTTP/1.1" 200 9854 "-" "Mozilla/5.0 (Windows NT 6.0; Win64; x64) AppleWebKit/537.36 (KHTML, like Gecko) Chrome/52.0.2743.116 Safari/537.36 Edge/15.15063"
51.222.116.95 - - [05/May/2026:17:38:10 -0500] "POST /wp-login.php HTTP/1.1" 503 19280 "https://www.dialogos.ensad.edu.pe/wp-login.php" "Mozilla/5.0 (Windows NT 6.0; Win64; x64) AppleWebKit/537.36 (KHTML, like Gecko) Chrome/52.0.2743.116 Safari/537.36 Edge/15.15063"
116.202.13.138 - - [05/May/2026:17:38:16 -0500] "POST /xmlrpc.php HTTP/1.1" 503 19280 "-" "Mozilla/5.0 (Windows NT 6.3; WOW64) AppleWebKit/537.36 (KHTML, like Gecko) Chrome/65.0.3325.181 Safari/537.36"
179.108.84.136 - - [05/May/2026:17:45:05 -0500] "POST /xmlrpc.php HTTP/1.1" 503 19280 "-" "Mozilla/5.0 (Macintosh; Intel Mac OS X 10_13_3) AppleWebKit/537.36 (KHTML, like Gecko) Chrome/65.0.3325.181 Safari/537.36"
167.86.88.122 - - [05/May/2026:17:45:07 -0500] "POST /wp-cron.php?doing_wp_cron=1778021107.9641311168670654296875 HTTP/1.1" 200 - "-" "WordPress/6.9.4; https://dialogos.ensad.edu.pe"
168.119.246.194 - - [05/May/2026:17:45:59 -0500] "GET / HTTP/1.1" 200 48793 "-" "Better Stack Better Uptime Bot Mozilla/5.0 (Windows NT 10.0; Win64; x64) AppleWebKit/537.36 (KHTML, like Gecko) Chrome/130.0.0.0 Safari/537.36"
167.86.88.122 - - [05/May/2026:17:46:00 -0500] "POST /wp-cron.php?doing_wp_cron=1778021160.9428470134735107421875 HTTP/1.1" 200 - "-" "WordPress/6.9.4; https://dialogos.ensad.edu.pe"
152.163.62.115 - - [05/May/2026:17:50:14 -0500] "GET /wp-content/uploads/2021/09/figura-3.jpg HTTP/1.1" 200 61529 "-" "Mozilla/5.0 (compatible; crawler)"
66.249.65.162 - - [05/May/2026:17:50:16 -0500] "GET /2021/09/06/ HTTP/1.1" 200 123838 "-" "Googlebot/2.1 (+http://www.google.com/bot.html)"
66.249.65.162 - - [05/May/2026:17:52:13 -0500] "GET /author/dialogos/ HTTP/1.1" 200 189718 "-" "Googlebot/2.1 (+http://www.google.com/bot.html)"
85.208.96.203 - - [05/May/2026:17:53:30 -0500] "GET /robots.txt HTTP/1.1" 200 122 "-" "Mozilla/5.0 (compatible; SemrushBot/7~bl; +http://www.semrush.com/bot.html)"
85.208.96.196 - - [05/May/2026:17:53:32 -0500] "GET /category/dialogos-5/ HTTP/1.1" 200 380257 "-" "Mozilla/5.0 (compatible; SemrushBot/7~bl; +http://www.semrush.com/bot.html)"
167.71.132.111 - - [05/May/2026:17:53:38 -0500] "GET /wp-login.php HTTP/1.1" 200 9854 "-" "Mozilla/5.0 (Windows NT 6.1; Win64; x64; Trident/7.0; managedpc; rv:11.0) like Gecko"
167.71.132.111 - - [05/May/2026:17:53:39 -0500] "POST /wp-login.php HTTP/1.1" 503 19280 "https://www.dialogos.ensad.edu.pe/wp-login.php" "Mozilla/5.0 (Windows NT 6.1; Win64; x64; Trident/7.0; managedpc; rv:11.0) like Gecko"
95.160.41.100 - - [05/May/2026:17:53:52 -0500] "GET /06/el-cisne-negro-un-analisis-del-enfoque-inconsciente-de-nina-sayers-en-base-al-yo-al-ello-y-al-sintoma/ HTTP/1.1" 200 103103 "-" "Mozilla/5.0 (Macintosh; Intel Mac OS X 10_15_7) AppleWebKit/605.1.15 (KHTML, like Gecko) Version/26.2 Safari/605.1.15"
167.86.88.122 - - [05/May/2026:17:58:37 -0500] "POST /wp-cron.php?doing_wp_cron=1778021917.4331920146942138671875 HTTP/1.1" 200 - "-" "WordPress/6.9.4; https://dialogos.ensad.edu.pe"
68.183.22.192 - - [05/May/2026:17:58:35 -0500] "POST /xmlrpc.php HTTP/1.1" 503 19280 "-" "Mozilla/5.0 (Macintosh; Intel Mac OS X 10_13_3) AppleWebKit/537.36 (KHTML, like Gecko) Chrome/65.0.3325.146 Safari/537.36"
167.86.88.122 - - [05/May/2026:17:59:27 -0500] "POST /wp-cron.php?doing_wp_cron=1778021967.1975669860839843750000 HTTP/1.1" 200 - "-" "WordPress/6.9.4; https://dialogos.ensad.edu.pe"
5.255.231.178 - - [05/May/2026:17:59:26 -0500] "GET /robots.txt HTTP/1.1" 200 122 "-" "Mozilla/5.0 (compatible; YandexBot/3.0; +http://yandex.com/bots)"
95.108.213.86 - - [05/May/2026:17:59:28 -0500] "GET /07/el-teatro-en-el-desarrollo-cognitivo-del-adolescente-y-joven-mediante-las-inteligencias-multiples/ HTTP/1.1" 200 103912 "-" "Mozilla/5.0 (compatible; YandexBot/3.0; +http://yandex.com/bots)"
200.68.184.151 - - [05/May/2026:18:08:26 -0500] "GET /06/el-cisne-negro-un-analisis-del-enfoque-inconsciente-de-nina-sayers-en-base-al-yo-al-ello-y-al-sintoma/ HTTP/1.1" 200 103103 "https://www.google.com/" "Mozilla/5.0 (iPhone; CPU iPhone OS 18_7 like Mac OS X) AppleWebKit/605.1.15 (KHTML, like Gecko) Version/26.3 Mobile/15E148 Safari/604.1"
167.86.88.122 - - [05/May/2026:18:08:28 -0500] "POST /wp-cron.php?doing_wp_cron=1778022508.0226728916168212890625 HTTP/1.1" 200 - "-" "WordPress/6.9.4; https://dialogos.ensad.edu.pe"
200.68.184.33 - - [05/May/2026:18:08:28 -0500] "GET /06/el-cisne-negro-un-analisis-del-enfoque-inconsciente-de-nina-sayers-en-base-al-yo-al-ello-y-al-sintoma/ HTTP/1.1" 200 103103 "https://www.google.com/" "Mozilla/5.0 (iPhone; CPU iPhone OS 18_7 like Mac OS X) AppleWebKit/605.1.15 (KHTML, like Gecko) Version/26.3 Mobile/15E148 Safari/604.1"
200.68.184.33 - - [05/May/2026:18:08:31 -0500] "GET /wp-content/plugins/elementor/assets/css/widget-heading.min.css?ver=4.0.3 HTTP/1.1" 200 560 "https://dialogos.ensad.edu.pe/06/el-cisne-negro-un-analisis-del-enfoque-inconsciente-de-nina-sayers-en-base-al-yo-al-ello-y-al-sintoma/" "Mozilla/5.0 (iPhone; CPU iPhone OS 18_7 like Mac OS X) AppleWebKit/605.1.15 (KHTML, like Gecko) Version/26.3 Mobile/15E148 Safari/604.1"
200.68.184.151 - - [05/May/2026:18:08:31 -0500] "GET /wp-content/plugins/elementor/assets/css/widget-image.min.css?ver=4.0.3 HTTP/1.1" 200 214 "https://dialogos.ensad.edu.pe/06/el-cisne-negro-un-analisis-del-enfoque-inconsciente-de-nina-sayers-en-base-al-yo-al-ello-y-al-sintoma/" "Mozilla/5.0 (iPhone; CPU iPhone OS 18_7 like Mac OS X) AppleWebKit/605.1.15 (KHTML, like Gecko) Version/26.3 Mobile/15E148 Safari/604.1"
200.68.184.33 - - [05/May/2026:18:08:31 -0500] "GET /wp-content/plugins/elementor/assets/css/frontend.min.css?ver=4.0.3 HTTP/1.1" 200 54666 "https://dialogos.ensad.edu.pe/06/el-cisne-negro-un-analisis-del-enfoque-inconsciente-de-nina-sayers-en-base-al-yo-al-ello-y-al-sintoma/" "Mozilla/5.0 (iPhone; CPU iPhone OS 18_7 like Mac OS X) AppleWebKit/605.1.15 (KHTML, like Gecko) Version/26.3 Mobile/15E148 Safari/604.1"
200.68.184.33 - - [05/May/2026:18:08:31 -0500] "GET /wp-content/themes/twentytwenty/print.css?ver=1.7 HTTP/1.1" 200 2574 "https://dialogos.ensad.edu.pe/06/el-cisne-negro-un-analisis-del-enfoque-inconsciente-de-nina-sayers-en-base-al-yo-al-ello-y-al-sintoma/" "Mozilla/5.0 (iPhone; CPU iPhone OS 18_7 like Mac OS X) AppleWebKit/605.1.15 (KHTML, like Gecko) Version/26.3 Mobile/15E148 Safari/604.1"
200.68.184.33 - - [05/May/2026:18:08:31 -0500] "GET /wp-content/plugins/pro-elements/assets/css/widget-nav-menu.min.css?ver=3.35.0 HTTP/1.1" 200 27363 "https://dialogos.ensad.edu.pe/06/el-cisne-negro-un-analisis-del-enfoque-inconsciente-de-nina-sayers-en-base-al-yo-al-ello-y-al-sintoma/" "Mozilla/5.0 (iPhone; CPU iPhone OS 18_7 like Mac OS X) AppleWebKit/605.1.15 (KHTML, like Gecko) Version/26.3 Mobile/15E148 Safari/604.1"
200.68.184.33 - - [05/May/2026:18:08:31 -0500] "GET /wp-content/plugins/elementor/assets/lib/animations/styles/e-animation-pulse.min.css?ver=4.0.3 HTTP/1.1" 200 318 "https://dialogos.ensad.edu.pe/06/el-cisne-negro-un-analisis-del-enfoque-inconsciente-de-nina-sayers-en-base-al-yo-al-ello-y-al-sintoma/" "Mozilla/5.0 (iPhone; CPU iPhone OS 18_7 like Mac OS X) AppleWebKit/605.1.15 (KHTML, like Gecko) Version/26.3 Mobile/15E148 Safari/604.1"
200.68.184.151 - - [05/May/2026:18:08:31 -0500] "GET /wp-content/plugins/elementor/assets/css/widget-social-icons.min.css?ver=4.0.3 HTTP/1.1" 200 5110 "https://dialogos.ensad.edu.pe/06/el-cisne-negro-un-analisis-del-enfoque-inconsciente-de-nina-sayers-en-base-al-yo-al-ello-y-al-sintoma/" "Mozilla/5.0 (iPhone; CPU iPhone OS 18_7 like Mac OS X) AppleWebKit/605.1.15 (KHTML, like Gecko) Version/26.3 Mobile/15E148 Safari/604.1"
200.68.184.33 - - [05/May/2026:18:08:31 -0500] "GET /wp-content/plugins/elementor/assets/css/conditionals/apple-webkit.min.css?ver=4.0.3 HTTP/1.1" 200 6713 "https://dialogos.ensad.edu.pe/06/el-cisne-negro-un-analisis-del-enfoque-inconsciente-de-nina-sayers-en-base-al-yo-al-ello-y-al-sintoma/" "Mozilla/5.0 (iPhone; CPU iPhone OS 18_7 like Mac OS X) AppleWebKit/605.1.15 (KHTML, like Gecko) Version/26.3 Mobile/15E148 Safari/604.1"
200.68.184.33 - - [05/May/2026:18:08:32 -0500] "GET /wp-content/plugins/pro-elements/assets/css/widget-post-info.min.css?ver=3.35.0 HTTP/1.1" 200 559 "https://dialogos.ensad.edu.pe/06/el-cisne-negro-un-analisis-del-enfoque-inconsciente-de-nina-sayers-en-base-al-yo-al-ello-y-al-sintoma/" "Mozilla/5.0 (iPhone; CPU iPhone OS 18_7 like Mac OS X) AppleWebKit/605.1.15 (KHTML, like Gecko) Version/26.3 Mobile/15E148 Safari/604.1"
200.68.184.151 - - [05/May/2026:18:08:32 -0500] "GET /wp-content/plugins/elementor/assets/css/widget-icon-list.min.css?ver=4.0.3 HTTP/1.1" 200 10255 "https://dialogos.ensad.edu.pe/06/el-cisne-negro-un-analisis-del-enfoque-inconsciente-de-nina-sayers-en-base-al-yo-al-ello-y-al-sintoma/" "Mozilla/5.0 (iPhone; CPU iPhone OS 18_7 like Mac OS X) AppleWebKit/605.1.15 (KHTML, like Gecko) Version/26.3 Mobile/15E148 Safari/604.1"
200.68.184.33 - - [05/May/2026:18:08:31 -0500] "GET /wp-content/themes/twentytwenty/style.css?ver=1.7 HTTP/1.1" 200 121071 "https://dialogos.ensad.edu.pe/06/el-cisne-negro-un-analisis-del-enfoque-inconsciente-de-nina-sayers-en-base-al-yo-al-ello-y-al-sintoma/" "Mozilla/5.0 (iPhone; CPU iPhone OS 18_7 like Mac OS X) AppleWebKit/605.1.15 (KHTML, like Gecko) Version/26.3 Mobile/15E148 Safari/604.1"
200.68.184.33 - - [05/May/2026:18:08:32 -0500] "GET /wp-content/plugins/elementor/assets/lib/font-awesome/css/fontawesome.min.css?ver=5.15.3 HTTP/1.1" 200 58071 "https://dialogos.ensad.edu.pe/06/el-cisne-negro-un-analisis-del-enfoque-inconsciente-de-nina-sayers-en-base-al-yo-al-ello-y-al-sintoma/" "Mozilla/5.0 (iPhone; CPU iPhone OS 18_7 like Mac OS X) AppleWebKit/605.1.15 (KHTML, like Gecko) Version/26.3 Mobile/15E148 Safari/604.1"
200.68.184.33 - - [05/May/2026:18:08:32 -0500] "GET /wp-content/plugins/elementor/assets/lib/font-awesome/css/regular.min.css?ver=5.15.3 HTTP/1.1" 200 677 "https://dialogos.ensad.edu.pe/06/el-cisne-negro-un-analisis-del-enfoque-inconsciente-de-nina-sayers-en-base-al-yo-al-ello-y-al-sintoma/" "Mozilla/5.0 (iPhone; CPU iPhone OS 18_7 like Mac OS X) AppleWebKit/605.1.15 (KHTML, like Gecko) Version/26.3 Mobile/15E148 Safari/604.1"
200.68.184.33 - - [05/May/2026:18:08:32 -0500] "GET /wp-content/plugins/elementor/assets/lib/font-awesome/css/solid.min.css?ver=5.15.3 HTTP/1.1" 200 669 "https://dialogos.ensad.edu.pe/06/el-cisne-negro-un-analisis-del-enfoque-inconsciente-de-nina-sayers-en-base-al-yo-al-ello-y-al-sintoma/" "Mozilla/5.0 (iPhone; CPU iPhone OS 18_7 like Mac OS X) AppleWebKit/605.1.15 (KHTML, like Gecko) Version/26.3 Mobile/15E148 Safari/604.1"
200.68.184.33 - - [05/May/2026:18:08:32 -0500] "GET /wp-content/plugins/pro-elements/assets/css/widget-share-buttons.min.css?ver=3.35.0 HTTP/1.1" 200 32720 "https://dialogos.ensad.edu.pe/06/el-cisne-negro-un-analisis-del-enfoque-inconsciente-de-nina-sayers-en-base-al-yo-al-ello-y-al-sintoma/" "Mozilla/5.0 (iPhone; CPU iPhone OS 18_7 like Mac OS X) AppleWebKit/605.1.15 (KHTML, like Gecko) Version/26.3 Mobile/15E148 Safari/604.1"
200.68.184.151 - - [05/May/2026:18:08:32 -0500] "GET /wp-content/plugins/elementor/assets/lib/font-awesome/css/brands.min.css?ver=5.15.3 HTTP/1.1" 200 675 "https://dialogos.ensad.edu.pe/06/el-cisne-negro-un-analisis-del-enfoque-inconsciente-de-nina-sayers-en-base-al-yo-al-ello-y-al-sintoma/" "Mozilla/5.0 (iPhone; CPU iPhone OS 18_7 like Mac OS X) AppleWebKit/605.1.15 (KHTML, like Gecko) Version/26.3 Mobile/15E148 Safari/604.1"
200.68.184.33 - - [05/May/2026:18:08:32 -0500] "GET /wp-content/plugins/elementor/assets/css/widget-spacer.min.css?ver=4.0.3 HTTP/1.1" 200 1793 "https://dialogos.ensad.edu.pe/06/el-cisne-negro-un-analisis-del-enfoque-inconsciente-de-nina-sayers-en-base-al-yo-al-ello-y-al-sintoma/" "Mozilla/5.0 (iPhone; CPU iPhone OS 18_7 like Mac OS X) AppleWebKit/605.1.15 (KHTML, like Gecko) Version/26.3 Mobile/15E148 Safari/604.1"
200.68.184.33 - - [05/May/2026:18:08:32 -0500] "GET /wp-content/plugins/elementor/assets/css/widget-divider.min.css?ver=4.0.3 HTTP/1.1" 200 4258 "https://dialogos.ensad.edu.pe/06/el-cisne-negro-un-analisis-del-enfoque-inconsciente-de-nina-sayers-en-base-al-yo-al-ello-y-al-sintoma/" "Mozilla/5.0 (iPhone; CPU iPhone OS 18_7 like Mac OS X) AppleWebKit/605.1.15 (KHTML, like Gecko) Version/26.3 Mobile/15E148 Safari/604.1"
200.68.184.33 - - [05/May/2026:18:08:32 -0500] "GET /wp-content/plugins/pro-elements/assets/css/widget-posts.min.css?ver=3.35.0 HTTP/1.1" 200 16950 "https://dialogos.ensad.edu.pe/06/el-cisne-negro-un-analisis-del-enfoque-inconsciente-de-nina-sayers-en-base-al-yo-al-ello-y-al-sintoma/" "Mozilla/5.0 (iPhone; CPU iPhone OS 18_7 like Mac OS X) AppleWebKit/605.1.15 (KHTML, like Gecko) Version/26.3 Mobile/15E148 Safari/604.1"
200.68.184.151 - - [05/May/2026:18:08:32 -0500] "GET /wp-content/plugins/elementor/assets/lib/eicons/css/elementor-icons.min.css?ver=5.48.0 HTTP/1.1" 200 21780 "https://dialogos.ensad.edu.pe/06/el-cisne-negro-un-analisis-del-enfoque-inconsciente-de-nina-sayers-en-base-al-yo-al-ello-y-al-sintoma/" "Mozilla/5.0 (iPhone; CPU iPhone OS 18_7 like Mac OS X) AppleWebKit/605.1.15 (KHTML, like Gecko) Version/26.3 Mobile/15E148 Safari/604.1"
200.68.184.33 - - [05/May/2026:18:08:32 -0500] "GET /wp-content/uploads/elementor/css/post-5.css?ver=1777936344 HTTP/1.1" 200 1375 "https://dialogos.ensad.edu.pe/06/el-cisne-negro-un-analisis-del-enfoque-inconsciente-de-nina-sayers-en-base-al-yo-al-ello-y-al-sintoma/" "Mozilla/5.0 (iPhone; CPU iPhone OS 18_7 like Mac OS X) AppleWebKit/605.1.15 (KHTML, like Gecko) Version/26.3 Mobile/15E148 Safari/604.1"
200.68.184.33 - - [05/May/2026:18:08:32 -0500] "GET /wp-content/uploads/elementor/css/post-1470.css?ver=1777936344 HTTP/1.1" 200 1290 "https://dialogos.ensad.edu.pe/06/el-cisne-negro-un-analisis-del-enfoque-inconsciente-de-nina-sayers-en-base-al-yo-al-ello-y-al-sintoma/" "Mozilla/5.0 (iPhone; CPU iPhone OS 18_7 like Mac OS X) AppleWebKit/605.1.15 (KHTML, like Gecko) Version/26.3 Mobile/15E148 Safari/604.1"
200.68.184.33 - - [05/May/2026:18:08:32 -0500] "GET /wp-content/uploads/elementor/css/post-32.css?ver=1777936344 HTTP/1.1" 200 7432 "https://dialogos.ensad.edu.pe/06/el-cisne-negro-un-analisis-del-enfoque-inconsciente-de-nina-sayers-en-base-al-yo-al-ello-y-al-sintoma/" "Mozilla/5.0 (iPhone; CPU iPhone OS 18_7 like Mac OS X) AppleWebKit/605.1.15 (KHTML, like Gecko) Version/26.3 Mobile/15E148 Safari/604.1"
200.68.184.33 - - [05/May/2026:18:08:32 -0500] "GET /wp-content/uploads/elementor/css/post-35.css?ver=1777936344 HTTP/1.1" 200 9434 "https://dialogos.ensad.edu.pe/06/el-cisne-negro-un-analisis-del-enfoque-inconsciente-de-nina-sayers-en-base-al-yo-al-ello-y-al-sintoma/" "Mozilla/5.0 (iPhone; CPU iPhone OS 18_7 like Mac OS X) AppleWebKit/605.1.15 (KHTML, like Gecko) Version/26.3 Mobile/15E148 Safari/604.1"
200.68.184.33 - - [05/May/2026:18:08:32 -0500] "GET /wp-content/uploads/elementor/css/post-40.css?ver=1777936408 HTTP/1.1" 200 10983 "https://dialogos.ensad.edu.pe/06/el-cisne-negro-un-analisis-del-enfoque-inconsciente-de-nina-sayers-en-base-al-yo-al-ello-y-al-sintoma/" "Mozilla/5.0 (iPhone; CPU iPhone OS 18_7 like Mac OS X) AppleWebKit/605.1.15 (KHTML, like Gecko) Version/26.3 Mobile/15E148 Safari/604.1"
200.68.184.151 - - [05/May/2026:18:08:32 -0500] "GET /wp-content/themes/twentytwenty/assets/js/index.js?ver=1.7 HTTP/1.1" 200 25645 "https://dialogos.ensad.edu.pe/06/el-cisne-negro-un-analisis-del-enfoque-inconsciente-de-nina-sayers-en-base-al-yo-al-ello-y-al-sintoma/" "Mozilla/5.0 (iPhone; CPU iPhone OS 18_7 like Mac OS X) AppleWebKit/605.1.15 (KHTML, like Gecko) Version/26.3 Mobile/15E148 Safari/604.1"
200.68.184.33 - - [05/May/2026:18:08:32 -0500] "GET /wp-includes/js/jquery/jquery.min.js?ver=3.7.1 HTTP/1.1" 200 87553 "https://dialogos.ensad.edu.pe/06/el-cisne-negro-un-analisis-del-enfoque-inconsciente-de-nina-sayers-en-base-al-yo-al-ello-y-al-sintoma/" "Mozilla/5.0 (iPhone; CPU iPhone OS 18_7 like Mac OS X) AppleWebKit/605.1.15 (KHTML, like Gecko) Version/26.3 Mobile/15E148 Safari/604.1"
200.68.184.33 - - [05/May/2026:18:08:32 -0500] "GET /wp-includes/js/jquery/jquery-migrate.min.js?ver=3.4.1 HTTP/1.1" 200 13577 "https://dialogos.ensad.edu.pe/06/el-cisne-negro-un-analisis-del-enfoque-inconsciente-de-nina-sayers-en-base-al-yo-al-ello-y-al-sintoma/" "Mozilla/5.0 (iPhone; CPU iPhone OS 18_7 like Mac OS X) AppleWebKit/605.1.15 (KHTML, like Gecko) Version/26.3 Mobile/15E148 Safari/604.1"
200.68.184.33 - - [05/May/2026:18:08:33 -0500] "GET /wp-content/plugins/elementor/assets/js/webpack.runtime.min.js?ver=4.0.3 HTTP/1.1" 200 5722 "https://dialogos.ensad.edu.pe/06/el-cisne-negro-un-analisis-del-enfoque-inconsciente-de-nina-sayers-en-base-al-yo-al-ello-y-al-sintoma/" "Mozilla/5.0 (iPhone; CPU iPhone OS 18_7 like Mac OS X) AppleWebKit/605.1.15 (KHTML, like Gecko) Version/26.3 Mobile/15E148 Safari/604.1"
200.68.184.151 - - [05/May/2026:18:08:33 -0500] "GET /wp-includes/js/jquery/ui/core.min.js?ver=1.13.3 HTTP/1.1" 200 21464 "https://dialogos.ensad.edu.pe/06/el-cisne-negro-un-analisis-del-enfoque-inconsciente-de-nina-sayers-en-base-al-yo-al-ello-y-al-sintoma/" "Mozilla/5.0 (iPhone; CPU iPhone OS 18_7 like Mac OS X) AppleWebKit/605.1.15 (KHTML, like Gecko) Version/26.3 Mobile/15E148 Safari/604.1"
200.68.184.33 - - [05/May/2026:18:08:33 -0500] "GET /wp-content/plugins/elementor/assets/js/frontend-modules.min.js?ver=4.0.3 HTTP/1.1" 200 50602 "https://dialogos.ensad.edu.pe/06/el-cisne-negro-un-analisis-del-enfoque-inconsciente-de-nina-sayers-en-base-al-yo-al-ello-y-al-sintoma/" "Mozilla/5.0 (iPhone; CPU iPhone OS 18_7 like Mac OS X) AppleWebKit/605.1.15 (KHTML, like Gecko) Version/26.3 Mobile/15E148 Safari/604.1"
200.68.184.33 - - [05/May/2026:18:08:33 -0500] "GET /wp-content/uploads/2024/06/dialogos_2406_1.jpg HTTP/1.1" 200 116767 "https://dialogos.ensad.edu.pe/06/el-cisne-negro-un-analisis-del-enfoque-inconsciente-de-nina-sayers-en-base-al-yo-al-ello-y-al-sintoma/" "Mozilla/5.0 (iPhone; CPU iPhone OS 18_7 like Mac OS X) AppleWebKit/605.1.15 (KHTML, like Gecko) Version/26.3 Mobile/15E148 Safari/604.1"
200.68.184.33 - - [05/May/2026:18:08:33 -0500] "GET /wp-content/plugins/elementor/assets/js/frontend.min.js?ver=4.0.3 HTTP/1.1" 200 31928 "https://dialogos.ensad.edu.pe/06/el-cisne-negro-un-analisis-del-enfoque-inconsciente-de-nina-sayers-en-base-al-yo-al-ello-y-al-sintoma/" "Mozilla/5.0 (iPhone; CPU iPhone OS 18_7 like Mac OS X) AppleWebKit/605.1.15 (KHTML, like Gecko) Version/26.3 Mobile/15E148 Safari/604.1"
200.68.184.33 - - [05/May/2026:18:08:33 -0500] "GET /wp-content/plugins/pro-elements/assets/lib/smartmenus/jquery.smartmenus.min.js?ver=1.2.1 HTTP/1.1" 200 24109 "https://dialogos.ensad.edu.pe/06/el-cisne-negro-un-analisis-del-enfoque-inconsciente-de-nina-sayers-en-base-al-yo-al-ello-y-al-sintoma/" "Mozilla/5.0 (iPhone; CPU iPhone OS 18_7 like Mac OS X) AppleWebKit/605.1.15 (KHTML, like Gecko) Version/26.3 Mobile/15E148 Safari/604.1"
200.68.184.33 - - [05/May/2026:18:08:33 -0500] "GET /wp-includes/js/imagesloaded.min.js?ver=5.0.0 HTTP/1.1" 200 5520 "https://dialogos.ensad.edu.pe/06/el-cisne-negro-un-analisis-del-enfoque-inconsciente-de-nina-sayers-en-base-al-yo-al-ello-y-al-sintoma/" "Mozilla/5.0 (iPhone; CPU iPhone OS 18_7 like Mac OS X) AppleWebKit/605.1.15 (KHTML, like Gecko) Version/26.3 Mobile/15E148 Safari/604.1"
200.68.184.151 - - [05/May/2026:18:08:33 -0500] "GET /wp-content/plugins/pro-elements/assets/js/webpack-pro.runtime.min.js?ver=3.35.0 HTTP/1.1" 200 6247 "https://dialogos.ensad.edu.pe/06/el-cisne-negro-un-analisis-del-enfoque-inconsciente-de-nina-sayers-en-base-al-yo-al-ello-y-al-sintoma/" "Mozilla/5.0 (iPhone; CPU iPhone OS 18_7 like Mac OS X) AppleWebKit/605.1.15 (KHTML, like Gecko) Version/26.3 Mobile/15E148 Safari/604.1"
200.68.184.33 - - [05/May/2026:18:08:33 -0500] "GET /wp-includes/js/dist/hooks.min.js?ver=dd5603f07f9220ed27f1 HTTP/1.1" 200 5661 "https://dialogos.ensad.edu.pe/06/el-cisne-negro-un-analisis-del-enfoque-inconsciente-de-nina-sayers-en-base-al-yo-al-ello-y-al-sintoma/" "Mozilla/5.0 (iPhone; CPU iPhone OS 18_7 like Mac OS X) AppleWebKit/605.1.15 (KHTML, like Gecko) Version/26.3 Mobile/15E148 Safari/604.1"
200.68.184.33 - - [05/May/2026:18:08:33 -0500] "GET /wp-includes/js/dist/i18n.min.js?ver=c26c3dc7bed366793375 HTTP/1.1" 200 5314 "https://dialogos.ensad.edu.pe/06/el-cisne-negro-un-analisis-del-enfoque-inconsciente-de-nina-sayers-en-base-al-yo-al-ello-y-al-sintoma/" "Mozilla/5.0 (iPhone; CPU iPhone OS 18_7 like Mac OS X) AppleWebKit/605.1.15 (KHTML, like Gecko) Version/26.3 Mobile/15E148 Safari/604.1"
