181.210.111.67 - - [05/May/2026:11:57:07 -0500] "GET /wp-content/plugins/elementor/assets/lib/font-awesome/css/solid.min.css?ver=5.15.3 HTTP/1.1" 200 669 "https://dialogos.ensad.edu.pe/06/el-cisne-negro-un-analisis-del-enfoque-inconsciente-de-nina-sayers-en-base-al-yo-al-ello-y-al-sintoma/" "Mozilla/5.0 (Windows NT 10.0; Win64; x64) AppleWebKit/537.36 (KHTML, like Gecko) Chrome/147.0.0.0 Safari/537.36"
181.210.111.67 - - [05/May/2026:11:57:08 -0500] "GET /wp-content/plugins/pro-elements/assets/css/widget-share-buttons.min.css?ver=3.35.0 HTTP/1.1" 200 32720 "https://dialogos.ensad.edu.pe/06/el-cisne-negro-un-analisis-del-enfoque-inconsciente-de-nina-sayers-en-base-al-yo-al-ello-y-al-sintoma/" "Mozilla/5.0 (Windows NT 10.0; Win64; x64) AppleWebKit/537.36 (KHTML, like Gecko) Chrome/147.0.0.0 Safari/537.36"
181.210.111.67 - - [05/May/2026:11:57:08 -0500] "GET /wp-content/plugins/elementor/assets/lib/font-awesome/css/brands.min.css?ver=5.15.3 HTTP/1.1" 200 675 "https://dialogos.ensad.edu.pe/06/el-cisne-negro-un-analisis-del-enfoque-inconsciente-de-nina-sayers-en-base-al-yo-al-ello-y-al-sintoma/" "Mozilla/5.0 (Windows NT 10.0; Win64; x64) AppleWebKit/537.36 (KHTML, like Gecko) Chrome/147.0.0.0 Safari/537.36"
181.210.111.67 - - [05/May/2026:11:57:08 -0500] "GET /wp-content/plugins/elementor/assets/css/widget-spacer.min.css?ver=4.0.3 HTTP/1.1" 200 1793 "https://dialogos.ensad.edu.pe/06/el-cisne-negro-un-analisis-del-enfoque-inconsciente-de-nina-sayers-en-base-al-yo-al-ello-y-al-sintoma/" "Mozilla/5.0 (Windows NT 10.0; Win64; x64) AppleWebKit/537.36 (KHTML, like Gecko) Chrome/147.0.0.0 Safari/537.36"
181.210.111.67 - - [05/May/2026:11:57:08 -0500] "GET /wp-content/plugins/pro-elements/assets/css/widget-posts.min.css?ver=3.35.0 HTTP/1.1" 200 16950 "https://dialogos.ensad.edu.pe/06/el-cisne-negro-un-analisis-del-enfoque-inconsciente-de-nina-sayers-en-base-al-yo-al-ello-y-al-sintoma/" "Mozilla/5.0 (Windows NT 10.0; Win64; x64) AppleWebKit/537.36 (KHTML, like Gecko) Chrome/147.0.0.0 Safari/537.36"
181.210.111.67 - - [05/May/2026:11:57:09 -0500] "GET /wp-content/plugins/elementor/assets/lib/eicons/css/elementor-icons.min.css?ver=5.48.0 HTTP/1.1" 200 21780 "https://dialogos.ensad.edu.pe/06/el-cisne-negro-un-analisis-del-enfoque-inconsciente-de-nina-sayers-en-base-al-yo-al-ello-y-al-sintoma/" "Mozilla/5.0 (Windows NT 10.0; Win64; x64) AppleWebKit/537.36 (KHTML, like Gecko) Chrome/147.0.0.0 Safari/537.36"
181.210.111.67 - - [05/May/2026:11:57:09 -0500] "GET /wp-content/uploads/elementor/css/post-5.css?ver=1777936344 HTTP/1.1" 200 1375 "https://dialogos.ensad.edu.pe/06/el-cisne-negro-un-analisis-del-enfoque-inconsciente-de-nina-sayers-en-base-al-yo-al-ello-y-al-sintoma/" "Mozilla/5.0 (Windows NT 10.0; Win64; x64) AppleWebKit/537.36 (KHTML, like Gecko) Chrome/147.0.0.0 Safari/537.36"
181.210.111.67 - - [05/May/2026:11:57:09 -0500] "GET /wp-content/uploads/elementor/css/post-1470.css?ver=1777936344 HTTP/1.1" 200 1290 "https://dialogos.ensad.edu.pe/06/el-cisne-negro-un-analisis-del-enfoque-inconsciente-de-nina-sayers-en-base-al-yo-al-ello-y-al-sintoma/" "Mozilla/5.0 (Windows NT 10.0; Win64; x64) AppleWebKit/537.36 (KHTML, like Gecko) Chrome/147.0.0.0 Safari/537.36"
181.210.111.67 - - [05/May/2026:11:57:09 -0500] "GET /wp-content/uploads/elementor/css/post-32.css?ver=1777936344 HTTP/1.1" 200 7432 "https://dialogos.ensad.edu.pe/06/el-cisne-negro-un-analisis-del-enfoque-inconsciente-de-nina-sayers-en-base-al-yo-al-ello-y-al-sintoma/" "Mozilla/5.0 (Windows NT 10.0; Win64; x64) AppleWebKit/537.36 (KHTML, like Gecko) Chrome/147.0.0.0 Safari/537.36"
181.210.111.67 - - [05/May/2026:11:57:09 -0500] "GET /wp-content/uploads/elementor/css/post-35.css?ver=1777936344 HTTP/1.1" 200 9434 "https://dialogos.ensad.edu.pe/06/el-cisne-negro-un-analisis-del-enfoque-inconsciente-de-nina-sayers-en-base-al-yo-al-ello-y-al-sintoma/" "Mozilla/5.0 (Windows NT 10.0; Win64; x64) AppleWebKit/537.36 (KHTML, like Gecko) Chrome/147.0.0.0 Safari/537.36"
181.210.111.67 - - [05/May/2026:11:57:09 -0500] "GET /wp-content/uploads/elementor/css/post-40.css?ver=1777936408 HTTP/1.1" 200 10983 "https://dialogos.ensad.edu.pe/06/el-cisne-negro-un-analisis-del-enfoque-inconsciente-de-nina-sayers-en-base-al-yo-al-ello-y-al-sintoma/" "Mozilla/5.0 (Windows NT 10.0; Win64; x64) AppleWebKit/537.36 (KHTML, like Gecko) Chrome/147.0.0.0 Safari/537.36"
181.210.111.67 - - [05/May/2026:11:57:09 -0500] "GET /wp-content/plugins/elementor/assets/lib/font-awesome/css/fontawesome.min.css?ver=5.15.3 HTTP/1.1" 200 58071 "https://dialogos.ensad.edu.pe/06/el-cisne-negro-un-analisis-del-enfoque-inconsciente-de-nina-sayers-en-base-al-yo-al-ello-y-al-sintoma/" "Mozilla/5.0 (Windows NT 10.0; Win64; x64) AppleWebKit/537.36 (KHTML, like Gecko) Chrome/147.0.0.0 Safari/537.36"
181.210.111.67 - - [05/May/2026:11:57:10 -0500] "GET /wp-content/plugins/elementor/assets/css/widget-divider.min.css?ver=4.0.3 HTTP/1.1" 200 4258 "https://dialogos.ensad.edu.pe/06/el-cisne-negro-un-analisis-del-enfoque-inconsciente-de-nina-sayers-en-base-al-yo-al-ello-y-al-sintoma/" "Mozilla/5.0 (Windows NT 10.0; Win64; x64) AppleWebKit/537.36 (KHTML, like Gecko) Chrome/147.0.0.0 Safari/537.36"
181.210.111.67 - - [05/May/2026:11:57:10 -0500] "GET /wp-includes/js/jquery/jquery.min.js?ver=3.7.1 HTTP/1.1" 200 87553 "https://dialogos.ensad.edu.pe/06/el-cisne-negro-un-analisis-del-enfoque-inconsciente-de-nina-sayers-en-base-al-yo-al-ello-y-al-sintoma/" "Mozilla/5.0 (Windows NT 10.0; Win64; x64) AppleWebKit/537.36 (KHTML, like Gecko) Chrome/147.0.0.0 Safari/537.36"
181.210.111.67 - - [05/May/2026:11:57:10 -0500] "GET /wp-includes/js/jquery/jquery-migrate.min.js?ver=3.4.1 HTTP/1.1" 200 13577 "https://dialogos.ensad.edu.pe/06/el-cisne-negro-un-analisis-del-enfoque-inconsciente-de-nina-sayers-en-base-al-yo-al-ello-y-al-sintoma/" "Mozilla/5.0 (Windows NT 10.0; Win64; x64) AppleWebKit/537.36 (KHTML, like Gecko) Chrome/147.0.0.0 Safari/537.36"
181.210.111.67 - - [05/May/2026:11:57:10 -0500] "GET /wp-content/themes/twentytwenty/print.css?ver=1.7 HTTP/1.1" 200 2574 "https://dialogos.ensad.edu.pe/06/el-cisne-negro-un-analisis-del-enfoque-inconsciente-de-nina-sayers-en-base-al-yo-al-ello-y-al-sintoma/" "Mozilla/5.0 (Windows NT 10.0; Win64; x64) AppleWebKit/537.36 (KHTML, like Gecko) Chrome/147.0.0.0 Safari/537.36"
181.210.111.67 - - [05/May/2026:11:57:11 -0500] "GET /wp-content/uploads/2022/12/logo_dialogos.svg HTTP/1.1" 200 14609 "https://dialogos.ensad.edu.pe/06/el-cisne-negro-un-analisis-del-enfoque-inconsciente-de-nina-sayers-en-base-al-yo-al-ello-y-al-sintoma/" "Mozilla/5.0 (Windows NT 10.0; Win64; x64) AppleWebKit/537.36 (KHTML, like Gecko) Chrome/147.0.0.0 Safari/537.36"
181.210.111.67 - - [05/May/2026:11:57:11 -0500] "GET /wp-content/uploads/2024/07/dialogos_1507_2-300x225.jpg HTTP/1.1" 200 14446 "https://dialogos.ensad.edu.pe/06/el-cisne-negro-un-analisis-del-enfoque-inconsciente-de-nina-sayers-en-base-al-yo-al-ello-y-al-sintoma/" "Mozilla/5.0 (Windows NT 10.0; Win64; x64) AppleWebKit/537.36 (KHTML, like Gecko) Chrome/147.0.0.0 Safari/537.36"
181.210.111.67 - - [05/May/2026:11:57:10 -0500] "GET /wp-content/uploads/2024/06/dialogos_2406_1.jpg HTTP/1.1" 200 116767 "https://dialogos.ensad.edu.pe/06/el-cisne-negro-un-analisis-del-enfoque-inconsciente-de-nina-sayers-en-base-al-yo-al-ello-y-al-sintoma/" "Mozilla/5.0 (Windows NT 10.0; Win64; x64) AppleWebKit/537.36 (KHTML, like Gecko) Chrome/147.0.0.0 Safari/537.36"
181.210.111.67 - - [05/May/2026:11:57:13 -0500] "GET /wp-content/plugins/elementor/assets/lib/font-awesome/webfonts/fa-solid-900.woff2 HTTP/1.1" 200 78196 "https://dialogos.ensad.edu.pe/wp-content/plugins/elementor/assets/lib/font-awesome/css/solid.min.css?ver=5.15.3" "Mozilla/5.0 (Windows NT 10.0; Win64; x64) AppleWebKit/537.36 (KHTML, like Gecko) Chrome/147.0.0.0 Safari/537.36"
181.210.111.67 - - [05/May/2026:11:57:12 -0500] "GET /wp-content/themes/twentytwenty/assets/fonts/inter/Inter-upright-var.woff2 HTTP/1.1" 200 223892 "https://dialogos.ensad.edu.pe/wp-content/themes/twentytwenty/style.css?ver=1.7" "Mozilla/5.0 (Windows NT 10.0; Win64; x64) AppleWebKit/537.36 (KHTML, like Gecko) Chrome/147.0.0.0 Safari/537.36"
181.210.111.67 - - [05/May/2026:11:57:15 -0500] "GET /wp-includes/js/jquery/ui/core.min.js?ver=1.13.3 HTTP/1.1" 200 21464 "https://dialogos.ensad.edu.pe/06/el-cisne-negro-un-analisis-del-enfoque-inconsciente-de-nina-sayers-en-base-al-yo-al-ello-y-al-sintoma/" "Mozilla/5.0 (Windows NT 10.0; Win64; x64) AppleWebKit/537.36 (KHTML, like Gecko) Chrome/147.0.0.0 Safari/537.36"
181.210.111.67 - - [05/May/2026:11:57:15 -0500] "GET /wp-content/plugins/elementor/assets/js/webpack.runtime.min.js?ver=4.0.3 HTTP/1.1" 200 5722 "https://dialogos.ensad.edu.pe/06/el-cisne-negro-un-analisis-del-enfoque-inconsciente-de-nina-sayers-en-base-al-yo-al-ello-y-al-sintoma/" "Mozilla/5.0 (Windows NT 10.0; Win64; x64) AppleWebKit/537.36 (KHTML, like Gecko) Chrome/147.0.0.0 Safari/537.36"
181.210.111.67 - - [05/May/2026:11:57:17 -0500] "GET /wp-content/plugins/elementor/assets/lib/font-awesome/webfonts/fa-regular-400.woff2 HTTP/1.1" 200 13276 "https://dialogos.ensad.edu.pe/wp-content/plugins/elementor/assets/lib/font-awesome/css/regular.min.css?ver=5.15.3" "Mozilla/5.0 (Windows NT 10.0; Win64; x64) AppleWebKit/537.36 (KHTML, like Gecko) Chrome/147.0.0.0 Safari/537.36"
181.210.111.67 - - [05/May/2026:11:57:15 -0500] "GET /wp-content/plugins/elementor/assets/lib/font-awesome/webfonts/fa-brands-400.woff2 HTTP/1.1" 200 81612 "https://dialogos.ensad.edu.pe/wp-content/plugins/elementor/assets/lib/font-awesome/css/brands.min.css?ver=5.15.3" "Mozilla/5.0 (Windows NT 10.0; Win64; x64) AppleWebKit/537.36 (KHTML, like Gecko) Chrome/147.0.0.0 Safari/537.36"
181.210.111.67 - - [05/May/2026:11:57:20 -0500] "GET /wp-content/plugins/elementor/assets/js/frontend.min.js?ver=4.0.3 HTTP/1.1" 200 31928 "https://dialogos.ensad.edu.pe/06/el-cisne-negro-un-analisis-del-enfoque-inconsciente-de-nina-sayers-en-base-al-yo-al-ello-y-al-sintoma/" "Mozilla/5.0 (Windows NT 10.0; Win64; x64) AppleWebKit/537.36 (KHTML, like Gecko) Chrome/147.0.0.0 Safari/537.36"
181.210.111.67 - - [05/May/2026:11:57:20 -0500] "GET /wp-content/plugins/pro-elements/assets/lib/smartmenus/jquery.smartmenus.min.js?ver=1.2.1 HTTP/1.1" 200 24109 "https://dialogos.ensad.edu.pe/06/el-cisne-negro-un-analisis-del-enfoque-inconsciente-de-nina-sayers-en-base-al-yo-al-ello-y-al-sintoma/" "Mozilla/5.0 (Windows NT 10.0; Win64; x64) AppleWebKit/537.36 (KHTML, like Gecko) Chrome/147.0.0.0 Safari/537.36"
181.210.111.67 - - [05/May/2026:11:57:20 -0500] "GET /wp-includes/js/imagesloaded.min.js?ver=5.0.0 HTTP/1.1" 200 5520 "https://dialogos.ensad.edu.pe/06/el-cisne-negro-un-analisis-del-enfoque-inconsciente-de-nina-sayers-en-base-al-yo-al-ello-y-al-sintoma/" "Mozilla/5.0 (Windows NT 10.0; Win64; x64) AppleWebKit/537.36 (KHTML, like Gecko) Chrome/147.0.0.0 Safari/537.36"
181.210.111.67 - - [05/May/2026:11:57:21 -0500] "GET /wp-content/plugins/elementor/assets/js/frontend-modules.min.js?ver=4.0.3 HTTP/1.1" 200 50602 "https://dialogos.ensad.edu.pe/06/el-cisne-negro-un-analisis-del-enfoque-inconsciente-de-nina-sayers-en-base-al-yo-al-ello-y-al-sintoma/" "Mozilla/5.0 (Windows NT 10.0; Win64; x64) AppleWebKit/537.36 (KHTML, like Gecko) Chrome/147.0.0.0 Safari/537.36"
181.210.111.67 - - [05/May/2026:11:57:21 -0500] "GET /wp-content/plugins/pro-elements/assets/js/webpack-pro.runtime.min.js?ver=3.35.0 HTTP/1.1" 200 6247 "https://dialogos.ensad.edu.pe/06/el-cisne-negro-un-analisis-del-enfoque-inconsciente-de-nina-sayers-en-base-al-yo-al-ello-y-al-sintoma/" "Mozilla/5.0 (Windows NT 10.0; Win64; x64) AppleWebKit/537.36 (KHTML, like Gecko) Chrome/147.0.0.0 Safari/537.36"
181.210.111.67 - - [05/May/2026:11:57:22 -0500] "GET /wp-includes/js/dist/hooks.min.js?ver=dd5603f07f9220ed27f1 HTTP/1.1" 200 5661 "https://dialogos.ensad.edu.pe/06/el-cisne-negro-un-analisis-del-enfoque-inconsciente-de-nina-sayers-en-base-al-yo-al-ello-y-al-sintoma/" "Mozilla/5.0 (Windows NT 10.0; Win64; x64) AppleWebKit/537.36 (KHTML, like Gecko) Chrome/147.0.0.0 Safari/537.36"
181.210.111.67 - - [05/May/2026:11:57:22 -0500] "GET /wp-includes/js/dist/i18n.min.js?ver=c26c3dc7bed366793375 HTTP/1.1" 200 5314 "https://dialogos.ensad.edu.pe/06/el-cisne-negro-un-analisis-del-enfoque-inconsciente-de-nina-sayers-en-base-al-yo-al-ello-y-al-sintoma/" "Mozilla/5.0 (Windows NT 10.0; Win64; x64) AppleWebKit/537.36 (KHTML, like Gecko) Chrome/147.0.0.0 Safari/537.36"
181.210.111.67 - - [05/May/2026:11:57:22 -0500] "GET /wp-content/plugins/pro-elements/assets/js/frontend.min.js?ver=3.35.0 HTTP/1.1" 200 24046 "https://dialogos.ensad.edu.pe/06/el-cisne-negro-un-analisis-del-enfoque-inconsciente-de-nina-sayers-en-base-al-yo-al-ello-y-al-sintoma/" "Mozilla/5.0 (Windows NT 10.0; Win64; x64) AppleWebKit/537.36 (KHTML, like Gecko) Chrome/147.0.0.0 Safari/537.36"
181.210.111.67 - - [05/May/2026:11:57:22 -0500] "GET /wp-content/plugins/pro-elements/assets/js/elements-handlers.min.js?ver=3.35.0 HTTP/1.1" 200 44257 "https://dialogos.ensad.edu.pe/06/el-cisne-negro-un-analisis-del-enfoque-inconsciente-de-nina-sayers-en-base-al-yo-al-ello-y-al-sintoma/" "Mozilla/5.0 (Windows NT 10.0; Win64; x64) AppleWebKit/537.36 (KHTML, like Gecko) Chrome/147.0.0.0 Safari/537.36"
181.210.111.67 - - [05/May/2026:11:57:22 -0500] "GET /wp-content/themes/twentytwenty/assets/js/index.js?ver=1.7 HTTP/1.1" 200 25645 "https://dialogos.ensad.edu.pe/06/el-cisne-negro-un-analisis-del-enfoque-inconsciente-de-nina-sayers-en-base-al-yo-al-ello-y-al-sintoma/" "Mozilla/5.0 (Windows NT 10.0; Win64; x64) AppleWebKit/537.36 (KHTML, like Gecko) Chrome/147.0.0.0 Safari/537.36"
181.210.111.67 - - [05/May/2026:11:57:22 -0500] "GET /wp-content/uploads/2024/07/dialogos_1507_1-300x225.jpg HTTP/1.1" 200 11584 "https://dialogos.ensad.edu.pe/06/el-cisne-negro-un-analisis-del-enfoque-inconsciente-de-nina-sayers-en-base-al-yo-al-ello-y-al-sintoma/" "Mozilla/5.0 (Windows NT 10.0; Win64; x64) AppleWebKit/537.36 (KHTML, like Gecko) Chrome/147.0.0.0 Safari/537.36"
181.210.111.67 - - [05/May/2026:11:57:22 -0500] "GET /wp-content/uploads/2024/06/dialogos_2406_2-300x200.jpg HTTP/1.1" 200 10677 "https://dialogos.ensad.edu.pe/06/el-cisne-negro-un-analisis-del-enfoque-inconsciente-de-nina-sayers-en-base-al-yo-al-ello-y-al-sintoma/" "Mozilla/5.0 (Windows NT 10.0; Win64; x64) AppleWebKit/537.36 (KHTML, like Gecko) Chrome/147.0.0.0 Safari/537.36"
181.210.111.67 - - [05/May/2026:11:57:23 -0500] "GET /wp-content/uploads/2024/06/dialogos_2406_1-300x200.jpg HTTP/1.1" 200 10460 "https://dialogos.ensad.edu.pe/06/el-cisne-negro-un-analisis-del-enfoque-inconsciente-de-nina-sayers-en-base-al-yo-al-ello-y-al-sintoma/" "Mozilla/5.0 (Windows NT 10.0; Win64; x64) AppleWebKit/537.36 (KHTML, like Gecko) Chrome/147.0.0.0 Safari/537.36"
181.210.111.67 - - [05/May/2026:11:57:23 -0500] "GET /wp-content/uploads/2022/12/logo_dialogos_clear.svg HTTP/1.1" 200 14311 "https://dialogos.ensad.edu.pe/06/el-cisne-negro-un-analisis-del-enfoque-inconsciente-de-nina-sayers-en-base-al-yo-al-ello-y-al-sintoma/" "Mozilla/5.0 (Windows NT 10.0; Win64; x64) AppleWebKit/537.36 (KHTML, like Gecko) Chrome/147.0.0.0 Safari/537.36"
181.210.111.67 - - [05/May/2026:11:57:24 -0500] "GET /wp-content/plugins/elementor/assets/js/shared-frontend-handlers.03caa53373b56d3bab67.bundle.min.js HTTP/1.1" 200 8481 "https://dialogos.ensad.edu.pe/06/el-cisne-negro-un-analisis-del-enfoque-inconsciente-de-nina-sayers-en-base-al-yo-al-ello-y-al-sintoma/" "Mozilla/5.0 (Windows NT 10.0; Win64; x64) AppleWebKit/537.36 (KHTML, like Gecko) Chrome/147.0.0.0 Safari/537.36"
181.210.111.67 - - [05/May/2026:11:57:24 -0500] "GET /wp-content/plugins/pro-elements/assets/js/nav-menu.8521a0597c50611efdc6.bundle.min.js HTTP/1.1" 200 5239 "https://dialogos.ensad.edu.pe/06/el-cisne-negro-un-analisis-del-enfoque-inconsciente-de-nina-sayers-en-base-al-yo-al-ello-y-al-sintoma/" "Mozilla/5.0 (Windows NT 10.0; Win64; x64) AppleWebKit/537.36 (KHTML, like Gecko) Chrome/147.0.0.0 Safari/537.36"
181.210.111.67 - - [05/May/2026:11:57:24 -0500] "GET /wp-content/plugins/pro-elements/assets/js/share-buttons.63d984f8c96d1e053bc0.bundle.min.js HTTP/1.1" 200 1576 "https://dialogos.ensad.edu.pe/06/el-cisne-negro-un-analisis-del-enfoque-inconsciente-de-nina-sayers-en-base-al-yo-al-ello-y-al-sintoma/" "Mozilla/5.0 (Windows NT 10.0; Win64; x64) AppleWebKit/537.36 (KHTML, like Gecko) Chrome/147.0.0.0 Safari/537.36"
181.210.111.67 - - [05/May/2026:11:57:24 -0500] "GET /wp-content/plugins/pro-elements/assets/js/load-more.8b46f464e573feab5dd7.bundle.min.js HTTP/1.1" 200 5345 "https://dialogos.ensad.edu.pe/06/el-cisne-negro-un-analisis-del-enfoque-inconsciente-de-nina-sayers-en-base-al-yo-al-ello-y-al-sintoma/" "Mozilla/5.0 (Windows NT 10.0; Win64; x64) AppleWebKit/537.36 (KHTML, like Gecko) Chrome/147.0.0.0 Safari/537.36"
181.210.111.67 - - [05/May/2026:11:57:25 -0500] "GET /wp-content/plugins/elementor/assets/js/section-frontend-handlers.d85ab872da118940910d.bundle.min.js HTTP/1.1" 200 449 "https://dialogos.ensad.edu.pe/06/el-cisne-negro-un-analisis-del-enfoque-inconsciente-de-nina-sayers-en-base-al-yo-al-ello-y-al-sintoma/" "Mozilla/5.0 (Windows NT 10.0; Win64; x64) AppleWebKit/537.36 (KHTML, like Gecko) Chrome/147.0.0.0 Safari/537.36"
181.210.111.67 - - [05/May/2026:11:57:25 -0500] "GET /wp-content/plugins/pro-elements/assets/js/posts.aec59265318492b89cb5.bundle.min.js HTTP/1.1" 200 3316 "https://dialogos.ensad.edu.pe/06/el-cisne-negro-un-analisis-del-enfoque-inconsciente-de-nina-sayers-en-base-al-yo-al-ello-y-al-sintoma/" "Mozilla/5.0 (Windows NT 10.0; Win64; x64) AppleWebKit/537.36 (KHTML, like Gecko) Chrome/147.0.0.0 Safari/537.36"
181.210.111.67 - - [05/May/2026:11:57:25 -0500] "GET /wp-content/plugins/elementor/assets/js/text-editor.45609661e409413f1cef.bundle.min.js HTTP/1.1" 200 1348 "https://dialogos.ensad.edu.pe/06/el-cisne-negro-un-analisis-del-enfoque-inconsciente-de-nina-sayers-en-base-al-yo-al-ello-y-al-sintoma/" "Mozilla/5.0 (Windows NT 10.0; Win64; x64) AppleWebKit/537.36 (KHTML, like Gecko) Chrome/147.0.0.0 Safari/537.36"
181.210.111.67 - - [05/May/2026:11:57:25 -0500] "GET /wp-includes/js/wp-emoji-release.min.js?ver=6.9.4 HTTP/1.1" 200 22762 "https://dialogos.ensad.edu.pe/06/el-cisne-negro-un-analisis-del-enfoque-inconsciente-de-nina-sayers-en-base-al-yo-al-ello-y-al-sintoma/" "Mozilla/5.0 (Windows NT 10.0; Win64; x64) AppleWebKit/537.36 (KHTML, like Gecko) Chrome/147.0.0.0 Safari/537.36"
181.210.111.67 - - [05/May/2026:11:57:25 -0500] "GET /wp-content/plugins/elementor/assets/lib/share-link/share-link.min.js?ver=4.0.3 HTTP/1.1" 200 2752 "https://dialogos.ensad.edu.pe/06/el-cisne-negro-un-analisis-del-enfoque-inconsciente-de-nina-sayers-en-base-al-yo-al-ello-y-al-sintoma/" "Mozilla/5.0 (Windows NT 10.0; Win64; x64) AppleWebKit/537.36 (KHTML, like Gecko) Chrome/147.0.0.0 Safari/537.36"
181.210.111.67 - - [05/May/2026:11:57:25 -0500] "GET /wp-content/plugins/elementor/assets/lib/eicons/fonts/eicons.woff2?5.48.0 HTTP/1.1" 200 105704 "https://dialogos.ensad.edu.pe/wp-content/plugins/elementor/assets/lib/eicons/css/elementor-icons.min.css?ver=5.48.0" "Mozilla/5.0 (Windows NT 10.0; Win64; x64) AppleWebKit/537.36 (KHTML, like Gecko) Chrome/147.0.0.0 Safari/537.36"
181.210.111.67 - - [05/May/2026:11:57:27 -0500] "GET /wp-content/uploads/2022/12/favicon-150x150.png HTTP/1.1" 200 5586 "https://dialogos.ensad.edu.pe/06/el-cisne-negro-un-analisis-del-enfoque-inconsciente-de-nina-sayers-en-base-al-yo-al-ello-y-al-sintoma/" "Mozilla/5.0 (Windows NT 10.0; Win64; x64) AppleWebKit/537.36 (KHTML, like Gecko) Chrome/147.0.0.0 Safari/537.36"
152.228.213.32 - - [05/May/2026:11:59:38 -0500] "POST /xmlrpc.php HTTP/1.1" 503 19280 "-" "Mozilla/5.0 (Windows NT 6.3; Win64; x64) AppleWebKit/537.36 (KHTML, like Gecko) Chrome/65.0.3325.162 Safari/537.36"
167.86.88.122 - - [05/May/2026:12:02:11 -0500] "POST /wp-cron.php?doing_wp_cron=1778000531.1202208995819091796875 HTTP/1.1" 200 - "-" "WordPress/6.9.4; https://dialogos.ensad.edu.pe"
208.68.37.246 - - [05/May/2026:12:02:10 -0500] "GET /wp-login.php HTTP/1.1" 200 9854 "-" "Mozilla/5.0 (Windows NT 6.1; WOW64; Trident/7.0; MANM; rv:11.0) like Gecko"
208.68.37.246 - - [05/May/2026:12:02:12 -0500] "POST /wp-login.php HTTP/1.1" 503 19280 "https://www.dialogos.ensad.edu.pe/wp-login.php" "Mozilla/5.0 (Windows NT 6.1; WOW64; Trident/7.0; MANM; rv:11.0) like Gecko"
145.239.2.113 - - [05/May/2026:12:07:46 -0500] "POST /xmlrpc.php HTTP/1.1" 503 19280 "-" "Mozilla/5.0 (Macintosh; Intel Mac OS X 10_11_6) AppleWebKit/537.36 (KHTML, like Gecko) Chrome/66.0.3359.117 Safari/537.36"
167.86.88.122 - - [05/May/2026:12:07:48 -0500] "POST /wp-cron.php?doing_wp_cron=1778000868.3305299282073974609375 HTTP/1.1" 200 - "-" "WordPress/6.9.4; https://dialogos.ensad.edu.pe"
74.7.228.57 - - [05/May/2026:12:07:57 -0500] "GET /robots.txt HTTP/1.1" 200 122 "-" "Mozilla/5.0 (Macintosh; Intel Mac OS X 10_15_7) AppleWebKit/537.36 (KHTML, like Gecko) Chrome/131.0.0.0 Safari/537.36; compatible; OAI-SearchBot/1.3; robots.txt; +https://openai.com/searchbot"
167.86.88.122 - - [05/May/2026:12:10:57 -0500] "POST /wp-cron.php?doing_wp_cron=1778001057.8498139381408691406250 HTTP/1.1" 200 - "-" "WordPress/6.9.4; https://dialogos.ensad.edu.pe"
164.92.150.15 - - [05/May/2026:12:10:56 -0500] "GET /wp-login.php HTTP/1.1" 200 9854 "-" "Mozilla/5.0 (Windows NT 6.1; WOW64; Trident/7.0; MALC; rv:11.0) like Gecko"
164.92.150.15 - - [05/May/2026:12:10:58 -0500] "POST /wp-login.php HTTP/1.1" 503 19280 "https://www.dialogos.ensad.edu.pe/wp-login.php" "Mozilla/5.0 (Windows NT 6.1; WOW64; Trident/7.0; MALC; rv:11.0) like Gecko"
5.161.118.194 - - [05/May/2026:12:15:58 -0500] "GET / HTTP/1.1" 200 61885 "-" "Better Stack Better Uptime Bot Mozilla/5.0 (Windows NT 10.0; Win64; x64) AppleWebKit/537.36 (KHTML, like Gecko) Chrome/130.0.0.0 Safari/537.36"
167.86.88.122 - - [05/May/2026:12:16:00 -0500] "POST /wp-cron.php?doing_wp_cron=1778001360.8624479770660400390625 HTTP/1.1" 200 - "-" "WordPress/6.9.4; https://dialogos.ensad.edu.pe"
103.218.122.61 - - [05/May/2026:12:24:44 -0500] "POST /xmlrpc.php HTTP/1.1" 503 19280 "-" "Mozilla/5.0 (Macintosh; Intel Mac OS X 10_13_4) AppleWebKit/537.36 (KHTML, like Gecko) Chrome/67.0.3396.87 Safari/537.36"
167.86.88.122 - - [05/May/2026:12:29:22 -0500] "POST /wp-cron.php?doing_wp_cron=1778002162.9489309787750244140625 HTTP/1.1" 200 - "-" "WordPress/6.9.4; https://dialogos.ensad.edu.pe"
192.129.178.51 - - [05/May/2026:12:29:22 -0500] "GET /wp-login.php HTTP/1.1" 200 9854 "-" "Mozilla/5.0 (Windows NT 6.2; Win64; x64) AppleWebKit/537.36 (KHTML, like Gecko) Chrome/66.0.3359.181 Safari/537.36"
192.129.178.51 - - [05/May/2026:12:29:24 -0500] "POST /wp-login.php HTTP/1.1" 503 19280 "https://www.dialogos.ensad.edu.pe/wp-login.php" "Mozilla/5.0 (Windows NT 6.2; Win64; x64) AppleWebKit/537.36 (KHTML, like Gecko) Chrome/66.0.3359.181 Safari/537.36"
167.86.88.122 - - [05/May/2026:12:31:15 -0500] "POST /wp-cron.php?doing_wp_cron=1778002275.6159839630126953125000 HTTP/1.1" 200 - "-" "WordPress/6.9.4; https://dialogos.ensad.edu.pe"
124.248.183.57 - - [05/May/2026:12:31:14 -0500] "GET /logout HTTP/1.1" 301 - "-" "Mozilla/5.0 (Macintosh; Intel Mac OS X 10_15_7) AppleWebKit/537.36 (KHTML, like Gecko) Chrome/125.0.0.0 Safari/537.36"
124.248.183.57 - - [05/May/2026:12:31:20 -0500] "GET /logout HTTP/1.1" 404 83509 "https://www.dialogos.ensad.edu.pe/logout" "Mozilla/5.0 (Macintosh; Intel Mac OS X 10_15_7) AppleWebKit/537.36 (KHTML, like Gecko) Chrome/125.0.0.0 Safari/537.36"
198.46.83.219 - - [05/May/2026:12:33:47 -0500] "POST /xmlrpc.php HTTP/1.1" 503 19280 "-" "Mozilla/5.0 (X11; Linux x86_64) AppleWebKit/537.36 (KHTML, like Gecko) Chrome/65.0.3325.181 Safari/537.36"
216.73.216.15 - - [05/May/2026:12:38:03 -0500] "GET /robots.txt HTTP/1.1" 200 122 "-" "Mozilla/5.0 AppleWebKit/537.36 (KHTML, like Gecko; compatible; ClaudeBot/1.0; +claudebot@anthropic.com)"
167.86.88.122 - - [05/May/2026:12:38:03 -0500] "POST /wp-cron.php?doing_wp_cron=1778002683.9734070301055908203125 HTTP/1.1" 200 - "-" "WordPress/6.9.4; https://dialogos.ensad.edu.pe"
216.73.216.15 - - [05/May/2026:12:38:05 -0500] "GET /wp-sitemap.xml HTTP/1.1" 200 581 "-" "Mozilla/5.0 AppleWebKit/537.36 (KHTML, like Gecko; compatible; ClaudeBot/1.0; +claudebot@anthropic.com)"
40.77.167.59 - - [05/May/2026:12:41:54 -0500] "GET /wp-content/uploads/2020/03/dialogos_cristianojara-768x347.jpg HTTP/1.1" 200 23445 "-" "Mozilla/5.0 AppleWebKit/537.36 (KHTML, like Gecko; compatible; bingbot/2.0; +http://www.bing.com/bingbot.htm) Chrome/116.0.1938.76 Safari/537.36"
69.63.189.115 - - [05/May/2026:12:42:28 -0500] "GET / HTTP/1.1" 200 113600 "-" "facebookexternalhit/1.1 (+http://www.facebook.com/externalhit_uatext.php)"
69.171.249.20 - - [05/May/2026:12:42:27 -0500] "GET / HTTP/1.1" 200 113600 "-" "facebookexternalhit/1.1 (+http://www.facebook.com/externalhit_uatext.php)"
167.86.88.122 - - [05/May/2026:12:42:30 -0500] "POST /wp-cron.php?doing_wp_cron=1778002950.0858418941497802734375 HTTP/1.1" 200 - "-" "WordPress/6.9.4; https://dialogos.ensad.edu.pe"
91.98.204.37 - - [05/May/2026:12:42:33 -0500] "POST /xmlrpc.php HTTP/1.1" 503 19280 "-" "Mozilla/5.0 (Macintosh; Intel Mac OS X 10_9_5) AppleWebKit/537.36 (KHTML, like Gecko) Chrome/67.0.3396.87 Safari/537.36"
125.231.72.171 - - [05/May/2026:12:42:46 -0500] "GET / HTTP/1.1" 200 113600 "https://dialogos.ensad.edu.pe/" "Mozilla/5.0 (Windows NT 6.1; WOW64) AppleWebKit/537.36 (KHTML, like Gecko) Chrome/35.0.2527.583 Safari/537.36"
68.168.29.183 - - [05/May/2026:12:42:59 -0500] "GET /admin/login HTTP/1.1" 301 - "-" "Mozilla/5.0 (Windows NT 10.0; Win64; x64) AppleWebKit/537.36 (KHTML, like Gecko) Chrome/132.0.0.0 Safari/537.36"
68.168.29.183 - - [05/May/2026:12:43:00 -0500] "GET /admin/login HTTP/1.1" 404 83509 "https://www.dialogos.ensad.edu.pe/admin/login" "Mozilla/5.0 (Windows NT 10.0; Win64; x64) AppleWebKit/537.36 (KHTML, like Gecko) Chrome/132.0.0.0 Safari/537.36"
162.55.165.86 - - [05/May/2026:12:45:51 -0500] "GET / HTTP/1.1" 200 61885 "-" "Better Stack Better Uptime Bot Mozilla/5.0 (Windows NT 10.0; Win64; x64) AppleWebKit/537.36 (KHTML, like Gecko) Chrome/130.0.0.0 Safari/537.36"
167.86.88.122 - - [05/May/2026:12:45:53 -0500] "POST /wp-admin/admin-ajax.php?action=wordfence_testAjax HTTP/1.1" 200 12 "-" "WordPress/6.9.4; https://dialogos.ensad.edu.pe"
167.86.88.122 - - [05/May/2026:12:45:52 -0500] "POST /wp-cron.php?doing_wp_cron=1778003152.7500920295715332031250 HTTP/1.1" 200 - "-" "WordPress/6.9.4; https://dialogos.ensad.edu.pe"
167.86.88.122 - - [05/May/2026:12:45:55 -0500] "GET /wp-admin/admin-ajax.php?action=wordfence_doScan&isFork=0&scanMode=quick&cronKey=f0bb011bddb7647cd20ec897da827a75&signature=ebc09dd853db2bc4d590df318f393b36294e17aa9c72880313c6d1258c7a7af8 HTTP/1.1" 200 - "-" "WordPress/6.9.4; https://dialogos.ensad.edu.pe"
51.255.68.188 - - [05/May/2026:12:48:08 -0500] "GET /wp-login.php HTTP/1.1" 200 9854 "-" "Mozilla/5.0 (Windows NT 10.0; Win64; x64) AppleWebKit/537.36 (KHTML, like Gecko) Chrome/66.0.3359.170 Safari/537.36 OPR/53.0.2907.99"
51.255.68.188 - - [05/May/2026:12:48:09 -0500] "POST /wp-login.php HTTP/1.1" 503 19280 "https://www.dialogos.ensad.edu.pe/wp-login.php" "Mozilla/5.0 (Windows NT 10.0; Win64; x64) AppleWebKit/537.36 (KHTML, like Gecko) Chrome/66.0.3359.170 Safari/537.36 OPR/53.0.2907.99"
167.86.88.122 - - [05/May/2026:12:50:06 -0500] "POST /wp-cron.php?doing_wp_cron=1778003406.2857010364532470703125 HTTP/1.1" 200 - "-" "WordPress/6.9.4; https://dialogos.ensad.edu.pe"
23.94.73.156 - - [05/May/2026:12:50:03 -0500] "GET / HTTP/1.1" 200 113600 "-" "Mozilla/5.0 (Windows NT 10.0; Win64; x64) AppleWebKit/537.36 (KHTML, like Gecko) Chrome/144.0.0.0 Safari/537.36 Edg/144.0.0.0"
66.249.65.162 - - [05/May/2026:12:50:37 -0500] "GET /2%7CK%7B!QN,YZ%BBq67P7gtgko0*j%3CJRx~%60KZtvg%3CUFKwL%60%607~EA HTTP/1.1" 404 83509 "-" "Mozilla/5.0 (Linux; Android 6.0.1; Nexus 5X Build/MMB29P) AppleWebKit/537.36 (KHTML, like Gecko) Chrome/147.0.7727.137 Mobile Safari/537.36 (compatible; Googlebot/2.1; +http://www.google.com/bot.html)"
167.86.88.122 - - [05/May/2026:12:57:13 -0500] "POST /wp-cron.php?doing_wp_cron=1778003833.1127190589904785156250 HTTP/1.1" 200 - "-" "WordPress/6.9.4; https://dialogos.ensad.edu.pe"
45.236.128.46 - - [05/May/2026:12:57:12 -0500] "GET /wp-login.php HTTP/1.1" 200 9854 "-" "Mozilla/5.0 (Windows NT 10.0; WOW64; Trident/7.0; Touch; TNJB; rv:11.0) like Gecko"
45.236.128.46 - - [05/May/2026:12:57:14 -0500] "POST /wp-login.php HTTP/1.1" 503 19280 "https://www.dialogos.ensad.edu.pe/wp-login.php" "Mozilla/5.0 (Windows NT 10.0; WOW64; Trident/7.0; Touch; TNJB; rv:11.0) like Gecko"
52.232.35.131 - - [05/May/2026:12:59:59 -0500] "POST /xmlrpc.php HTTP/1.1" 503 19280 "-" "Mozilla/5.0 (Windows NT 6.1) AppleWebKit/537.36 (KHTML, like Gecko) Chrome/67.0.3396.87 Safari/537.36"
167.86.88.122 - - [05/May/2026:13:00:01 -0500] "POST /wp-cron.php?doing_wp_cron=1778004001.4600179195404052734375 HTTP/1.1" 200 - "-" "WordPress/6.9.4; https://dialogos.ensad.edu.pe"
208.109.188.137 - - [05/May/2026:13:05:41 -0500] "GET /wp-login.php HTTP/1.1" 200 9854 "-" "Mozilla/5.0 (Windows NT 6.3; WOW64; Trident/7.0; Touch; MASEJS; rv:11.0) like Gecko"
167.86.88.122 - - [05/May/2026:13:05:42 -0500] "POST /wp-cron.php?doing_wp_cron=1778004342.2375519275665283203125 HTTP/1.1" 200 - "-" "WordPress/6.9.4; https://dialogos.ensad.edu.pe"
208.109.188.137 - - [05/May/2026:13:05:43 -0500] "POST /wp-login.php HTTP/1.1" 503 19280 "https://www.dialogos.ensad.edu.pe/wp-login.php" "Mozilla/5.0 (Windows NT 6.3; WOW64; Trident/7.0; Touch; MASEJS; rv:11.0) like Gecko"
167.86.88.122 - - [05/May/2026:13:08:38 -0500] "POST /wp-cron.php?doing_wp_cron=1778004518.1406679153442382812500 HTTP/1.1" 200 - "-" "WordPress/6.9.4; https://dialogos.ensad.edu.pe"
18.231.91.52 - - [05/May/2026:13:08:36 -0500] "POST /xmlrpc.php HTTP/1.1" 503 19280 "-" "Mozilla/5.0 (Macintosh; Intel Mac OS X 10_10_5) AppleWebKit/537.36 (KHTML, like Gecko) Chrome/65.0.3325.162 Safari/537.36"
178.156.154.250 - - [05/May/2026:13:16:03 -0500] "GET / HTTP/1.1" 200 61885 "-" "Better Stack Better Uptime Bot Mozilla/5.0 (Windows NT 10.0; Win64; x64) AppleWebKit/537.36 (KHTML, like Gecko) Chrome/130.0.0.0 Safari/537.36"
167.86.88.122 - - [05/May/2026:13:16:05 -0500] "POST /wp-cron.php?doing_wp_cron=1778004965.1699309349060058593750 HTTP/1.1" 200 - "-" "WordPress/6.9.4; https://dialogos.ensad.edu.pe"
113.36.242.230 - - [05/May/2026:13:16:29 -0500] "POST /xmlrpc.php HTTP/1.1" 503 19280 "-" "Mozilla/5.0 (Windows NT 10.0; Win64; x64) AppleWebKit/537.36 (KHTML, like Gecko) Chrome/65.0.3325.181 Safari/537.36 OPR/52.0.2871.64"
167.86.88.122 - - [05/May/2026:13:21:48 -0500] "POST /wp-cron.php?doing_wp_cron=1778005308.4738390445709228515625 HTTP/1.1" 200 - "-" "WordPress/6.9.4; https://dialogos.ensad.edu.pe"
198.46.83.219 - - [05/May/2026:13:21:47 -0500] "GET /wp-login.php HTTP/1.1" 200 9854 "-" "Mozilla/5.0 (Windows NT 6.1; WOW64; Trident/7.0; EIE10;ENUSWOL; rv:11.0) like Gecko"
198.46.83.219 - - [05/May/2026:13:21:49 -0500] "POST /wp-login.php HTTP/1.1" 503 19280 "https://www.dialogos.ensad.edu.pe/wp-login.php" "Mozilla/5.0 (Windows NT 6.1; WOW64; Trident/7.0; EIE10;ENUSWOL; rv:11.0) like Gecko"
167.86.88.122 - - [05/May/2026:13:24:32 -0500] "POST /wp-cron.php?doing_wp_cron=1778005472.7653300762176513671875 HTTP/1.1" 200 - "-" "WordPress/6.9.4; https://dialogos.ensad.edu.pe"
121.200.217.27 - - [05/May/2026:13:24:31 -0500] "POST /xmlrpc.php HTTP/1.1" 503 19280 "-" "Mozilla/5.0 (X11; CrOS x86_64 10452.96.0) AppleWebKit/537.36 (KHTML, like Gecko) Chrome/66.0.3359.181 Safari/537.36"
167.86.88.122 - - [05/May/2026:13:29:50 -0500] "POST /wp-cron.php?doing_wp_cron=1778005790.5601499080657958984375 HTTP/1.1" 200 - "-" "WordPress/6.9.4; https://dialogos.ensad.edu.pe"
142.93.217.129 - - [05/May/2026:13:29:49 -0500] "GET /wp-login.php HTTP/1.1" 200 9854 "-" "Mozilla/4.0 (compatible; MSIE 7.0; Windows NT 10.0; WOW64; Trident/7.0; .NET4.0C; .NET4.0E; .NET CLR 2.0.50727; .NET CLR 3.0.30729; .NET CLR 3.5.30729; ms-office)"
142.93.217.129 - - [05/May/2026:13:29:52 -0500] "POST /wp-login.php HTTP/1.1" 503 19280 "https://www.dialogos.ensad.edu.pe/wp-login.php" "Mozilla/4.0 (compatible; MSIE 7.0; Windows NT 10.0; WOW64; Trident/7.0; .NET4.0C; .NET4.0E; .NET CLR 2.0.50727; .NET CLR 3.0.30729; .NET CLR 3.5.30729; ms-office)"
51.222.71.146 - - [05/May/2026:13:32:43 -0500] "POST /xmlrpc.php HTTP/1.1" 503 19280 "-" "Mozilla/5.0 (Windows NT 10.0; Win64; x64; WebView/3.0) AppleWebKit/537.36 (KHTML, like Gecko) Chrome/52.0.2743.116 Safari/537.36 Edge/15.15063"
167.86.88.122 - - [05/May/2026:13:32:44 -0500] "POST /wp-cron.php?doing_wp_cron=1778005964.6033399105072021484375 HTTP/1.1" 200 - "-" "WordPress/6.9.4; https://dialogos.ensad.edu.pe"
17.241.75.76 - - [05/May/2026:13:36:24 -0500] "GET /wp-content/uploads/2023/03/08-Luis-Fernando-Sanchez.jpg HTTP/1.1" 200 59534 "-" "Mozilla/5.0 (Macintosh; Intel Mac OS X 10_15_7) AppleWebKit/605.1.15 (KHTML, like Gecko) Version/17.4 Safari/605.1.15 (Applebot/0.1; +http://www.apple.com/go/applebot)"
167.86.88.122 - - [05/May/2026:13:38:09 -0500] "POST /wp-cron.php?doing_wp_cron=1778006289.2610089778900146484375 HTTP/1.1" 200 - "-" "WordPress/6.9.4; https://dialogos.ensad.edu.pe"
123.30.233.12 - - [05/May/2026:13:38:08 -0500] "GET /wp-login.php HTTP/1.1" 200 9854 "-" "Mozilla/5.0 (compatible; MSIE 9.0; Windows NT 6.2; Win64; x64; Trident/7.0)"
123.30.233.12 - - [05/May/2026:13:38:10 -0500] "POST /wp-login.php HTTP/1.1" 503 19280 "https://www.dialogos.ensad.edu.pe/wp-login.php" "Mozilla/5.0 (compatible; MSIE 9.0; Windows NT 6.2; Win64; x64; Trident/7.0)"
91.227.37.60 - - [05/May/2026:13:40:55 -0500] "POST /xmlrpc.php HTTP/1.1" 503 19280 "-" "Mozilla/5.0 (Windows NT 6.3; Win64; x64) AppleWebKit/537.36 (KHTML, like Gecko) Chrome/67.0.3396.79 Safari/537.36"
167.86.88.122 - - [05/May/2026:13:40:57 -0500] "POST /wp-cron.php?doing_wp_cron=1778006457.9447660446166992187500 HTTP/1.1" 200 - "-" "WordPress/6.9.4; https://dialogos.ensad.edu.pe"
5.161.242.138 - - [05/May/2026:13:41:45 -0500] "GET /wp-login.php HTTP/1.1" 200 9854 "-" "Mozilla/5.0 (Macintosh; Intel Mac OS X 10_15_7) AppleWebKit/537.36 (KHTML, like Gecko) Chrome/124.0.0.0 Safari/537.36"
5.161.242.138 - - [05/May/2026:13:41:45 -0500] "GET /wp-admin/ HTTP/1.1" 302 - "-" "Mozilla/5.0 (Macintosh; Intel Mac OS X 10_15_7) AppleWebKit/537.36 (KHTML, like Gecko) Chrome/124.0.0.0 Safari/537.36"
5.161.242.138 - - [05/May/2026:13:41:51 -0500] "GET /wp-json/wp/v2/users HTTP/1.1" 401 117 "-" "Mozilla/5.0 (Macintosh; Intel Mac OS X 10_15_7) AppleWebKit/537.36 (KHTML, like Gecko) Chrome/124.0.0.0 Safari/537.36"
5.161.242.138 - - [05/May/2026:13:41:51 -0500] "GET /?rest_route=/wp/v2/users HTTP/1.1" 401 117 "-" "Mozilla/5.0 (Macintosh; Intel Mac OS X 10_15_7) AppleWebKit/537.36 (KHTML, like Gecko) Chrome/124.0.0.0 Safari/537.36"
167.86.88.122 - - [05/May/2026:13:41:51 -0500] "POST /wp-cron.php?doing_wp_cron=1778006511.1052858829498291015625 HTTP/1.1" 200 - "-" "WordPress/6.9.4; https://dialogos.ensad.edu.pe"
5.161.242.138 - - [05/May/2026:13:41:54 -0500] "HEAD /author/admin/ HTTP/1.1" 301 - "-" "Mozilla/5.0 (Macintosh; Intel Mac OS X 10_15_7) AppleWebKit/537.36 (KHTML, like Gecko) Chrome/124.0.0.0 Safari/537.36"
5.161.242.138 - - [05/May/2026:13:41:54 -0500] "GET /author-sitemap.xml HTTP/1.1" 301 - "-" "Mozilla/5.0 (Macintosh; Intel Mac OS X 10_15_7) AppleWebKit/537.36 (KHTML, like Gecko) Chrome/124.0.0.0 Safari/537.36"
5.161.242.138 - - [05/May/2026:13:41:54 -0500] "GET /wp-sitemap-users-1.xml HTTP/1.1" 301 - "-" "Mozilla/5.0 (Macintosh; Intel Mac OS X 10_15_7) AppleWebKit/537.36 (KHTML, like Gecko) Chrome/124.0.0.0 Safari/537.36"
5.161.242.138 - - [05/May/2026:13:41:51 -0500] "GET /?author=2 HTTP/1.1" 404 77223 "-" "Mozilla/5.0 (Macintosh; Intel Mac OS X 10_15_7) AppleWebKit/537.36 (KHTML, like Gecko) Chrome/124.0.0.0 Safari/537.36"
5.161.242.138 - - [05/May/2026:13:41:54 -0500] "GET /wp-json/wc/v3/products HTTP/1.1" 404 149 "-" "Mozilla/5.0 (Macintosh; Intel Mac OS X 10_15_7) AppleWebKit/537.36 (KHTML, like Gecko) Chrome/124.0.0.0 Safari/537.36"
5.161.242.138 - - [05/May/2026:13:41:51 -0500] "GET /?author=8 HTTP/1.1" 404 77223 "-" "Mozilla/5.0 (Macintosh; Intel Mac OS X 10_15_7) AppleWebKit/537.36 (KHTML, like Gecko) Chrome/124.0.0.0 Safari/537.36"
5.161.242.138 - - [05/May/2026:13:41:54 -0500] "GET /wp-json/oembed/1.0/embed?url=https%3A%2F%2Fwww.dialogos.ensad.edu.pe HTTP/1.1" 200 2049 "-" "Mozilla/5.0 (Macintosh; Intel Mac OS X 10_15_7) AppleWebKit/537.36 (KHTML, like Gecko) Chrome/124.0.0.0 Safari/537.36"
5.161.242.138 - - [05/May/2026:13:41:51 -0500] "GET /?author=4 HTTP/1.1" 404 77223 "-" "Mozilla/5.0 (Macintosh; Intel Mac OS X 10_15_7) AppleWebKit/537.36 (KHTML, like Gecko) Chrome/124.0.0.0 Safari/537.36"
5.161.242.138 - - [05/May/2026:13:41:51 -0500] "GET /?author=10 HTTP/1.1" 404 77223 "-" "Mozilla/5.0 (Macintosh; Intel Mac OS X 10_15_7) AppleWebKit/537.36 (KHTML, like Gecko) Chrome/124.0.0.0 Safari/537.36"
5.161.242.138 - - [05/May/2026:13:41:51 -0500] "GET /?author=7 HTTP/1.1" 404 77223 "-" "Mozilla/5.0 (Macintosh; Intel Mac OS X 10_15_7) AppleWebKit/537.36 (KHTML, like Gecko) Chrome/124.0.0.0 Safari/537.36"
5.161.242.138 - - [05/May/2026:13:41:51 -0500] "GET /?author=1 HTTP/1.1" 404 77223 "-" "Mozilla/5.0 (Macintosh; Intel Mac OS X 10_15_7) AppleWebKit/537.36 (KHTML, like Gecko) Chrome/124.0.0.0 Safari/537.36"
5.161.242.138 - - [05/May/2026:13:41:54 -0500] "GET /feed/ HTTP/1.1" 301 - "-" "Mozilla/5.0 (Macintosh; Intel Mac OS X 10_15_7) AppleWebKit/537.36 (KHTML, like Gecko) Chrome/124.0.0.0 Safari/537.36"
5.161.242.138 - - [05/May/2026:13:41:54 -0500] "POST /xmlrpc.php HTTP/1.1" 200 416 "-" "Mozilla/5.0 (Macintosh; Intel Mac OS X 10_15_7) AppleWebKit/537.36 (KHTML, like Gecko) Chrome/124.0.0.0 Safari/537.36"
5.161.242.138 - - [05/May/2026:13:41:51 -0500] "GET /?author=9 HTTP/1.1" 404 77223 "-" "Mozilla/5.0 (Macintosh; Intel Mac OS X 10_15_7) AppleWebKit/537.36 (KHTML, like Gecko) Chrome/124.0.0.0 Safari/537.36"
5.161.242.138 - - [05/May/2026:13:41:51 -0500] "GET /?author=5 HTTP/1.1" 404 77223 "-" "Mozilla/5.0 (Macintosh; Intel Mac OS X 10_15_7) AppleWebKit/537.36 (KHTML, like Gecko) Chrome/124.0.0.0 Safari/537.36"
5.161.242.138 - - [05/May/2026:13:41:51 -0500] "GET /?author=3 HTTP/1.1" 404 77223 "-" "Mozilla/5.0 (Macintosh; Intel Mac OS X 10_15_7) AppleWebKit/537.36 (KHTML, like Gecko) Chrome/124.0.0.0 Safari/537.36"
5.161.242.138 - - [05/May/2026:13:41:54 -0500] "GET /wp-json/wcfm/v1/store-vendors HTTP/1.1" 404 149 "-" "Mozilla/5.0 (Macintosh; Intel Mac OS X 10_15_7) AppleWebKit/537.36 (KHTML, like Gecko) Chrome/124.0.0.0 Safari/537.36"
5.161.242.138 - - [05/May/2026:13:41:54 -0500] "GET /wp-json/wp/v2/posts?_embed&per_page=5 HTTP/1.1" 200 51366 "-" "Mozilla/5.0 (Macintosh; Intel Mac OS X 10_15_7) AppleWebKit/537.36 (KHTML, like Gecko) Chrome/124.0.0.0 Safari/537.36"
5.161.242.138 - - [05/May/2026:13:41:51 -0500] "GET /?author=6 HTTP/1.1" 404 77223 "-" "Mozilla/5.0 (Macintosh; Intel Mac OS X 10_15_7) AppleWebKit/537.36 (KHTML, like Gecko) Chrome/124.0.0.0 Safari/537.36"
66.228.59.64 - - [05/May/2026:13:42:37 -0500] "GET /wp-login.php HTTP/1.1" 200 9854 "-" "Mozilla/5.0 (X11; Linux x86_64) AppleWebKit/537.36 (KHTML, like Gecko) Chrome/123.0.0.0 Safari/537.36"
66.228.59.64 - - [05/May/2026:13:42:37 -0500] "GET /wp-admin/ HTTP/1.1" 302 - "-" "Mozilla/5.0 (X11; Linux x86_64) AppleWebKit/537.36 (KHTML, like Gecko) Chrome/123.0.0.0 Safari/537.36"
66.228.59.64 - - [05/May/2026:13:42:39 -0500] "GET /wp-json/wp/v2/users HTTP/1.1" 401 117 "-" "Mozilla/5.0 (X11; Linux x86_64) AppleWebKit/537.36 (KHTML, like Gecko) Chrome/123.0.0.0 Safari/537.36"
66.228.59.64 - - [05/May/2026:13:42:39 -0500] "GET /?rest_route=/wp/v2/users HTTP/1.1" 401 117 "-" "Mozilla/5.0 (X11; Linux x86_64) AppleWebKit/537.36 (KHTML, like Gecko) Chrome/123.0.0.0 Safari/537.36"
66.228.59.64 - - [05/May/2026:13:42:39 -0500] "GET /?author=6 HTTP/1.1" 404 77164 "-" "Mozilla/5.0 (X11; Linux x86_64) AppleWebKit/537.36 (KHTML, like Gecko) Chrome/123.0.0.0 Safari/537.36"
66.228.59.64 - - [05/May/2026:13:42:42 -0500] "GET /wp-json/wc/v3/products HTTP/1.1" 404 149 "-" "Mozilla/5.0 (X11; Linux x86_64) AppleWebKit/537.36 (KHTML, like Gecko) Chrome/123.0.0.0 Safari/537.36"
66.228.59.64 - - [05/May/2026:13:42:42 -0500] "GET /wp-json/oembed/1.0/embed?url=https%3A%2F%2Fdialogos.ensad.edu.pe HTTP/1.1" 200 2049 "-" "Mozilla/5.0 (X11; Linux x86_64) AppleWebKit/537.36 (KHTML, like Gecko) Chrome/123.0.0.0 Safari/537.36"
66.228.59.64 - - [05/May/2026:13:42:39 -0500] "GET /?author=10 HTTP/1.1" 404 77164 "-" "Mozilla/5.0 (X11; Linux x86_64) AppleWebKit/537.36 (KHTML, like Gecko) Chrome/123.0.0.0 Safari/537.36"
66.228.59.64 - - [05/May/2026:13:42:39 -0500] "GET /?author=9 HTTP/1.1" 404 77164 "-" "Mozilla/5.0 (X11; Linux x86_64) AppleWebKit/537.36 (KHTML, like Gecko) Chrome/123.0.0.0 Safari/537.36"
66.228.59.64 - - [05/May/2026:13:42:42 -0500] "HEAD /author/admin/ HTTP/1.1" 404 - "-" "Mozilla/5.0 (X11; Linux x86_64) AppleWebKit/537.36 (KHTML, like Gecko) Chrome/123.0.0.0 Safari/537.36"
66.228.59.64 - - [05/May/2026:13:42:39 -0500] "GET /?author=7 HTTP/1.1" 404 77164 "-" "Mozilla/5.0 (X11; Linux x86_64) AppleWebKit/537.36 (KHTML, like Gecko) Chrome/123.0.0.0 Safari/537.36"
66.228.59.64 - - [05/May/2026:13:42:39 -0500] "GET /?author=5 HTTP/1.1" 404 77164 "-" "Mozilla/5.0 (X11; Linux x86_64) AppleWebKit/537.36 (KHTML, like Gecko) Chrome/123.0.0.0 Safari/537.36"
66.228.59.64 - - [05/May/2026:13:42:42 -0500] "GET /wp-json/wcfm/v1/store-vendors HTTP/1.1" 404 149 "-" "Mozilla/5.0 (X11; Linux x86_64) AppleWebKit/537.36 (KHTML, like Gecko) Chrome/123.0.0.0 Safari/537.36"
66.228.59.64 - - [05/May/2026:13:42:39 -0500] "GET /?author=4 HTTP/1.1" 404 77164 "-" "Mozilla/5.0 (X11; Linux x86_64) AppleWebKit/537.36 (KHTML, like Gecko) Chrome/123.0.0.0 Safari/537.36"
66.228.59.64 - - [05/May/2026:13:42:42 -0500] "POST /xmlrpc.php HTTP/1.1" 200 416 "-" "Mozilla/5.0 (X11; Linux x86_64) AppleWebKit/537.36 (KHTML, like Gecko) Chrome/123.0.0.0 Safari/537.36"
66.228.59.64 - - [05/May/2026:13:42:39 -0500] "GET /?author=1 HTTP/1.1" 404 77164 "-" "Mozilla/5.0 (X11; Linux x86_64) AppleWebKit/537.36 (KHTML, like Gecko) Chrome/123.0.0.0 Safari/537.36"
66.228.59.64 - - [05/May/2026:13:42:39 -0500] "GET /?author=3 HTTP/1.1" 404 77164 "-" "Mozilla/5.0 (X11; Linux x86_64) AppleWebKit/537.36 (KHTML, like Gecko) Chrome/123.0.0.0 Safari/537.36"
66.228.59.64 - - [05/May/2026:13:42:42 -0500] "GET /feed/ HTTP/1.1" 200 7070 "-" "Mozilla/5.0 (X11; Linux x86_64) AppleWebKit/537.36 (KHTML, like Gecko) Chrome/123.0.0.0 Safari/537.36"
66.228.59.64 - - [05/May/2026:13:42:39 -0500] "GET /?author=8 HTTP/1.1" 404 77164 "-" "Mozilla/5.0 (X11; Linux x86_64) AppleWebKit/537.36 (KHTML, like Gecko) Chrome/123.0.0.0 Safari/537.36"
66.228.59.64 - - [05/May/2026:13:42:42 -0500] "GET /wp-json/wp/v2/posts?_embed&per_page=5 HTTP/1.1" 200 51366 "-" "Mozilla/5.0 (X11; Linux x86_64) AppleWebKit/537.36 (KHTML, like Gecko) Chrome/123.0.0.0 Safari/537.36"
66.228.59.64 - - [05/May/2026:13:42:39 -0500] "GET /?author=2 HTTP/1.1" 404 77164 "-" "Mozilla/5.0 (X11; Linux x86_64) AppleWebKit/537.36 (KHTML, like Gecko) Chrome/123.0.0.0 Safari/537.36"
66.228.59.64 - - [05/May/2026:13:42:42 -0500] "GET /wp-sitemap-users-1.xml HTTP/1.1" 200 76909 "-" "Mozilla/5.0 (X11; Linux x86_64) AppleWebKit/537.36 (KHTML, like Gecko) Chrome/123.0.0.0 Safari/537.36"
66.228.59.64 - - [05/May/2026:13:42:42 -0500] "GET /author-sitemap.xml HTTP/1.1" 404 83509 "-" "Mozilla/5.0 (X11; Linux x86_64) AppleWebKit/537.36 (KHTML, like Gecko) Chrome/123.0.0.0 Safari/537.36"
158.220.118.27 - - [05/May/2026:13:43:38 -0500] "GET /wp-admin/ HTTP/1.1" 302 - "-" "Mozilla/5.0 (Macintosh; Intel Mac OS X 10_15_7) AppleWebKit/537.36 (KHTML, like Gecko) Chrome/124.0.0.0 Safari/537.36"
158.220.118.27 - - [05/May/2026:13:43:38 -0500] "GET /wp-login.php HTTP/1.1" 200 9854 "-" "Mozilla/5.0 (Macintosh; Intel Mac OS X 10_15_7) AppleWebKit/537.36 (KHTML, like Gecko) Chrome/124.0.0.0 Safari/537.36"
167.86.88.122 - - [05/May/2026:13:43:40 -0500] "POST /wp-cron.php?doing_wp_cron=1778006620.0876588821411132812500 HTTP/1.1" 200 - "-" "WordPress/6.9.4; https://dialogos.ensad.edu.pe"
158.220.118.27 - - [05/May/2026:13:43:40 -0500] "GET /wp-json/wp/v2/users HTTP/1.1" 401 117 "-" "Mozilla/5.0 (Macintosh; Intel Mac OS X 10_15_7) AppleWebKit/537.36 (KHTML, like Gecko) Chrome/124.0.0.0 Safari/537.36"
158.220.118.27 - - [05/May/2026:13:43:40 -0500] "GET /?rest_route=/wp/v2/users HTTP/1.1" 401 117 "-" "Mozilla/5.0 (Macintosh; Intel Mac OS X 10_15_7) AppleWebKit/537.36 (KHTML, like Gecko) Chrome/124.0.0.0 Safari/537.36"
158.220.118.27 - - [05/May/2026:13:43:40 -0500] "GET /?author=9 HTTP/1.1" 404 77223 "-" "Mozilla/5.0 (Macintosh; Intel Mac OS X 10_15_7) AppleWebKit/537.36 (KHTML, like Gecko) Chrome/124.0.0.0 Safari/537.36"
158.220.118.27 - - [05/May/2026:13:43:40 -0500] "GET /?author=4 HTTP/1.1" 404 77223 "-" "Mozilla/5.0 (Macintosh; Intel Mac OS X 10_15_7) AppleWebKit/537.36 (KHTML, like Gecko) Chrome/124.0.0.0 Safari/537.36"
158.220.118.27 - - [05/May/2026:13:43:43 -0500] "GET /feed/ HTTP/1.1" 301 - "-" "Mozilla/5.0 (Macintosh; Intel Mac OS X 10_15_7) AppleWebKit/537.36 (KHTML, like Gecko) Chrome/124.0.0.0 Safari/537.36"
158.220.118.27 - - [05/May/2026:13:43:40 -0500] "GET /?author=1 HTTP/1.1" 404 77223 "-" "Mozilla/5.0 (Macintosh; Intel Mac OS X 10_15_7) AppleWebKit/537.36 (KHTML, like Gecko) Chrome/124.0.0.0 Safari/537.36"
158.220.118.27 - - [05/May/2026:13:43:43 -0500] "GET /wp-json/wc/v3/products HTTP/1.1" 404 149 "-" "Mozilla/5.0 (Macintosh; Intel Mac OS X 10_15_7) AppleWebKit/537.36 (KHTML, like Gecko) Chrome/124.0.0.0 Safari/537.36"
158.220.118.27 - - [05/May/2026:13:43:43 -0500] "GET /wp-sitemap-users-1.xml HTTP/1.1" 301 - "-" "Mozilla/5.0 (Macintosh; Intel Mac OS X 10_15_7) AppleWebKit/537.36 (KHTML, like Gecko) Chrome/124.0.0.0 Safari/537.36"
158.220.118.27 - - [05/May/2026:13:43:40 -0500] "GET /?author=7 HTTP/1.1" 404 77223 "-" "Mozilla/5.0 (Macintosh; Intel Mac OS X 10_15_7) AppleWebKit/537.36 (KHTML, like Gecko) Chrome/124.0.0.0 Safari/537.36"
158.220.118.27 - - [05/May/2026:13:43:43 -0500] "HEAD /author/admin/ HTTP/1.1" 301 - "-" "Mozilla/5.0 (Macintosh; Intel Mac OS X 10_15_7) AppleWebKit/537.36 (KHTML, like Gecko) Chrome/124.0.0.0 Safari/537.36"
158.220.118.27 - - [05/May/2026:13:43:40 -0500] "GET /?author=6 HTTP/1.1" 404 77223 "-" "Mozilla/5.0 (Macintosh; Intel Mac OS X 10_15_7) AppleWebKit/537.36 (KHTML, like Gecko) Chrome/124.0.0.0 Safari/537.36"
158.220.118.27 - - [05/May/2026:13:43:43 -0500] "POST /xmlrpc.php HTTP/1.1" 200 416 "-" "Mozilla/5.0 (Macintosh; Intel Mac OS X 10_15_7) AppleWebKit/537.36 (KHTML, like Gecko) Chrome/124.0.0.0 Safari/537.36"
158.220.118.27 - - [05/May/2026:13:43:43 -0500] "GET /author-sitemap.xml HTTP/1.1" 301 - "-" "Mozilla/5.0 (Macintosh; Intel Mac OS X 10_15_7) AppleWebKit/537.36 (KHTML, like Gecko) Chrome/124.0.0.0 Safari/537.36"
158.220.118.27 - - [05/May/2026:13:43:40 -0500] "GET /?author=3 HTTP/1.1" 404 77223 "-" "Mozilla/5.0 (Macintosh; Intel Mac OS X 10_15_7) AppleWebKit/537.36 (KHTML, like Gecko) Chrome/124.0.0.0 Safari/537.36"
158.220.118.27 - - [05/May/2026:13:43:43 -0500] "GET /wp-json/wcfm/v1/store-vendors HTTP/1.1" 404 149 "-" "Mozilla/5.0 (Macintosh; Intel Mac OS X 10_15_7) AppleWebKit/537.36 (KHTML, like Gecko) Chrome/124.0.0.0 Safari/537.36"
158.220.118.27 - - [05/May/2026:13:43:43 -0500] "GET /wp-json/oembed/1.0/embed?url=https%3A%2F%2Fwww.dialogos.ensad.edu.pe HTTP/1.1" 200 2049 "-" "Mozilla/5.0 (Macintosh; Intel Mac OS X 10_15_7) AppleWebKit/537.36 (KHTML, like Gecko) Chrome/124.0.0.0 Safari/537.36"
158.220.118.27 - - [05/May/2026:13:43:40 -0500] "GET /?author=10 HTTP/1.1" 404 77223 "-" "Mozilla/5.0 (Macintosh; Intel Mac OS X 10_15_7) AppleWebKit/537.36 (KHTML, like Gecko) Chrome/124.0.0.0 Safari/537.36"
158.220.118.27 - - [05/May/2026:13:43:40 -0500] "GET /?author=5 HTTP/1.1" 404 77223 "-" "Mozilla/5.0 (Macintosh; Intel Mac OS X 10_15_7) AppleWebKit/537.36 (KHTML, like Gecko) Chrome/124.0.0.0 Safari/537.36"
158.220.118.27 - - [05/May/2026:13:43:43 -0500] "GET /wp-json/wp/v2/posts?_embed&per_page=5 HTTP/1.1" 200 51366 "-" "Mozilla/5.0 (Macintosh; Intel Mac OS X 10_15_7) AppleWebKit/537.36 (KHTML, like Gecko) Chrome/124.0.0.0 Safari/537.36"
158.220.118.27 - - [05/May/2026:13:43:40 -0500] "GET /?author=2 HTTP/1.1" 404 77223 "-" "Mozilla/5.0 (Macintosh; Intel Mac OS X 10_15_7) AppleWebKit/537.36 (KHTML, like Gecko) Chrome/124.0.0.0 Safari/537.36"
158.220.118.27 - - [05/May/2026:13:43:40 -0500] "GET /?author=8 HTTP/1.1" 404 77223 "-" "Mozilla/5.0 (Macintosh; Intel Mac OS X 10_15_7) AppleWebKit/537.36 (KHTML, like Gecko) Chrome/124.0.0.0 Safari/537.36"
134.122.13.12 - - [05/May/2026:13:43:55 -0500] "GET /wp-login.php HTTP/1.1" 200 9854 "-" "Mozilla/5.0 (X11; Linux x86_64) AppleWebKit/537.36 (KHTML, like Gecko) Chrome/123.0.0.0 Safari/537.36"
134.122.13.12 - - [05/May/2026:13:43:55 -0500] "GET /wp-admin/ HTTP/1.1" 302 - "-" "Mozilla/5.0 (X11; Linux x86_64) AppleWebKit/537.36 (KHTML, like Gecko) Chrome/123.0.0.0 Safari/537.36"
57.141.20.39 - - [05/May/2026:13:44:04 -0500] "GET /wp-content/uploads/2023/02/fantasia_guevara.jpg HTTP/1.1" 200 74701 "-" "meta-externalagent/1.1 (+https://developers.facebook.com/docs/sharing/webmasters/crawler)"
134.122.13.12 - - [05/May/2026:13:44:02 -0500] "GET /wp-json/wp/v2/users HTTP/1.1" 401 117 "-" "Mozilla/5.0 (X11; Linux x86_64) AppleWebKit/537.36 (KHTML, like Gecko) Chrome/123.0.0.0 Safari/537.36"
134.122.13.12 - - [05/May/2026:13:44:02 -0500] "GET /?rest_route=/wp/v2/users HTTP/1.1" 401 117 "-" "Mozilla/5.0 (X11; Linux x86_64) AppleWebKit/537.36 (KHTML, like Gecko) Chrome/123.0.0.0 Safari/537.36"
134.122.13.12 - - [05/May/2026:13:44:02 -0500] "GET /?author=1 HTTP/1.1" 404 77164 "-" "Mozilla/5.0 (X11; Linux x86_64) AppleWebKit/537.36 (KHTML, like Gecko) Chrome/123.0.0.0 Safari/537.36"
