216.244.66.196 - - [05/May/2026:22:44:14 -0500] "GET /search/Yellowstone+Regional+Airport+%F0%9F%93%B2+%F0%9D%9F%AD%E2%81%93%F0%9D%9F%B4%F0%9D%9F%AC%F0%9D%9F%AC%E2%81%93%F0%9D%9F%AE%F0%9D%9F%B2%F0%9D%9F%B1%E2%81%93%F0%9D%9F%B5%F0%9D%9F%B1%F0%9D%9F%B4%F0%9D%9F%AD+%E2%9C%94+Contact+Information HTTP/1.1" 200 199999 "-" "Mozilla/5.0 (compatible; DotBot/1.2; +https://opensiteexplorer.org/dotbot; help@moz.com)"
216.244.66.196 - - [05/May/2026:22:44:34 -0500] "GET /serv-academicos/cronograma-academico-2022/ HTTP/1.1" 404 199278 "-" "Mozilla/5.0 (compatible; DotBot/1.2; +https://opensiteexplorer.org/dotbot; help@moz.com)"
216.244.66.196 - - [05/May/2026:22:45:11 -0500] "GET /descargas/convocatorias/cap_2020/resultado_artistica-2020-2.pdf HTTP/1.1" 200 311876 "-" "Mozilla/5.0 (compatible; DotBot/1.2; +https://opensiteexplorer.org/dotbot; help@moz.com)"
216.244.66.196 - - [05/May/2026:22:45:26 -0500] "GET /descargas/convocatorias/cas_2020/convocatoria_cas_005_produccion.pdf HTTP/1.1" 200 324268 "-" "Mozilla/5.0 (compatible; DotBot/1.2; +https://opensiteexplorer.org/dotbot; help@moz.com)"
216.244.66.196 - - [05/May/2026:22:45:41 -0500] "GET /wp-content/uploads/2021/09/cined-15-Javier-Suarez.pdf HTTP/1.1" 200 365943 "-" "Mozilla/5.0 (compatible; DotBot/1.2; +https://opensiteexplorer.org/dotbot; help@moz.com)"
216.244.66.196 - - [05/May/2026:22:45:56 -0500] "GET /wp-content/uploads/2023/03/RESULTADOS-FINALES-ACTUACIONRRRRRR.pdf HTTP/1.1" 200 509779 "-" "Mozilla/5.0 (compatible; DotBot/1.2; +https://opensiteexplorer.org/dotbot; help@moz.com)"
216.244.66.196 - - [05/May/2026:22:46:19 -0500] "GET /descargas/transparencia/bases_cined2020.pdf HTTP/1.1" 200 207668 "-" "Mozilla/5.0 (compatible; DotBot/1.2; +https://opensiteexplorer.org/dotbot; help@moz.com)"
216.244.66.196 - - [05/May/2026:22:46:29 -0500] "GET /descargas/transparencia/Resolucion-directoral-008-2022-UE-ENSAD.pdf HTTP/1.1" 200 413460 "-" "Mozilla/5.0 (compatible; DotBot/1.2; +https://opensiteexplorer.org/dotbot; help@moz.com)"
167.86.88.122 - - [05/May/2026:22:46:46 -0500] "POST /wp-cron.php?doing_wp_cron=1778039206.6379859447479248046875 HTTP/1.1" 200 20 "http://www.ensad.edu.pe/wp-cron.php?doing_wp_cron=1778039206.6379859447479248046875" "WordPress/5.5.3; https://www.ensad.edu.pe"
216.244.66.196 - - [05/May/2026:22:46:42 -0500] "GET /?option=com_content&task=view&id=196 HTTP/1.1" 301 - "-" "Mozilla/5.0 (compatible; DotBot/1.2; +https://opensiteexplorer.org/dotbot; help@moz.com)"
216.244.66.196 - - [05/May/2026:22:46:54 -0500] "GET /wp-content/uploads/2025/03/CRONOGRAMA-FASE-III-ADMISION-2025.pdf HTTP/1.1" 200 282827 "-" "Mozilla/5.0 (compatible; DotBot/1.2; +https://opensiteexplorer.org/dotbot; help@moz.com)"
167.86.88.122 - - [05/May/2026:22:47:37 -0500] "POST /wp-cron.php?doing_wp_cron=1778039257.9346020221710205078125 HTTP/1.1" 200 20 "http://www.ensad.edu.pe/wp-cron.php?doing_wp_cron=1778039257.9346020221710205078125" "WordPress/5.5.3; https://www.ensad.edu.pe"
216.244.66.196 - - [05/May/2026:22:47:37 -0500] "GET /?option=com_content&task=view&id=277&Itemid=37 HTTP/1.1" 301 - "-" "Mozilla/5.0 (compatible; DotBot/1.2; +https://opensiteexplorer.org/dotbot; help@moz.com)"
173.252.127.11 - - [05/May/2026:22:50:49 -0500] "GET /images/Imagenes2010/VIDEO%20INSTITUCIONAL.jpg HTTP/1.1" 404 194096 "-" "facebookexternalhit/1.1 (+http://www.facebook.com/externalhit_uatext.php)"
216.244.66.196 - - [05/May/2026:22:54:41 -0500] "GET /wp-content/uploads/2025/07/RESOLUCION_DIRECTORAL-00084-2025-ENSAD-DG.pdf HTTP/1.1" 200 1354766 "-" "Mozilla/5.0 (compatible; DotBot/1.2; +https://opensiteexplorer.org/dotbot; help@moz.com)"
68.67.112.32 - - [05/May/2026:22:56:44 -0500] "GET /robots.txt HTTP/1.1" 200 112 "-" "Mozilla/5.0 AppleWebKit/537.36 (KHTML, like Gecko; compatible; YouBot/1.0; +https://docs.you.com/youbot; env:prod) Chrome/142.0.0.0 Safari/537.36"
68.67.112.32 - - [05/May/2026:22:56:45 -0500] "GET /index.php?option=com_content&task=view&id=153&Itemid=100 HTTP/1.1" 301 20 "-" "Mozilla/5.0 AppleWebKit/537.36 (KHTML, like Gecko; compatible; YouBot/1.0; +https://docs.you.com/youbot; env:prod) Chrome/142.0.0.0 Safari/537.36"
167.86.88.122 - - [05/May/2026:23:17:53 -0500] "POST /wp-cron.php?doing_wp_cron=1778041073.3557970523834228515625 HTTP/1.1" 200 20 "http://www.ensad.edu.pe/wp-cron.php?doing_wp_cron=1778041073.3557970523834228515625" "WordPress/5.5.3; https://www.ensad.edu.pe"
217.181.74.229 - - [05/May/2026:23:17:53 -0500] "GET /wp-login.php HTTP/1.1" 302 - "-" "Mozilla/5.0 (Windows NT 10.0; Win64; x64; rv:138.0) Gecko/20100101 Firefox/138.0"
167.86.88.122 - - [05/May/2026:23:22:13 -0500] "POST /wp-cron.php?doing_wp_cron=1778041333.8953421115875244140625 HTTP/1.1" 200 20 "http://www.ensad.edu.pe/wp-cron.php?doing_wp_cron=1778041333.8953421115875244140625" "WordPress/5.5.3; https://www.ensad.edu.pe"
71.6.240.141 - - [05/May/2026:23:22:13 -0500] "GET / HTTP/1.1" 301 20 "-" "RootEvidence/1.0"
195.63.0.236 - - [05/May/2026:23:30:45 -0500] "GET /wp-login.php HTTP/1.1" 302 - "-" "Mozilla/5.0 (Windows NT 10.0; Win64; x64; rv:138.0) Gecko/20100101 Firefox/138.0"
110.249.202.50 - - [05/May/2026:23:41:47 -0500] "GET /descargas/Artistas_investigadoras_DIGITAL.pdf HTTP/1.1" 200 3147453 "-" "Mozilla/5.0 (Linux; Android 5.0) AppleWebKit/537.36 (KHTML, like Gecko) Mobile Safari/537.36 (compatible; Bytespider; https://zhanzhang.toutiao.com/)"
54.204.12.115 - - [05/May/2026:23:49:25 -0500] "GET /index.php?Itemid=88&id=17&option=com_content&task=blogsection HTTP/1.1" 301 20 "-" "Mozilla/5.0 AppleWebKit/537.36 (KHTML, like Gecko; compatible; Amazonbot/0.1; +https://developer.amazon.com/support/amazonbot) Chrome/119.0.6045.214 Safari/537.36"
167.86.88.122 - - [05/May/2026:23:50:40 -0500] "POST /wp-cron.php?doing_wp_cron=1778043040.4186549186706542968750 HTTP/1.1" 200 20 "http://www.ensad.edu.pe/wp-cron.php?doing_wp_cron=1778043040.4186549186706542968750" "WordPress/5.5.3; https://www.ensad.edu.pe"
47.128.56.33 - - [05/May/2026:23:50:40 -0500] "GET /robots.txt HTTP/1.1" 301 20 "-" "Mozilla/5.0 (Linux; Android 5.0) AppleWebKit/537.36 (KHTML, like Gecko) Mobile Safari/537.36 (compatible; Bytespider; spider-feedback@bytedance.com)"
47.128.56.33 - - [05/May/2026:23:50:41 -0500] "GET /robots.txt HTTP/1.1" 200 112 "-" "Mozilla/5.0 (Linux; Android 5.0) AppleWebKit/537.36 (KHTML, like Gecko) Mobile Safari/537.36 (compatible; Bytespider; spider-feedback@bytedance.com)"
49.235.136.28 - - [05/May/2026:23:50:46 -0500] "GET / HTTP/1.1" 301 20 "-" "Mozilla/5.0 (iPhone; CPU iPhone OS 13_2_3 like Mac OS X) AppleWebKit/605.1.15 (KHTML, like Gecko) Version/13.0.3 Mobile/15E148 Safari/604.1"
190.233.26.242 - - [05/May/2026:23:52:25 -0500] "GET /favicon.ico HTTP/1.1" 500 - "-" "-"
52.167.144.169 - - [06/May/2026:00:03:50 -0500] "GET /descargas/transparencia/Resolucion-directoral-028-2016-UE-ENSAD.pdf HTTP/1.1" 200 1594624 "-" "Mozilla/5.0 AppleWebKit/537.36 (KHTML, like Gecko; compatible; bingbot/2.0; +http://www.bing.com/bingbot.htm) Chrome/116.0.1938.76 Safari/537.36"
217.181.78.68 - - [06/May/2026:00:06:49 -0500] "GET /wp-login.php HTTP/1.1" 302 - "-" "Mozilla/5.0 (Windows NT 10.0; Win64; x64; rv:138.0) Gecko/20100101 Firefox/138.0"
220.181.108.176 - - [06/May/2026:00:11:10 -0500] "GET /wp-content/uploads/2024/03/04-FICHA-DE-POSTULANTE-PROCESO-DE-SELECCIO%CC%81N-DOCENTE-ENSAD-2024.docx HTTP/1.1" 200 85243 "-" "Mozilla/5.0 (compatible; Baiduspider/2.0; +http://www.baidu.com/search/spider.html)"
167.86.88.122 - - [06/May/2026:00:11:13 -0500] "POST /wp-cron.php?doing_wp_cron=1778044273.1347200870513916015625 HTTP/1.1" 200 20 "http://www.ensad.edu.pe/wp-cron.php?doing_wp_cron=1778044273.1347200870513916015625" "WordPress/5.5.3; https://www.ensad.edu.pe"
71.6.235.89 - - [06/May/2026:00:11:12 -0500] "GET / HTTP/1.1" 301 20 "-" "RootEvidence/1.0"
220.181.108.159 - - [06/May/2026:00:10:58 -0500] "GET /descargas/transparencia/Resolucion-directoral-069-2023-UE-ENSAD.pdf HTTP/1.1" 200 1185397 "-" "Mozilla/5.0 (Linux;u;Android 4.2.2;zh-cn;) AppleWebKit/534.46 (KHTML,like Gecko) Version/5.1 Mobile Safari/10600.6.3 (compatible; Baiduspider/2.0; +http://www.baidu.com/search/spider.html)"
52.167.144.199 - - [06/May/2026:00:11:44 -0500] "GET /descargas/transparencia/Resolucion-directoral-005-2019-UE-ENSAD.pdf HTTP/1.1" 200 1656351 "-" "Mozilla/5.0 AppleWebKit/537.36 (KHTML, like Gecko; compatible; bingbot/2.0; +http://www.bing.com/bingbot.htm) Chrome/116.0.1938.76 Safari/537.36"
167.86.88.122 - - [06/May/2026:00:12:52 -0500] "POST /wp-cron.php?doing_wp_cron=1778044372.3032839298248291015625 HTTP/1.1" 200 20 "http://www.ensad.edu.pe/wp-cron.php?doing_wp_cron=1778044372.3032839298248291015625" "WordPress/5.5.3; https://www.ensad.edu.pe"
216.244.66.196 - - [06/May/2026:00:12:52 -0500] "GET /robots.txt HTTP/1.1" 200 117 "-" "Mozilla/5.0 (compatible; DotBot/1.2; +https://opensiteexplorer.org/dotbot; help@moz.com)"
195.63.0.134 - - [06/May/2026:00:16:53 -0500] "GET /wp-login.php HTTP/1.1" 302 - "-" "Mozilla/5.0 (Windows NT 10.0; Win64; x64; rv:138.0) Gecko/20100101 Firefox/138.0"
216.244.66.196 - - [06/May/2026:00:17:18 -0500] "GET /descargas/2021/vacante_final_pre2021_diseno.pdf HTTP/1.1" 200 85992 "-" "Mozilla/5.0 (compatible; DotBot/1.2; +https://opensiteexplorer.org/dotbot; help@moz.com)"
216.244.66.196 - - [06/May/2026:00:20:42 -0500] "GET /descargas/convocatorias/cas_2020/bases_cas_007_2020.pdf HTTP/1.1" 200 964748 "-" "Mozilla/5.0 (compatible; DotBot/1.2; +https://opensiteexplorer.org/dotbot; help@moz.com)"
216.244.66.196 - - [06/May/2026:00:20:51 -0500] "GET /descargas/convocatorias/cas_2020/convocatoria_cas_008_2020.pdf HTTP/1.1" 200 220218 "-" "Mozilla/5.0 (compatible; DotBot/1.2; +https://opensiteexplorer.org/dotbot; help@moz.com)"
216.244.66.196 - - [06/May/2026:00:20:56 -0500] "GET /descargas/convocatorias/cas_2020/resultado_final_cas_006_2020.pdf HTTP/1.1" 200 440735 "-" "Mozilla/5.0 (compatible; DotBot/1.2; +https://opensiteexplorer.org/dotbot; help@moz.com)"
216.244.66.196 - - [06/May/2026:00:21:03 -0500] "GET /descargas/convocatorias/cas_2020/resultado_final_cas_013_2020.pdf HTTP/1.1" 200 455714 "-" "Mozilla/5.0 (compatible; DotBot/1.2; +https://opensiteexplorer.org/dotbot; help@moz.com)"
216.244.66.196 - - [06/May/2026:00:21:26 -0500] "GET /descargas/convocatorias/cap-2019-3/ensad-anexo1-convocatoria-docentes-2019-5-cap.pdf HTTP/1.1" 200 807694 "-" "Mozilla/5.0 (compatible; DotBot/1.2; +https://opensiteexplorer.org/dotbot; help@moz.com)"
216.244.66.196 - - [06/May/2026:00:22:07 -0500] "GET /descargas/convocatorias/cap-2019-3/ensad-bases-convocatoria-docentes-cap-2019-3.pdf HTTP/1.1" 200 3873704 "-" "Mozilla/5.0 (compatible; DotBot/1.2; +https://opensiteexplorer.org/dotbot; help@moz.com)"
216.244.66.196 - - [06/May/2026:00:22:57 -0500] "GET /wp-content/uploads/2023/03/RESULTADOS-FASE-I-EDUCACION-ARTISTICA.pdf HTTP/1.1" 200 258864 "-" "Mozilla/5.0 (compatible; DotBot/1.2; +https://opensiteexplorer.org/dotbot; help@moz.com)"
216.244.66.196 - - [06/May/2026:00:23:29 -0500] "GET /wp-content/uploads/2024/03/ACT-HORARIO-MAN%CC%83ANAFPR.pdf HTTP/1.1" 200 305501 "-" "Mozilla/5.0 (compatible; DotBot/1.2; +https://opensiteexplorer.org/dotbot; help@moz.com)"
167.86.88.122 - - [06/May/2026:00:25:39 -0500] "POST /wp-cron.php?doing_wp_cron=1778045139.6730670928955078125000 HTTP/1.1" 200 20 "http://www.ensad.edu.pe/wp-cron.php?doing_wp_cron=1778045139.6730670928955078125000" "WordPress/5.5.3; https://www.ensad.edu.pe"
216.244.66.196 - - [06/May/2026:00:25:39 -0500] "GET /?option=com_content&task=view&id=283&Itemid=37 HTTP/1.1" 301 - "-" "Mozilla/5.0 (compatible; DotBot/1.2; +https://opensiteexplorer.org/dotbot; help@moz.com)"
167.86.88.122 - - [06/May/2026:00:31:07 -0500] "POST /wp-cron.php?doing_wp_cron=1778045467.5079619884490966796875 HTTP/1.1" 200 20 "http://www.ensad.edu.pe/wp-cron.php?doing_wp_cron=1778045467.5079619884490966796875" "WordPress/5.5.3; https://www.ensad.edu.pe"
71.6.240.10 - - [06/May/2026:00:31:07 -0500] "GET / HTTP/1.1" 301 20 "-" "RootEvidence/1.0"
167.86.88.122 - - [06/May/2026:00:33:03 -0500] "POST /wp-cron.php?doing_wp_cron=1778045583.8840289115905761718750 HTTP/1.1" 200 20 "http://www.ensad.edu.pe/wp-cron.php?doing_wp_cron=1778045583.8840289115905761718750" "WordPress/5.5.3; https://www.ensad.edu.pe"
195.63.3.189 - - [06/May/2026:00:33:03 -0500] "GET /wp-login.php HTTP/1.1" 302 - "-" "Mozilla/5.0 (Windows NT 10.0; Win64; x64; rv:138.0) Gecko/20100101 Firefox/138.0"
44.198.72.127 - - [06/May/2026:00:37:26 -0500] "GET /robots.txt HTTP/1.1" 200 112 "-" "Mozilla/5.0 (Macintosh; Intel Mac OS X 10_10_1) AppleWebKit/600.2.5 (KHTML, like Gecko) Version/8.0.2 Safari/600.2.5 (Gort)"
38.25.53.17 - - [06/May/2026:00:38:16 -0500] "GET /favicon.ico HTTP/1.1" 500 - "-" "-"
38.25.53.17 - - [06/May/2026:00:38:17 -0500] "GET /favicon.ico HTTP/1.1" 500 - "-" "-"
38.25.53.17 - - [06/May/2026:00:38:17 -0500] "GET /favicon.ico HTTP/1.1" 500 - "-" "-"
47.79.118.117 - - [06/May/2026:00:44:42 -0500] "GET /descargas/ensad-requisitos-cas-024-2018.pdf HTTP/1.1" 200 447614 "-" "Mozilla/5.0 (Windows NT 10.0; Win64; x64) AppleWebKit/537.36 (KHTML, like Gecko) Chrome/121.0.0.0 Safari/537.36 Edg/121.0.0.0 Trailer/92.3.3357.27"
167.86.88.122 - - [06/May/2026:00:58:17 -0500] "POST /wp-cron.php?doing_wp_cron=1778047097.2017691135406494140625 HTTP/1.1" 200 20 "http://www.ensad.edu.pe/wp-cron.php?doing_wp_cron=1778047097.2017691135406494140625" "WordPress/5.5.3; https://www.ensad.edu.pe"
161.35.63.74 - - [06/May/2026:00:58:17 -0500] "GET / HTTP/1.1" 301 20 "-" "Mozilla/5.0 (X11; Linux x86_64; rv:142.0) Gecko/20100101 Firefox/142.0"
51.68.107.150 - - [06/May/2026:00:58:28 -0500] "GET /robots.txt HTTP/1.1" 200 112 "-" "Mozilla/5.0 (compatible; MJ12bot/v2.0.5; http://mj12bot.com/)"
51.68.107.150 - - [06/May/2026:00:58:28 -0500] "GET / HTTP/1.1" 301 20 "-" "Mozilla/5.0 (compatible; MJ12bot/v2.0.5; http://mj12bot.com/)"
167.86.88.122 - - [06/May/2026:00:59:15 -0500] "POST /wp-cron.php?doing_wp_cron=1778047155.3853399753570556640625 HTTP/1.1" 200 20 "http://www.ensad.edu.pe/wp-cron.php?doing_wp_cron=1778047155.3853399753570556640625" "WordPress/5.5.3; https://www.ensad.edu.pe"
216.244.66.196 - - [06/May/2026:00:59:15 -0500] "GET /robots.txt HTTP/1.1" 301 - "-" "Mozilla/5.0 (compatible; DotBot/1.2; +https://opensiteexplorer.org/dotbot; help@moz.com)"
216.244.66.196 - - [06/May/2026:00:59:15 -0500] "GET /robots.txt HTTP/1.1" 200 117 "-" "Mozilla/5.0 (compatible; DotBot/1.2; +https://opensiteexplorer.org/dotbot; help@moz.com)"
216.244.66.196 - - [06/May/2026:00:59:16 -0500] "GET /robots.txt HTTP/1.1" 200 117 "-" "Mozilla/5.0 (compatible; DotBot/1.2; +https://opensiteexplorer.org/dotbot; help@moz.com)"
216.244.66.196 - - [06/May/2026:01:02:05 -0500] "GET /search/Saluda+City+1-800-239-6733+Flower+delivery+phone+number HTTP/1.1" 200 199655 "-" "Mozilla/5.0 (compatible; DotBot/1.2; +https://opensiteexplorer.org/dotbot; help@moz.com)"
167.86.88.122 - - [06/May/2026:01:02:48 -0500] "POST /wp-cron.php?doing_wp_cron=1778047368.4690780639648437500000 HTTP/1.1" 200 20 "http://www.ensad.edu.pe/wp-cron.php?doing_wp_cron=1778047368.4690780639648437500000" "WordPress/5.5.3; https://www.ensad.edu.pe"
216.244.66.196 - - [06/May/2026:01:02:48 -0500] "GET /paisdelmanana/ HTTP/1.1" 200 242047 "-" "Mozilla/5.0 (compatible; DotBot/1.2; +https://opensiteexplorer.org/dotbot; help@moz.com)"
85.208.96.208 - - [06/May/2026:01:03:05 -0500] "GET /institucional/code/ HTTP/1.1" 404 33110 "-" "Mozilla/5.0 (compatible; SemrushBot/7~bl; +http://www.semrush.com/bot.html)"
167.86.88.122 - - [06/May/2026:01:03:41 -0500] "POST /wp-cron.php?doing_wp_cron=1778047421.2383079528808593750000 HTTP/1.1" 200 20 "http://www.ensad.edu.pe/wp-cron.php?doing_wp_cron=1778047421.2383079528808593750000" "WordPress/5.5.3; https://www.ensad.edu.pe"
216.244.66.196 - - [06/May/2026:01:03:41 -0500] "GET /02-alba-burgos/feed/ HTTP/1.1" 200 769 "-" "Mozilla/5.0 (compatible; DotBot/1.2; +https://opensiteexplorer.org/dotbot; help@moz.com)"
80.94.95.234 - - [06/May/2026:01:03:57 -0500] "GET /RDWeb/Pages/en-US/ HTTP/1.1" 301 20 "-" "python-requests/2.32.3"
167.86.88.122 - - [06/May/2026:01:03:59 -0500] "POST /wp-cron.php?doing_wp_cron=1778047439.4125061035156250000000 HTTP/1.1" 200 20 "http://www.ensad.edu.pe/wp-cron.php?doing_wp_cron=1778047439.4125061035156250000000" "WordPress/5.5.3; https://www.ensad.edu.pe"
80.94.95.234 - - [06/May/2026:01:03:59 -0500] "GET /RDWeb/Pages/en-US/ HTTP/1.1" 404 33121 "-" "python-requests/2.32.3"
216.244.66.196 - - [06/May/2026:01:06:34 -0500] "GET /descargas/convocatorias/cas_2020/2convocatoria_cas_009_2020.pdf HTTP/1.1" 200 346718 "-" "Mozilla/5.0 (compatible; DotBot/1.2; +https://opensiteexplorer.org/dotbot; help@moz.com)"
216.244.66.196 - - [06/May/2026:01:06:49 -0500] "GET /descargas/convocatorias/cas_2021/cuadro_merito_cas005_2021.pdf HTTP/1.1" 200 433134 "-" "Mozilla/5.0 (compatible; DotBot/1.2; +https://opensiteexplorer.org/dotbot; help@moz.com)"
216.244.66.196 - - [06/May/2026:01:07:11 -0500] "GET /descargas/convocatorias/cas_2020/evaluacion_conocimiento_cas_013_2020.pdf HTTP/1.1" 200 554580 "-" "Mozilla/5.0 (compatible; DotBot/1.2; +https://opensiteexplorer.org/dotbot; help@moz.com)"
216.244.66.196 - - [06/May/2026:01:07:40 -0500] "GET /descargas/convocatorias/cas_2021/bases_cas_005_coord_gestion_personal_2021.pdf HTTP/1.1" 200 470687 "-" "Mozilla/5.0 (compatible; DotBot/1.2; +https://opensiteexplorer.org/dotbot; help@moz.com)"
216.244.66.196 - - [06/May/2026:01:08:18 -0500] "GET /wp-content/uploads/2025/03/NO-APTOS_DISENO-ESCENOGRAFICO_2025FPFPR.pdf HTTP/1.1" 200 1009784 "-" "Mozilla/5.0 (compatible; DotBot/1.2; +https://opensiteexplorer.org/dotbot; help@moz.com)"
216.244.66.196 - - [06/May/2026:01:09:04 -0500] "GET /descargas/transparencia/Resolucion-directoral-005-2021-UE-ENSAD.pdf HTTP/1.1" 200 340288 "-" "Mozilla/5.0 (compatible; DotBot/1.2; +https://opensiteexplorer.org/dotbot; help@moz.com)"
216.244.66.196 - - [06/May/2026:01:09:36 -0500] "GET /descargas/transparencia/Resolucion-directoral-023-2020-UE-ENSAD.pdf HTTP/1.1" 200 2938230 "-" "Mozilla/5.0 (compatible; DotBot/1.2; +https://opensiteexplorer.org/dotbot; help@moz.com)"
216.244.66.196 - - [06/May/2026:01:10:17 -0500] "GET /descargas/transparencia/Resolucion-directoral-039-2023-UE-ENSAD.pdf HTTP/1.1" 200 643673 "-" "Mozilla/5.0 (compatible; DotBot/1.2; +https://opensiteexplorer.org/dotbot; help@moz.com)"
216.244.66.196 - - [06/May/2026:01:10:50 -0500] "GET /descargas/transparencia/Resolucion-directoral-065-2024-UE-ENSAD.pdf HTTP/1.1" 200 2792886 "-" "Mozilla/5.0 (compatible; DotBot/1.2; +https://opensiteexplorer.org/dotbot; help@moz.com)"
216.244.66.196 - - [06/May/2026:01:11:31 -0500] "GET /descargas/transparencia/Resolucion-directoral-070-2024-UE-ENSAD.pdf HTTP/1.1" 200 2123507 "-" "Mozilla/5.0 (compatible; DotBot/1.2; +https://opensiteexplorer.org/dotbot; help@moz.com)"
216.244.66.196 - - [06/May/2026:01:12:05 -0500] "GET /descargas/transparencia/Resolucion-directoral-073-2024-UE-ENSAD.pdf HTTP/1.1" 200 692118 "-" "Mozilla/5.0 (compatible; DotBot/1.2; +https://opensiteexplorer.org/dotbot; help@moz.com)"
216.244.66.196 - - [06/May/2026:01:12:38 -0500] "GET /descargas/transparencia/Resolucion-directoral-082-2022-UE-ENSAD.pdf HTTP/1.1" 200 419257 "-" "Mozilla/5.0 (compatible; DotBot/1.2; +https://opensiteexplorer.org/dotbot; help@moz.com)"
216.244.66.196 - - [06/May/2026:01:13:07 -0500] "GET /descargas/transparencia/Resolucion-directoral-106-2021-UE-ENSAD.pdf HTTP/1.1" 200 465639 "-" "Mozilla/5.0 (compatible; DotBot/1.2; +https://opensiteexplorer.org/dotbot; help@moz.com)"