181.66.177.49 - - [05/May/2026:09:37:01 -0500] "GET /wp-content/plugins/eventON/assets/js/eventon_functions.js?ver=3.0.2 HTTP/1.1" 200 3768 "https://www.ensad.edu.pe/serv-academicos/admision/" "Mozilla/5.0 (Windows NT 10.0; Win64; x64) AppleWebKit/537.36 (KHTML, like Gecko) Chrome/147.0.0.0 Safari/537.36"
181.66.177.49 - - [05/May/2026:09:37:01 -0500] "GET /wp-content/plugins/eventON/assets/js/lib/jquery.easing.1.3.js?ver=1.0 HTTP/1.1" 200 1986 "https://www.ensad.edu.pe/serv-academicos/admision/" "Mozilla/5.0 (Windows NT 10.0; Win64; x64) AppleWebKit/537.36 (KHTML, like Gecko) Chrome/147.0.0.0 Safari/537.36"
181.66.177.49 - - [05/May/2026:09:37:01 -0500] "GET /wp-content/plugins/eventON/assets/js/lib/handlebars.js?ver=3.0.2 HTTP/1.1" 200 38247 "https://www.ensad.edu.pe/serv-academicos/admision/" "Mozilla/5.0 (Windows NT 10.0; Win64; x64) AppleWebKit/537.36 (KHTML, like Gecko) Chrome/147.0.0.0 Safari/537.36"
181.66.177.49 - - [05/May/2026:09:37:01 -0500] "GET /wp-content/plugins/eventON/assets/js/lib/jquery.mobile.min.js?ver=3.0.2 HTTP/1.1" 200 2743 "https://www.ensad.edu.pe/serv-academicos/admision/" "Mozilla/5.0 (Windows NT 10.0; Win64; x64) AppleWebKit/537.36 (KHTML, like Gecko) Chrome/147.0.0.0 Safari/537.36"
181.66.177.49 - - [05/May/2026:09:37:01 -0500] "GET /wp-content/plugins/eventON/assets/js/lib/moment.min.js?ver=3.0.2 HTTP/1.1" 200 17113 "https://www.ensad.edu.pe/serv-academicos/admision/" "Mozilla/5.0 (Windows NT 10.0; Win64; x64) AppleWebKit/537.36 (KHTML, like Gecko) Chrome/147.0.0.0 Safari/537.36"
181.66.177.49 - - [05/May/2026:09:37:01 -0500] "GET /wp-content/plugins/eventON/assets/js/lib/jquery.mousewheel.min.js?ver=3.0.2 HTTP/1.1" 200 716 "https://www.ensad.edu.pe/serv-academicos/admision/" "Mozilla/5.0 (Windows NT 10.0; Win64; x64) AppleWebKit/537.36 (KHTML, like Gecko) Chrome/147.0.0.0 Safari/537.36"
181.66.177.49 - - [05/May/2026:09:37:01 -0500] "GET /wp-content/plugins/eventON/assets/js/eventon_script.js?ver=3.0.2 HTTP/1.1" 200 13449 "https://www.ensad.edu.pe/serv-academicos/admision/" "Mozilla/5.0 (Windows NT 10.0; Win64; x64) AppleWebKit/537.36 (KHTML, like Gecko) Chrome/147.0.0.0 Safari/537.36"
181.66.177.49 - - [05/May/2026:09:37:01 -0500] "GET /wp-content/plugins/supreme-modules-pro-for-divi/scripts/frontend-bundle.min.js?ver=3.9.92 HTTP/1.1" 200 619 "https://www.ensad.edu.pe/serv-academicos/admision/" "Mozilla/5.0 (Windows NT 10.0; Win64; x64) AppleWebKit/537.36 (KHTML, like Gecko) Chrome/147.0.0.0 Safari/537.36"
181.66.177.49 - - [05/May/2026:09:37:01 -0500] "GET /wp-content/themes/Divi/core/admin/fonts/modules.ttf HTTP/1.1" 200 37445 "https://www.ensad.edu.pe/wp-content/themes/Divi/style.css?ver=5.5.3" "Mozilla/5.0 (Windows NT 10.0; Win64; x64) AppleWebKit/537.36 (KHTML, like Gecko) Chrome/147.0.0.0 Safari/537.36"
181.66.177.49 - - [05/May/2026:09:37:01 -0500] "GET /wp-content/plugins/wow-divi-carousel/scripts/frontend-bundle.min.js?ver=1.0.0 HTTP/1.1" 200 1694 "https://www.ensad.edu.pe/serv-academicos/admision/" "Mozilla/5.0 (Windows NT 10.0; Win64; x64) AppleWebKit/537.36 (KHTML, like Gecko) Chrome/147.0.0.0 Safari/537.36"
181.66.177.49 - - [05/May/2026:09:37:01 -0500] "GET /wp-content/plugins/wpdatatables/integrations/starter/page-builders/divi-wpdt/scripts/frontend-bundle.min.js?ver=1.0.0 HTTP/1.1" 200 327 "https://www.ensad.edu.pe/serv-academicos/admision/" "Mozilla/5.0 (Windows NT 10.0; Win64; x64) AppleWebKit/537.36 (KHTML, like Gecko) Chrome/147.0.0.0 Safari/537.36"
181.66.177.49 - - [05/May/2026:09:37:01 -0500] "GET /wp-includes/js/jquery/ui/core.min.js?ver=1.11.4 HTTP/1.1" 200 1813 "https://www.ensad.edu.pe/serv-academicos/admision/" "Mozilla/5.0 (Windows NT 10.0; Win64; x64) AppleWebKit/537.36 (KHTML, like Gecko) Chrome/147.0.0.0 Safari/537.36"
181.66.177.49 - - [05/May/2026:09:37:01 -0500] "GET /wp-includes/js/jquery/ui/position.min.js?ver=1.11.4 HTTP/1.1" 200 2507 "https://www.ensad.edu.pe/serv-academicos/admision/" "Mozilla/5.0 (Windows NT 10.0; Win64; x64) AppleWebKit/537.36 (KHTML, like Gecko) Chrome/147.0.0.0 Safari/537.36"
181.66.177.49 - - [05/May/2026:09:37:02 -0500] "GET /wp-content/uploads/pum/pum-site-scripts.js?defer&generated=1747710144&ver=1.15.0 HTTP/1.1" 200 17645 "https://www.ensad.edu.pe/serv-academicos/admision/" "Mozilla/5.0 (Windows NT 10.0; Win64; x64) AppleWebKit/537.36 (KHTML, like Gecko) Chrome/147.0.0.0 Safari/537.36"
181.66.177.49 - - [05/May/2026:09:37:02 -0500] "GET /wp-content/plugins/popup-maker/assets/js/vendor/mobile-detect.min.js?ver=1.3.3 HTTP/1.1" 200 16296 "https://www.ensad.edu.pe/serv-academicos/admision/" "Mozilla/5.0 (Windows NT 10.0; Win64; x64) AppleWebKit/537.36 (KHTML, like Gecko) Chrome/147.0.0.0 Safari/537.36"
181.66.177.49 - - [05/May/2026:09:37:02 -0500] "GET /wp-content/themes/Divi/core/admin/js/common.js?ver=4.7.3 HTTP/1.1" 200 577 "https://www.ensad.edu.pe/serv-academicos/admision/" "Mozilla/5.0 (Windows NT 10.0; Win64; x64) AppleWebKit/537.36 (KHTML, like Gecko) Chrome/147.0.0.0 Safari/537.36"
181.66.177.49 - - [05/May/2026:09:37:02 -0500] "GET /wp-includes/js/wp-embed.min.js?ver=5.5.3 HTTP/1.1" 200 769 "https://www.ensad.edu.pe/serv-academicos/admision/" "Mozilla/5.0 (Windows NT 10.0; Win64; x64) AppleWebKit/537.36 (KHTML, like Gecko) Chrome/147.0.0.0 Safari/537.36"
181.66.177.49 - - [05/May/2026:09:37:02 -0500] "GET /wp-content/plugins/eventON/assets/js/maps/eventon_gen_maps.js?ver=3.0.2 HTTP/1.1" 200 1907 "https://www.ensad.edu.pe/serv-academicos/admision/" "Mozilla/5.0 (Windows NT 10.0; Win64; x64) AppleWebKit/537.36 (KHTML, like Gecko) Chrome/147.0.0.0 Safari/537.36"
181.66.177.49 - - [05/May/2026:09:37:02 -0500] "GET /wp-content/plugins/eventON/assets/js/maps/eventon_init_gmap.js?ver=1.0 HTTP/1.1" 200 153 "https://www.ensad.edu.pe/serv-academicos/admision/" "Mozilla/5.0 (Windows NT 10.0; Win64; x64) AppleWebKit/537.36 (KHTML, like Gecko) Chrome/147.0.0.0 Safari/537.36"
181.66.177.49 - - [05/May/2026:09:37:02 -0500] "GET /wp-content/uploads/2026/04/LOGOFINALENSAD-300x91-1.png HTTP/1.1" 200 14654 "https://www.ensad.edu.pe/serv-academicos/admision/" "Mozilla/5.0 (Windows NT 10.0; Win64; x64) AppleWebKit/537.36 (KHTML, like Gecko) Chrome/147.0.0.0 Safari/537.36"
181.66.177.49 - - [05/May/2026:09:37:02 -0500] "GET /wp-content/uploads/2025/11/admin2026.jpg HTTP/1.1" 200 80639 "https://www.ensad.edu.pe/serv-academicos/admision/" "Mozilla/5.0 (Windows NT 10.0; Win64; x64) AppleWebKit/537.36 (KHTML, like Gecko) Chrome/147.0.0.0 Safari/537.36"
176.31.139.30 - - [05/May/2026:09:37:01 -0500] "GET /cined2020 HTTP/1.1" 404 31087 "-" "Mozilla/5.0 (compatible; AhrefsBot/7.0; +http://ahrefs.com/robot/)"
181.66.177.49 - - [05/May/2026:09:37:04 -0500] "GET /favicon.ico HTTP/1.1" 302 20 "https://www.ensad.edu.pe/serv-academicos/admision/" "Mozilla/5.0 (Windows NT 10.0; Win64; x64) AppleWebKit/537.36 (KHTML, like Gecko) Chrome/147.0.0.0 Safari/537.36"
181.66.177.49 - - [05/May/2026:09:37:04 -0500] "GET /wp-content/uploads/2026/04/cropped-unae_favico-32x32.png HTTP/1.1" 200 272 "https://www.ensad.edu.pe/serv-academicos/admision/" "Mozilla/5.0 (Windows NT 10.0; Win64; x64) AppleWebKit/537.36 (KHTML, like Gecko) Chrome/147.0.0.0 Safari/537.36"
220.181.108.159 - - [05/May/2026:09:36:47 -0500] "GET /descargas/convocatorias/cas_2020/bases_cas_012_2020.pdf HTTP/1.1" 200 537916 "-" "Mozilla/5.0 (compatible; Baiduspider/2.0; +http://www.baidu.com/search/spider.html)"
103.59.160.219 - - [05/May/2026:09:37:17 -0500] "POST /xmlrpc.php HTTP/1.1" 503 7117 "-" "python-httpx/0.22.0"
167.86.88.122 - - [05/May/2026:09:37:28 -0500] "POST /wp-cron.php?doing_wp_cron=1777991848.4426009654998779296875 HTTP/1.1" 200 20 "https://www.ensad.edu.pe/wp-cron.php?doing_wp_cron=1777991848.4426009654998779296875" "WordPress/5.5.3; https://www.ensad.edu.pe"
167.86.88.122 - - [05/May/2026:09:37:28 -0500] "POST /?wordfence_syncAttackData=1777991848.3363 HTTP/1.1" 200 20 "https://www.ensad.edu.pe/?wordfence_syncAttackData=1777991848.3363" "WordPress/5.5.3; https://www.ensad.edu.pe"
51.68.247.195 - - [05/May/2026:09:37:28 -0500] "GET /francisca-hono-2/ HTTP/1.1" 200 31897 "-" "Mozilla/5.0 (compatible; AhrefsBot/7.0; +http://ahrefs.com/robot/)"
43.157.46.118 - - [05/May/2026:09:37:30 -0500] "GET / HTTP/1.1" 200 38422 "http://www.ensad.edu.pe" "Mozilla/5.0 (iPhone; CPU iPhone OS 13_2_3 like Mac OS X) AppleWebKit/605.1.15 (KHTML, like Gecko) Version/13.0.3 Mobile/15E148 Safari/604.1"
40.77.167.51 - - [05/May/2026:09:37:42 -0500] "GET /descargas/ensad-resultado-evaluacion-curricular-cas-031-2018.pdf HTTP/1.1" 200 65608 "-" "Mozilla/5.0 AppleWebKit/537.36 (KHTML, like Gecko; compatible; bingbot/2.0; +http://www.bing.com/bingbot.htm) Chrome/116.0.1938.76 Safari/537.36"
181.66.177.49 - - [05/May/2026:09:37:44 -0500] "GET /descargas/logoensad.png HTTP/1.1" 200 79901 "-" "Mozilla/5.0 (Windows NT 10.0; Win64; x64) AppleWebKit/537.36 (KHTML, like Gecko) Chrome/147.0.0.0 Safari/537.36"
8.230.122.191 - - [05/May/2026:09:37:47 -0500] "HEAD / HTTP/1.1" 200 - "http://ensad.edu.pe/" "Mozilla/5.0 (Windows NT 10.0; Win64; x64; rv:127.0) Gecko/20100101 Firefox/127.0"
176.31.139.2 - - [05/May/2026:09:37:53 -0500] "GET /sea-2025/ HTTP/1.1" 200 31968 "-" "Mozilla/5.0 (compatible; AhrefsBot/7.0; +http://ahrefs.com/robot/)"
181.66.177.49 - - [05/May/2026:09:37:57 -0500] "GET /descargas/logoensad.png HTTP/1.1" 200 79901 "https://ensadperu-my.sharepoint.com/" "Mozilla/5.0 (Windows NT 10.0; Win64; x64) AppleWebKit/537.36 (KHTML, like Gecko) Chrome/147.0.0.0 Safari/537.36"
167.86.88.122 - - [05/May/2026:09:38:09 -0500] "POST /wp-cron.php?doing_wp_cron=1777991889.9284760951995849609375 HTTP/1.1" 200 20 "https://www.ensad.edu.pe/wp-cron.php?doing_wp_cron=1777991889.9284760951995849609375" "WordPress/5.5.3; https://www.ensad.edu.pe"
54.37.118.79 - - [05/May/2026:09:38:09 -0500] "GET /el-cuerpo-y-el-vestuario-en-la-dramaturgia-visual-contemporanea-estefany-farias/ HTTP/1.1" 200 41709 "-" "Mozilla/5.0 (compatible; AhrefsBot/7.0; +http://ahrefs.com/robot/)"
103.59.160.219 - - [05/May/2026:09:38:13 -0500] "POST /xmlrpc.php HTTP/1.1" 503 7117 "-" "python-httpx/0.22.0"
167.86.88.122 - - [05/May/2026:09:38:24 -0500] "POST /?wordfence_syncAttackData=1777991904.677 HTTP/1.1" 200 20 "https://www.ensad.edu.pe/?wordfence_syncAttackData=1777991904.677" "WordPress/5.5.3; https://www.ensad.edu.pe"
2a06:98c0:3600::103 - - [05/May/2026:09:38:24 -0500] "GET /ettien/talleres-actividades-ettien/ HTTP/1.1" 200 30097 "-" "Mozilla/5.0 (X11; Linux x86_64) AppleWebKit/537.36 (KHTML, like Gecko) Chrome/83.0.4103.7 Safari/537.36"
94.23.188.217 - - [05/May/2026:09:38:38 -0500] "GET /wp-content/uploads/2025/05/decor2__.png HTTP/1.1" 200 4981 "-" "Mozilla/5.0 (compatible; AhrefsBot/7.0; +http://ahrefs.com/robot/)"
94.23.188.198 - - [05/May/2026:09:38:39 -0500] "GET /wp-content/uploads/2025/05/comunidad-ensad.png HTTP/1.1" 200 7990 "-" "Mozilla/5.0 (compatible; AhrefsBot/7.0; +http://ahrefs.com/robot/)"
176.31.139.30 - - [05/May/2026:09:38:40 -0500] "GET /wp-content/uploads/2025/05/wave_sea20252.png HTTP/1.1" 200 15270 "-" "Mozilla/5.0 (compatible; AhrefsBot/7.0; +http://ahrefs.com/robot/)"
37.59.204.152 - - [05/May/2026:09:38:40 -0500] "GET /wp-content/uploads/2025/05/investigador.png HTTP/1.1" 200 20593 "-" "Mozilla/5.0 (compatible; AhrefsBot/7.0; +http://ahrefs.com/robot/)"
94.23.188.192 - - [05/May/2026:09:38:41 -0500] "GET /wp-content/uploads/2025/05/square_1.png HTTP/1.1" 200 28318 "-" "Mozilla/5.0 (compatible; AhrefsBot/7.0; +http://ahrefs.com/robot/)"
92.222.108.126 - - [05/May/2026:09:38:42 -0500] "GET /wp-content/uploads/2025/05/side-header.png HTTP/1.1" 200 55405 "-" "Mozilla/5.0 (compatible; AhrefsBot/7.0; +http://ahrefs.com/robot/)"
167.86.88.122 - - [05/May/2026:09:38:44 -0500] "POST /wp-cron.php?doing_wp_cron=1777991924.6383490562438964843750 HTTP/1.1" 200 20 "https://www.ensad.edu.pe/wp-cron.php?doing_wp_cron=1777991924.6383490562438964843750" "WordPress/5.5.3; https://www.ensad.edu.pe"
54.37.118.70 - - [05/May/2026:09:38:44 -0500] "GET /sea-2024/ HTTP/1.1" 301 20 "-" "Mozilla/5.0 (compatible; AhrefsBot/7.0; +http://ahrefs.com/robot/)"
91.92.243.236 - - [05/May/2026:09:38:46 -0500] "POST /wp-login.php HTTP/1.1" 503 18034 "-" "Mozilla/5.0"
91.92.243.236 - - [05/May/2026:09:38:46 -0500] "POST /wp-login.php HTTP/1.1" 503 18034 "-" "Mozilla/5.0"
167.86.88.122 - - [05/May/2026:09:38:51 -0500] "POST /?wordfence_syncAttackData=1777991930.9929 HTTP/1.1" 200 20 "https://www.ensad.edu.pe/?wordfence_syncAttackData=1777991930.9929" "WordPress/5.5.3; https://www.ensad.edu.pe"
161.132.163.194 - - [05/May/2026:09:38:50 -0500] "GET /ettien/talleres-actividades-ettien/ HTTP/1.1" 200 30096 "https://www.google.com/" "Mozilla/5.0 (Windows NT 10.0; Win64; x64) AppleWebKit/537.36 (KHTML, like Gecko) Chrome/147.0.0.0 Safari/537.36"
161.132.163.194 - - [05/May/2026:09:38:52 -0500] "GET /wp-content/plugins/wpdatatables/integrations/starter/page-builders/divi-wpdt/styles/divi-wpdt.css?ver=7.3.5 HTTP/1.1" 200 225 "https://www.ensad.edu.pe/ettien/talleres-actividades-ettien/" "Mozilla/5.0 (Windows NT 10.0; Win64; x64) AppleWebKit/537.36 (KHTML, like Gecko) Chrome/147.0.0.0 Safari/537.36"
161.132.163.194 - - [05/May/2026:09:38:52 -0500] "GET /wp-content/plugins/gtranslate/gtranslate-style24.css?ver=5.5.3 HTTP/1.1" 200 299 "https://www.ensad.edu.pe/ettien/talleres-actividades-ettien/" "Mozilla/5.0 (Windows NT 10.0; Win64; x64) AppleWebKit/537.36 (KHTML, like Gecko) Chrome/147.0.0.0 Safari/537.36"
161.132.163.194 - - [05/May/2026:09:38:52 -0500] "GET /wp-content/plugins/formidable/css/formidableforms.css?ver=5181606 HTTP/1.1" 200 8581 "https://www.ensad.edu.pe/ettien/talleres-actividades-ettien/" "Mozilla/5.0 (Windows NT 10.0; Win64; x64) AppleWebKit/537.36 (KHTML, like Gecko) Chrome/147.0.0.0 Safari/537.36"
161.132.163.194 - - [05/May/2026:09:38:52 -0500] "GET /wp-includes/css/dist/block-library/style.min.css?ver=5.5.3 HTTP/1.1" 200 7907 "https://www.ensad.edu.pe/ettien/talleres-actividades-ettien/" "Mozilla/5.0 (Windows NT 10.0; Win64; x64) AppleWebKit/537.36 (KHTML, like Gecko) Chrome/147.0.0.0 Safari/537.36"
161.132.163.194 - - [05/May/2026:09:38:52 -0500] "GET /wp-content/plugins/superb-social-share-and-follow-buttons//assets/css/frontend.css?ver=101.0.0 HTTP/1.1" 200 2157 "https://www.ensad.edu.pe/ettien/talleres-actividades-ettien/" "Mozilla/5.0 (Windows NT 10.0; Win64; x64) AppleWebKit/537.36 (KHTML, like Gecko) Chrome/147.0.0.0 Safari/537.36"
161.132.163.194 - - [05/May/2026:09:38:52 -0500] "GET /wp-content/plugins/wow-divi-carousel/assets/css/module-core.css?ver=5.5.3 HTTP/1.1" 200 3834 "https://www.ensad.edu.pe/ettien/talleres-actividades-ettien/" "Mozilla/5.0 (Windows NT 10.0; Win64; x64) AppleWebKit/537.36 (KHTML, like Gecko) Chrome/147.0.0.0 Safari/537.36"
161.132.163.194 - - [05/May/2026:09:38:52 -0500] "GET /wp-content/plugins/popups-for-divi/styles/front.min.css?ver=3.0.5 HTTP/1.1" 200 1641 "https://www.ensad.edu.pe/ettien/talleres-actividades-ettien/" "Mozilla/5.0 (Windows NT 10.0; Win64; x64) AppleWebKit/537.36 (KHTML, like Gecko) Chrome/147.0.0.0 Safari/537.36"
161.132.163.194 - - [05/May/2026:09:38:52 -0500] "GET /wp-content/plugins/wow-divi-carousel/assets/vendor/slick/slick.css?ver=1.4.2 HTTP/1.1" 200 569 "https://www.ensad.edu.pe/ettien/talleres-actividades-ettien/" "Mozilla/5.0 (Windows NT 10.0; Win64; x64) AppleWebKit/537.36 (KHTML, like Gecko) Chrome/147.0.0.0 Safari/537.36"
161.132.163.194 - - [05/May/2026:09:38:52 -0500] "GET /wp-content/plugins/wow-divi-carousel/assets/vendor/slick/slick-theme.css?ver=1.4.2 HTTP/1.1" 200 866 "https://www.ensad.edu.pe/ettien/talleres-actividades-ettien/" "Mozilla/5.0 (Windows NT 10.0; Win64; x64) AppleWebKit/537.36 (KHTML, like Gecko) Chrome/147.0.0.0 Safari/537.36"
161.132.163.194 - - [05/May/2026:09:38:52 -0500] "GET /wp-content/themes/Divi/style.css?ver=5.5.3 HTTP/1.1" 200 81311 "https://www.ensad.edu.pe/ettien/talleres-actividades-ettien/" "Mozilla/5.0 (Windows NT 10.0; Win64; x64) AppleWebKit/537.36 (KHTML, like Gecko) Chrome/147.0.0.0 Safari/537.36"
161.132.163.194 - - [05/May/2026:09:38:52 -0500] "GET /wp-content/themes/Divi-Child-Theme/style.css?ver=4.7.3 HTTP/1.1" 200 297 "https://www.ensad.edu.pe/ettien/talleres-actividades-ettien/" "Mozilla/5.0 (Windows NT 10.0; Win64; x64) AppleWebKit/537.36 (KHTML, like Gecko) Chrome/147.0.0.0 Safari/537.36"
161.132.163.194 - - [05/May/2026:09:38:52 -0500] "GET /wp-content/plugins/dflip/assets/css/themify-icons.min.css?ver=1.6.6 HTTP/1.1" 200 2814 "https://www.ensad.edu.pe/ettien/talleres-actividades-ettien/" "Mozilla/5.0 (Windows NT 10.0; Win64; x64) AppleWebKit/537.36 (KHTML, like Gecko) Chrome/147.0.0.0 Safari/537.36"
161.132.163.194 - - [05/May/2026:09:38:52 -0500] "GET /wp-content/plugins/dflip/assets/css/dflip.min.css?ver=1.6.6 HTTP/1.1" 200 5343 "https://www.ensad.edu.pe/ettien/talleres-actividades-ettien/" "Mozilla/5.0 (Windows NT 10.0; Win64; x64) AppleWebKit/537.36 (KHTML, like Gecko) Chrome/147.0.0.0 Safari/537.36"
161.132.163.194 - - [05/May/2026:09:38:52 -0500] "GET /wp-content/plugins/eventON/assets/css/eventon_styles.css?ver=3.0.2 HTTP/1.1" 200 21261 "https://www.ensad.edu.pe/ettien/talleres-actividades-ettien/" "Mozilla/5.0 (Windows NT 10.0; Win64; x64) AppleWebKit/537.36 (KHTML, like Gecko) Chrome/147.0.0.0 Safari/537.36"
161.132.163.194 - - [05/May/2026:09:38:52 -0500] "GET /wp-content/plugins/eventON/assets/fonts/all.css?ver=3.0.2 HTTP/1.1" 200 13456 "https://www.ensad.edu.pe/ettien/talleres-actividades-ettien/" "Mozilla/5.0 (Windows NT 10.0; Win64; x64) AppleWebKit/537.36 (KHTML, like Gecko) Chrome/147.0.0.0 Safari/537.36"
161.132.163.194 - - [05/May/2026:09:38:52 -0500] "GET /wp-content/plugins/eventON/assets/css/eventon_dynamic_styles.css?ver=3.0.2 HTTP/1.1" 200 2255 "https://www.ensad.edu.pe/ettien/talleres-actividades-ettien/" "Mozilla/5.0 (Windows NT 10.0; Win64; x64) AppleWebKit/537.36 (KHTML, like Gecko) Chrome/147.0.0.0 Safari/537.36"
161.132.163.194 - - [05/May/2026:09:38:52 -0500] "GET /wp-content/plugins/supreme-modules-pro-for-divi/styles/style.min.css?ver=3.9.92 HTTP/1.1" 200 29914 "https://www.ensad.edu.pe/ettien/talleres-actividades-ettien/" "Mozilla/5.0 (Windows NT 10.0; Win64; x64) AppleWebKit/537.36 (KHTML, like Gecko) Chrome/147.0.0.0 Safari/537.36"
161.132.163.194 - - [05/May/2026:09:38:52 -0500] "GET /wp-content/plugins/wow-divi-carousel/styles/style.min.css?ver=1.0.0 HTTP/1.1" 200 4449 "https://www.ensad.edu.pe/ettien/talleres-actividades-ettien/" "Mozilla/5.0 (Windows NT 10.0; Win64; x64) AppleWebKit/537.36 (KHTML, like Gecko) Chrome/147.0.0.0 Safari/537.36"
161.132.163.194 - - [05/May/2026:09:38:53 -0500] "GET /wp-content/plugins/wpdatatables/integrations/starter/page-builders/divi-wpdt/styles/style.min.css?ver=1.0.0 HTTP/1.1" 200 1797 "https://www.ensad.edu.pe/ettien/talleres-actividades-ettien/" "Mozilla/5.0 (Windows NT 10.0; Win64; x64) AppleWebKit/537.36 (KHTML, like Gecko) Chrome/147.0.0.0 Safari/537.36"
161.132.163.194 - - [05/May/2026:09:38:53 -0500] "GET /wp-content/uploads/pum/pum-site-styles.css?generated=1747710144&ver=1.15.0 HTTP/1.1" 200 3468 "https://www.ensad.edu.pe/ettien/talleres-actividades-ettien/" "Mozilla/5.0 (Windows NT 10.0; Win64; x64) AppleWebKit/537.36 (KHTML, like Gecko) Chrome/147.0.0.0 Safari/537.36"
161.132.163.194 - - [05/May/2026:09:38:53 -0500] "GET /wp-includes/css/dashicons.min.css?ver=5.5.3 HTTP/1.1" 200 35722 "https://www.ensad.edu.pe/ettien/talleres-actividades-ettien/" "Mozilla/5.0 (Windows NT 10.0; Win64; x64) AppleWebKit/537.36 (KHTML, like Gecko) Chrome/147.0.0.0 Safari/537.36"
161.132.163.194 - - [05/May/2026:09:38:53 -0500] "GET /wp-includes/js/jquery/jquery.js?ver=1.12.4-wp HTTP/1.1" 200 33776 "https://www.ensad.edu.pe/ettien/talleres-actividades-ettien/" "Mozilla/5.0 (Windows NT 10.0; Win64; x64) AppleWebKit/537.36 (KHTML, like Gecko) Chrome/147.0.0.0 Safari/537.36"
161.132.163.194 - - [05/May/2026:09:38:53 -0500] "GET /wp-content/plugins/popups-for-divi/scripts/ie-compat.min.js?ver=3.0.5 HTTP/1.1" 200 3695 "https://www.ensad.edu.pe/ettien/talleres-actividades-ettien/" "Mozilla/5.0 (Windows NT 10.0; Win64; x64) AppleWebKit/537.36 (KHTML, like Gecko) Chrome/147.0.0.0 Safari/537.36"
161.132.163.194 - - [05/May/2026:09:38:53 -0500] "GET /wp-content/plugins/popups-for-divi/scripts/front.min.js?ver=3.0.5 HTTP/1.1" 200 21335 "https://www.ensad.edu.pe/ettien/talleres-actividades-ettien/" "Mozilla/5.0 (Windows NT 10.0; Win64; x64) AppleWebKit/537.36 (KHTML, like Gecko) Chrome/147.0.0.0 Safari/537.36"
161.132.163.194 - - [05/May/2026:09:38:53 -0500] "GET /wp-content/plugins/wow-divi-carousel/assets/vendor/slick/slick.min.js?ver=1.4.2 HTTP/1.1" 200 10519 "https://www.ensad.edu.pe/ettien/talleres-actividades-ettien/" "Mozilla/5.0 (Windows NT 10.0; Win64; x64) AppleWebKit/537.36 (KHTML, like Gecko) Chrome/147.0.0.0 Safari/537.36"
161.132.163.194 - - [05/May/2026:09:38:53 -0500] "GET /wp-content/plugins/wow-divi-carousel/assets/js/wow-divi-carousel.js?ver=1.4.2 HTTP/1.1" 200 45 "https://www.ensad.edu.pe/ettien/talleres-actividades-ettien/" "Mozilla/5.0 (Windows NT 10.0; Win64; x64) AppleWebKit/537.36 (KHTML, like Gecko) Chrome/147.0.0.0 Safari/537.36"
161.132.163.194 - - [05/May/2026:09:38:53 -0500] "GET /wp-content/themes/Divi/js/custom.unified.js?ver=4.7.3 HTTP/1.1" 200 135984 "https://www.ensad.edu.pe/ettien/talleres-actividades-ettien/" "Mozilla/5.0 (Windows NT 10.0; Win64; x64) AppleWebKit/537.36 (KHTML, like Gecko) Chrome/147.0.0.0 Safari/537.36"
161.132.163.194 - - [05/May/2026:09:38:53 -0500] "GET /wp-content/themes/Divi/core/admin/js/es6-promise.auto.min.js?ver=4.7.3 HTTP/1.1" 200 2684 "https://www.ensad.edu.pe/ettien/talleres-actividades-ettien/" "Mozilla/5.0 (Windows NT 10.0; Win64; x64) AppleWebKit/537.36 (KHTML, like Gecko) Chrome/147.0.0.0 Safari/537.36"
161.132.163.194 - - [05/May/2026:09:38:53 -0500] "GET /wp-content/themes/Divi/core/admin/js/recaptcha.js?ver=4.7.3 HTTP/1.1" 200 712 "https://www.ensad.edu.pe/ettien/talleres-actividades-ettien/" "Mozilla/5.0 (Windows NT 10.0; Win64; x64) AppleWebKit/537.36 (KHTML, like Gecko) Chrome/147.0.0.0 Safari/537.36"
161.132.163.194 - - [05/May/2026:09:38:53 -0500] "GET /wp-content/plugins/dflip/assets/js/dflip.min.js?ver=1.6.6 HTTP/1.1" 200 40479 "https://www.ensad.edu.pe/ettien/talleres-actividades-ettien/" "Mozilla/5.0 (Windows NT 10.0; Win64; x64) AppleWebKit/537.36 (KHTML, like Gecko) Chrome/147.0.0.0 Safari/537.36"
161.132.163.194 - - [05/May/2026:09:38:53 -0500] "GET /wp-content/plugins/eventON/assets/js/eventon_functions.js?ver=3.0.2 HTTP/1.1" 200 3768 "https://www.ensad.edu.pe/ettien/talleres-actividades-ettien/" "Mozilla/5.0 (Windows NT 10.0; Win64; x64) AppleWebKit/537.36 (KHTML, like Gecko) Chrome/147.0.0.0 Safari/537.36"
161.132.163.194 - - [05/May/2026:09:38:53 -0500] "GET /wp-content/plugins/eventON/assets/js/lib/jquery.easing.1.3.js?ver=1.0 HTTP/1.1" 200 1986 "https://www.ensad.edu.pe/ettien/talleres-actividades-ettien/" "Mozilla/5.0 (Windows NT 10.0; Win64; x64) AppleWebKit/537.36 (KHTML, like Gecko) Chrome/147.0.0.0 Safari/537.36"
161.132.163.194 - - [05/May/2026:09:38:53 -0500] "GET /wp-content/plugins/eventON/assets/js/lib/handlebars.js?ver=3.0.2 HTTP/1.1" 200 38247 "https://www.ensad.edu.pe/ettien/talleres-actividades-ettien/" "Mozilla/5.0 (Windows NT 10.0; Win64; x64) AppleWebKit/537.36 (KHTML, like Gecko) Chrome/147.0.0.0 Safari/537.36"
161.132.163.194 - - [05/May/2026:09:38:53 -0500] "GET /wp-content/plugins/eventON/assets/js/lib/jquery.mobile.min.js?ver=3.0.2 HTTP/1.1" 200 2743 "https://www.ensad.edu.pe/ettien/talleres-actividades-ettien/" "Mozilla/5.0 (Windows NT 10.0; Win64; x64) AppleWebKit/537.36 (KHTML, like Gecko) Chrome/147.0.0.0 Safari/537.36"
161.132.163.194 - - [05/May/2026:09:38:54 -0500] "GET /wp-content/plugins/eventON/assets/js/lib/moment.min.js?ver=3.0.2 HTTP/1.1" 200 17113 "https://www.ensad.edu.pe/ettien/talleres-actividades-ettien/" "Mozilla/5.0 (Windows NT 10.0; Win64; x64) AppleWebKit/537.36 (KHTML, like Gecko) Chrome/147.0.0.0 Safari/537.36"
161.132.163.194 - - [05/May/2026:09:38:54 -0500] "GET /wp-content/plugins/eventON/assets/js/lib/jquery.mousewheel.min.js?ver=3.0.2 HTTP/1.1" 200 716 "https://www.ensad.edu.pe/ettien/talleres-actividades-ettien/" "Mozilla/5.0 (Windows NT 10.0; Win64; x64) AppleWebKit/537.36 (KHTML, like Gecko) Chrome/147.0.0.0 Safari/537.36"
161.132.163.194 - - [05/May/2026:09:38:54 -0500] "GET /wp-content/plugins/eventON/assets/js/eventon_script.js?ver=3.0.2 HTTP/1.1" 200 13449 "https://www.ensad.edu.pe/ettien/talleres-actividades-ettien/" "Mozilla/5.0 (Windows NT 10.0; Win64; x64) AppleWebKit/537.36 (KHTML, like Gecko) Chrome/147.0.0.0 Safari/537.36"
161.132.163.194 - - [05/May/2026:09:38:54 -0500] "GET /wp-content/plugins/supreme-modules-pro-for-divi/scripts/frontend-bundle.min.js?ver=3.9.92 HTTP/1.1" 200 619 "https://www.ensad.edu.pe/ettien/talleres-actividades-ettien/" "Mozilla/5.0 (Windows NT 10.0; Win64; x64) AppleWebKit/537.36 (KHTML, like Gecko) Chrome/147.0.0.0 Safari/537.36"
161.132.163.194 - - [05/May/2026:09:38:54 -0500] "GET /wp-content/plugins/wow-divi-carousel/scripts/frontend-bundle.min.js?ver=1.0.0 HTTP/1.1" 200 1694 "https://www.ensad.edu.pe/ettien/talleres-actividades-ettien/" "Mozilla/5.0 (Windows NT 10.0; Win64; x64) AppleWebKit/537.36 (KHTML, like Gecko) Chrome/147.0.0.0 Safari/537.36"
161.132.163.194 - - [05/May/2026:09:38:54 -0500] "GET /wp-content/plugins/wpdatatables/integrations/starter/page-builders/divi-wpdt/scripts/frontend-bundle.min.js?ver=1.0.0 HTTP/1.1" 200 327 "https://www.ensad.edu.pe/ettien/talleres-actividades-ettien/" "Mozilla/5.0 (Windows NT 10.0; Win64; x64) AppleWebKit/537.36 (KHTML, like Gecko) Chrome/147.0.0.0 Safari/537.36"
161.132.163.194 - - [05/May/2026:09:38:54 -0500] "GET /wp-includes/js/jquery/ui/core.min.js?ver=1.11.4 HTTP/1.1" 200 1813 "https://www.ensad.edu.pe/ettien/talleres-actividades-ettien/" "Mozilla/5.0 (Windows NT 10.0; Win64; x64) AppleWebKit/537.36 (KHTML, like Gecko) Chrome/147.0.0.0 Safari/537.36"
161.132.163.194 - - [05/May/2026:09:38:54 -0500] "GET /wp-includes/js/jquery/ui/position.min.js?ver=1.11.4 HTTP/1.1" 200 2507 "https://www.ensad.edu.pe/ettien/talleres-actividades-ettien/" "Mozilla/5.0 (Windows NT 10.0; Win64; x64) AppleWebKit/537.36 (KHTML, like Gecko) Chrome/147.0.0.0 Safari/537.36"
161.132.163.194 - - [05/May/2026:09:38:54 -0500] "GET /wp-content/uploads/pum/pum-site-scripts.js?defer&generated=1747710144&ver=1.15.0 HTTP/1.1" 200 17645 "https://www.ensad.edu.pe/ettien/talleres-actividades-ettien/" "Mozilla/5.0 (Windows NT 10.0; Win64; x64) AppleWebKit/537.36 (KHTML, like Gecko) Chrome/147.0.0.0 Safari/537.36"
161.132.163.194 - - [05/May/2026:09:38:54 -0500] "GET /wp-content/plugins/popup-maker/assets/js/vendor/mobile-detect.min.js?ver=1.3.3 HTTP/1.1" 200 16296 "https://www.ensad.edu.pe/ettien/talleres-actividades-ettien/" "Mozilla/5.0 (Windows NT 10.0; Win64; x64) AppleWebKit/537.36 (KHTML, like Gecko) Chrome/147.0.0.0 Safari/537.36"
161.132.163.194 - - [05/May/2026:09:38:54 -0500] "GET /wp-content/themes/Divi/core/admin/js/common.js?ver=4.7.3 HTTP/1.1" 200 577 "https://www.ensad.edu.pe/ettien/talleres-actividades-ettien/" "Mozilla/5.0 (Windows NT 10.0; Win64; x64) AppleWebKit/537.36 (KHTML, like Gecko) Chrome/147.0.0.0 Safari/537.36"
161.132.163.194 - - [05/May/2026:09:38:54 -0500] "GET /wp-content/plugins/eventON/assets/js/maps/eventon_gen_maps.js?ver=3.0.2 HTTP/1.1" 200 1907 "https://www.ensad.edu.pe/ettien/talleres-actividades-ettien/" "Mozilla/5.0 (Windows NT 10.0; Win64; x64) AppleWebKit/537.36 (KHTML, like Gecko) Chrome/147.0.0.0 Safari/537.36"
161.132.163.194 - - [05/May/2026:09:38:54 -0500] "GET /wp-includes/js/wp-embed.min.js?ver=5.5.3 HTTP/1.1" 200 769 "https://www.ensad.edu.pe/ettien/talleres-actividades-ettien/" "Mozilla/5.0 (Windows NT 10.0; Win64; x64) AppleWebKit/537.36 (KHTML, like Gecko) Chrome/147.0.0.0 Safari/537.36"
161.132.163.194 - - [05/May/2026:09:38:54 -0500] "GET /wp-content/plugins/eventON/assets/js/maps/eventon_init_gmap.js?ver=1.0 HTTP/1.1" 200 153 "https://www.ensad.edu.pe/ettien/talleres-actividades-ettien/" "Mozilla/5.0 (Windows NT 10.0; Win64; x64) AppleWebKit/537.36 (KHTML, like Gecko) Chrome/147.0.0.0 Safari/537.36"
23.98.142.183 - - [05/May/2026:09:38:54 -0500] "GET /wp-content/uploads/2025/11/FE_AIPDE_VI.pdf HTTP/1.1" 200 30801890 "-" "Mozilla/5.0 AppleWebKit/537.36 (KHTML, like Gecko); compatible; ChatGPT-User/1.0; +https://openai.com/bot"
161.132.163.194 - - [05/May/2026:09:38:55 -0500] "GET /wp-content/uploads/2021/06/logo3erettien-300x149.png HTTP/1.1" 200 22537 "https://www.ensad.edu.pe/ettien/talleres-actividades-ettien/" "Mozilla/5.0 (Windows NT 10.0; Win64; x64) AppleWebKit/537.36 (KHTML, like Gecko) Chrome/147.0.0.0 Safari/537.36"
161.132.163.194 - - [05/May/2026:09:38:55 -0500] "GET /wp-content/uploads/2021/06/Logo-ENSAD_Blanco.png HTTP/1.1" 200 19999 "https://www.ensad.edu.pe/ettien/talleres-actividades-ettien/" "Mozilla/5.0 (Windows NT 10.0; Win64; x64) AppleWebKit/537.36 (KHTML, like Gecko) Chrome/147.0.0.0 Safari/537.36"
161.132.163.194 - - [05/May/2026:09:38:55 -0500] "GET /wp-content/uploads/2021/06/Logo-ENSAD_Blanco-300x72.png HTTP/1.1" 200 12371 "https://www.ensad.edu.pe/ettien/talleres-actividades-ettien/" "Mozilla/5.0 (Windows NT 10.0; Win64; x64) AppleWebKit/537.36 (KHTML, like Gecko) Chrome/147.0.0.0 Safari/537.36"
161.132.163.194 - - [05/May/2026:09:38:55 -0500] "GET /wp-content/uploads/2021/06/Logo-FILO-UBA-Blanco-300x78.png HTTP/1.1" 200 18067 "https://www.ensad.edu.pe/ettien/talleres-actividades-ettien/" "Mozilla/5.0 (Windows NT 10.0; Win64; x64) AppleWebKit/537.36 (KHTML, like Gecko) Chrome/147.0.0.0 Safari/537.36"
161.132.163.194 - - [05/May/2026:09:38:55 -0500] "GET /wp-content/uploads/2021/06/Logo-tripartito-blanco-EMBAJADAAECIDCCPERU-04.png HTTP/1.1" 200 65226 "https://www.ensad.edu.pe/ettien/talleres-actividades-ettien/" "Mozilla/5.0 (Windows NT 10.0; Win64; x64) AppleWebKit/537.36 (KHTML, like Gecko) Chrome/147.0.0.0 Safari/537.36"
161.132.163.194 - - [05/May/2026:09:38:55 -0500] "GET /wp-content/uploads/2021/06/Logo-IAE-Blanco-980x169.png HTTP/1.1" 200 21446 "https://www.ensad.edu.pe/ettien/talleres-actividades-ettien/" "Mozilla/5.0 (Windows NT 10.0; Win64; x64) AppleWebKit/537.36 (KHTML, like Gecko) Chrome/147.0.0.0 Safari/537.36"
161.132.163.194 - - [05/May/2026:09:38:56 -0500] "GET /wp-content/uploads/2021/06/Minedu-300x59.png HTTP/1.1" 200 15538 "https://www.ensad.edu.pe/ettien/talleres-actividades-ettien/" "Mozilla/5.0 (Windows NT 10.0; Win64; x64) AppleWebKit/537.36 (KHTML, like Gecko) Chrome/147.0.0.0 Safari/537.36"
167.86.88.122 - - [05/May/2026:09:38:56 -0500] "POST /wp-cron.php?doing_wp_cron=1777991936.7849240303039550781250 HTTP/1.1" 200 20 "https://www.ensad.edu.pe/wp-cron.php?doing_wp_cron=1777991936.7849240303039550781250" "WordPress/5.5.3; https://www.ensad.edu.pe"
161.132.163.194 - - [05/May/2026:09:38:56 -0500] "GET /favicon.ico HTTP/1.1" 302 20 "https://www.ensad.edu.pe/ettien/talleres-actividades-ettien/" "Mozilla/5.0 (Windows NT 10.0; Win64; x64) AppleWebKit/537.36 (KHTML, like Gecko) Chrome/147.0.0.0 Safari/537.36"
161.132.163.194 - - [05/May/2026:09:38:57 -0500] "GET /wp-content/uploads/2026/04/cropped-unae_favico-32x32.png HTTP/1.1" 200 272 "https://www.ensad.edu.pe/ettien/talleres-actividades-ettien/" "Mozilla/5.0 (Windows NT 10.0; Win64; x64) AppleWebKit/537.36 (KHTML, like Gecko) Chrome/147.0.0.0 Safari/537.36"
103.59.160.219 - - [05/May/2026:09:38:59 -0500] "POST /xmlrpc.php HTTP/1.1" 503 7117 "-" "python-httpx/0.22.0"
167.86.88.122 - - [05/May/2026:09:39:02 -0500] "POST /wp-cron.php?doing_wp_cron=1777991942.6544549465179443359375 HTTP/1.1" 200 20 "https://www.ensad.edu.pe/wp-cron.php?doing_wp_cron=1777991942.6544549465179443359375" "WordPress/5.5.3; https://www.ensad.edu.pe"
167.86.88.122 - - [05/May/2026:09:39:02 -0500] "POST /?wordfence_syncAttackData=1777991942.5028 HTTP/1.1" 200 20 "https://www.ensad.edu.pe/?wordfence_syncAttackData=1777991942.5028" "WordPress/5.5.3; https://www.ensad.edu.pe"
217.181.82.1 - - [05/May/2026:09:39:03 -0500] "GET /wp-admin/ HTTP/1.1" 302 - "http://ensad.edu.pe/wp-login.php" "Mozilla/5.0 (Windows NT 10.0; Win64; x64; rv:138.0) Gecko/20100101 Firefox/138.0"
5.39.109.168 - - [05/May/2026:09:39:05 -0500] "GET /wp-content/uploads/2025/05/unae_ensad_logo.png HTTP/1.1" 200 5059 "-" "Mozilla/5.0 (compatible; AhrefsBot/7.0; +http://ahrefs.com/robot/)"
5.39.1.241 - - [05/May/2026:09:39:06 -0500] "GET /wp-content/uploads/2025/05/unaelogoensad.png HTTP/1.1" 200 8947 "-" "Mozilla/5.0 (compatible; AhrefsBot/7.0; +http://ahrefs.com/robot/)"
51.75.236.148 - - [05/May/2026:09:39:06 -0500] "GET /wp-content/uploads/2025/05/logosea2025.png HTTP/1.1" 200 19859 "-" "Mozilla/5.0 (compatible; AhrefsBot/7.0; +http://ahrefs.com/robot/)"
195.63.10.119 - - [05/May/2026:09:39:09 -0500] "GET /wp-login.php?redirect_to=https%3A%2F%2Fwww.ensad.edu.pe%2Fwp-admin%2F&reauth=1 HTTP/1.1" 200 9540 "https://www.ensad.edu.pe/wp-admin/" "Mozilla/5.0 (Windows NT 10.0; Win64; x64; rv:138.0) Gecko/20100101 Firefox/138.0"
217.181.86.62 - - [05/May/2026:09:39:10 -0500] "GET /wp-json/wp/v2/users/ HTTP/1.1" 401 108 "-" "Go-http-client/1.1"
195.63.5.216 - - [05/May/2026:09:39:11 -0500] "POST /wp-login.php HTTP/1.1" 503 18963 "https://www.ensad.edu.pe/wp-login.php" "Mozilla/5.0 (Windows NT 10.0; Win64; x64; rv:138.0) Gecko/20100101 Firefox/138.0"
51.68.247.212 - - [05/May/2026:09:39:12 -0500] "GET /pe-2025-elfiscalizador/ HTTP/1.1" 200 32749 "-" "Mozilla/5.0 (compatible; AhrefsBot/7.0; +http://ahrefs.com/robot/)"
217.181.76.51 - - [05/May/2026:09:39:13 -0500] "POST /wp-login.php HTTP/1.1" 503 18963 "https://www.ensad.edu.pe/wp-login.php" "Mozilla/5.0 (Windows NT 10.0; Win64; x64; rv:138.0) Gecko/20100101 Firefox/138.0"
132.191.0.206 - - [05/May/2026:09:39:14 -0500] "GET /serv-academicos/cronograma-academico-2026/ HTTP/1.1" 200 36319 "-" "Mozilla/5.0 (Linux; Android 10; K) AppleWebKit/537.36 (KHTML, like Gecko) Chrome/147.0.0.0 Mobile Safari/537.36"
132.191.0.206 - - [05/May/2026:09:39:15 -0500] "GET /wp-content/plugins/wpdatatables/integrations/starter/page-builders/divi-wpdt/styles/divi-wpdt.css?ver=7.3.5 HTTP/1.1" 200 225 "https://www.ensad.edu.pe/serv-academicos/cronograma-academico-2026/" "Mozilla/5.0 (Linux; Android 10; K) AppleWebKit/537.36 (KHTML, like Gecko) Chrome/147.0.0.0 Mobile Safari/537.36"
132.191.0.206 - - [05/May/2026:09:39:16 -0500] "GET /wp-content/plugins/gtranslate/gtranslate-style24.css?ver=5.5.3 HTTP/1.1" 200 299 "https://www.ensad.edu.pe/serv-academicos/cronograma-academico-2026/" "Mozilla/5.0 (Linux; Android 10; K) AppleWebKit/537.36 (KHTML, like Gecko) Chrome/147.0.0.0 Mobile Safari/537.36"
132.191.0.206 - - [05/May/2026:09:39:16 -0500] "GET /wp-includes/css/dist/block-library/style.min.css?ver=5.5.3 HTTP/1.1" 200 7907 "https://www.ensad.edu.pe/serv-academicos/cronograma-academico-2026/" "Mozilla/5.0 (Linux; Android 10; K) AppleWebKit/537.36 (KHTML, like Gecko) Chrome/147.0.0.0 Mobile Safari/537.36"
132.191.0.206 - - [05/May/2026:09:39:16 -0500] "GET /wp-content/plugins/formidable/css/formidableforms.css?ver=5181606 HTTP/1.1" 200 8581 "https://www.ensad.edu.pe/serv-academicos/cronograma-academico-2026/" "Mozilla/5.0 (Linux; Android 10; K) AppleWebKit/537.36 (KHTML, like Gecko) Chrome/147.0.0.0 Mobile Safari/537.36"
132.191.0.206 - - [05/May/2026:09:39:16 -0500] "GET /wp-content/plugins/superb-social-share-and-follow-buttons//assets/css/frontend.css?ver=101.0.0 HTTP/1.1" 200 2157 "https://www.ensad.edu.pe/serv-academicos/cronograma-academico-2026/" "Mozilla/5.0 (Linux; Android 10; K) AppleWebKit/537.36 (KHTML, like Gecko) Chrome/147.0.0.0 Mobile Safari/537.36"
132.191.0.206 - - [05/May/2026:09:39:16 -0500] "GET /wp-content/plugins/popups-for-divi/styles/front.min.css?ver=3.0.5 HTTP/1.1" 200 1641 "https://www.ensad.edu.pe/serv-academicos/cronograma-academico-2026/" "Mozilla/5.0 (Linux; Android 10; K) AppleWebKit/537.36 (KHTML, like Gecko) Chrome/147.0.0.0 Mobile Safari/537.36"
132.191.0.206 - - [05/May/2026:09:39:16 -0500] "GET /wp-content/plugins/wow-divi-carousel/assets/css/module-core.css?ver=5.5.3 HTTP/1.1" 200 3834 "https://www.ensad.edu.pe/serv-academicos/cronograma-academico-2026/" "Mozilla/5.0 (Linux; Android 10; K) AppleWebKit/537.36 (KHTML, like Gecko) Chrome/147.0.0.0 Mobile Safari/537.36"
132.191.0.206 - - [05/May/2026:09:39:16 -0500] "GET /wp-content/plugins/wow-divi-carousel/assets/vendor/slick/slick.css?ver=1.4.2 HTTP/1.1" 200 569 "https://www.ensad.edu.pe/serv-academicos/cronograma-academico-2026/" "Mozilla/5.0 (Linux; Android 10; K) AppleWebKit/537.36 (KHTML, like Gecko) Chrome/147.0.0.0 Mobile Safari/537.36"
132.191.0.206 - - [05/May/2026:09:39:16 -0500] "GET /wp-content/plugins/wow-divi-carousel/assets/vendor/slick/slick-theme.css?ver=1.4.2 HTTP/1.1" 200 866 "https://www.ensad.edu.pe/serv-academicos/cronograma-academico-2026/" "Mozilla/5.0 (Linux; Android 10; K) AppleWebKit/537.36 (KHTML, like Gecko) Chrome/147.0.0.0 Mobile Safari/537.36"
132.191.0.206 - - [05/May/2026:09:39:16 -0500] "GET /wp-content/themes/Divi-Child-Theme/style.css?ver=4.7.3 HTTP/1.1" 200 297 "https://www.ensad.edu.pe/serv-academicos/cronograma-academico-2026/" "Mozilla/5.0 (Linux; Android 10; K) AppleWebKit/537.36 (KHTML, like Gecko) Chrome/147.0.0.0 Mobile Safari/537.36"
132.191.0.206 - - [05/May/2026:09:39:16 -0500] "GET /wp-content/plugins/dflip/assets/css/themify-icons.min.css?ver=1.6.6 HTTP/1.1" 200 2814 "https://www.ensad.edu.pe/serv-academicos/cronograma-academico-2026/" "Mozilla/5.0 (Linux; Android 10; K) AppleWebKit/537.36 (KHTML, like Gecko) Chrome/147.0.0.0 Mobile Safari/537.36"
132.191.0.206 - - [05/May/2026:09:39:16 -0500] "GET /wp-content/plugins/dflip/assets/css/dflip.min.css?ver=1.6.6 HTTP/1.1" 200 5343 "https://www.ensad.edu.pe/serv-academicos/cronograma-academico-2026/" "Mozilla/5.0 (Linux; Android 10; K) AppleWebKit/537.36 (KHTML, like Gecko) Chrome/147.0.0.0 Mobile Safari/537.36"
132.191.0.206 - - [05/May/2026:09:39:16 -0500] "GET /wp-content/plugins/eventON/assets/fonts/all.css?ver=3.0.2 HTTP/1.1" 200 13456 "https://www.ensad.edu.pe/serv-academicos/cronograma-academico-2026/" "Mozilla/5.0 (Linux; Android 10; K) AppleWebKit/537.36 (KHTML, like Gecko) Chrome/147.0.0.0 Mobile Safari/537.36"
132.191.0.206 - - [05/May/2026:09:39:16 -0500] "GET /wp-content/plugins/eventON/assets/css/eventon_styles.css?ver=3.0.2 HTTP/1.1" 200 21261 "https://www.ensad.edu.pe/serv-academicos/cronograma-academico-2026/" "Mozilla/5.0 (Linux; Android 10; K) AppleWebKit/537.36 (KHTML, like Gecko) Chrome/147.0.0.0 Mobile Safari/537.36"
132.191.0.206 - - [05/May/2026:09:39:16 -0500] "GET /wp-content/themes/Divi/style.css?ver=5.5.3 HTTP/1.1" 200 81311 "https://www.ensad.edu.pe/serv-academicos/cronograma-academico-2026/" "Mozilla/5.0 (Linux; Android 10; K) AppleWebKit/537.36 (KHTML, like Gecko) Chrome/147.0.0.0 Mobile Safari/537.36"
132.191.0.206 - - [05/May/2026:09:39:16 -0500] "GET /wp-content/plugins/eventON/assets/css/eventon_dynamic_styles.css?ver=3.0.2 HTTP/1.1" 200 2255 "https://www.ensad.edu.pe/serv-academicos/cronograma-academico-2026/" "Mozilla/5.0 (Linux; Android 10; K) AppleWebKit/537.36 (KHTML, like Gecko) Chrome/147.0.0.0 Mobile Safari/537.36"
132.191.0.206 - - [05/May/2026:09:39:16 -0500] "GET /wp-content/plugins/wow-divi-carousel/styles/style.min.css?ver=1.0.0 HTTP/1.1" 200 4449 "https://www.ensad.edu.pe/serv-academicos/cronograma-academico-2026/" "Mozilla/5.0 (Linux; Android 10; K) AppleWebKit/537.36 (KHTML, like Gecko) Chrome/147.0.0.0 Mobile Safari/537.36"
132.191.0.206 - - [05/May/2026:09:39:16 -0500] "GET /wp-content/plugins/supreme-modules-pro-for-divi/styles/style.min.css?ver=3.9.92 HTTP/1.1" 200 29914 "https://www.ensad.edu.pe/serv-academicos/cronograma-academico-2026/" "Mozilla/5.0 (Linux; Android 10; K) AppleWebKit/537.36 (KHTML, like Gecko) Chrome/147.0.0.0 Mobile Safari/537.36"
217.181.73.233 - - [05/May/2026:09:39:18 -0500] "POST /wp-login.php HTTP/1.1" 503 18943 "https://www.ensad.edu.pe/wp-login.php" "Mozilla/5.0 (Windows NT 10.0; Win64; x64; rv:138.0) Gecko/20100101 Firefox/138.0"
195.63.24.200 - - [05/May/2026:09:39:23 -0500] "POST /wp-login.php HTTP/1.1" 503 18963 "https://www.ensad.edu.pe/wp-login.php" "Mozilla/5.0 (Windows NT 10.0; Win64; x64; rv:138.0) Gecko/20100101 Firefox/138.0"
5.39.1.246 - - [05/May/2026:09:39:29 -0500] "GET /la-presencia-de-la-performer-en-la-practica-escenica-luz-marina-rojas/ HTTP/1.1" 200 41723 "-" "Mozilla/5.0 (compatible; AhrefsBot/7.0; +http://ahrefs.com/robot/)"
195.63.17.210 - - [05/May/2026:09:39:29 -0500] "POST /wp-login.php HTTP/1.1" 503 18963 "https://www.ensad.edu.pe/wp-login.php" "Mozilla/5.0 (Windows NT 10.0; Win64; x64; rv:138.0) Gecko/20100101 Firefox/138.0"
37.59.204.156 - - [05/May/2026:09:39:36 -0500] "GET /wp-content/uploads/2025/09/fechas_convenio_.png HTTP/1.1" 200 12634 "-" "Mozilla/5.0 (compatible; AhrefsBot/7.0; +http://ahrefs.com/robot/)"
54.37.118.91 - - [05/May/2026:09:39:37 -0500] "GET /wp-content/uploads/2025/09/calendario_convenio_.png HTTP/1.1" 200 8363 "-" "Mozilla/5.0 (compatible; AhrefsBot/7.0; +http://ahrefs.com/robot/)"
51.68.247.220 - - [05/May/2026:09:39:37 -0500] "GET /wp-content/uploads/2025/09/img_icpna.png HTTP/1.1" 200 1356740 "-" "Mozilla/5.0 (compatible; AhrefsBot/7.0; +http://ahrefs.com/robot/)"
54.37.118.78 - - [05/May/2026:09:39:39 -0500] "GET /wp-content/uploads/2025/09/conv_ilustra01img_convenio.png HTTP/1.1" 200 44290 "-" "Mozilla/5.0 (compatible; AhrefsBot/7.0; +http://ahrefs.com/robot/)"
103.59.160.219 - - [05/May/2026:09:39:39 -0500] "POST /xmlrpc.php HTTP/1.1" 503 7116 "-" "python-httpx/0.22.0"
176.31.139.30 - - [05/May/2026:09:39:40 -0500] "GET /wp-content/uploads/2025/09/img_logos_unae.png HTTP/1.1" 200 9279 "-" "Mozilla/5.0 (compatible; AhrefsBot/7.0; +http://ahrefs.com/robot/)"
92.222.104.219 - - [05/May/2026:09:39:41 -0500] "GET /wp-content/uploads/2025/09/guia_convenio_.png HTTP/1.1" 200 8777 "-" "Mozilla/5.0 (compatible; AhrefsBot/7.0; +http://ahrefs.com/robot/)"
92.222.104.200 - - [05/May/2026:09:39:41 -0500] "GET /wp-content/uploads/2025/09/illus_alumnos.png HTTP/1.1" 200 129991 "-" "Mozilla/5.0 (compatible; AhrefsBot/7.0; +http://ahrefs.com/robot/)"
167.86.88.122 - - [05/May/2026:09:39:51 -0500] "POST /?wordfence_syncAttackData=1777991991.2146 HTTP/1.1" 200 20 "https://www.ensad.edu.pe/?wordfence_syncAttackData=1777991991.2146" "WordPress/5.5.3; https://www.ensad.edu.pe"
92.222.104.205 - - [05/May/2026:09:39:51 -0500] "GET /la-materia-me-habla-azul-borenstein/ HTTP/1.1" 404 31087 "-" "Mozilla/5.0 (compatible; AhrefsBot/7.0; +http://ahrefs.com/robot/)"
167.86.88.122 - - [05/May/2026:09:40:04 -0500] "POST /wp-cron.php?doing_wp_cron=1777992004.0644719600677490234375 HTTP/1.1" 200 20 "https://www.ensad.edu.pe/wp-cron.php?doing_wp_cron=1777992004.0644719600677490234375" "WordPress/5.5.3; https://www.ensad.edu.pe"
162.120.185.253 - - [05/May/2026:09:40:03 -0500] "GET /quienes-somos/direccion-de-investigacion/teatroparalaescuela/teatro-para-la-escuela-iii/obra-condenados/ HTTP/1.1" 200 49643 "https://www.google.com/" "Mozilla/5.0 (Windows NT 10.0; Win64; x64) AppleWebKit/537.36 (KHTML, like Gecko) Chrome/147.0.0.0 Safari/537.36"
66.249.73.233 - - [05/May/2026:09:40:18 -0500] "GET /descargas/2022/comunicado_ettien_2022.pdf HTTP/1.1" 304 - "-" "Mozilla/5.0 (Linux; Android 6.0.1; Nexus 5X Build/MMB29P) AppleWebKit/537.36 (KHTML, like Gecko) Chrome/147.0.7727.137 Mobile Safari/537.36 (compatible; Googlebot/2.1; +http://www.google.com/bot.html)"
103.59.160.219 - - [05/May/2026:09:40:29 -0500] "POST /xmlrpc.php HTTP/1.1" 503 7117 "-" "python-httpx/0.22.0"
167.86.88.122 - - [05/May/2026:09:40:42 -0500] "POST /wp-cron.php?doing_wp_cron=1777992042.8736150264739990234375 HTTP/1.1" 200 20 "https://www.ensad.edu.pe/wp-cron.php?doing_wp_cron=1777992042.8736150264739990234375" "WordPress/5.5.3; https://www.ensad.edu.pe"
167.86.88.122 - - [05/May/2026:09:40:42 -0500] "POST /?wordfence_syncAttackData=1777992042.7737 HTTP/1.1" 200 20 "https://www.ensad.edu.pe/?wordfence_syncAttackData=1777992042.7737" "WordPress/5.5.3; https://www.ensad.edu.pe"
54.37.118.80 - - [05/May/2026:09:40:42 -0500] "GET /titulo-del-articulo-1/ HTTP/1.1" 404 31087 "-" "Mozilla/5.0 (compatible; AhrefsBot/7.0; +http://ahrefs.com/robot/)"
94.23.188.202 - - [05/May/2026:09:40:43 -0500] "GET /antigona-intertextualidad-y-deconstruccion/ HTTP/1.1" 200 45449 "-" "Mozilla/5.0 (compatible; AhrefsBot/7.0; +http://ahrefs.com/robot/)"
51.68.247.218 - - [05/May/2026:09:40:56 -0500] "GET /sobre-dos-cuerpos-en-colision-la-caja-del-grupo-darte/ HTTP/1.1" 200 41777 "-" "Mozilla/5.0 (compatible; AhrefsBot/7.0; +http://ahrefs.com/robot/)"
51.75.236.155 - - [05/May/2026:09:41:09 -0500] "GET /atraso-menstrual-lima-causas-soluciones-y-donde-buscar-ayuda/ HTTP/1.1" 404 31087 "-" "Mozilla/5.0 (compatible; AhrefsBot/7.0; +http://ahrefs.com/robot/)"
38.25.25.136 - - [05/May/2026:09:41:18 -0500] "POST /AutoDiscover/autodiscover.xml HTTP/1.1" 404 29915 "-" "Microsoft Office/16.0 (Windows NT 10.0; Microsoft Word 16.0.19929; Pro)"
167.86.88.122 - - [05/May/2026:09:41:44 -0500] "POST /wp-cron.php?doing_wp_cron=1777992104.4749550819396972656250 HTTP/1.1" 200 20 "https://www.ensad.edu.pe/wp-cron.php?doing_wp_cron=1777992104.4749550819396972656250" "WordPress/5.5.3; https://www.ensad.edu.pe"
178.156.154.250 - - [05/May/2026:09:41:44 -0500] "GET / HTTP/1.1" 200 38422 "-" "Better Uptime Bot Mozilla/5.0 (Windows NT 10.0; Win64; x64) AppleWebKit/537.36 (KHTML, like Gecko) Chrome/74.0.3729.169 Safari/537.36"
185.191.171.11 - - [05/May/2026:09:41:49 -0500] "GET /quienes-somos/direccion-de-investigacion/fondo-editorial/publicaciones/ HTTP/1.1" 200 46754 "-" "Mozilla/5.0 (compatible; SemrushBot/7~bl; +http://www.semrush.com/bot.html)"
103.59.160.219 - - [05/May/2026:09:42:03 -0500] "POST /xmlrpc.php HTTP/1.1" 503 7117 "-" "python-httpx/0.22.0"
103.59.160.219 - - [05/May/2026:09:42:16 -0500] "POST /xmlrpc.php HTTP/1.1" 503 7117 "-" "python-httpx/0.22.0"
167.86.88.122 - - [05/May/2026:09:42:19 -0500] "POST /?wordfence_syncAttackData=1777992139.3921 HTTP/1.1" 200 20 "https://www.ensad.edu.pe/?wordfence_syncAttackData=1777992139.3921" "WordPress/5.5.3; https://www.ensad.edu.pe"
193.186.4.248 - - [05/May/2026:09:42:19 -0500] "GET /inicioo/ HTTP/1.1" 200 38719 "https://www.google.com/" "Mozilla/5.0 (Windows NT 10.0; Win64; x64) AppleWebKit/537.36 (KHTML, like Gecko) Chrome/147.0.0.0 Safari/537.36"
162.120.186.189 - - [05/May/2026:09:42:22 -0500] "GET /pagina-plantilla/ HTTP/1.1" 200 37784 "https://www.google.com/" "Mozilla/5.0 (Windows NT 10.0; Win64; x64) AppleWebKit/537.36 (KHTML, like Gecko) Chrome/147.0.0.0 Safari/537.36"
103.59.160.219 - - [05/May/2026:09:42:26 -0500] "POST /xmlrpc.php HTTP/1.1" 503 7117 "-" "python-httpx/0.22.0"
167.86.88.122 - - [05/May/2026:09:42:28 -0500] "POST /?wordfence_syncAttackData=1777992148.6397 HTTP/1.1" 200 20 "https://www.ensad.edu.pe/?wordfence_syncAttackData=1777992148.6397" "WordPress/5.5.3; https://www.ensad.edu.pe"
162.120.186.125 - - [05/May/2026:09:42:28 -0500] "GET /graduacion-2025-ensad-celebra-el-inicio-del-camino-profesional-de-la-promocion-2024/ HTTP/1.1" 200 36727 "https://www.google.com/" "Mozilla/5.0 (Windows NT 10.0; Win64; x64) AppleWebKit/537.36 (KHTML, like Gecko) Chrome/147.0.0.0 Safari/537.36"
181.66.177.49 - - [05/May/2026:09:42:30 -0500] "GET /descargas/logoensad.png HTTP/1.1" 200 79901 "-" "Mozilla/5.0 (Windows NT 10.0; Win64; x64) AppleWebKit/537.36 (KHTML, like Gecko) Chrome/147.0.0.0 Safari/537.36"
193.186.4.248 - - [05/May/2026:09:42:32 -0500] "GET /pagina-plantilla/ HTTP/1.1" 200 37784 "https://www.google.com/" "Mozilla/5.0 (Windows NT 10.0; Win64; x64) AppleWebKit/537.36 (KHTML, like Gecko) Chrome/147.0.0.0 Safari/537.36"
190.233.209.243 - - [05/May/2026:09:42:33 -0500] "POST /AutoDiscover/autodiscover.xml HTTP/1.1" 404 29915 "-" "Microsoft Office/16.0 (Windows NT 10.0; Microsoft Word 16.0.19929; Pro)"
103.59.160.219 - - [05/May/2026:09:42:45 -0500] "POST /xmlrpc.php HTTP/1.1" 503 7117 "-" "python-httpx/0.22.0"
91.92.243.236 - - [05/May/2026:09:43:10 -0500] "POST /wp-login.php HTTP/1.1" 503 18034 "-" "Mozilla/5.0"
91.92.243.236 - - [05/May/2026:09:43:10 -0500] "POST /wp-login.php HTTP/1.1" 503 18034 "-" "Mozilla/5.0"
103.59.160.219 - - [05/May/2026:09:43:24 -0500] "POST /xmlrpc.php HTTP/1.1" 503 7117 "-" "python-httpx/0.22.0"
167.86.88.122 - - [05/May/2026:09:43:32 -0500] "POST /wp-cron.php?doing_wp_cron=1777992212.1168429851531982421875 HTTP/1.1" 200 20 "https://www.ensad.edu.pe/wp-cron.php?doing_wp_cron=1777992212.1168429851531982421875" "WordPress/5.5.3; https://www.ensad.edu.pe"
167.86.88.122 - - [05/May/2026:09:43:32 -0500] "POST /?wordfence_syncAttackData=1777992212.0217 HTTP/1.1" 200 20 "https://www.ensad.edu.pe/?wordfence_syncAttackData=1777992212.0217" "WordPress/5.5.3; https://www.ensad.edu.pe"
57.141.20.45 - - [05/May/2026:09:43:31 -0500] "GET /obra-atrapada-en-los-ochentas/ HTTP/1.1" 200 241711 "-" "meta-externalagent/1.1 (+https://developers.facebook.com/docs/sharing/webmasters/crawler)"
167.86.88.122 - - [05/May/2026:09:44:07 -0500] "POST /wp-cron.php?doing_wp_cron=1777992247.3913950920104980468750 HTTP/1.1" 200 20 "https://www.ensad.edu.pe/wp-cron.php?doing_wp_cron=1777992247.3913950920104980468750" "WordPress/5.5.3; https://www.ensad.edu.pe"
181.224.228.186 - - [05/May/2026:09:44:07 -0500] "POST /AutoDiscover/autodiscover.xml HTTP/1.1" 404 29915 "-" "Microsoft Office/16.0 (Windows NT 10.0; Microsoft Excel 16.0.19929; Pro)"
103.59.160.219 - - [05/May/2026:09:44:15 -0500] "POST /xmlrpc.php HTTP/1.1" 503 7118 "-" "python-httpx/0.22.0"
167.86.88.122 - - [05/May/2026:09:44:17 -0500] "POST /?wordfence_syncAttackData=1777992257.3011 HTTP/1.1" 200 20 "https://www.ensad.edu.pe/?wordfence_syncAttackData=1777992257.3011" "WordPress/5.5.3; https://www.ensad.edu.pe"
