200.37.205.138 - - [05/May/2026:07:29:56 -0500] "GET /wp-content/uploads/2026/04/Slider_Admision2026.jpg HTTP/1.1" 200 411734 "https://www.ensad.edu.pe/" "Mozilla/5.0 (Windows NT 10.0; Win64; x64) AppleWebKit/537.36 (KHTML, like Gecko) Chrome/144.0.0.0 Safari/537.36"
200.37.136.18 - - [05/May/2026:07:29:56 -0500] "GET /wp-content/uploads/2024/10/BannerWeb.png HTTP/1.1" 200 237474 "https://www.ensad.edu.pe/" "Mozilla/5.0 (Windows NT 10.0; Win64; x64) AppleWebKit/537.36 (KHTML, like Gecko) Chrome/144.0.0.0 Safari/537.36"
200.37.205.138 - - [05/May/2026:07:29:56 -0500] "GET /wp-content/uploads/2024/10/banner_revista_liminal.jpg HTTP/1.1" 200 162885 "https://www.ensad.edu.pe/" "Mozilla/5.0 (Windows NT 10.0; Win64; x64) AppleWebKit/537.36 (KHTML, like Gecko) Chrome/144.0.0.0 Safari/537.36"
200.37.205.138 - - [05/May/2026:07:29:57 -0500] "GET /wp-content/uploads/2025/03/b_unae_web.jpg HTTP/1.1" 200 163513 "https://www.ensad.edu.pe/" "Mozilla/5.0 (Windows NT 10.0; Win64; x64) AppleWebKit/537.36 (KHTML, like Gecko) Chrome/144.0.0.0 Safari/537.36"
200.37.136.18 - - [05/May/2026:07:29:57 -0500] "GET /wp-content/uploads/2026/04/A-15-1.png HTTP/1.1" 200 4561 "https://www.ensad.edu.pe/" "Mozilla/5.0 (Windows NT 10.0; Win64; x64) AppleWebKit/537.36 (KHTML, like Gecko) Chrome/144.0.0.0 Safari/537.36"
200.37.205.138 - - [05/May/2026:07:29:57 -0500] "GET /wp-content/uploads/2026/04/D-16-1.png HTTP/1.1" 200 4727 "https://www.ensad.edu.pe/" "Mozilla/5.0 (Windows NT 10.0; Win64; x64) AppleWebKit/537.36 (KHTML, like Gecko) Chrome/144.0.0.0 Safari/537.36"
200.37.136.18 - - [05/May/2026:07:29:56 -0500] "GET /wp-content/uploads/2024/01/banner_fondo.jpg HTTP/1.1" 200 188152 "https://www.ensad.edu.pe/" "Mozilla/5.0 (Windows NT 10.0; Win64; x64) AppleWebKit/537.36 (KHTML, like Gecko) Chrome/144.0.0.0 Safari/537.36"
200.37.205.138 - - [05/May/2026:07:29:57 -0500] "GET /wp-content/uploads/2024/03/quienes_somos.jpg HTTP/1.1" 200 131381 "https://www.ensad.edu.pe/" "Mozilla/5.0 (Windows NT 10.0; Win64; x64) AppleWebKit/537.36 (KHTML, like Gecko) Chrome/144.0.0.0 Safari/537.36"
200.37.205.138 - - [05/May/2026:07:29:57 -0500] "GET /wp-content/plugins/wow-divi-carousel/assets/vendor/slick/ajax-loader.gif HTTP/1.1" 200 4178 "https://www.ensad.edu.pe/wp-content/plugins/wow-divi-carousel/assets/vendor/slick/slick-theme.css?ver=1.4.2" "Mozilla/5.0 (Windows NT 10.0; Win64; x64) AppleWebKit/537.36 (KHTML, like Gecko) Chrome/144.0.0.0 Safari/537.36"
200.37.136.18 - - [05/May/2026:07:29:57 -0500] "GET /wp-content/uploads/2023/02/educacion_icon.png HTTP/1.1" 200 2370 "https://www.ensad.edu.pe/" "Mozilla/5.0 (Windows NT 10.0; Win64; x64) AppleWebKit/537.36 (KHTML, like Gecko) Chrome/144.0.0.0 Safari/537.36"
200.37.205.138 - - [05/May/2026:07:29:57 -0500] "GET /wp-content/uploads/2023/02/diseno_logo-300x300.png HTTP/1.1" 200 1201 "https://www.ensad.edu.pe/" "Mozilla/5.0 (Windows NT 10.0; Win64; x64) AppleWebKit/537.36 (KHTML, like Gecko) Chrome/144.0.0.0 Safari/537.36"
200.37.136.18 - - [05/May/2026:07:29:57 -0500] "GET /wp-content/uploads/2023/02/actuacion_icon.png HTTP/1.1" 200 6083 "https://www.ensad.edu.pe/" "Mozilla/5.0 (Windows NT 10.0; Win64; x64) AppleWebKit/537.36 (KHTML, like Gecko) Chrome/144.0.0.0 Safari/537.36"
190.12.84.3 - - [05/May/2026:07:30:00 -0500] "GET /wp-content/uploads/2025/07/gm-06.png HTTP/1.1" 206 1 "https://www.ensad.edu.pe/serv-academicos/guia-de-matricula/" "Mozilla/5.0 (Linux; Android 10; K) AppleWebKit/537.36 (KHTML, like Gecko) Chrome/138.0.0.0 Mobile Safari/537.36"
190.12.84.3 - - [05/May/2026:07:30:00 -0500] "GET /wp-content/uploads/2025/07/gm-06.png HTTP/1.1" 206 79494 "https://www.ensad.edu.pe/serv-academicos/guia-de-matricula/" "Mozilla/5.0 (Linux; Android 10; K) AppleWebKit/537.36 (KHTML, like Gecko) Chrome/138.0.0.0 Mobile Safari/537.36"
190.12.84.3 - - [05/May/2026:07:30:02 -0500] "GET /wp-content/uploads/2025/07/gm-0001.png HTTP/1.1" 200 154652 "https://www.ensad.edu.pe/serv-academicos/guia-de-matricula/" "Mozilla/5.0 (Linux; Android 10; K) AppleWebKit/537.36 (KHTML, like Gecko) Chrome/138.0.0.0 Mobile Safari/537.36"
190.12.84.3 - - [05/May/2026:07:30:02 -0500] "GET /wp-content/uploads/2025/07/gm_009.png HTTP/1.1" 200 27864 "https://www.ensad.edu.pe/serv-academicos/guia-de-matricula/" "Mozilla/5.0 (Linux; Android 10; K) AppleWebKit/537.36 (KHTML, like Gecko) Chrome/138.0.0.0 Mobile Safari/537.36"
190.12.84.3 - - [05/May/2026:07:30:03 -0500] "GET /wp-content/uploads/2025/07/gm_013.png HTTP/1.1" 200 15069 "https://www.ensad.edu.pe/serv-academicos/guia-de-matricula/" "Mozilla/5.0 (Linux; Android 10; K) AppleWebKit/537.36 (KHTML, like Gecko) Chrome/138.0.0.0 Mobile Safari/537.36"
190.12.84.3 - - [05/May/2026:07:30:03 -0500] "GET /wp-content/uploads/2025/07/gm_012.png HTTP/1.1" 200 118037 "https://www.ensad.edu.pe/serv-academicos/guia-de-matricula/" "Mozilla/5.0 (Linux; Android 10; K) AppleWebKit/537.36 (KHTML, like Gecko) Chrome/138.0.0.0 Mobile Safari/537.36"
200.37.136.18 - - [05/May/2026:07:30:06 -0500] "GET /somos-unae-se-promulgo-la-ley/ HTTP/1.1" 200 37320 "https://www.ensad.edu.pe/" "Mozilla/5.0 (Windows NT 10.0; Win64; x64) AppleWebKit/537.36 (KHTML, like Gecko) Chrome/144.0.0.0 Safari/537.36"
200.37.205.138 - - [05/May/2026:07:30:08 -0500] "GET /wp-content/uploads/2024/04/2024.03.21-Dia-Mundial-del-Teatro.jpg HTTP/1.1" 200 130767 "https://www.ensad.edu.pe/somos-unae-se-promulgo-la-ley/" "Mozilla/5.0 (Windows NT 10.0; Win64; x64) AppleWebKit/537.36 (KHTML, like Gecko) Chrome/144.0.0.0 Safari/537.36"
200.37.136.18 - - [05/May/2026:07:30:08 -0500] "GET /wp-content/uploads/2024/04/2024.03.11-Examen_Admision_.jpg HTTP/1.1" 200 104307 "https://www.ensad.edu.pe/somos-unae-se-promulgo-la-ley/" "Mozilla/5.0 (Windows NT 10.0; Win64; x64) AppleWebKit/537.36 (KHTML, like Gecko) Chrome/144.0.0.0 Safari/537.36"
200.37.205.138 - - [05/May/2026:07:30:08 -0500] "GET /wp-content/uploads/2024/04/img_sea2024.jpg HTTP/1.1" 200 135572 "https://www.ensad.edu.pe/somos-unae-se-promulgo-la-ley/" "Mozilla/5.0 (Windows NT 10.0; Win64; x64) AppleWebKit/537.36 (KHTML, like Gecko) Chrome/144.0.0.0 Safari/537.36"
200.37.136.18 - - [05/May/2026:07:30:08 -0500] "GET /wp-content/uploads/2024/04/2024.03.22_Ensad_Limalee1_.jpg HTTP/1.1" 200 213060 "https://www.ensad.edu.pe/somos-unae-se-promulgo-la-ley/" "Mozilla/5.0 (Windows NT 10.0; Win64; x64) AppleWebKit/537.36 (KHTML, like Gecko) Chrome/144.0.0.0 Safari/537.36"
200.37.205.138 - - [05/May/2026:07:30:08 -0500] "GET /wp-content/uploads/2024/06/articulo_unae2506.jpg HTTP/1.1" 200 257098 "https://www.ensad.edu.pe/somos-unae-se-promulgo-la-ley/" "Mozilla/5.0 (Windows NT 10.0; Win64; x64) AppleWebKit/537.36 (KHTML, like Gecko) Chrome/144.0.0.0 Safari/537.36"
200.37.205.138 - - [05/May/2026:07:30:08 -0500] "GET /wp-content/uploads/2024/05/NOTA_PDM.jpg HTTP/1.1" 200 269378 "https://www.ensad.edu.pe/somos-unae-se-promulgo-la-ley/" "Mozilla/5.0 (Windows NT 10.0; Win64; x64) AppleWebKit/537.36 (KHTML, like Gecko) Chrome/144.0.0.0 Safari/537.36"
200.37.205.138 - - [05/May/2026:07:30:09 -0500] "GET /favicon.ico HTTP/1.1" 302 20 "https://www.ensad.edu.pe/somos-unae-se-promulgo-la-ley/" "Mozilla/5.0 (Windows NT 10.0; Win64; x64) AppleWebKit/537.36 (KHTML, like Gecko) Chrome/144.0.0.0 Safari/537.36"
200.37.205.138 - - [05/May/2026:07:30:10 -0500] "GET /wp-content/uploads/2026/04/cropped-unae_favico-32x32.png HTTP/1.1" 200 272 "https://www.ensad.edu.pe/somos-unae-se-promulgo-la-ley/" "Mozilla/5.0 (Windows NT 10.0; Win64; x64) AppleWebKit/537.36 (KHTML, like Gecko) Chrome/144.0.0.0 Safari/537.36"
103.59.160.219 - - [05/May/2026:07:30:18 -0500] "POST /xmlrpc.php HTTP/1.1" 503 7117 "-" "python-httpx/0.22.0"
200.37.136.18 - - [05/May/2026:07:30:19 -0500] "GET /wp-content/uploads/2026/04/LOGO-ACCESO-A-LA-INFORMACION-PUBLICA-01.png HTTP/1.1" 200 19287 "https://www.ensad.edu.pe/somos-unae-se-promulgo-la-ley/" "Mozilla/5.0 (Windows NT 10.0; Win64; x64) AppleWebKit/537.36 (KHTML, like Gecko) Chrome/144.0.0.0 Safari/537.36"
200.37.136.18 - - [05/May/2026:07:30:19 -0500] "GET /wp-content/uploads/2026/04/libro_unae0101.png HTTP/1.1" 200 54207 "https://www.ensad.edu.pe/somos-unae-se-promulgo-la-ley/" "Mozilla/5.0 (Windows NT 10.0; Win64; x64) AppleWebKit/537.36 (KHTML, like Gecko) Chrome/144.0.0.0 Safari/537.36"
200.37.136.18 - - [05/May/2026:07:30:19 -0500] "GET /wp-content/uploads/2026/04/logo-portal-transparencia-1.png HTTP/1.1" 200 63169 "https://www.ensad.edu.pe/somos-unae-se-promulgo-la-ley/" "Mozilla/5.0 (Windows NT 10.0; Win64; x64) AppleWebKit/537.36 (KHTML, like Gecko) Chrome/144.0.0.0 Safari/537.36"
190.12.84.3 - - [05/May/2026:07:30:29 -0500] "GET /wp-content/uploads/2025/07/2gm_.png HTTP/1.1" 200 89992 "https://www.ensad.edu.pe/serv-academicos/guia-de-matricula/" "Mozilla/5.0 (Linux; Android 10; K) AppleWebKit/537.36 (KHTML, like Gecko) Chrome/138.0.0.0 Mobile Safari/537.36"
190.12.84.3 - - [05/May/2026:07:30:30 -0500] "GET /wp-content/uploads/2025/07/1gm_.png HTTP/1.1" 200 74285 "https://www.ensad.edu.pe/serv-academicos/guia-de-matricula/" "Mozilla/5.0 (Linux; Android 10; K) AppleWebKit/537.36 (KHTML, like Gecko) Chrome/138.0.0.0 Mobile Safari/537.36"
190.12.84.3 - - [05/May/2026:07:30:30 -0500] "GET /wp-content/uploads/2025/07/gm_15.png HTTP/1.1" 200 100308 "https://www.ensad.edu.pe/serv-academicos/guia-de-matricula/" "Mozilla/5.0 (Linux; Android 10; K) AppleWebKit/537.36 (KHTML, like Gecko) Chrome/138.0.0.0 Mobile Safari/537.36"
190.12.84.3 - - [05/May/2026:07:30:30 -0500] "GET /wp-content/uploads/2025/07/gm_14.png HTTP/1.1" 200 132620 "https://www.ensad.edu.pe/serv-academicos/guia-de-matricula/" "Mozilla/5.0 (Linux; Android 10; K) AppleWebKit/537.36 (KHTML, like Gecko) Chrome/138.0.0.0 Mobile Safari/537.36"
200.37.136.18 - - [05/May/2026:07:30:40 -0500] "GET /wp-content/uploads/2026/04/minedu_logo_300px.png HTTP/1.1" 200 15114 "https://www.ensad.edu.pe/somos-unae-se-promulgo-la-ley/" "Mozilla/5.0 (Windows NT 10.0; Win64; x64) AppleWebKit/537.36 (KHTML, like Gecko) Chrome/144.0.0.0 Safari/537.36"
103.59.160.219 - - [05/May/2026:07:31:07 -0500] "POST /xmlrpc.php HTTP/1.1" 503 7117 "-" "python-httpx/0.22.0"
167.86.88.122 - - [05/May/2026:07:31:31 -0500] "POST /wp-cron.php?doing_wp_cron=1777984291.9877200126647949218750 HTTP/1.1" 200 20 "https://www.ensad.edu.pe/wp-cron.php?doing_wp_cron=1777984291.9877200126647949218750" "WordPress/5.5.3; https://www.ensad.edu.pe"
167.86.88.122 - - [05/May/2026:07:31:31 -0500] "POST /?wordfence_syncAttackData=1777984291.8353 HTTP/1.1" 200 20 "https://www.ensad.edu.pe/?wordfence_syncAttackData=1777984291.8353" "WordPress/5.5.3; https://www.ensad.edu.pe"
167.86.88.122 - - [05/May/2026:07:31:32 -0500] "POST /wp-cron.php?doing_wp_cron=1777984292.1041619777679443359375 HTTP/1.1" 200 20 "https://www.ensad.edu.pe/wp-cron.php?doing_wp_cron=1777984292.1041619777679443359375" "WordPress/5.5.3; https://www.ensad.edu.pe"
190.236.14.22 - - [05/May/2026:07:31:31 -0500] "GET / HTTP/1.1" 200 38691 "https://ensad.jedu.pe/" "Mozilla/5.0 (Linux; Android 10; K) AppleWebKit/537.36 (KHTML, like Gecko) Chrome/147.0.0.0 Mobile Safari/537.36"
103.59.160.219 - - [05/May/2026:07:31:36 -0500] "POST /xmlrpc.php HTTP/1.1" 503 7117 "-" "python-httpx/0.22.0"
167.86.88.122 - - [05/May/2026:07:31:39 -0500] "POST /wp-cron.php?doing_wp_cron=1777984299.5844910144805908203125 HTTP/1.1" 200 20 "https://www.ensad.edu.pe/wp-cron.php?doing_wp_cron=1777984299.5844910144805908203125" "WordPress/5.5.3; https://www.ensad.edu.pe"
5.161.118.194 - - [05/May/2026:07:31:39 -0500] "GET / HTTP/1.1" 200 38690 "-" "Better Uptime Bot Mozilla/5.0 (Windows NT 10.0; Win64; x64) AppleWebKit/537.36 (KHTML, like Gecko) Chrome/74.0.3729.169 Safari/537.36"
190.236.14.22 - - [05/May/2026:07:31:52 -0500] "GET /wp-content/plugins/wpdatatables/integrations/starter/page-builders/divi-wpdt/styles/divi-wpdt.css?ver=7.3.5 HTTP/1.1" 200 225 "https://www.ensad.edu.pe/" "Mozilla/5.0 (Linux; Android 10; K) AppleWebKit/537.36 (KHTML, like Gecko) Chrome/147.0.0.0 Mobile Safari/537.36"
103.59.160.219 - - [05/May/2026:07:31:55 -0500] "POST /xmlrpc.php HTTP/1.1" 503 7117 "-" "python-httpx/0.22.0"
190.236.14.22 - - [05/May/2026:07:32:03 -0500] "GET /wp-includes/css/dist/block-library/style.min.css?ver=5.5.3 HTTP/1.1" 200 7907 "https://www.ensad.edu.pe/" "Mozilla/5.0 (Linux; Android 10; K) AppleWebKit/537.36 (KHTML, like Gecko) Chrome/147.0.0.0 Mobile Safari/537.36"
190.236.14.22 - - [05/May/2026:07:32:03 -0500] "GET /wp-content/plugins/popups-for-divi/styles/front.min.css?ver=3.0.5 HTTP/1.1" 200 1641 "https://www.ensad.edu.pe/" "Mozilla/5.0 (Linux; Android 10; K) AppleWebKit/537.36 (KHTML, like Gecko) Chrome/147.0.0.0 Mobile Safari/537.36"
190.236.14.22 - - [05/May/2026:07:32:03 -0500] "GET /wp-content/plugins/superb-social-share-and-follow-buttons//assets/css/frontend.css?ver=101.0.0 HTTP/1.1" 200 2157 "https://www.ensad.edu.pe/" "Mozilla/5.0 (Linux; Android 10; K) AppleWebKit/537.36 (KHTML, like Gecko) Chrome/147.0.0.0 Mobile Safari/537.36"
190.236.14.22 - - [05/May/2026:07:32:04 -0500] "GET /wp-content/plugins/wow-divi-carousel/assets/css/module-core.css?ver=5.5.3 HTTP/1.1" 200 3834 "https://www.ensad.edu.pe/" "Mozilla/5.0 (Linux; Android 10; K) AppleWebKit/537.36 (KHTML, like Gecko) Chrome/147.0.0.0 Mobile Safari/537.36"
190.236.14.22 - - [05/May/2026:07:32:06 -0500] "GET /wp-content/themes/Divi-Child-Theme/style.css?ver=4.7.3 HTTP/1.1" 200 297 "https://www.ensad.edu.pe/" "Mozilla/5.0 (Linux; Android 10; K) AppleWebKit/537.36 (KHTML, like Gecko) Chrome/147.0.0.0 Mobile Safari/537.36"
190.236.14.22 - - [05/May/2026:07:32:06 -0500] "GET /wp-content/plugins/dflip/assets/css/themify-icons.min.css?ver=1.6.6 HTTP/1.1" 200 2814 "https://www.ensad.edu.pe/" "Mozilla/5.0 (Linux; Android 10; K) AppleWebKit/537.36 (KHTML, like Gecko) Chrome/147.0.0.0 Mobile Safari/537.36"
190.236.14.22 - - [05/May/2026:07:32:07 -0500] "GET /wp-content/plugins/eventON/assets/css/eventon_styles.css?ver=3.0.2 HTTP/1.1" 200 21261 "https://www.ensad.edu.pe/" "Mozilla/5.0 (Linux; Android 10; K) AppleWebKit/537.36 (KHTML, like Gecko) Chrome/147.0.0.0 Mobile Safari/537.36"
190.236.14.22 - - [05/May/2026:07:32:07 -0500] "GET /wp-content/plugins/eventON/assets/fonts/all.css?ver=3.0.2 HTTP/1.1" 200 13456 "https://www.ensad.edu.pe/" "Mozilla/5.0 (Linux; Android 10; K) AppleWebKit/537.36 (KHTML, like Gecko) Chrome/147.0.0.0 Mobile Safari/537.36"
190.236.14.22 - - [05/May/2026:07:32:09 -0500] "GET /wp-content/plugins/wow-divi-carousel/styles/style.min.css?ver=1.0.0 HTTP/1.1" 200 4449 "https://www.ensad.edu.pe/" "Mozilla/5.0 (Linux; Android 10; K) AppleWebKit/537.36 (KHTML, like Gecko) Chrome/147.0.0.0 Mobile Safari/537.36"
190.236.14.22 - - [05/May/2026:07:32:09 -0500] "GET /wp-content/plugins/supreme-modules-pro-for-divi/styles/style.min.css?ver=3.9.92 HTTP/1.1" 200 29914 "https://www.ensad.edu.pe/" "Mozilla/5.0 (Linux; Android 10; K) AppleWebKit/537.36 (KHTML, like Gecko) Chrome/147.0.0.0 Mobile Safari/537.36"
190.236.14.22 - - [05/May/2026:07:32:11 -0500] "GET /wp-content/uploads/pum/pum-site-styles.css?generated=1747710144&ver=1.15.0 HTTP/1.1" 200 3468 "https://www.ensad.edu.pe/" "Mozilla/5.0 (Linux; Android 10; K) AppleWebKit/537.36 (KHTML, like Gecko) Chrome/147.0.0.0 Mobile Safari/537.36"
190.236.14.22 - - [05/May/2026:07:32:11 -0500] "GET /wp-content/plugins/eventON/assets/css/eventon_dynamic_styles.css?ver=3.0.2 HTTP/1.1" 200 2255 "https://www.ensad.edu.pe/" "Mozilla/5.0 (Linux; Android 10; K) AppleWebKit/537.36 (KHTML, like Gecko) Chrome/147.0.0.0 Mobile Safari/537.36"
190.236.14.22 - - [05/May/2026:07:32:19 -0500] "GET /wp-content/plugins/gtranslate/gtranslate-style24.css?ver=5.5.3 HTTP/1.1" 200 299 "https://www.ensad.edu.pe/" "Mozilla/5.0 (Linux; Android 10; K) AppleWebKit/537.36 (KHTML, like Gecko) Chrome/147.0.0.0 Mobile Safari/537.36"
190.236.14.22 - - [05/May/2026:07:32:23 -0500] "GET /wp-content/plugins/wow-divi-carousel/assets/vendor/slick/slick.css?ver=1.4.2 HTTP/1.1" 200 569 "https://www.ensad.edu.pe/" "Mozilla/5.0 (Linux; Android 10; K) AppleWebKit/537.36 (KHTML, like Gecko) Chrome/147.0.0.0 Mobile Safari/537.36"
190.236.14.22 - - [05/May/2026:07:32:24 -0500] "GET /wp-content/themes/Divi/style.css?ver=5.5.3 HTTP/1.1" 200 81311 "https://www.ensad.edu.pe/" "Mozilla/5.0 (Linux; Android 10; K) AppleWebKit/537.36 (KHTML, like Gecko) Chrome/147.0.0.0 Mobile Safari/537.36"
190.236.14.22 - - [05/May/2026:07:32:27 -0500] "GET /wp-content/plugins/dflip/assets/css/dflip.min.css?ver=1.6.6 HTTP/1.1" 200 5343 "https://www.ensad.edu.pe/" "Mozilla/5.0 (Linux; Android 10; K) AppleWebKit/537.36 (KHTML, like Gecko) Chrome/147.0.0.0 Mobile Safari/537.36"
190.236.14.22 - - [05/May/2026:07:32:28 -0500] "GET /wp-content/plugins/wow-divi-carousel/assets/vendor/slick/slick-theme.css?ver=1.4.2 HTTP/1.1" 200 866 "https://www.ensad.edu.pe/" "Mozilla/5.0 (Linux; Android 10; K) AppleWebKit/537.36 (KHTML, like Gecko) Chrome/147.0.0.0 Mobile Safari/537.36"
190.236.14.22 - - [05/May/2026:07:32:35 -0500] "GET /wp-includes/js/jquery/jquery.js?ver=1.12.4-wp HTTP/1.1" 200 33776 "https://www.ensad.edu.pe/" "Mozilla/5.0 (Linux; Android 10; K) AppleWebKit/537.36 (KHTML, like Gecko) Chrome/147.0.0.0 Mobile Safari/537.36"
190.236.14.22 - - [05/May/2026:07:32:37 -0500] "GET /wp-content/plugins/wpdatatables/integrations/starter/page-builders/divi-wpdt/styles/style.min.css?ver=1.0.0 HTTP/1.1" 200 1797 "https://www.ensad.edu.pe/" "Mozilla/5.0 (Linux; Android 10; K) AppleWebKit/537.36 (KHTML, like Gecko) Chrome/147.0.0.0 Mobile Safari/537.36"
190.236.14.22 - - [05/May/2026:07:32:37 -0500] "GET /wp-content/uploads/2026/03/DJ_IV_IMG.jpg HTTP/1.1" 200 373493 "https://www.ensad.edu.pe/" "Mozilla/5.0 (Linux; Android 10; K) AppleWebKit/537.36 (KHTML, like Gecko) Chrome/147.0.0.0 Mobile Safari/537.36"
190.236.14.22 - - [05/May/2026:07:32:37 -0500] "GET /wp-content/plugins/popups-for-divi/scripts/ie-compat.min.js?ver=3.0.5 HTTP/1.1" 200 3695 "https://www.ensad.edu.pe/" "Mozilla/5.0 (Linux; Android 10; K) AppleWebKit/537.36 (KHTML, like Gecko) Chrome/147.0.0.0 Mobile Safari/537.36"
103.59.160.219 - - [05/May/2026:07:32:40 -0500] "POST /xmlrpc.php HTTP/1.1" 503 7116 "-" "python-httpx/0.22.0"
103.59.160.219 - - [05/May/2026:07:33:06 -0500] "POST /xmlrpc.php HTTP/1.1" 503 7117 "-" "python-httpx/0.22.0"
91.92.243.236 - - [05/May/2026:07:33:12 -0500] "POST /wp-login.php HTTP/1.1" 503 18034 "-" "Mozilla/5.0"
91.92.243.236 - - [05/May/2026:07:33:12 -0500] "POST /wp-login.php HTTP/1.1" 503 18034 "-" "Mozilla/5.0"
167.86.88.122 - - [05/May/2026:07:33:21 -0500] "POST /wp-cron.php?doing_wp_cron=1777984401.5474040508270263671875 HTTP/1.1" 200 20 "https://www.ensad.edu.pe/wp-cron.php?doing_wp_cron=1777984401.5474040508270263671875" "WordPress/5.5.3; https://www.ensad.edu.pe"
167.86.88.122 - - [05/May/2026:07:33:21 -0500] "POST /?wordfence_syncAttackData=1777984401.3962 HTTP/1.1" 200 20 "https://www.ensad.edu.pe/?wordfence_syncAttackData=1777984401.3962" "WordPress/5.5.3; https://www.ensad.edu.pe"
103.59.160.219 - - [05/May/2026:07:33:22 -0500] "POST /xmlrpc.php HTTP/1.1" 503 7117 "-" "python-httpx/0.22.0"
216.73.216.15 - - [05/May/2026:07:33:21 -0500] "GET /robots.txt HTTP/1.1" 200 112 "-" "Mozilla/5.0 AppleWebKit/537.36 (KHTML, like Gecko; compatible; ClaudeBot/1.0; +claudebot@anthropic.com)"
216.73.216.15 - - [05/May/2026:07:33:22 -0500] "GET /wp-sitemap.xml HTTP/1.1" 200 243 "-" "Mozilla/5.0 AppleWebKit/537.36 (KHTML, like Gecko; compatible; ClaudeBot/1.0; +claudebot@anthropic.com)"
66.249.73.233 - - [05/May/2026:07:33:37 -0500] "GET /wp-content/uploads/2025/11/20251124184221REQUISITOSYCRONOGRAMAS.pdf HTTP/1.1" 304 - "-" "Mozilla/5.0 (Linux; Android 6.0.1; Nexus 5X Build/MMB29P) AppleWebKit/537.36 (KHTML, like Gecko) Chrome/147.0.7727.137 Mobile Safari/537.36 (compatible; Googlebot/2.1; +http://www.google.com/bot.html)"
103.59.160.219 - - [05/May/2026:07:33:39 -0500] "POST /xmlrpc.php HTTP/1.1" 503 7117 "-" "python-httpx/0.22.0"
167.86.88.122 - - [05/May/2026:07:33:49 -0500] "POST /wp-cron.php?doing_wp_cron=1777984429.4088859558105468750000 HTTP/1.1" 200 20 "https://www.ensad.edu.pe/wp-cron.php?doing_wp_cron=1777984429.4088859558105468750000" "WordPress/5.5.3; https://www.ensad.edu.pe"
167.86.88.122 - - [05/May/2026:07:33:49 -0500] "POST /?wordfence_syncAttackData=1777984429.301 HTTP/1.1" 200 20 "https://www.ensad.edu.pe/?wordfence_syncAttackData=1777984429.301" "WordPress/5.5.3; https://www.ensad.edu.pe"
103.59.160.219 - - [05/May/2026:07:33:49 -0500] "POST /xmlrpc.php HTTP/1.1" 503 7117 "-" "python-httpx/0.22.0"
52.167.144.171 - - [05/May/2026:07:33:49 -0500] "GET /quienes-somos/direccion-de-investigacion/concurso-dramaturgia/dramaturgia-joven-vi/serv-academicos/admision/ HTTP/1.1" 404 31378 "-" "Mozilla/5.0 AppleWebKit/537.36 (KHTML, like Gecko; compatible; bingbot/2.0; +http://www.bing.com/bingbot.htm) Chrome/116.0.1938.76 Safari/537.36"
69.171.231.5 - - [05/May/2026:07:34:01 -0500] "GET /robots.txt HTTP/1.1" 401 35 "-" "facebookexternalhit/1.1 (+http://www.facebook.com/externalhit_uatext.php)"
103.59.160.219 - - [05/May/2026:07:34:09 -0500] "POST /xmlrpc.php HTTP/1.1" 503 7117 "-" "python-httpx/0.22.0"
103.59.160.219 - - [05/May/2026:07:34:28 -0500] "POST /xmlrpc.php HTTP/1.1" 503 7117 "-" "python-httpx/0.22.0"
103.59.160.219 - - [05/May/2026:07:34:53 -0500] "POST /xmlrpc.php HTTP/1.1" 503 7117 "-" "python-httpx/0.22.0"
167.86.88.122 - - [05/May/2026:07:35:43 -0500] "POST /wp-cron.php?doing_wp_cron=1777984543.6867671012878417968750 HTTP/1.1" 200 20 "https://www.ensad.edu.pe/wp-cron.php?doing_wp_cron=1777984543.6867671012878417968750" "WordPress/5.5.3; https://www.ensad.edu.pe"
167.86.88.122 - - [05/May/2026:07:35:43 -0500] "POST /?wordfence_syncAttackData=1777984543.5574 HTTP/1.1" 200 20 "https://www.ensad.edu.pe/?wordfence_syncAttackData=1777984543.5574" "WordPress/5.5.3; https://www.ensad.edu.pe"
47.128.56.238 - - [05/May/2026:07:35:43 -0500] "GET /obra-la-vispera-de-la-coronacion/ HTTP/1.1" 200 56484 "-" "Mozilla/5.0 (Linux; Android 5.0) AppleWebKit/537.36 (KHTML, like Gecko) Mobile Safari/537.36 (compatible; Bytespider; spider-feedback@bytedance.com)"
47.128.56.238 - - [05/May/2026:07:35:45 -0500] "GET /wp-content/plugins/eventON/assets/css/eventon_styles.css?ver=3.0.2 HTTP/1.1" 200 21261 "https://www.ensad.edu.pe/obra-la-vispera-de-la-coronacion/" "Mozilla/5.0 (Linux; Android 5.0) AppleWebKit/537.36 (KHTML, like Gecko) Mobile Safari/537.36 (compatible; Bytespider; spider-feedback@bytedance.com)"
47.128.56.238 - - [05/May/2026:07:35:46 -0500] "GET /wp-content/plugins/supreme-modules-pro-for-divi/styles/style.min.css?ver=3.9.92 HTTP/1.1" 200 29914 "https://www.ensad.edu.pe/obra-la-vispera-de-la-coronacion/" "Mozilla/5.0 (Linux; Android 5.0) AppleWebKit/537.36 (KHTML, like Gecko) Mobile Safari/537.36 (compatible; Bytespider; spider-feedback@bytedance.com)"
103.59.160.219 - - [05/May/2026:07:35:55 -0500] "POST /xmlrpc.php HTTP/1.1" 503 7117 "-" "python-httpx/0.22.0"
167.86.88.122 - - [05/May/2026:07:36:02 -0500] "POST /?wordfence_syncAttackData=1777984562.0861 HTTP/1.1" 200 20 "https://www.ensad.edu.pe/?wordfence_syncAttackData=1777984562.0861" "WordPress/5.5.3; https://www.ensad.edu.pe"
72.14.201.214 - - [05/May/2026:07:36:01 -0500] "GET /el-cuerpo-y-el-vestuario-en-la-dramaturgia-visual-contemporanea-estefany-farias/ HTTP/1.1" 200 41984 "https://www.google.com/" "Mozilla/5.0 (Windows NT 10.0; Win64; x64) AppleWebKit/537.36 (KHTML, like Gecko) Chrome/147.0.0.0 Safari/537.36"
74.7.241.151 - - [05/May/2026:07:36:18 -0500] "GET /robots.txt HTTP/1.1" 200 - "-" "Mozilla/5.0 (Macintosh; Intel Mac OS X 10_15_7) AppleWebKit/537.36 (KHTML, like Gecko) Chrome/131.0.0.0 Safari/537.36; compatible; OAI-SearchBot/1.3; robots.txt; +https://openai.com/searchbot"
162.55.165.86 - - [05/May/2026:07:36:31 -0500] "GET / HTTP/1.1" 200 38690 "-" "Better Uptime Bot Mozilla/5.0 (Windows NT 10.0; Win64; x64) AppleWebKit/537.36 (KHTML, like Gecko) Chrome/74.0.3729.169 Safari/537.36"
103.59.160.219 - - [05/May/2026:07:36:38 -0500] "POST /xmlrpc.php HTTP/1.1" 503 7117 "-" "python-httpx/0.22.0"
181.124.129.135 - - [05/May/2026:07:36:43 -0500] "GET /wp-content/uploads/2023/07/ejemplo_constancia.png HTTP/1.1" 200 210487 "https://www.bing.com/" "Mozilla/5.0 (Windows NT 10.0; Win64; x64) AppleWebKit/537.36 (KHTML, like Gecko) Chrome/147.0.0.0 Safari/537.36 Edg/147.0.0.0"
103.59.160.219 - - [05/May/2026:07:37:02 -0500] "POST /xmlrpc.php HTTP/1.1" 503 7117 "-" "python-httpx/0.22.0"
167.86.88.122 - - [05/May/2026:07:37:18 -0500] "POST /wp-cron.php?doing_wp_cron=1777984638.3714880943298339843750 HTTP/1.1" 200 20 "https://www.ensad.edu.pe/wp-cron.php?doing_wp_cron=1777984638.3714880943298339843750" "WordPress/5.5.3; https://www.ensad.edu.pe"
167.86.88.122 - - [05/May/2026:07:37:18 -0500] "POST /?wordfence_syncAttackData=1777984638.2816 HTTP/1.1" 200 20 "https://www.ensad.edu.pe/?wordfence_syncAttackData=1777984638.2816" "WordPress/5.5.3; https://www.ensad.edu.pe"
167.86.88.122 - - [05/May/2026:07:37:18 -0500] "POST /wp-cron.php?doing_wp_cron=1777984638.5050930976867675781250 HTTP/1.1" 200 20 "https://www.ensad.edu.pe/wp-cron.php?doing_wp_cron=1777984638.5050930976867675781250" "WordPress/5.5.3; https://www.ensad.edu.pe"
57.141.20.54 - - [05/May/2026:07:37:18 -0500] "GET /nuestro-pequeno-fin-del-mundo-adriana-munoz/ HTTP/1.1" 200 212554 "-" "meta-externalagent/1.1 (+https://developers.facebook.com/docs/sharing/webmasters/crawler)"
103.59.160.219 - - [05/May/2026:07:37:22 -0500] "POST /xmlrpc.php HTTP/1.1" 503 7118 "-" "python-httpx/0.22.0"
103.59.160.219 - - [05/May/2026:07:37:41 -0500] "POST /xmlrpc.php HTTP/1.1" 503 7117 "-" "python-httpx/0.22.0"
91.92.243.236 - - [05/May/2026:07:37:49 -0500] "POST /wp-login.php HTTP/1.1" 503 18034 "-" "Mozilla/5.0"
91.92.243.236 - - [05/May/2026:07:37:49 -0500] "POST /wp-login.php HTTP/1.1" 503 18034 "-" "Mozilla/5.0"
167.86.88.122 - - [05/May/2026:07:37:56 -0500] "POST /wp-cron.php?doing_wp_cron=1777984676.4411900043487548828125 HTTP/1.1" 200 20 "https://www.ensad.edu.pe/wp-cron.php?doing_wp_cron=1777984676.4411900043487548828125" "WordPress/5.5.3; https://www.ensad.edu.pe"
167.86.88.122 - - [05/May/2026:07:37:56 -0500] "POST /?wordfence_syncAttackData=1777984676.3372 HTTP/1.1" 200 20 "https://www.ensad.edu.pe/?wordfence_syncAttackData=1777984676.3372" "WordPress/5.5.3; https://www.ensad.edu.pe"
103.59.160.219 - - [05/May/2026:07:37:56 -0500] "POST /xmlrpc.php HTTP/1.1" 503 7304 "-" "python-httpx/0.22.0"
103.59.160.219 - - [05/May/2026:07:38:44 -0500] "POST /xmlrpc.php HTTP/1.1" 503 7117 "-" "python-httpx/0.22.0"
103.59.160.219 - - [05/May/2026:07:38:48 -0500] "POST /xmlrpc.php HTTP/1.1" 503 7117 "-" "python-httpx/0.22.0"
103.59.160.219 - - [05/May/2026:07:38:54 -0500] "POST /xmlrpc.php HTTP/1.1" 503 7117 "-" "python-httpx/0.22.0"
23.98.142.180 - - [05/May/2026:07:39:05 -0500] "GET /wp-content/uploads/2022/09/Manual-para-la-escritura-de-trabajos-academicos-ENSAD.pdf HTTP/1.1" 200 2177780 "-" "Mozilla/5.0 AppleWebKit/537.36 (KHTML, like Gecko); compatible; ChatGPT-User/1.0; +https://openai.com/bot"
103.59.160.219 - - [05/May/2026:07:39:07 -0500] "POST /xmlrpc.php HTTP/1.1" 503 7117 "-" "python-httpx/0.22.0"
20.237.192.201 - - [05/May/2026:07:39:12 -0500] "GET /wp-content/uploads/2025/03/Fuente-1-Que-es-la-informacion.pdf HTTP/1.1" 200 93266 "-" "Mozilla/5.0 (Macintosh; Intel Mac OS X 10_15_7) AppleWebKit/605.1.15 (KHTML, like Gecko) Version/16.0 Safari/605.1.15"
103.59.160.219 - - [05/May/2026:07:39:29 -0500] "POST /xmlrpc.php HTTP/1.1" 503 7117 "-" "python-httpx/0.22.0"
103.59.160.219 - - [05/May/2026:07:39:49 -0500] "POST /xmlrpc.php HTTP/1.1" 503 7117 "-" "python-httpx/0.22.0"
167.86.88.122 - - [05/May/2026:07:40:10 -0500] "POST /wp-cron.php?doing_wp_cron=1777984810.4637939929962158203125 HTTP/1.1" 200 20 "https://www.ensad.edu.pe/wp-cron.php?doing_wp_cron=1777984810.4637939929962158203125" "WordPress/5.5.3; https://www.ensad.edu.pe"
167.86.88.122 - - [05/May/2026:07:40:10 -0500] "POST /?wordfence_syncAttackData=1777984810.2886 HTTP/1.1" 200 20 "https://www.ensad.edu.pe/?wordfence_syncAttackData=1777984810.2886" "WordPress/5.5.3; https://www.ensad.edu.pe"
57.141.20.2 - - [05/May/2026:07:40:10 -0500] "GET /09-natasha-koss/ HTTP/1.1" 200 243722 "-" "meta-externalagent/1.1 (+https://developers.facebook.com/docs/sharing/webmasters/crawler)"
103.59.160.219 - - [05/May/2026:07:40:22 -0500] "POST /xmlrpc.php HTTP/1.1" 503 7118 "-" "python-httpx/0.22.0"
167.86.88.122 - - [05/May/2026:07:40:56 -0500] "POST /?wordfence_syncAttackData=1777984856.7694 HTTP/1.1" 200 20 "https://www.ensad.edu.pe/?wordfence_syncAttackData=1777984856.7694" "WordPress/5.5.3; https://www.ensad.edu.pe"
160.153.188.148 - - [05/May/2026:07:40:56 -0500] "GET / HTTP/1.1" 301 20 "-" "Mozilla/5.0 (Windows NT 10.0; Win64; x64) AppleWebKit/537.36 (KHTML, like Gecko) Chrome/97.0.4692.71 Safari/537.36"
160.153.188.148 - - [05/May/2026:07:40:58 -0500] "GET / HTTP/1.1" 200 38690 "-" "Mozilla/5.0 (Windows NT 10.0; Win64; x64) AppleWebKit/537.36 (KHTML, like Gecko) Chrome/97.0.4692.71 Safari/537.36"
160.153.188.148 - - [05/May/2026:07:41:00 -0500] "GET / HTTP/1.1" 200 12274 "-" "Mozilla/5.0 (Windows NT 10.0; Win64; x64) AppleWebKit/537.36 (KHTML, like Gecko) Chrome/97.0.4692.71 Safari/537.36"
167.86.88.122 - - [05/May/2026:07:41:40 -0500] "POST /wp-cron.php?doing_wp_cron=1777984900.7365820407867431640625 HTTP/1.1" 200 20 "https://www.ensad.edu.pe/wp-cron.php?doing_wp_cron=1777984900.7365820407867431640625" "WordPress/5.5.3; https://www.ensad.edu.pe"
5.255.231.29 - - [05/May/2026:07:41:40 -0500] "GET /robots.txt HTTP/1.1" 200 117 "-" "Mozilla/5.0 (compatible; YandexBot/3.0; +http://yandex.com/bots)"
5.255.231.196 - - [05/May/2026:07:41:41 -0500] "GET /descargas/transparencia/Resolucion-directoral-080-2024-UE-ENSAD.pdf HTTP/1.1" 200 3949231 "-" "Mozilla/5.0 (compatible; YandexBot/3.0; +http://yandex.com/bots)"
178.156.154.250 - - [05/May/2026:07:41:43 -0500] "GET / HTTP/1.1" 200 38690 "-" "Better Uptime Bot Mozilla/5.0 (Windows NT 10.0; Win64; x64) AppleWebKit/537.36 (KHTML, like Gecko) Chrome/74.0.3729.169 Safari/537.36"
103.59.160.219 - - [05/May/2026:07:41:57 -0500] "POST /xmlrpc.php HTTP/1.1" 503 7117 "-" "python-httpx/0.22.0"
167.86.88.122 - - [05/May/2026:07:42:16 -0500] "POST /wp-cron.php?doing_wp_cron=1777984936.1155679225921630859375 HTTP/1.1" 200 20 "https://www.ensad.edu.pe/wp-cron.php?doing_wp_cron=1777984936.1155679225921630859375" "WordPress/5.5.3; https://www.ensad.edu.pe"
167.86.88.122 - - [05/May/2026:07:42:16 -0500] "POST /wp-cron.php?doing_wp_cron=1777984936.1156010627746582031250 HTTP/1.1" 200 20 "https://www.ensad.edu.pe/wp-cron.php?doing_wp_cron=1777984936.1156010627746582031250" "WordPress/5.5.3; https://www.ensad.edu.pe"
167.86.88.122 - - [05/May/2026:07:42:15 -0500] "POST /?wordfence_syncAttackData=1777984935.8949 HTTP/1.1" 200 20 "https://www.ensad.edu.pe/?wordfence_syncAttackData=1777984935.8949" "WordPress/5.5.3; https://www.ensad.edu.pe"
91.92.243.236 - - [05/May/2026:07:42:15 -0500] "POST /wp-login.php HTTP/1.1" 503 18947 "-" "Mozilla/5.0"
91.92.243.236 - - [05/May/2026:07:42:15 -0500] "POST /wp-login.php HTTP/1.1" 503 18947 "-" "Mozilla/5.0"
66.249.74.135 - - [05/May/2026:07:42:34 -0500] "GET /ads.txt HTTP/1.1" 301 20 "-" "Mozilla/5.0 (compatible; Googlebot/2.1; +http://www.google.com/bot.html)"
103.59.160.219 - - [05/May/2026:07:42:47 -0500] "POST /xmlrpc.php HTTP/1.1" 503 7116 "-" "python-httpx/0.22.0"
103.59.160.219 - - [05/May/2026:07:43:10 -0500] "POST /xmlrpc.php HTTP/1.1" 503 7117 "-" "python-httpx/0.22.0"
103.59.160.219 - - [05/May/2026:07:43:26 -0500] "POST /xmlrpc.php HTTP/1.1" 503 7117 "-" "python-httpx/0.22.0"
167.86.88.122 - - [05/May/2026:07:43:34 -0500] "POST /wp-cron.php?doing_wp_cron=1777985014.8870220184326171875000 HTTP/1.1" 200 20 "https://www.ensad.edu.pe/wp-cron.php?doing_wp_cron=1777985014.8870220184326171875000" "WordPress/5.5.3; https://www.ensad.edu.pe"
167.86.88.122 - - [05/May/2026:07:43:34 -0500] "POST /?wordfence_syncAttackData=1777985014.7434 HTTP/1.1" 200 20 "https://www.ensad.edu.pe/?wordfence_syncAttackData=1777985014.7434" "WordPress/5.5.3; https://www.ensad.edu.pe"
66.249.73.233 - - [05/May/2026:07:43:34 -0500] "GET /quienes-somos/ HTTP/1.1" 200 32553 "-" "Mozilla/5.0 (Linux; Android 6.0.1; Nexus 5X Build/MMB29P) AppleWebKit/537.36 (KHTML, like Gecko) Chrome/147.0.7727.137 Mobile Safari/537.36 (compatible; Googlebot/2.1; +http://www.google.com/bot.html)"
103.59.160.219 - - [05/May/2026:07:43:59 -0500] "POST /xmlrpc.php HTTP/1.1" 503 7117 "-" "python-httpx/0.22.0"
103.59.160.219 - - [05/May/2026:07:44:16 -0500] "POST /xmlrpc.php HTTP/1.1" 503 7118 "-" "python-httpx/0.22.0"
34.214.5.14 - - [05/May/2026:07:44:21 -0500] "GET /wp-content/uploads/2026/03/DJ_IV_IMG.jpg HTTP/1.1" 200 373493 "-" "Mozilla/5.0 (Windows NT 10.0; Win64; x64) AppleWebKit/537.36 (KHTML, like Gecko) Chrome/144.0.0.0 Safari/537.36"
54.191.127.61 - - [05/May/2026:07:44:24 -0500] "GET /wp-content/uploads/2026/03/nota1903_02.jpg HTTP/1.1" 200 274259 "-" "Mozilla/5.0 (Windows NT 10.0; Win64; x64) AppleWebKit/537.36 (KHTML, like Gecko) Chrome/144.0.0.0 Safari/537.36"
172.184.169.204 - - [05/May/2026:07:44:25 -0500] "GET /descargas/transparencia/Resolucion-directoral-111-2019-UE-ENSAD.pdf HTTP/1.1" 200 2187919 "-" "Mozilla/5.0 (Macintosh; Intel Mac OS X 12_0) AppleWebKit/605.1.15 (KHTML, like Gecko) Version/16.0 Safari/605.1.15"
103.59.160.219 - - [05/May/2026:07:44:37 -0500] "POST /xmlrpc.php HTTP/1.1" 503 7117 "-" "python-httpx/0.22.0"
52.167.144.157 - - [05/May/2026:07:44:47 -0500] "GET /wp-content/uploads/2025/05/CD_Bases2025.pdf HTTP/1.1" 304 - "-" "Mozilla/5.0 AppleWebKit/537.36 (KHTML, like Gecko; compatible; bingbot/2.0; +http://www.bing.com/bingbot.htm) Chrome/116.0.1938.76 Safari/537.36"
103.59.160.219 - - [05/May/2026:07:44:56 -0500] "POST /xmlrpc.php HTTP/1.1" 503 7117 "-" "python-httpx/0.22.0"
103.59.160.219 - - [05/May/2026:07:45:19 -0500] "POST /xmlrpc.php HTTP/1.1" 503 7117 "-" "python-httpx/0.22.0"
103.59.160.219 - - [05/May/2026:07:45:46 -0500] "POST /xmlrpc.php HTTP/1.1" 503 7116 "-" "python-httpx/0.22.0"
103.59.160.219 - - [05/May/2026:07:46:04 -0500] "POST /xmlrpc.php HTTP/1.1" 503 7117 "-" "python-httpx/0.22.0"
167.86.88.122 - - [05/May/2026:07:46:21 -0500] "POST /wp-cron.php?doing_wp_cron=1777985181.4123990535736083984375 HTTP/1.1" 200 20 "https://www.ensad.edu.pe/wp-cron.php?doing_wp_cron=1777985181.4123990535736083984375" "WordPress/5.5.3; https://www.ensad.edu.pe"
167.86.88.122 - - [05/May/2026:07:46:21 -0500] "POST /?wordfence_syncAttackData=1777985181.2796 HTTP/1.1" 200 20 "https://www.ensad.edu.pe/?wordfence_syncAttackData=1777985181.2796" "WordPress/5.5.3; https://www.ensad.edu.pe"
190.235.38.78 - - [05/May/2026:07:46:21 -0500] "GET / HTTP/1.1" 200 38691 "https://www.google.com/" "Mozilla/5.0 (Linux; Android 10; K) AppleWebKit/537.36 (KHTML, like Gecko) Chrome/147.0.0.0 Mobile Safari/537.36"
190.235.38.78 - - [05/May/2026:07:46:23 -0500] "GET /wp-content/plugins/wpdatatables/integrations/starter/page-builders/divi-wpdt/styles/divi-wpdt.css?ver=7.3.5 HTTP/1.1" 200 225 "https://www.ensad.edu.pe/" "Mozilla/5.0 (Linux; Android 10; K) AppleWebKit/537.36 (KHTML, like Gecko) Chrome/147.0.0.0 Mobile Safari/537.36"
190.235.38.78 - - [05/May/2026:07:46:23 -0500] "GET /wp-content/plugins/gtranslate/gtranslate-style24.css?ver=5.5.3 HTTP/1.1" 200 299 "https://www.ensad.edu.pe/" "Mozilla/5.0 (Linux; Android 10; K) AppleWebKit/537.36 (KHTML, like Gecko) Chrome/147.0.0.0 Mobile Safari/537.36"
190.235.38.78 - - [05/May/2026:07:46:23 -0500] "GET /wp-content/plugins/superb-social-share-and-follow-buttons//assets/css/frontend.css?ver=101.0.0 HTTP/1.1" 200 2157 "https://www.ensad.edu.pe/" "Mozilla/5.0 (Linux; Android 10; K) AppleWebKit/537.36 (KHTML, like Gecko) Chrome/147.0.0.0 Mobile Safari/537.36"
190.235.38.78 - - [05/May/2026:07:46:23 -0500] "GET /wp-content/plugins/formidable/css/formidableforms.css?ver=5181606 HTTP/1.1" 200 8581 "https://www.ensad.edu.pe/" "Mozilla/5.0 (Linux; Android 10; K) AppleWebKit/537.36 (KHTML, like Gecko) Chrome/147.0.0.0 Mobile Safari/537.36"
190.235.38.78 - - [05/May/2026:07:46:23 -0500] "GET /wp-includes/css/dist/block-library/style.min.css?ver=5.5.3 HTTP/1.1" 200 7907 "https://www.ensad.edu.pe/" "Mozilla/5.0 (Linux; Android 10; K) AppleWebKit/537.36 (KHTML, like Gecko) Chrome/147.0.0.0 Mobile Safari/537.36"
190.235.38.78 - - [05/May/2026:07:46:23 -0500] "GET /wp-content/plugins/popups-for-divi/styles/front.min.css?ver=3.0.5 HTTP/1.1" 200 1641 "https://www.ensad.edu.pe/" "Mozilla/5.0 (Linux; Android 10; K) AppleWebKit/537.36 (KHTML, like Gecko) Chrome/147.0.0.0 Mobile Safari/537.36"
190.235.38.78 - - [05/May/2026:07:46:23 -0500] "GET /wp-content/plugins/wow-divi-carousel/assets/css/module-core.css?ver=5.5.3 HTTP/1.1" 200 3834 "https://www.ensad.edu.pe/" "Mozilla/5.0 (Linux; Android 10; K) AppleWebKit/537.36 (KHTML, like Gecko) Chrome/147.0.0.0 Mobile Safari/537.36"
190.235.38.78 - - [05/May/2026:07:46:23 -0500] "GET /wp-content/plugins/wow-divi-carousel/assets/vendor/slick/slick.css?ver=1.4.2 HTTP/1.1" 200 569 "https://www.ensad.edu.pe/" "Mozilla/5.0 (Linux; Android 10; K) AppleWebKit/537.36 (KHTML, like Gecko) Chrome/147.0.0.0 Mobile Safari/537.36"
190.235.38.78 - - [05/May/2026:07:46:23 -0500] "GET /wp-content/plugins/wow-divi-carousel/assets/vendor/slick/slick-theme.css?ver=1.4.2 HTTP/1.1" 200 866 "https://www.ensad.edu.pe/" "Mozilla/5.0 (Linux; Android 10; K) AppleWebKit/537.36 (KHTML, like Gecko) Chrome/147.0.0.0 Mobile Safari/537.36"
190.235.38.78 - - [05/May/2026:07:46:23 -0500] "GET /wp-content/themes/Divi-Child-Theme/style.css?ver=4.7.3 HTTP/1.1" 200 297 "https://www.ensad.edu.pe/" "Mozilla/5.0 (Linux; Android 10; K) AppleWebKit/537.36 (KHTML, like Gecko) Chrome/147.0.0.0 Mobile Safari/537.36"
190.235.38.78 - - [05/May/2026:07:46:23 -0500] "GET /wp-content/plugins/dflip/assets/css/themify-icons.min.css?ver=1.6.6 HTTP/1.1" 200 2814 "https://www.ensad.edu.pe/" "Mozilla/5.0 (Linux; Android 10; K) AppleWebKit/537.36 (KHTML, like Gecko) Chrome/147.0.0.0 Mobile Safari/537.36"
190.235.38.78 - - [05/May/2026:07:46:23 -0500] "GET /wp-content/themes/Divi/style.css?ver=5.5.3 HTTP/1.1" 200 81311 "https://www.ensad.edu.pe/" "Mozilla/5.0 (Linux; Android 10; K) AppleWebKit/537.36 (KHTML, like Gecko) Chrome/147.0.0.0 Mobile Safari/537.36"
190.235.38.78 - - [05/May/2026:07:46:23 -0500] "GET /wp-content/plugins/dflip/assets/css/dflip.min.css?ver=1.6.6 HTTP/1.1" 200 5343 "https://www.ensad.edu.pe/" "Mozilla/5.0 (Linux; Android 10; K) AppleWebKit/537.36 (KHTML, like Gecko) Chrome/147.0.0.0 Mobile Safari/537.36"
190.235.38.78 - - [05/May/2026:07:46:23 -0500] "GET /wp-content/plugins/eventON/assets/css/eventon_styles.css?ver=3.0.2 HTTP/1.1" 200 21261 "https://www.ensad.edu.pe/" "Mozilla/5.0 (Linux; Android 10; K) AppleWebKit/537.36 (KHTML, like Gecko) Chrome/147.0.0.0 Mobile Safari/537.36"
190.235.38.78 - - [05/May/2026:07:46:23 -0500] "GET /wp-content/plugins/eventON/assets/fonts/all.css?ver=3.0.2 HTTP/1.1" 200 13456 "https://www.ensad.edu.pe/" "Mozilla/5.0 (Linux; Android 10; K) AppleWebKit/537.36 (KHTML, like Gecko) Chrome/147.0.0.0 Mobile Safari/537.36"
190.235.38.78 - - [05/May/2026:07:46:23 -0500] "GET /wp-content/plugins/eventON/assets/css/eventon_dynamic_styles.css?ver=3.0.2 HTTP/1.1" 200 2255 "https://www.ensad.edu.pe/" "Mozilla/5.0 (Linux; Android 10; K) AppleWebKit/537.36 (KHTML, like Gecko) Chrome/147.0.0.0 Mobile Safari/537.36"
190.235.38.78 - - [05/May/2026:07:46:23 -0500] "GET /wp-content/plugins/supreme-modules-pro-for-divi/styles/style.min.css?ver=3.9.92 HTTP/1.1" 200 29914 "https://www.ensad.edu.pe/" "Mozilla/5.0 (Linux; Android 10; K) AppleWebKit/537.36 (KHTML, like Gecko) Chrome/147.0.0.0 Mobile Safari/537.36"
190.235.38.78 - - [05/May/2026:07:46:24 -0500] "GET /wp-content/plugins/wpdatatables/integrations/starter/page-builders/divi-wpdt/styles/style.min.css?ver=1.0.0 HTTP/1.1" 200 1797 "https://www.ensad.edu.pe/" "Mozilla/5.0 (Linux; Android 10; K) AppleWebKit/537.36 (KHTML, like Gecko) Chrome/147.0.0.0 Mobile Safari/537.36"
190.235.38.78 - - [05/May/2026:07:46:24 -0500] "GET /wp-content/uploads/pum/pum-site-styles.css?generated=1747710144&ver=1.15.0 HTTP/1.1" 200 3468 "https://www.ensad.edu.pe/" "Mozilla/5.0 (Linux; Android 10; K) AppleWebKit/537.36 (KHTML, like Gecko) Chrome/147.0.0.0 Mobile Safari/537.36"
190.235.38.78 - - [05/May/2026:07:46:24 -0500] "GET /wp-content/plugins/wow-divi-carousel/styles/style.min.css?ver=1.0.0 HTTP/1.1" 200 4449 "https://www.ensad.edu.pe/" "Mozilla/5.0 (Linux; Android 10; K) AppleWebKit/537.36 (KHTML, like Gecko) Chrome/147.0.0.0 Mobile Safari/537.36"
190.235.38.78 - - [05/May/2026:07:46:24 -0500] "GET /wp-includes/css/dashicons.min.css?ver=5.5.3 HTTP/1.1" 200 35722 "https://www.ensad.edu.pe/" "Mozilla/5.0 (Linux; Android 10; K) AppleWebKit/537.36 (KHTML, like Gecko) Chrome/147.0.0.0 Mobile Safari/537.36"
190.235.38.78 - - [05/May/2026:07:46:24 -0500] "GET /wp-includes/js/jquery/jquery.js?ver=1.12.4-wp HTTP/1.1" 200 33776 "https://www.ensad.edu.pe/" "Mozilla/5.0 (Linux; Android 10; K) AppleWebKit/537.36 (KHTML, like Gecko) Chrome/147.0.0.0 Mobile Safari/537.36"
190.235.38.78 - - [05/May/2026:07:46:24 -0500] "GET /wp-content/plugins/popups-for-divi/scripts/ie-compat.min.js?ver=3.0.5 HTTP/1.1" 200 3695 "https://www.ensad.edu.pe/" "Mozilla/5.0 (Linux; Android 10; K) AppleWebKit/537.36 (KHTML, like Gecko) Chrome/147.0.0.0 Mobile Safari/537.36"
190.235.38.78 - - [05/May/2026:07:46:25 -0500] "GET /wp-content/plugins/popups-for-divi/scripts/front.min.js?ver=3.0.5 HTTP/1.1" 200 21335 "https://www.ensad.edu.pe/" "Mozilla/5.0 (Linux; Android 10; K) AppleWebKit/537.36 (KHTML, like Gecko) Chrome/147.0.0.0 Mobile Safari/537.36"
190.235.38.78 - - [05/May/2026:07:46:24 -0500] "GET /wp-content/uploads/2026/03/DJ_IV_IMG.jpg HTTP/1.1" 200 373493 "https://www.ensad.edu.pe/" "Mozilla/5.0 (Linux; Android 10; K) AppleWebKit/537.36 (KHTML, like Gecko) Chrome/147.0.0.0 Mobile Safari/537.36"
190.235.38.78 - - [05/May/2026:07:46:24 -0500] "GET /wp-content/uploads/2025/12/IMG_2511_01.jpg HTTP/1.1" 200 230503 "https://www.ensad.edu.pe/" "Mozilla/5.0 (Linux; Android 10; K) AppleWebKit/537.36 (KHTML, like Gecko) Chrome/147.0.0.0 Mobile Safari/537.36"
190.235.38.78 - - [05/May/2026:07:46:24 -0500] "GET /wp-content/uploads/2026/01/nota2201.jpg.jpeg HTTP/1.1" 200 352140 "https://www.ensad.edu.pe/" "Mozilla/5.0 (Linux; Android 10; K) AppleWebKit/537.36 (KHTML, like Gecko) Chrome/147.0.0.0 Mobile Safari/537.36"
190.235.38.78 - - [05/May/2026:07:46:25 -0500] "GET /wp-content/themes/Divi/core/admin/fonts/modules.ttf HTTP/1.1" 200 37445 "https://www.ensad.edu.pe/wp-content/themes/Divi/style.css?ver=5.5.3" "Mozilla/5.0 (Linux; Android 10; K) AppleWebKit/537.36 (KHTML, like Gecko) Chrome/147.0.0.0 Mobile Safari/537.36"
190.235.38.78 - - [05/May/2026:07:46:24 -0500] "GET /wp-content/uploads/2026/03/img_110326.jpg HTTP/1.1" 200 443659 "https://www.ensad.edu.pe/" "Mozilla/5.0 (Linux; Android 10; K) AppleWebKit/537.36 (KHTML, like Gecko) Chrome/147.0.0.0 Mobile Safari/537.36"
190.235.38.78 - - [05/May/2026:07:46:26 -0500] "GET /wp-content/plugins/wow-divi-carousel/assets/fonts/icowdc.ttf?sqw28v HTTP/1.1" 200 4382 "https://www.ensad.edu.pe/wp-content/plugins/wow-divi-carousel/assets/css/module-core.css?ver=5.5.3" "Mozilla/5.0 (Linux; Android 10; K) AppleWebKit/537.36 (KHTML, like Gecko) Chrome/147.0.0.0 Mobile Safari/537.36"
190.235.38.78 - - [05/May/2026:07:46:24 -0500] "GET /wp-content/uploads/2026/03/IMG_destacada_1203.jpg HTTP/1.1" 200 477716 "https://www.ensad.edu.pe/" "Mozilla/5.0 (Linux; Android 10; K) AppleWebKit/537.36 (KHTML, like Gecko) Chrome/147.0.0.0 Mobile Safari/537.36"
190.235.38.78 - - [05/May/2026:07:46:26 -0500] "GET /wp-content/plugins/wow-divi-carousel/assets/vendor/slick/slick.min.js?ver=1.4.2 HTTP/1.1" 200 10519 "https://www.ensad.edu.pe/" "Mozilla/5.0 (Linux; Android 10; K) AppleWebKit/537.36 (KHTML, like Gecko) Chrome/147.0.0.0 Mobile Safari/537.36"
190.235.38.78 - - [05/May/2026:07:46:26 -0500] "GET /wp-content/plugins/wow-divi-carousel/assets/js/wow-divi-carousel.js?ver=1.4.2 HTTP/1.1" 200 45 "https://www.ensad.edu.pe/" "Mozilla/5.0 (Linux; Android 10; K) AppleWebKit/537.36 (KHTML, like Gecko) Chrome/147.0.0.0 Mobile Safari/537.36"
190.235.38.78 - - [05/May/2026:07:46:26 -0500] "GET /wp-content/themes/Divi/core/admin/js/es6-promise.auto.min.js?ver=4.7.3 HTTP/1.1" 200 2684 "https://www.ensad.edu.pe/" "Mozilla/5.0 (Linux; Android 10; K) AppleWebKit/537.36 (KHTML, like Gecko) Chrome/147.0.0.0 Mobile Safari/537.36"
190.235.38.78 - - [05/May/2026:07:46:26 -0500] "GET /wp-content/themes/Divi/js/custom.unified.js?ver=4.7.3 HTTP/1.1" 200 135984 "https://www.ensad.edu.pe/" "Mozilla/5.0 (Linux; Android 10; K) AppleWebKit/537.36 (KHTML, like Gecko) Chrome/147.0.0.0 Mobile Safari/537.36"
190.235.38.78 - - [05/May/2026:07:46:26 -0500] "GET /wp-content/themes/Divi/core/admin/js/recaptcha.js?ver=4.7.3 HTTP/1.1" 200 712 "https://www.ensad.edu.pe/" "Mozilla/5.0 (Linux; Android 10; K) AppleWebKit/537.36 (KHTML, like Gecko) Chrome/147.0.0.0 Mobile Safari/537.36"
190.235.38.78 - - [05/May/2026:07:46:26 -0500] "GET /wp-content/plugins/dflip/assets/js/dflip.min.js?ver=1.6.6 HTTP/1.1" 200 40479 "https://www.ensad.edu.pe/" "Mozilla/5.0 (Linux; Android 10; K) AppleWebKit/537.36 (KHTML, like Gecko) Chrome/147.0.0.0 Mobile Safari/537.36"
190.235.38.78 - - [05/May/2026:07:46:26 -0500] "GET /wp-content/plugins/eventON/assets/js/eventon_functions.js?ver=3.0.2 HTTP/1.1" 200 3768 "https://www.ensad.edu.pe/" "Mozilla/5.0 (Linux; Android 10; K) AppleWebKit/537.36 (KHTML, like Gecko) Chrome/147.0.0.0 Mobile Safari/537.36"
190.235.38.78 - - [05/May/2026:07:46:27 -0500] "GET /wp-content/plugins/eventON/assets/js/lib/jquery.easing.1.3.js?ver=1.0 HTTP/1.1" 200 1986 "https://www.ensad.edu.pe/" "Mozilla/5.0 (Linux; Android 10; K) AppleWebKit/537.36 (KHTML, like Gecko) Chrome/147.0.0.0 Mobile Safari/537.36"
190.235.38.78 - - [05/May/2026:07:46:27 -0500] "GET /wp-content/plugins/eventON/assets/js/lib/handlebars.js?ver=3.0.2 HTTP/1.1" 200 38247 "https://www.ensad.edu.pe/" "Mozilla/5.0 (Linux; Android 10; K) AppleWebKit/537.36 (KHTML, like Gecko) Chrome/147.0.0.0 Mobile Safari/537.36"
190.235.38.78 - - [05/May/2026:07:46:28 -0500] "GET /wp-content/plugins/eventON/assets/js/lib/jquery.mobile.min.js?ver=3.0.2 HTTP/1.1" 200 2743 "https://www.ensad.edu.pe/" "Mozilla/5.0 (Linux; Android 10; K) AppleWebKit/537.36 (KHTML, like Gecko) Chrome/147.0.0.0 Mobile Safari/537.36"
190.235.38.78 - - [05/May/2026:07:46:28 -0500] "GET /wp-content/plugins/eventON/assets/js/lib/jquery.mousewheel.min.js?ver=3.0.2 HTTP/1.1" 200 716 "https://www.ensad.edu.pe/" "Mozilla/5.0 (Linux; Android 10; K) AppleWebKit/537.36 (KHTML, like Gecko) Chrome/147.0.0.0 Mobile Safari/537.36"
190.235.38.78 - - [05/May/2026:07:46:28 -0500] "GET /wp-content/plugins/eventON/assets/js/lib/moment.min.js?ver=3.0.2 HTTP/1.1" 200 17113 "https://www.ensad.edu.pe/" "Mozilla/5.0 (Linux; Android 10; K) AppleWebKit/537.36 (KHTML, like Gecko) Chrome/147.0.0.0 Mobile Safari/537.36"
190.235.38.78 - - [05/May/2026:07:46:28 -0500] "GET /wp-content/plugins/eventON/assets/js/eventon_script.js?ver=3.0.2 HTTP/1.1" 200 13449 "https://www.ensad.edu.pe/" "Mozilla/5.0 (Linux; Android 10; K) AppleWebKit/537.36 (KHTML, like Gecko) Chrome/147.0.0.0 Mobile Safari/537.36"
190.235.38.78 - - [05/May/2026:07:46:28 -0500] "GET /wp-content/plugins/supreme-modules-pro-for-divi/scripts/frontend-bundle.min.js?ver=3.9.92 HTTP/1.1" 200 619 "https://www.ensad.edu.pe/" "Mozilla/5.0 (Linux; Android 10; K) AppleWebKit/537.36 (KHTML, like Gecko) Chrome/147.0.0.0 Mobile Safari/537.36"
190.235.38.78 - - [05/May/2026:07:46:28 -0500] "GET /wp-content/plugins/wow-divi-carousel/scripts/frontend-bundle.min.js?ver=1.0.0 HTTP/1.1" 200 1694 "https://www.ensad.edu.pe/" "Mozilla/5.0 (Linux; Android 10; K) AppleWebKit/537.36 (KHTML, like Gecko) Chrome/147.0.0.0 Mobile Safari/537.36"
190.235.38.78 - - [05/May/2026:07:46:28 -0500] "GET /wp-content/plugins/wpdatatables/integrations/starter/page-builders/divi-wpdt/scripts/frontend-bundle.min.js?ver=1.0.0 HTTP/1.1" 200 327 "https://www.ensad.edu.pe/" "Mozilla/5.0 (Linux; Android 10; K) AppleWebKit/537.36 (KHTML, like Gecko) Chrome/147.0.0.0 Mobile Safari/537.36"
190.235.38.78 - - [05/May/2026:07:46:28 -0500] "GET /wp-includes/js/jquery/ui/position.min.js?ver=1.11.4 HTTP/1.1" 200 2507 "https://www.ensad.edu.pe/" "Mozilla/5.0 (Linux; Android 10; K) AppleWebKit/537.36 (KHTML, like Gecko) Chrome/147.0.0.0 Mobile Safari/537.36"
190.235.38.78 - - [05/May/2026:07:46:28 -0500] "GET /wp-includes/js/jquery/ui/core.min.js?ver=1.11.4 HTTP/1.1" 200 1813 "https://www.ensad.edu.pe/" "Mozilla/5.0 (Linux; Android 10; K) AppleWebKit/537.36 (KHTML, like Gecko) Chrome/147.0.0.0 Mobile Safari/537.36"
190.235.38.78 - - [05/May/2026:07:46:28 -0500] "GET /wp-content/uploads/pum/pum-site-scripts.js?defer&generated=1747710144&ver=1.15.0 HTTP/1.1" 200 17645 "https://www.ensad.edu.pe/" "Mozilla/5.0 (Linux; Android 10; K) AppleWebKit/537.36 (KHTML, like Gecko) Chrome/147.0.0.0 Mobile Safari/537.36"
190.235.38.78 - - [05/May/2026:07:46:28 -0500] "GET /wp-content/themes/Divi/core/admin/js/common.js?ver=4.7.3 HTTP/1.1" 200 577 "https://www.ensad.edu.pe/" "Mozilla/5.0 (Linux; Android 10; K) AppleWebKit/537.36 (KHTML, like Gecko) Chrome/147.0.0.0 Mobile Safari/537.36"
190.235.38.78 - - [05/May/2026:07:46:28 -0500] "GET /wp-content/plugins/popup-maker/assets/js/vendor/mobile-detect.min.js?ver=1.3.3 HTTP/1.1" 200 16296 "https://www.ensad.edu.pe/" "Mozilla/5.0 (Linux; Android 10; K) AppleWebKit/537.36 (KHTML, like Gecko) Chrome/147.0.0.0 Mobile Safari/537.36"
190.235.38.78 - - [05/May/2026:07:46:29 -0500] "GET /wp-includes/js/wp-embed.min.js?ver=5.5.3 HTTP/1.1" 200 769 "https://www.ensad.edu.pe/" "Mozilla/5.0 (Linux; Android 10; K) AppleWebKit/537.36 (KHTML, like Gecko) Chrome/147.0.0.0 Mobile Safari/537.36"
