74.7.227.61 - - [05/May/2026:08:40:20 -0500] "GET /?locale=fr HTTP/1.1" 200 12500 "https://cpanel.ensad.edu.pe/" "Mozilla/5.0 AppleWebKit/537.36 (KHTML, like Gecko; compatible; GPTBot/1.3; +https://openai.com/gptbot)"
74.7.227.61 - - [05/May/2026:08:40:20 -0500] "GET /?locale=vi HTTP/1.1" 200 12474 "https://cpanel.ensad.edu.pe/" "Mozilla/5.0 AppleWebKit/537.36 (KHTML, like Gecko; compatible; GPTBot/1.3; +https://openai.com/gptbot)"
167.86.88.122 - - [05/May/2026:08:40:21 -0500] "POST /wp-cron.php?doing_wp_cron=1777988421.4506940841674804687500 HTTP/1.1" 200 20 "https://www.ensad.edu.pe/wp-cron.php?doing_wp_cron=1777988421.4506940841674804687500" "WordPress/5.5.3; https://www.ensad.edu.pe"
74.7.227.61 - - [05/May/2026:08:40:21 -0500] "GET /?locale=pt HTTP/1.1" 200 12379 "https://cpanel.ensad.edu.pe/" "Mozilla/5.0 AppleWebKit/537.36 (KHTML, like Gecko; compatible; GPTBot/1.3; +https://openai.com/gptbot)"
74.7.227.61 - - [05/May/2026:08:40:22 -0500] "GET /?locale=fi HTTP/1.1" 200 12429 "https://cpanel.ensad.edu.pe/" "Mozilla/5.0 AppleWebKit/537.36 (KHTML, like Gecko; compatible; GPTBot/1.3; +https://openai.com/gptbot)"
103.59.160.219 - - [05/May/2026:08:40:22 -0500] "POST /xmlrpc.php HTTP/1.1" 503 7115 "-" "python-httpx/0.22.0"
92.222.104.194 - - [05/May/2026:08:40:21 -0500] "GET /ensad-represento-al-peru-en-el-liris-international-colloquium-de-paris/ HTTP/1.1" 200 37018 "-" "Mozilla/5.0 (compatible; AhrefsBot/7.0; +http://ahrefs.com/robot/)"
74.7.227.61 - - [05/May/2026:08:40:22 -0500] "GET /?locale=nb HTTP/1.1" 200 12384 "https://cpanel.ensad.edu.pe/" "Mozilla/5.0 AppleWebKit/537.36 (KHTML, like Gecko; compatible; GPTBot/1.3; +https://openai.com/gptbot)"
74.7.227.61 - - [05/May/2026:08:40:23 -0500] "GET /?locale=uk HTTP/1.1" 200 12663 "https://cpanel.ensad.edu.pe/" "Mozilla/5.0 AppleWebKit/537.36 (KHTML, like Gecko; compatible; GPTBot/1.3; +https://openai.com/gptbot)"
74.7.227.61 - - [05/May/2026:08:40:23 -0500] "GET /?locale=it HTTP/1.1" 200 12390 "https://cpanel.ensad.edu.pe/" "Mozilla/5.0 AppleWebKit/537.36 (KHTML, like Gecko; compatible; GPTBot/1.3; +https://openai.com/gptbot)"
74.7.227.61 - - [05/May/2026:08:40:24 -0500] "GET /?locale=zh_tw HTTP/1.1" 200 12661 "https://cpanel.ensad.edu.pe/" "Mozilla/5.0 AppleWebKit/537.36 (KHTML, like Gecko; compatible; GPTBot/1.3; +https://openai.com/gptbot)"
74.7.227.61 - - [05/May/2026:08:40:24 -0500] "GET /?locale=pt_br HTTP/1.1" 200 12383 "https://cpanel.ensad.edu.pe/" "Mozilla/5.0 AppleWebKit/537.36 (KHTML, like Gecko; compatible; GPTBot/1.3; +https://openai.com/gptbot)"
167.86.88.122 - - [05/May/2026:08:40:24 -0500] "POST /?wordfence_syncAttackData=1777988424.7247 HTTP/1.1" 200 20 "https://www.ensad.edu.pe/?wordfence_syncAttackData=1777988424.7247" "WordPress/5.5.3; https://www.ensad.edu.pe"
179.7.92.192 - - [05/May/2026:08:40:24 -0500] "GET /favicon.ico HTTP/1.1" 302 20 "https://www.ensad.edu.pe/wp-content/uploads/2026/03/2003_HORARIO-ACT_MANANA_2026-I.pdf" "Mozilla/5.0 (iPhone; CPU iPhone OS 18_7 like Mac OS X) AppleWebKit/605.1.15 (KHTML, like Gecko) Version/18.7.3 Mobile/15E148 Safari/604.1"
74.7.227.61 - - [05/May/2026:08:40:25 -0500] "GET /?locale=zh_cn HTTP/1.1" 200 12580 "https://cpanel.ensad.edu.pe/" "Mozilla/5.0 AppleWebKit/537.36 (KHTML, like Gecko; compatible; GPTBot/1.3; +https://openai.com/gptbot)"
179.7.92.192 - - [05/May/2026:08:40:25 -0500] "GET /wp-content/uploads/2026/04/cropped-unae_favico-32x32.png HTTP/1.1" 200 272 "https://www.ensad.edu.pe/wp-content/uploads/2026/03/2003_HORARIO-ACT_MANANA_2026-I.pdf" "Mozilla/5.0 (iPhone; CPU iPhone OS 18_7 like Mac OS X) AppleWebKit/605.1.15 (KHTML, like Gecko) Version/18.7.3 Mobile/15E148 Safari/604.1"
74.7.227.61 - - [05/May/2026:08:40:25 -0500] "GET /?locale=id HTTP/1.1" 200 12335 "https://cpanel.ensad.edu.pe/" "Mozilla/5.0 AppleWebKit/537.36 (KHTML, like Gecko; compatible; GPTBot/1.3; +https://openai.com/gptbot)"
74.7.227.61 - - [05/May/2026:08:40:26 -0500] "GET /?locale=i_cpanel_snowmen HTTP/1.1" 200 12177 "https://cpanel.ensad.edu.pe/" "Mozilla/5.0 AppleWebKit/537.36 (KHTML, like Gecko; compatible; GPTBot/1.3; +https://openai.com/gptbot)"
74.7.227.61 - - [05/May/2026:08:40:26 -0500] "GET /cPanel_magic_revision_1623418038/unprotected/cpanel/images/cpanel-logo.svg HTTP/1.1" 200 2632 "https://cpanel.ensad.edu.pe/" "Mozilla/5.0 AppleWebKit/537.36 (KHTML, like Gecko; compatible; GPTBot/1.3; +https://openai.com/gptbot)"
74.7.227.61 - - [05/May/2026:08:40:27 -0500] "GET /cPanel_magic_revision_1626431428/unprotected/cpanel/style_v2_optimized.css HTTP/1.1" 200 32592 "https://cpanel.ensad.edu.pe/" "Mozilla/5.0 AppleWebKit/537.36 (KHTML, like Gecko; compatible; GPTBot/1.3; +https://openai.com/gptbot)"
74.7.227.61 - - [05/May/2026:08:40:27 -0500] "GET /cPanel_magic_revision_1616517441/unprotected/cpanel/fonts/open_sans/open_sans.min.css HTTP/1.1" 200 521 "https://cpanel.ensad.edu.pe/" "Mozilla/5.0 AppleWebKit/537.36 (KHTML, like Gecko; compatible; GPTBot/1.3; +https://openai.com/gptbot)"
160.153.190.94 - - [05/May/2026:08:40:27 -0500] "GET / HTTP/1.1" 301 20 "-" "Mozilla/5.0 (Windows NT 10.0; Win64; x64) AppleWebKit/537.36 (KHTML, like Gecko) Chrome/97.0.4692.71 Safari/537.36"
160.153.190.94 - - [05/May/2026:08:40:28 -0500] "GET / HTTP/1.1" 200 38422 "-" "Mozilla/5.0 (Windows NT 10.0; Win64; x64) AppleWebKit/537.36 (KHTML, like Gecko) Chrome/97.0.4692.71 Safari/537.36"
160.153.190.94 - - [05/May/2026:08:40:30 -0500] "GET / HTTP/1.1" 200 12272 "-" "Mozilla/5.0 (Windows NT 10.0; Win64; x64) AppleWebKit/537.36 (KHTML, like Gecko) Chrome/97.0.4692.71 Safari/537.36"
91.92.243.236 - - [05/May/2026:08:40:38 -0500] "POST /wp-login.php HTTP/1.1" 503 18947 "-" "Mozilla/5.0"
91.92.243.236 - - [05/May/2026:08:40:38 -0500] "POST /wp-login.php HTTP/1.1" 503 18947 "-" "Mozilla/5.0"
167.86.88.122 - - [05/May/2026:08:41:08 -0500] "POST /wp-cron.php?doing_wp_cron=1777988468.2092249393463134765625 HTTP/1.1" 200 20 "https://www.ensad.edu.pe/wp-cron.php?doing_wp_cron=1777988468.2092249393463134765625" "WordPress/5.5.3; https://www.ensad.edu.pe"
5.39.1.225 - - [05/May/2026:08:41:08 -0500] "GET /03-arny-ramirez/ HTTP/1.1" 200 44079 "-" "Mozilla/5.0 (compatible; AhrefsBot/7.0; +http://ahrefs.com/robot/)"
167.86.88.122 - - [05/May/2026:08:41:09 -0500] "POST /wp-cron.php?doing_wp_cron=1777988469.7319478988647460937500 HTTP/1.1" 200 20 "https://www.ensad.edu.pe/wp-cron.php?doing_wp_cron=1777988469.7319478988647460937500" "WordPress/5.5.3; https://www.ensad.edu.pe"
179.6.74.101 - - [05/May/2026:08:41:09 -0500] "GET / HTTP/1.1" 200 38423 "https://www.google.com/" "Mozilla/5.0 (Linux; Android 10; K) AppleWebKit/537.36 (KHTML, like Gecko) Chrome/146.0.0.0 Mobile Safari/537.36"
179.6.74.101 - - [05/May/2026:08:41:11 -0500] "GET /wp-content/plugins/wpdatatables/integrations/starter/page-builders/divi-wpdt/styles/divi-wpdt.css?ver=7.3.5 HTTP/1.1" 200 225 "https://www.ensad.edu.pe/" "Mozilla/5.0 (Linux; Android 10; K) AppleWebKit/537.36 (KHTML, like Gecko) Chrome/146.0.0.0 Mobile Safari/537.36"
179.6.74.101 - - [05/May/2026:08:41:11 -0500] "GET /wp-content/plugins/gtranslate/gtranslate-style24.css?ver=5.5.3 HTTP/1.1" 200 299 "https://www.ensad.edu.pe/" "Mozilla/5.0 (Linux; Android 10; K) AppleWebKit/537.36 (KHTML, like Gecko) Chrome/146.0.0.0 Mobile Safari/537.36"
179.6.74.101 - - [05/May/2026:08:41:11 -0500] "GET /wp-content/plugins/formidable/css/formidableforms.css?ver=5181606 HTTP/1.1" 200 8581 "https://www.ensad.edu.pe/" "Mozilla/5.0 (Linux; Android 10; K) AppleWebKit/537.36 (KHTML, like Gecko) Chrome/146.0.0.0 Mobile Safari/537.36"
179.6.74.101 - - [05/May/2026:08:41:11 -0500] "GET /wp-content/plugins/superb-social-share-and-follow-buttons//assets/css/frontend.css?ver=101.0.0 HTTP/1.1" 200 2157 "https://www.ensad.edu.pe/" "Mozilla/5.0 (Linux; Android 10; K) AppleWebKit/537.36 (KHTML, like Gecko) Chrome/146.0.0.0 Mobile Safari/537.36"
179.6.74.101 - - [05/May/2026:08:41:11 -0500] "GET /wp-includes/css/dist/block-library/style.min.css?ver=5.5.3 HTTP/1.1" 200 7907 "https://www.ensad.edu.pe/" "Mozilla/5.0 (Linux; Android 10; K) AppleWebKit/537.36 (KHTML, like Gecko) Chrome/146.0.0.0 Mobile Safari/537.36"
179.6.74.101 - - [05/May/2026:08:41:11 -0500] "GET /wp-content/plugins/popups-for-divi/styles/front.min.css?ver=3.0.5 HTTP/1.1" 200 1641 "https://www.ensad.edu.pe/" "Mozilla/5.0 (Linux; Android 10; K) AppleWebKit/537.36 (KHTML, like Gecko) Chrome/146.0.0.0 Mobile Safari/537.36"
179.6.74.101 - - [05/May/2026:08:41:11 -0500] "GET /wp-content/plugins/wow-divi-carousel/assets/css/module-core.css?ver=5.5.3 HTTP/1.1" 200 3834 "https://www.ensad.edu.pe/" "Mozilla/5.0 (Linux; Android 10; K) AppleWebKit/537.36 (KHTML, like Gecko) Chrome/146.0.0.0 Mobile Safari/537.36"
179.6.74.101 - - [05/May/2026:08:41:11 -0500] "GET /wp-content/plugins/wow-divi-carousel/assets/vendor/slick/slick-theme.css?ver=1.4.2 HTTP/1.1" 200 866 "https://www.ensad.edu.pe/" "Mozilla/5.0 (Linux; Android 10; K) AppleWebKit/537.36 (KHTML, like Gecko) Chrome/146.0.0.0 Mobile Safari/537.36"
179.6.74.101 - - [05/May/2026:08:41:11 -0500] "GET /wp-content/plugins/wow-divi-carousel/assets/vendor/slick/slick.css?ver=1.4.2 HTTP/1.1" 200 569 "https://www.ensad.edu.pe/" "Mozilla/5.0 (Linux; Android 10; K) AppleWebKit/537.36 (KHTML, like Gecko) Chrome/146.0.0.0 Mobile Safari/537.36"
179.6.74.101 - - [05/May/2026:08:41:11 -0500] "GET /wp-content/themes/Divi-Child-Theme/style.css?ver=4.7.3 HTTP/1.1" 200 297 "https://www.ensad.edu.pe/" "Mozilla/5.0 (Linux; Android 10; K) AppleWebKit/537.36 (KHTML, like Gecko) Chrome/146.0.0.0 Mobile Safari/537.36"
179.6.74.101 - - [05/May/2026:08:41:11 -0500] "GET /wp-content/themes/Divi/style.css?ver=5.5.3 HTTP/1.1" 200 81311 "https://www.ensad.edu.pe/" "Mozilla/5.0 (Linux; Android 10; K) AppleWebKit/537.36 (KHTML, like Gecko) Chrome/146.0.0.0 Mobile Safari/537.36"
179.6.74.101 - - [05/May/2026:08:41:11 -0500] "GET /wp-content/plugins/dflip/assets/css/themify-icons.min.css?ver=1.6.6 HTTP/1.1" 200 2814 "https://www.ensad.edu.pe/" "Mozilla/5.0 (Linux; Android 10; K) AppleWebKit/537.36 (KHTML, like Gecko) Chrome/146.0.0.0 Mobile Safari/537.36"
179.6.74.101 - - [05/May/2026:08:41:11 -0500] "GET /wp-content/plugins/dflip/assets/css/dflip.min.css?ver=1.6.6 HTTP/1.1" 200 5343 "https://www.ensad.edu.pe/" "Mozilla/5.0 (Linux; Android 10; K) AppleWebKit/537.36 (KHTML, like Gecko) Chrome/146.0.0.0 Mobile Safari/537.36"
179.6.74.101 - - [05/May/2026:08:41:11 -0500] "GET /wp-content/plugins/eventON/assets/css/eventon_styles.css?ver=3.0.2 HTTP/1.1" 200 21261 "https://www.ensad.edu.pe/" "Mozilla/5.0 (Linux; Android 10; K) AppleWebKit/537.36 (KHTML, like Gecko) Chrome/146.0.0.0 Mobile Safari/537.36"
179.6.74.101 - - [05/May/2026:08:41:11 -0500] "GET /wp-content/plugins/eventON/assets/fonts/all.css?ver=3.0.2 HTTP/1.1" 200 13456 "https://www.ensad.edu.pe/" "Mozilla/5.0 (Linux; Android 10; K) AppleWebKit/537.36 (KHTML, like Gecko) Chrome/146.0.0.0 Mobile Safari/537.36"
179.6.74.101 - - [05/May/2026:08:41:11 -0500] "GET /wp-content/plugins/eventON/assets/css/eventon_dynamic_styles.css?ver=3.0.2 HTTP/1.1" 200 2255 "https://www.ensad.edu.pe/" "Mozilla/5.0 (Linux; Android 10; K) AppleWebKit/537.36 (KHTML, like Gecko) Chrome/146.0.0.0 Mobile Safari/537.36"
179.6.74.101 - - [05/May/2026:08:41:12 -0500] "GET /wp-content/plugins/supreme-modules-pro-for-divi/styles/style.min.css?ver=3.9.92 HTTP/1.1" 200 29914 "https://www.ensad.edu.pe/" "Mozilla/5.0 (Linux; Android 10; K) AppleWebKit/537.36 (KHTML, like Gecko) Chrome/146.0.0.0 Mobile Safari/537.36"
179.6.74.101 - - [05/May/2026:08:41:12 -0500] "GET /wp-content/plugins/wow-divi-carousel/styles/style.min.css?ver=1.0.0 HTTP/1.1" 200 4449 "https://www.ensad.edu.pe/" "Mozilla/5.0 (Linux; Android 10; K) AppleWebKit/537.36 (KHTML, like Gecko) Chrome/146.0.0.0 Mobile Safari/537.36"
179.6.74.101 - - [05/May/2026:08:41:12 -0500] "GET /wp-content/plugins/wpdatatables/integrations/starter/page-builders/divi-wpdt/styles/style.min.css?ver=1.0.0 HTTP/1.1" 200 1797 "https://www.ensad.edu.pe/" "Mozilla/5.0 (Linux; Android 10; K) AppleWebKit/537.36 (KHTML, like Gecko) Chrome/146.0.0.0 Mobile Safari/537.36"
179.6.74.101 - - [05/May/2026:08:41:12 -0500] "GET /wp-content/uploads/pum/pum-site-styles.css?generated=1747710144&ver=1.15.0 HTTP/1.1" 200 3468 "https://www.ensad.edu.pe/" "Mozilla/5.0 (Linux; Android 10; K) AppleWebKit/537.36 (KHTML, like Gecko) Chrome/146.0.0.0 Mobile Safari/537.36"
179.6.74.101 - - [05/May/2026:08:41:12 -0500] "GET /wp-includes/css/dashicons.min.css?ver=5.5.3 HTTP/1.1" 200 35722 "https://www.ensad.edu.pe/" "Mozilla/5.0 (Linux; Android 10; K) AppleWebKit/537.36 (KHTML, like Gecko) Chrome/146.0.0.0 Mobile Safari/537.36"
179.6.74.101 - - [05/May/2026:08:41:12 -0500] "GET /wp-includes/js/jquery/jquery.js?ver=1.12.4-wp HTTP/1.1" 200 33776 "https://www.ensad.edu.pe/" "Mozilla/5.0 (Linux; Android 10; K) AppleWebKit/537.36 (KHTML, like Gecko) Chrome/146.0.0.0 Mobile Safari/537.36"
179.6.74.101 - - [05/May/2026:08:41:12 -0500] "GET /wp-content/plugins/popups-for-divi/scripts/ie-compat.min.js?ver=3.0.5 HTTP/1.1" 200 3695 "https://www.ensad.edu.pe/" "Mozilla/5.0 (Linux; Android 10; K) AppleWebKit/537.36 (KHTML, like Gecko) Chrome/146.0.0.0 Mobile Safari/537.36"
179.6.74.101 - - [05/May/2026:08:41:12 -0500] "GET /wp-content/plugins/popups-for-divi/scripts/front.min.js?ver=3.0.5 HTTP/1.1" 200 21335 "https://www.ensad.edu.pe/" "Mozilla/5.0 (Linux; Android 10; K) AppleWebKit/537.36 (KHTML, like Gecko) Chrome/146.0.0.0 Mobile Safari/537.36"
179.6.74.101 - - [05/May/2026:08:41:12 -0500] "GET /wp-content/uploads/2026/03/DJ_IV_IMG.jpg HTTP/1.1" 200 373493 "https://www.ensad.edu.pe/" "Mozilla/5.0 (Linux; Android 10; K) AppleWebKit/537.36 (KHTML, like Gecko) Chrome/146.0.0.0 Mobile Safari/537.36"
179.6.74.101 - - [05/May/2026:08:41:12 -0500] "GET /wp-content/uploads/2026/03/IMG_destacada_1203.jpg HTTP/1.1" 200 477716 "https://www.ensad.edu.pe/" "Mozilla/5.0 (Linux; Android 10; K) AppleWebKit/537.36 (KHTML, like Gecko) Chrome/146.0.0.0 Mobile Safari/537.36"
179.6.74.101 - - [05/May/2026:08:41:12 -0500] "GET /wp-content/uploads/2025/12/IMG_2511_01.jpg HTTP/1.1" 200 230503 "https://www.ensad.edu.pe/" "Mozilla/5.0 (Linux; Android 10; K) AppleWebKit/537.36 (KHTML, like Gecko) Chrome/146.0.0.0 Mobile Safari/537.36"
179.6.74.101 - - [05/May/2026:08:41:12 -0500] "GET /wp-content/uploads/2026/03/img_110326.jpg HTTP/1.1" 200 443659 "https://www.ensad.edu.pe/" "Mozilla/5.0 (Linux; Android 10; K) AppleWebKit/537.36 (KHTML, like Gecko) Chrome/146.0.0.0 Mobile Safari/537.36"
179.6.74.101 - - [05/May/2026:08:41:13 -0500] "GET /wp-content/themes/Divi/core/admin/fonts/modules.ttf HTTP/1.1" 200 37445 "https://www.ensad.edu.pe/wp-content/themes/Divi/style.css?ver=5.5.3" "Mozilla/5.0 (Linux; Android 10; K) AppleWebKit/537.36 (KHTML, like Gecko) Chrome/146.0.0.0 Mobile Safari/537.36"
179.6.74.101 - - [05/May/2026:08:41:13 -0500] "GET /wp-content/plugins/wow-divi-carousel/assets/fonts/icowdc.ttf?sqw28v HTTP/1.1" 200 4382 "https://www.ensad.edu.pe/wp-content/plugins/wow-divi-carousel/assets/css/module-core.css?ver=5.5.3" "Mozilla/5.0 (Linux; Android 10; K) AppleWebKit/537.36 (KHTML, like Gecko) Chrome/146.0.0.0 Mobile Safari/537.36"
179.6.74.101 - - [05/May/2026:08:41:13 -0500] "GET /wp-content/plugins/wow-divi-carousel/assets/vendor/slick/slick.min.js?ver=1.4.2 HTTP/1.1" 200 10519 "https://www.ensad.edu.pe/" "Mozilla/5.0 (Linux; Android 10; K) AppleWebKit/537.36 (KHTML, like Gecko) Chrome/146.0.0.0 Mobile Safari/537.36"
179.6.74.101 - - [05/May/2026:08:41:13 -0500] "GET /wp-content/plugins/wow-divi-carousel/assets/js/wow-divi-carousel.js?ver=1.4.2 HTTP/1.1" 200 45 "https://www.ensad.edu.pe/" "Mozilla/5.0 (Linux; Android 10; K) AppleWebKit/537.36 (KHTML, like Gecko) Chrome/146.0.0.0 Mobile Safari/537.36"
179.6.74.101 - - [05/May/2026:08:41:13 -0500] "GET /wp-content/themes/Divi/js/custom.unified.js?ver=4.7.3 HTTP/1.1" 200 135984 "https://www.ensad.edu.pe/" "Mozilla/5.0 (Linux; Android 10; K) AppleWebKit/537.36 (KHTML, like Gecko) Chrome/146.0.0.0 Mobile Safari/537.36"
179.6.74.101 - - [05/May/2026:08:41:12 -0500] "GET /wp-content/uploads/2026/01/nota2201.jpg.jpeg HTTP/1.1" 200 352140 "https://www.ensad.edu.pe/" "Mozilla/5.0 (Linux; Android 10; K) AppleWebKit/537.36 (KHTML, like Gecko) Chrome/146.0.0.0 Mobile Safari/537.36"
179.6.74.101 - - [05/May/2026:08:41:13 -0500] "GET /wp-content/plugins/dflip/assets/js/dflip.min.js?ver=1.6.6 HTTP/1.1" 200 40479 "https://www.ensad.edu.pe/" "Mozilla/5.0 (Linux; Android 10; K) AppleWebKit/537.36 (KHTML, like Gecko) Chrome/146.0.0.0 Mobile Safari/537.36"
179.6.74.101 - - [05/May/2026:08:41:13 -0500] "GET /wp-content/plugins/eventON/assets/js/eventon_functions.js?ver=3.0.2 HTTP/1.1" 200 3768 "https://www.ensad.edu.pe/" "Mozilla/5.0 (Linux; Android 10; K) AppleWebKit/537.36 (KHTML, like Gecko) Chrome/146.0.0.0 Mobile Safari/537.36"
179.6.74.101 - - [05/May/2026:08:41:14 -0500] "GET /wp-content/themes/Divi/core/admin/js/recaptcha.js?ver=4.7.3 HTTP/1.1" 200 712 "https://www.ensad.edu.pe/" "Mozilla/5.0 (Linux; Android 10; K) AppleWebKit/537.36 (KHTML, like Gecko) Chrome/146.0.0.0 Mobile Safari/537.36"
179.6.74.101 - - [05/May/2026:08:41:14 -0500] "GET /wp-content/themes/Divi/core/admin/js/es6-promise.auto.min.js?ver=4.7.3 HTTP/1.1" 200 2684 "https://www.ensad.edu.pe/" "Mozilla/5.0 (Linux; Android 10; K) AppleWebKit/537.36 (KHTML, like Gecko) Chrome/146.0.0.0 Mobile Safari/537.36"
179.6.74.101 - - [05/May/2026:08:41:14 -0500] "GET /wp-content/plugins/eventON/assets/js/lib/jquery.easing.1.3.js?ver=1.0 HTTP/1.1" 200 1986 "https://www.ensad.edu.pe/" "Mozilla/5.0 (Linux; Android 10; K) AppleWebKit/537.36 (KHTML, like Gecko) Chrome/146.0.0.0 Mobile Safari/537.36"
179.6.74.101 - - [05/May/2026:08:41:14 -0500] "GET /wp-content/plugins/eventON/assets/js/lib/handlebars.js?ver=3.0.2 HTTP/1.1" 200 38247 "https://www.ensad.edu.pe/" "Mozilla/5.0 (Linux; Android 10; K) AppleWebKit/537.36 (KHTML, like Gecko) Chrome/146.0.0.0 Mobile Safari/537.36"
179.6.74.101 - - [05/May/2026:08:41:14 -0500] "GET /wp-content/plugins/eventON/assets/js/lib/jquery.mobile.min.js?ver=3.0.2 HTTP/1.1" 200 2743 "https://www.ensad.edu.pe/" "Mozilla/5.0 (Linux; Android 10; K) AppleWebKit/537.36 (KHTML, like Gecko) Chrome/146.0.0.0 Mobile Safari/537.36"
179.6.74.101 - - [05/May/2026:08:41:14 -0500] "GET /wp-content/plugins/eventON/assets/js/lib/moment.min.js?ver=3.0.2 HTTP/1.1" 200 17113 "https://www.ensad.edu.pe/" "Mozilla/5.0 (Linux; Android 10; K) AppleWebKit/537.36 (KHTML, like Gecko) Chrome/146.0.0.0 Mobile Safari/537.36"
179.6.74.101 - - [05/May/2026:08:41:14 -0500] "GET /wp-content/plugins/eventON/assets/js/lib/jquery.mousewheel.min.js?ver=3.0.2 HTTP/1.1" 200 716 "https://www.ensad.edu.pe/" "Mozilla/5.0 (Linux; Android 10; K) AppleWebKit/537.36 (KHTML, like Gecko) Chrome/146.0.0.0 Mobile Safari/537.36"
179.6.74.101 - - [05/May/2026:08:41:14 -0500] "GET /wp-content/plugins/eventON/assets/js/eventon_script.js?ver=3.0.2 HTTP/1.1" 200 13449 "https://www.ensad.edu.pe/" "Mozilla/5.0 (Linux; Android 10; K) AppleWebKit/537.36 (KHTML, like Gecko) Chrome/146.0.0.0 Mobile Safari/537.36"
179.6.74.101 - - [05/May/2026:08:41:14 -0500] "GET /wp-content/plugins/supreme-modules-pro-for-divi/scripts/frontend-bundle.min.js?ver=3.9.92 HTTP/1.1" 200 619 "https://www.ensad.edu.pe/" "Mozilla/5.0 (Linux; Android 10; K) AppleWebKit/537.36 (KHTML, like Gecko) Chrome/146.0.0.0 Mobile Safari/537.36"
179.6.74.101 - - [05/May/2026:08:41:14 -0500] "GET /wp-content/plugins/wow-divi-carousel/scripts/frontend-bundle.min.js?ver=1.0.0 HTTP/1.1" 200 1694 "https://www.ensad.edu.pe/" "Mozilla/5.0 (Linux; Android 10; K) AppleWebKit/537.36 (KHTML, like Gecko) Chrome/146.0.0.0 Mobile Safari/537.36"
179.6.74.101 - - [05/May/2026:08:41:14 -0500] "GET /wp-content/plugins/wpdatatables/integrations/starter/page-builders/divi-wpdt/scripts/frontend-bundle.min.js?ver=1.0.0 HTTP/1.1" 200 327 "https://www.ensad.edu.pe/" "Mozilla/5.0 (Linux; Android 10; K) AppleWebKit/537.36 (KHTML, like Gecko) Chrome/146.0.0.0 Mobile Safari/537.36"
179.6.74.101 - - [05/May/2026:08:41:14 -0500] "GET /wp-includes/js/jquery/ui/core.min.js?ver=1.11.4 HTTP/1.1" 200 1813 "https://www.ensad.edu.pe/" "Mozilla/5.0 (Linux; Android 10; K) AppleWebKit/537.36 (KHTML, like Gecko) Chrome/146.0.0.0 Mobile Safari/537.36"
179.6.74.101 - - [05/May/2026:08:41:14 -0500] "GET /wp-includes/js/jquery/ui/position.min.js?ver=1.11.4 HTTP/1.1" 200 2507 "https://www.ensad.edu.pe/" "Mozilla/5.0 (Linux; Android 10; K) AppleWebKit/537.36 (KHTML, like Gecko) Chrome/146.0.0.0 Mobile Safari/537.36"
179.6.74.101 - - [05/May/2026:08:41:14 -0500] "GET /wp-content/uploads/pum/pum-site-scripts.js?defer&generated=1747710144&ver=1.15.0 HTTP/1.1" 200 17645 "https://www.ensad.edu.pe/" "Mozilla/5.0 (Linux; Android 10; K) AppleWebKit/537.36 (KHTML, like Gecko) Chrome/146.0.0.0 Mobile Safari/537.36"
179.6.74.101 - - [05/May/2026:08:41:14 -0500] "GET /wp-content/plugins/popup-maker/assets/js/vendor/mobile-detect.min.js?ver=1.3.3 HTTP/1.1" 200 16296 "https://www.ensad.edu.pe/" "Mozilla/5.0 (Linux; Android 10; K) AppleWebKit/537.36 (KHTML, like Gecko) Chrome/146.0.0.0 Mobile Safari/537.36"
179.6.74.101 - - [05/May/2026:08:41:14 -0500] "GET /wp-content/themes/Divi/core/admin/js/common.js?ver=4.7.3 HTTP/1.1" 200 577 "https://www.ensad.edu.pe/" "Mozilla/5.0 (Linux; Android 10; K) AppleWebKit/537.36 (KHTML, like Gecko) Chrome/146.0.0.0 Mobile Safari/537.36"
179.6.74.101 - - [05/May/2026:08:41:14 -0500] "GET /wp-includes/js/wp-embed.min.js?ver=5.5.3 HTTP/1.1" 200 769 "https://www.ensad.edu.pe/" "Mozilla/5.0 (Linux; Android 10; K) AppleWebKit/537.36 (KHTML, like Gecko) Chrome/146.0.0.0 Mobile Safari/537.36"
179.6.74.101 - - [05/May/2026:08:41:14 -0500] "GET /wp-content/plugins/eventON/assets/js/maps/eventon_gen_maps.js?ver=3.0.2 HTTP/1.1" 200 1907 "https://www.ensad.edu.pe/" "Mozilla/5.0 (Linux; Android 10; K) AppleWebKit/537.36 (KHTML, like Gecko) Chrome/146.0.0.0 Mobile Safari/537.36"
179.6.74.101 - - [05/May/2026:08:41:14 -0500] "GET /wp-content/plugins/eventON/assets/js/maps/eventon_init_gmap.js?ver=1.0 HTTP/1.1" 200 153 "https://www.ensad.edu.pe/" "Mozilla/5.0 (Linux; Android 10; K) AppleWebKit/537.36 (KHTML, like Gecko) Chrome/146.0.0.0 Mobile Safari/537.36"
179.6.74.101 - - [05/May/2026:08:41:14 -0500] "GET /wp-content/uploads/2026/04/LOGOFINALENSAD-300x91-1.png HTTP/1.1" 200 14654 "https://www.ensad.edu.pe/" "Mozilla/5.0 (Linux; Android 10; K) AppleWebKit/537.36 (KHTML, like Gecko) Chrome/146.0.0.0 Mobile Safari/537.36"
179.6.74.101 - - [05/May/2026:08:41:14 -0500] "GET /wp-content/uploads/2026/04/01.jpeg HTTP/1.1" 200 3132 "https://www.ensad.edu.pe/" "Mozilla/5.0 (Linux; Android 10; K) AppleWebKit/537.36 (KHTML, like Gecko) Chrome/146.0.0.0 Mobile Safari/537.36"
179.6.74.101 - - [05/May/2026:08:41:14 -0500] "GET /wp-content/uploads/2026/04/E-12-1.png HTTP/1.1" 200 4596 "https://www.ensad.edu.pe/" "Mozilla/5.0 (Linux; Android 10; K) AppleWebKit/537.36 (KHTML, like Gecko) Chrome/146.0.0.0 Mobile Safari/537.36"
179.6.74.101 - - [05/May/2026:08:41:14 -0500] "GET /wp-content/uploads/2026/04/N-13-1.png HTTP/1.1" 200 6646 "https://www.ensad.edu.pe/" "Mozilla/5.0 (Linux; Android 10; K) AppleWebKit/537.36 (KHTML, like Gecko) Chrome/146.0.0.0 Mobile Safari/537.36"
179.6.74.101 - - [05/May/2026:08:41:15 -0500] "GET /wp-content/uploads/2026/04/S-14-1.png HTTP/1.1" 200 5173 "https://www.ensad.edu.pe/" "Mozilla/5.0 (Linux; Android 10; K) AppleWebKit/537.36 (KHTML, like Gecko) Chrome/146.0.0.0 Mobile Safari/537.36"
179.6.74.101 - - [05/May/2026:08:41:15 -0500] "GET /wp-content/uploads/2026/04/A-15-1.png HTTP/1.1" 200 4561 "https://www.ensad.edu.pe/" "Mozilla/5.0 (Linux; Android 10; K) AppleWebKit/537.36 (KHTML, like Gecko) Chrome/146.0.0.0 Mobile Safari/537.36"
179.6.74.101 - - [05/May/2026:08:41:15 -0500] "GET /wp-content/uploads/2026/04/D-16-1.png HTTP/1.1" 200 4727 "https://www.ensad.edu.pe/" "Mozilla/5.0 (Linux; Android 10; K) AppleWebKit/537.36 (KHTML, like Gecko) Chrome/146.0.0.0 Mobile Safari/537.36"
179.6.74.101 - - [05/May/2026:08:41:15 -0500] "GET /wp-content/uploads/2024/03/quienes_somos.jpg HTTP/1.1" 200 131381 "https://www.ensad.edu.pe/" "Mozilla/5.0 (Linux; Android 10; K) AppleWebKit/537.36 (KHTML, like Gecko) Chrome/146.0.0.0 Mobile Safari/537.36"
179.6.74.101 - - [05/May/2026:08:41:15 -0500] "GET /wp-content/uploads/2025/07/directora-over.jpg HTTP/1.1" 200 115748 "https://www.ensad.edu.pe/" "Mozilla/5.0 (Linux; Android 10; K) AppleWebKit/537.36 (KHTML, like Gecko) Chrome/146.0.0.0 Mobile Safari/537.36"
179.6.74.101 - - [05/May/2026:08:41:15 -0500] "GET /wp-content/uploads/2023/02/educacion_icon.png HTTP/1.1" 200 2370 "https://www.ensad.edu.pe/" "Mozilla/5.0 (Linux; Android 10; K) AppleWebKit/537.36 (KHTML, like Gecko) Chrome/146.0.0.0 Mobile Safari/537.36"
179.6.74.101 - - [05/May/2026:08:41:15 -0500] "GET /wp-content/uploads/2023/02/diseno_logo-300x300.png HTTP/1.1" 200 1201 "https://www.ensad.edu.pe/" "Mozilla/5.0 (Linux; Android 10; K) AppleWebKit/537.36 (KHTML, like Gecko) Chrome/146.0.0.0 Mobile Safari/537.36"
179.6.74.101 - - [05/May/2026:08:41:15 -0500] "GET /wp-content/uploads/2023/02/actuacion_icon.png HTTP/1.1" 200 6083 "https://www.ensad.edu.pe/" "Mozilla/5.0 (Linux; Android 10; K) AppleWebKit/537.36 (KHTML, like Gecko) Chrome/146.0.0.0 Mobile Safari/537.36"
179.6.74.101 - - [05/May/2026:08:41:15 -0500] "GET /wp-content/uploads/2025/03/b_unae_web.jpg HTTP/1.1" 200 163513 "https://www.ensad.edu.pe/" "Mozilla/5.0 (Linux; Android 10; K) AppleWebKit/537.36 (KHTML, like Gecko) Chrome/146.0.0.0 Mobile Safari/537.36"
179.6.74.101 - - [05/May/2026:08:41:15 -0500] "GET /wp-content/uploads/2024/10/BannerWeb.png HTTP/1.1" 200 237474 "https://www.ensad.edu.pe/" "Mozilla/5.0 (Linux; Android 10; K) AppleWebKit/537.36 (KHTML, like Gecko) Chrome/146.0.0.0 Mobile Safari/537.36"
179.6.74.101 - - [05/May/2026:08:41:15 -0500] "GET /wp-content/uploads/2024/10/banner_revista_liminal.jpg HTTP/1.1" 200 162885 "https://www.ensad.edu.pe/" "Mozilla/5.0 (Linux; Android 10; K) AppleWebKit/537.36 (KHTML, like Gecko) Chrome/146.0.0.0 Mobile Safari/537.36"
179.6.74.101 - - [05/May/2026:08:41:15 -0500] "GET /wp-content/uploads/2024/01/banner_fondo.jpg HTTP/1.1" 200 188152 "https://www.ensad.edu.pe/" "Mozilla/5.0 (Linux; Android 10; K) AppleWebKit/537.36 (KHTML, like Gecko) Chrome/146.0.0.0 Mobile Safari/537.36"
179.6.74.101 - - [05/May/2026:08:41:15 -0500] "GET /wp-content/plugins/wow-divi-carousel/assets/vendor/slick/ajax-loader.gif HTTP/1.1" 200 4178 "https://www.ensad.edu.pe/wp-content/plugins/wow-divi-carousel/assets/vendor/slick/slick-theme.css?ver=1.4.2" "Mozilla/5.0 (Linux; Android 10; K) AppleWebKit/537.36 (KHTML, like Gecko) Chrome/146.0.0.0 Mobile Safari/537.36"
179.6.74.101 - - [05/May/2026:08:41:15 -0500] "GET /wp-content/uploads/2026/04/Slider_Admision2026.jpg HTTP/1.1" 200 411734 "https://www.ensad.edu.pe/" "Mozilla/5.0 (Linux; Android 10; K) AppleWebKit/537.36 (KHTML, like Gecko) Chrome/146.0.0.0 Mobile Safari/537.36"
103.59.160.219 - - [05/May/2026:08:41:16 -0500] "POST /xmlrpc.php HTTP/1.1" 503 7117 "-" "python-httpx/0.22.0"
132.251.1.4 - - [05/May/2026:08:41:15 -0500] "GET /serv-academicos/guia-de-solicitudes-ensad/ HTTP/1.1" 200 41421 "https://www.google.com/" "Mozilla/5.0 (X11; Linux x86_64) AppleWebKit/537.36 (KHTML, like Gecko) Chrome/147.0.0.0 Safari/537.36"
132.251.1.4 - - [05/May/2026:08:41:17 -0500] "GET /wp-content/plugins/wpdatatables/integrations/starter/page-builders/divi-wpdt/styles/divi-wpdt.css?ver=7.3.5 HTTP/1.1" 200 225 "https://www.ensad.edu.pe/serv-academicos/guia-de-solicitudes-ensad/" "Mozilla/5.0 (X11; Linux x86_64) AppleWebKit/537.36 (KHTML, like Gecko) Chrome/147.0.0.0 Safari/537.36"
132.251.1.4 - - [05/May/2026:08:41:17 -0500] "GET /wp-content/plugins/wpdatatables/integrations/starter/page-builders/divi-wpdt/styles/style.min.css?ver=1.0.0 HTTP/1.1" 200 1797 "https://www.ensad.edu.pe/serv-academicos/guia-de-solicitudes-ensad/" "Mozilla/5.0 (X11; Linux x86_64) AppleWebKit/537.36 (KHTML, like Gecko) Chrome/147.0.0.0 Safari/537.36"
132.251.1.4 - - [05/May/2026:08:41:17 -0500] "GET /wp-content/themes/Divi/style.css?ver=5.5.3 HTTP/1.1" 304 - "https://www.ensad.edu.pe/serv-academicos/guia-de-solicitudes-ensad/" "Mozilla/5.0 (X11; Linux x86_64) AppleWebKit/537.36 (KHTML, like Gecko) Chrome/147.0.0.0 Safari/537.36"
132.251.1.4 - - [05/May/2026:08:41:17 -0500] "GET /wp-content/plugins/eventON/assets/css/eventon_styles.css?ver=3.0.2 HTTP/1.1" 304 - "https://www.ensad.edu.pe/serv-academicos/guia-de-solicitudes-ensad/" "Mozilla/5.0 (X11; Linux x86_64) AppleWebKit/537.36 (KHTML, like Gecko) Chrome/147.0.0.0 Safari/537.36"
132.251.1.4 - - [05/May/2026:08:41:17 -0500] "GET /wp-content/plugins/supreme-modules-pro-for-divi/styles/style.min.css?ver=3.9.92 HTTP/1.1" 304 - "https://www.ensad.edu.pe/serv-academicos/guia-de-solicitudes-ensad/" "Mozilla/5.0 (X11; Linux x86_64) AppleWebKit/537.36 (KHTML, like Gecko) Chrome/147.0.0.0 Safari/537.36"
132.251.1.4 - - [05/May/2026:08:41:17 -0500] "GET /wp-includes/css/dashicons.min.css?ver=5.5.3 HTTP/1.1" 304 - "https://www.ensad.edu.pe/serv-academicos/guia-de-solicitudes-ensad/" "Mozilla/5.0 (X11; Linux x86_64) AppleWebKit/537.36 (KHTML, like Gecko) Chrome/147.0.0.0 Safari/537.36"
132.251.1.4 - - [05/May/2026:08:41:17 -0500] "GET /wp-includes/js/jquery/jquery.js?ver=1.12.4-wp HTTP/1.1" 304 - "https://www.ensad.edu.pe/serv-academicos/guia-de-solicitudes-ensad/" "Mozilla/5.0 (X11; Linux x86_64) AppleWebKit/537.36 (KHTML, like Gecko) Chrome/147.0.0.0 Safari/537.36"
132.251.1.4 - - [05/May/2026:08:41:17 -0500] "GET /wp-content/plugins/wpdatatables/integrations/starter/page-builders/divi-wpdt/scripts/frontend-bundle.min.js?ver=1.0.0 HTTP/1.1" 200 327 "https://www.ensad.edu.pe/serv-academicos/guia-de-solicitudes-ensad/" "Mozilla/5.0 (X11; Linux x86_64) AppleWebKit/537.36 (KHTML, like Gecko) Chrome/147.0.0.0 Safari/537.36"
132.251.1.4 - - [05/May/2026:08:41:17 -0500] "GET /wp-content/plugins/popups-for-divi/scripts/front.min.js?ver=3.0.5 HTTP/1.1" 304 - "https://www.ensad.edu.pe/serv-academicos/guia-de-solicitudes-ensad/" "Mozilla/5.0 (X11; Linux x86_64) AppleWebKit/537.36 (KHTML, like Gecko) Chrome/147.0.0.0 Safari/537.36"
132.251.1.4 - - [05/May/2026:08:41:17 -0500] "GET /wp-content/plugins/dflip/assets/js/dflip.min.js?ver=1.6.6 HTTP/1.1" 304 - "https://www.ensad.edu.pe/serv-academicos/guia-de-solicitudes-ensad/" "Mozilla/5.0 (X11; Linux x86_64) AppleWebKit/537.36 (KHTML, like Gecko) Chrome/147.0.0.0 Safari/537.36"
132.251.1.4 - - [05/May/2026:08:41:17 -0500] "GET /wp-content/themes/Divi/js/custom.unified.js?ver=4.7.3 HTTP/1.1" 304 - "https://www.ensad.edu.pe/serv-academicos/guia-de-solicitudes-ensad/" "Mozilla/5.0 (X11; Linux x86_64) AppleWebKit/537.36 (KHTML, like Gecko) Chrome/147.0.0.0 Safari/537.36"
132.251.1.4 - - [05/May/2026:08:41:17 -0500] "GET /wp-content/themes/Divi/core/admin/fonts/modules.ttf HTTP/1.1" 304 - "https://www.ensad.edu.pe/wp-content/themes/Divi/style.css?ver=5.5.3" "Mozilla/5.0 (X11; Linux x86_64) AppleWebKit/537.36 (KHTML, like Gecko) Chrome/147.0.0.0 Safari/537.36"
132.251.1.4 - - [05/May/2026:08:41:17 -0500] "GET /wp-content/uploads/2026/04/LOGOFINALENSAD-300x91-1.png HTTP/1.1" 200 14654 "https://www.ensad.edu.pe/serv-academicos/guia-de-solicitudes-ensad/" "Mozilla/5.0 (X11; Linux x86_64) AppleWebKit/537.36 (KHTML, like Gecko) Chrome/147.0.0.0 Safari/537.36"
132.251.1.4 - - [05/May/2026:08:41:17 -0500] "GET /wp-content/uploads/2026/04/minedu_logo_300px.png HTTP/1.1" 200 15114 "https://www.ensad.edu.pe/serv-academicos/guia-de-solicitudes-ensad/" "Mozilla/5.0 (X11; Linux x86_64) AppleWebKit/537.36 (KHTML, like Gecko) Chrome/147.0.0.0 Safari/537.36"
132.251.1.4 - - [05/May/2026:08:41:17 -0500] "GET /wp-content/uploads/2026/04/LOGO-ACCESO-A-LA-INFORMACION-PUBLICA-01.png HTTP/1.1" 200 19287 "https://www.ensad.edu.pe/serv-academicos/guia-de-solicitudes-ensad/" "Mozilla/5.0 (X11; Linux x86_64) AppleWebKit/537.36 (KHTML, like Gecko) Chrome/147.0.0.0 Safari/537.36"
167.86.88.122 - - [05/May/2026:08:41:17 -0500] "POST /?wordfence_syncAttackData=1777988477.731 HTTP/1.1" 200 20 "https://www.ensad.edu.pe/?wordfence_syncAttackData=1777988477.731" "WordPress/5.5.3; https://www.ensad.edu.pe"
132.251.1.4 - - [05/May/2026:08:41:17 -0500] "GET /wp-content/uploads/2026/04/libro_unae0101.png HTTP/1.1" 200 54207 "https://www.ensad.edu.pe/serv-academicos/guia-de-solicitudes-ensad/" "Mozilla/5.0 (X11; Linux x86_64) AppleWebKit/537.36 (KHTML, like Gecko) Chrome/147.0.0.0 Safari/537.36"
132.251.1.4 - - [05/May/2026:08:41:17 -0500] "GET /wp-content/uploads/2026/04/logo-portal-transparencia-1.png HTTP/1.1" 200 63169 "https://www.ensad.edu.pe/serv-academicos/guia-de-solicitudes-ensad/" "Mozilla/5.0 (X11; Linux x86_64) AppleWebKit/537.36 (KHTML, like Gecko) Chrome/147.0.0.0 Safari/537.36"
179.6.74.101 - - [05/May/2026:08:41:17 -0500] "GET /favicon.ico HTTP/1.1" 302 20 "https://www.ensad.edu.pe/" "Mozilla/5.0 (Linux; Android 10; K) AppleWebKit/537.36 (KHTML, like Gecko) Chrome/146.0.0.0 Mobile Safari/537.36"
132.251.1.4 - - [05/May/2026:08:41:17 -0500] "GET /wp-content/uploads/2023/04/TOP_solicitudes.jpg HTTP/1.1" 200 71194 "https://www.ensad.edu.pe/serv-academicos/guia-de-solicitudes-ensad/" "Mozilla/5.0 (X11; Linux x86_64) AppleWebKit/537.36 (KHTML, like Gecko) Chrome/147.0.0.0 Safari/537.36"
179.6.74.101 - - [05/May/2026:08:41:18 -0500] "GET /wp-content/uploads/2026/04/cropped-unae_favico-32x32.png HTTP/1.1" 200 272 "https://www.ensad.edu.pe/" "Mozilla/5.0 (Linux; Android 10; K) AppleWebKit/537.36 (KHTML, like Gecko) Chrome/146.0.0.0 Mobile Safari/537.36"
132.251.1.4 - - [05/May/2026:08:41:21 -0500] "GET /favicon.ico HTTP/1.1" 302 20 "https://www.ensad.edu.pe/serv-academicos/guia-de-solicitudes-ensad/" "Mozilla/5.0 (X11; Linux x86_64) AppleWebKit/537.36 (KHTML, like Gecko) Chrome/147.0.0.0 Safari/537.36"
132.251.1.4 - - [05/May/2026:08:41:22 -0500] "GET /wp-content/uploads/2026/04/cropped-unae_favico-32x32.png HTTP/1.1" 200 272 "https://www.ensad.edu.pe/serv-academicos/guia-de-solicitudes-ensad/" "Mozilla/5.0 (X11; Linux x86_64) AppleWebKit/537.36 (KHTML, like Gecko) Chrome/147.0.0.0 Safari/537.36"
37.59.204.156 - - [05/May/2026:08:41:22 -0500] "GET /wp-includes/js/comment-reply.min.js?ver=5.5.3 HTTP/1.1" 200 1362 "-" "Mozilla/5.0 (compatible; AhrefsBot/7.0; +http://ahrefs.com/robot/)"
57.141.20.0 - - [05/May/2026:08:41:28 -0500] "GET /lilium-experiencia-en-creacion-de-videodanza-a-traves-de-medios-digitales-luis-bejarano/ HTTP/1.1" 200 205353 "-" "meta-externalagent/1.1 (+https://developers.facebook.com/docs/sharing/webmasters/crawler)"
167.86.88.122 - - [05/May/2026:08:41:42 -0500] "POST /wp-cron.php?doing_wp_cron=1777988502.0220270156860351562500 HTTP/1.1" 200 20 "https://www.ensad.edu.pe/wp-cron.php?doing_wp_cron=1777988502.0220270156860351562500" "WordPress/5.5.3; https://www.ensad.edu.pe"
178.156.154.250 - - [05/May/2026:08:41:41 -0500] "GET / HTTP/1.1" 200 38422 "-" "Better Uptime Bot Mozilla/5.0 (Windows NT 10.0; Win64; x64) AppleWebKit/537.36 (KHTML, like Gecko) Chrome/74.0.3729.169 Safari/537.36"
132.251.1.4 - - [05/May/2026:08:41:42 -0500] "GET /descargas/transparencia/reglamento_academico_2020_actualizado.pdf HTTP/1.1" 200 596337 "-" "Mozilla/5.0 (X11; Linux x86_64) AppleWebKit/537.36 (KHTML, like Gecko) Chrome/147.0.0.0 Safari/537.36"
51.75.236.150 - - [05/May/2026:08:41:44 -0500] "GET /04-cesar-arenas/ HTTP/1.1" 200 46543 "-" "Mozilla/5.0 (compatible; AhrefsBot/7.0; +http://ahrefs.com/robot/)"
103.59.160.219 - - [05/May/2026:08:41:46 -0500] "POST /xmlrpc.php HTTP/1.1" 503 7118 "-" "python-httpx/0.22.0"
173.252.95.6 - - [05/May/2026:08:41:51 -0500] "GET /robots.txt HTTP/1.1" 401 35 "-" "facebookexternalhit/1.1 (+http://www.facebook.com/externalhit_uatext.php)"
57.141.20.0 - - [05/May/2026:08:41:57 -0500] "GET / HTTP/1.1" 401 35 "-" "meta-externalagent/1.1 (+https://developers.facebook.com/docs/sharing/webmasters/crawler)"
132.251.1.4 - - [05/May/2026:08:41:57 -0500] "GET /wp-content/uploads/2024/04/fut_202x.docx HTTP/1.1" 200 59218 "https://www.ensad.edu.pe/serv-academicos/guia-de-solicitudes-ensad/" "Mozilla/5.0 (X11; Linux x86_64) AppleWebKit/537.36 (KHTML, like Gecko) Chrome/147.0.0.0 Safari/537.36"
17.22.237.184 - - [05/May/2026:08:42:11 -0500] "GET /wp-content/uploads/2026/04/LOGO-ACCESO-A-LA-INFORMACION-PUBLICA-01.png HTTP/1.1" 200 19287 "-" "Mozilla/5.0 (Macintosh; Intel Mac OS X 10_15_7) AppleWebKit/605.1.15 (KHTML, like Gecko) Version/17.4 Safari/605.1.15 (Applebot/0.1; +http://www.apple.com/go/applebot)"
167.86.88.122 - - [05/May/2026:08:42:21 -0500] "POST /wp-cron.php?doing_wp_cron=1777988541.4066720008850097656250 HTTP/1.1" 200 20 "https://www.ensad.edu.pe/wp-cron.php?doing_wp_cron=1777988541.4066720008850097656250" "WordPress/5.5.3; https://www.ensad.edu.pe"
167.86.88.122 - - [05/May/2026:08:42:21 -0500] "POST /?wordfence_syncAttackData=1777988541.2713 HTTP/1.1" 200 20 "https://www.ensad.edu.pe/?wordfence_syncAttackData=1777988541.2713" "WordPress/5.5.3; https://www.ensad.edu.pe"
51.68.247.197 - - [05/May/2026:08:42:21 -0500] "GET /warmis-sikuris-lucero-condori-nathaly-gonzales/ HTTP/1.1" 200 33845 "-" "Mozilla/5.0 (compatible; AhrefsBot/7.0; +http://ahrefs.com/robot/)"
103.59.160.219 - - [05/May/2026:08:42:32 -0500] "POST /xmlrpc.php HTTP/1.1" 503 7117 "-" "python-httpx/0.22.0"
3.232.102.111 - - [05/May/2026:08:42:33 -0500] "GET /wp-content/uploads/cache/wpml/twig/5e/?C=N;O%3DD HTTP/1.1" 200 449 "-" "Mozilla/5.0 AppleWebKit/537.36 (KHTML, like Gecko; compatible; Amazonbot/0.1; +https://developer.amazon.com/support/amazonbot) Chrome/119.0.6045.214 Safari/537.36"
44.196.118.6 - - [05/May/2026:08:42:37 -0500] "GET /wp-content/uploads/2024/06/?C=M;O%3DD HTTP/1.1" 200 2197 "-" "Mozilla/5.0 AppleWebKit/537.36 (KHTML, like Gecko; compatible; Amazonbot/0.1; +https://developer.amazon.com/support/amazonbot) Chrome/119.0.6045.214 Safari/537.36"
23.22.105.143 - - [05/May/2026:08:42:42 -0500] "GET /wp-content/uploads/2024/12/?C=M;O%3DD HTTP/1.1" 200 2017 "-" "Mozilla/5.0 AppleWebKit/537.36 (KHTML, like Gecko; compatible; Amazonbot/0.1; +https://developer.amazon.com/support/amazonbot) Chrome/119.0.6045.214 Safari/537.36"
52.7.13.143 - - [05/May/2026:08:42:45 -0500] "GET /wp-content/uploads/cache/wpml/twig/ff/?C=S;O%3DA HTTP/1.1" 200 448 "-" "Mozilla/5.0 AppleWebKit/537.36 (KHTML, like Gecko; compatible; Amazonbot/0.1; +https://developer.amazon.com/support/amazonbot) Chrome/119.0.6045.214 Safari/537.36"
3.89.176.255 - - [05/May/2026:08:42:49 -0500] "GET /wp-content/uploads/cache/wpml/twig/60/?C=S;O%3DA HTTP/1.1" 200 506 "-" "Mozilla/5.0 AppleWebKit/537.36 (KHTML, like Gecko; compatible; Amazonbot/0.1; +https://developer.amazon.com/support/amazonbot) Chrome/119.0.6045.214 Safari/537.36"
52.6.97.88 - - [05/May/2026:08:42:53 -0500] "GET /wp-content/uploads/cache/wpml/twig/61/?C=S;O%3DA HTTP/1.1" 200 450 "-" "Mozilla/5.0 AppleWebKit/537.36 (KHTML, like Gecko; compatible; Amazonbot/0.1; +https://developer.amazon.com/support/amazonbot) Chrome/119.0.6045.214 Safari/537.36"
100.28.204.82 - - [05/May/2026:08:42:57 -0500] "GET /wp-content/uploads/cache/wpml/twig/11/?C=M;O%3DA HTTP/1.1" 200 508 "-" "Mozilla/5.0 AppleWebKit/537.36 (KHTML, like Gecko; compatible; Amazonbot/0.1; +https://developer.amazon.com/support/amazonbot) Chrome/119.0.6045.214 Safari/537.36"
44.214.19.8 - - [05/May/2026:08:43:01 -0500] "GET /wp-content/uploads/cache/wpml/twig/dc/dcb0b316ff067cbd940a5f63a9546f4ea43fd4e0c74ec2f2620aa08707c2184d.php HTTP/1.1" 500 20 "-" "Mozilla/5.0 AppleWebKit/537.36 (KHTML, like Gecko; compatible; Amazonbot/0.1; +https://developer.amazon.com/support/amazonbot) Chrome/119.0.6045.214 Safari/537.36"
18.206.47.187 - - [05/May/2026:08:43:05 -0500] "GET /wp-content/uploads/2024/01/?C=M;O%3DD HTTP/1.1" 200 4736 "-" "Mozilla/5.0 AppleWebKit/537.36 (KHTML, like Gecko; compatible; Amazonbot/0.1; +https://developer.amazon.com/support/amazonbot) Chrome/119.0.6045.214 Safari/537.36"
44.196.118.6 - - [05/May/2026:08:43:09 -0500] "GET /wp-content/uploads/cache/wpml/twig/11/?C=N;O%3DD HTTP/1.1" 200 508 "-" "Mozilla/5.0 AppleWebKit/537.36 (KHTML, like Gecko; compatible; Amazonbot/0.1; +https://developer.amazon.com/support/amazonbot) Chrome/119.0.6045.214 Safari/537.36"
103.59.160.219 - - [05/May/2026:08:43:12 -0500] "POST /xmlrpc.php HTTP/1.1" 503 7117 "-" "python-httpx/0.22.0"
167.86.88.122 - - [05/May/2026:08:43:12 -0500] "POST /wp-cron.php?doing_wp_cron=1777988592.7520389556884765625000 HTTP/1.1" 200 20 "https://www.ensad.edu.pe/wp-cron.php?doing_wp_cron=1777988592.7520389556884765625000" "WordPress/5.5.3; https://www.ensad.edu.pe"
167.86.88.122 - - [05/May/2026:08:43:12 -0500] "POST /?wordfence_syncAttackData=1777988592.6004 HTTP/1.1" 200 20 "https://www.ensad.edu.pe/?wordfence_syncAttackData=1777988592.6004" "WordPress/5.5.3; https://www.ensad.edu.pe"
18.233.24.238 - - [05/May/2026:08:43:13 -0500] "GET /wp-content/uploads/cache/wpml/twig/a7/?C=M;O%3DA HTTP/1.1" 200 450 "-" "Mozilla/5.0 AppleWebKit/537.36 (KHTML, like Gecko; compatible; Amazonbot/0.1; +https://developer.amazon.com/support/amazonbot) Chrome/119.0.6045.214 Safari/537.36"
117.230.148.202 - - [05/May/2026:08:43:12 -0500] "GET / HTTP/1.1" 200 38423 "https://29633103-34894-36448.tentedienat.com/hyFPD4Y1NQfmZtczvQOYbhxKk9RS5tiAZvlSX8ufEJoWPJiWyYRVW_bs3C2qmLgPv4VRezI?_=8769967027705300667&d=BQ5qQHPekJTuqzkxKF88LJcMtPYj2vmWmPPcYorh2Gh0p0AUN4hp6NlHdmVO7_JaFnQS1UR9cvygvS66X32iGebKocD7FIFddWK7NmWTFRXrR_XJLJb0TATsmTjHUib5Tqqb6gRtEHcnuru7Wv6Y7ID2Pgu7IbNMmirnRWrJVXx-80OU5iN3INcWWEwHG3wv_npDdGENwygNH82nsiDydAUp32TDCKpstFyyTeca82bbw_DBCHPIIJ5LaxX8nnBh5pVNPoThgMAbM0fMkSysHTMF48CRXn0db2tlNtoZL2wa5gKKx5S5RU1x3GDvyBRHNYM5vP_SgbpkksLDrICsAVB1kXpYMN42_xSqHiB7D74gONoeJUhO9nim6lc63Ye8pxBgFkVMmucXtj0cIUTkufRQL-CXji0_tp3ZwRBQR2R9LnNMOX4frOTWh3pzjm_NXSsbgBKHMbV3RRbEZ3mp7ROG_yYUprWYl9jIO0SeDOiULwNzp7V4C1doCv_vFqEpJSqgXB4P04PqbHzsShngUi0bvvDPK8lbhjSaFgrrw219boN-UX2wTx0aHNxBuS2Xr0lGCaIi8ljsoD8Z9QvceAnzXJCSIWT5M55AtS7_3H49vkH1xqLlX6fHYCILvEXgeW8kmf2kx56EmS5emuItrlaQinAYTrAVLExEysqnn7HAZiZ0fjKXCrOdjoYlPRTXjLb6UEeWfMxwC9o6AspGxTtdCmNrbvEepfybk5kRG8s3ax0OCzUSnj3xl5D86P_cM9XLlprchUcpHkyWAJIo1qxrYf152uaN5lZ1mjtLE8oYw6Dz01YOPpJPhnR4XwqeFqeofRyfRdzxU9K5a7HalKoUu88J8ZfDKy8V-FLZVGWms8myV2eAOiRZEn46_lxQ3918hXVqH__OBfOIU9F91fnOuE2rZMV5JSQwvkNZQiQnd484iNJrbzpOTL7qUFY9KIoksXbMneBFMoirvT6LmIQJnp3eEf1szLpeecvEXV5oTIlVcuCFi-IN9PPR154HlKWCkX7FP-zAYX8B1WOphHRdi1rpbocJ-TDnElnQlCBMk4H9WF7lVwZBflV8J6U0kuCPtImLbPpZWBa4Gzx9A1Gk6wZW9lcTS0kUzmDgGA-1MunakCryRG2kCJCar9xt37DNsLvHFP3nyQwDgIaNI57k7Or44ZUIeKLsd-kEiKni-Y-AGpCJkACzHVLfTI3XK9m1RvKUkFyvF5_AThhUnRvniHgD8VNkvn-Tz_b-5-8qsnaVvgSxR2xWH7jYMDUwf6_ui2CIESej_c1fZVWPjo7Q60E4X_HjmeoJGRWtlHcjF-6p6GjCGHhY&_bbr=1" "Mozilla/5.0 (Linux; Android 10; K) AppleWebKit/537.36 (KHTML, like Gecko) Chrome/147.0.0.0 Mobile Safari/537.36"
34.203.111.15 - - [05/May/2026:08:43:17 -0500] "GET /wp-content/uploads/cache/wpml/twig/4d/?C=N;O%3DD HTTP/1.1" 200 449 "-" "Mozilla/5.0 AppleWebKit/537.36 (KHTML, like Gecko; compatible; Amazonbot/0.1; +https://developer.amazon.com/support/amazonbot) Chrome/119.0.6045.214 Safari/537.36"
5.39.109.181 - - [05/May/2026:08:43:18 -0500] "GET /02-alba-burgos/ HTTP/1.1" 200 48916 "-" "Mozilla/5.0 (compatible; AhrefsBot/7.0; +http://ahrefs.com/robot/)"
35.174.141.243 - - [05/May/2026:08:43:21 -0500] "GET /wp-content/uploads/cache/wpml/twig/29/?C=N;O%3DD HTTP/1.1" 200 449 "-" "Mozilla/5.0 AppleWebKit/537.36 (KHTML, like Gecko; compatible; Amazonbot/0.1; +https://developer.amazon.com/support/amazonbot) Chrome/119.0.6045.214 Safari/537.36"
100.28.204.82 - - [05/May/2026:08:43:25 -0500] "GET /wp-content/uploads/cache/wpml/twig/c0/?C=M;O%3DA HTTP/1.1" 200 450 "-" "Mozilla/5.0 AppleWebKit/537.36 (KHTML, like Gecko; compatible; Amazonbot/0.1; +https://developer.amazon.com/support/amazonbot) Chrome/119.0.6045.214 Safari/537.36"
3.226.106.93 - - [05/May/2026:08:43:29 -0500] "GET /wp-content/uploads/cache/wpml/twig/46/467940b648e4448019a3ac4a9cf8a2541f8895a2ad8b8b986a2dbe8ba21a36ae.php HTTP/1.1" 500 20 "-" "Mozilla/5.0 AppleWebKit/537.36 (KHTML, like Gecko; compatible; Amazonbot/0.1; +https://developer.amazon.com/support/amazonbot) Chrome/119.0.6045.214 Safari/537.36"
35.174.253.85 - - [05/May/2026:08:43:32 -0500] "GET /wp-content/uploads/cache/wpml/twig/bc/?C=N;O%3DD HTTP/1.1" 200 507 "-" "Mozilla/5.0 AppleWebKit/537.36 (KHTML, like Gecko; compatible; Amazonbot/0.1; +https://developer.amazon.com/support/amazonbot) Chrome/119.0.6045.214 Safari/537.36"
103.59.160.219 - - [05/May/2026:08:43:34 -0500] "POST /xmlrpc.php HTTP/1.1" 503 7117 "-" "python-httpx/0.22.0"
167.86.88.122 - - [05/May/2026:08:43:38 -0500] "POST /?wordfence_syncAttackData=1777988618.2448 HTTP/1.1" 200 20 "https://www.ensad.edu.pe/?wordfence_syncAttackData=1777988618.2448" "WordPress/5.5.3; https://www.ensad.edu.pe"
54.37.118.90 - - [05/May/2026:08:43:38 -0500] "GET /las-paredes-no-callan-daniela-cardenas-huerta/ HTTP/1.1" 200 33258 "-" "Mozilla/5.0 (compatible; AhrefsBot/7.0; +http://ahrefs.com/robot/)"
54.210.152.179 - - [05/May/2026:08:43:40 -0500] "GET /wp-content/uploads/2024/01/?C=D;O%3DD HTTP/1.1" 200 4611 "-" "Mozilla/5.0 AppleWebKit/537.36 (KHTML, like Gecko; compatible; Amazonbot/0.1; +https://developer.amazon.com/support/amazonbot) Chrome/119.0.6045.214 Safari/537.36"
34.225.138.57 - - [05/May/2026:08:43:40 -0500] "GET /wp-content/uploads/cache/wpml/twig/5d/?C=N;O%3DD HTTP/1.1" 200 450 "-" "Mozilla/5.0 AppleWebKit/537.36 (KHTML, like Gecko; compatible; Amazonbot/0.1; +https://developer.amazon.com/support/amazonbot) Chrome/119.0.6045.214 Safari/537.36"
52.5.232.250 - - [05/May/2026:08:43:45 -0500] "GET /wp-content/uploads/2024/07/?C=M;O%3DD HTTP/1.1" 200 430 "-" "Mozilla/5.0 AppleWebKit/537.36 (KHTML, like Gecko; compatible; Amazonbot/0.1; +https://developer.amazon.com/support/amazonbot) Chrome/119.0.6045.214 Safari/537.36"
103.59.160.219 - - [05/May/2026:08:43:47 -0500] "POST /xmlrpc.php HTTP/1.1" 503 7117 "-" "python-httpx/0.22.0"
52.204.81.148 - - [05/May/2026:08:43:49 -0500] "GET /wp-content/uploads/cache/wpml/twig/b3/?C=S;O%3DA HTTP/1.1" 200 449 "-" "Mozilla/5.0 AppleWebKit/537.36 (KHTML, like Gecko; compatible; Amazonbot/0.1; +https://developer.amazon.com/support/amazonbot) Chrome/119.0.6045.214 Safari/537.36"
52.0.41.164 - - [05/May/2026:08:43:54 -0500] "GET /wp-content/uploads/cache/wpml/twig/53/?C=N;O%3DD HTTP/1.1" 200 450 "-" "Mozilla/5.0 AppleWebKit/537.36 (KHTML, like Gecko; compatible; Amazonbot/0.1; +https://developer.amazon.com/support/amazonbot) Chrome/119.0.6045.214 Safari/537.36"
103.59.160.219 - - [05/May/2026:08:44:17 -0500] "POST /xmlrpc.php HTTP/1.1" 503 7118 "-" "python-httpx/0.22.0"
167.86.88.122 - - [05/May/2026:08:44:22 -0500] "POST /wp-cron.php?doing_wp_cron=1777988662.8948080539703369140625 HTTP/1.1" 200 20 "https://www.ensad.edu.pe/wp-cron.php?doing_wp_cron=1777988662.8948080539703369140625" "WordPress/5.5.3; https://www.ensad.edu.pe"
167.86.88.122 - - [05/May/2026:08:44:22 -0500] "POST /?wordfence_syncAttackData=1777988662.7523 HTTP/1.1" 200 20 "https://www.ensad.edu.pe/?wordfence_syncAttackData=1777988662.7523" "WordPress/5.5.3; https://www.ensad.edu.pe"
160.153.188.148 - - [05/May/2026:08:44:22 -0500] "GET / HTTP/1.1" 301 20 "-" "Mozilla/5.0 (Windows NT 10.0; Win64; x64) AppleWebKit/537.36 (KHTML, like Gecko) Chrome/97.0.4692.71 Safari/537.36"
94.23.188.194 - - [05/May/2026:08:44:24 -0500] "GET /ensad-presenta-ciclo-de-montajes-la-escena-en-transito-tres-obras-que-recorren-nuestro-tiempo-desde-el-escenario/ HTTP/1.1" 200 37790 "-" "Mozilla/5.0 (compatible; AhrefsBot/7.0; +http://ahrefs.com/robot/)"
160.153.188.148 - - [05/May/2026:08:44:24 -0500] "GET / HTTP/1.1" 200 38422 "-" "Mozilla/5.0 (Windows NT 10.0; Win64; x64) AppleWebKit/537.36 (KHTML, like Gecko) Chrome/97.0.4692.71 Safari/537.36"
49.35.195.117 - - [05/May/2026:08:44:25 -0500] "GET / HTTP/1.1" 200 38423 "https://www.xxxvideosex.net/" "Mozilla/5.0 (Linux; Android 11; M2006C3LI) AppleWebKit/537.36 (KHTML, like Gecko) Chrome/97.0.4692.98 Mobile Safari/537.36"
152.59.59.103 - - [05/May/2026:08:44:26 -0500] "GET / HTTP/1.1" 200 38422 "https://29633101-25608-36448.squitoiages.com/hyVPDIYxPA3iZtczvQOYbhxKk9RS5tiAZvlSX8ufEJoUPJmQyZDRszA7XW13jp4jAt1n_vY?_=9741a6b0-4882-11f1-af01-ce9d2ca96900&d=BQ5qQHPeLpTuqDlRKhM8L6fulPlz0T-yLfUK4GZTpYqHhMV0W6FCW3linLm2SbCtjKLfVIdNwv0oCIQO9cYYFxiLPYwiiBwx6kaB4V0TIl_S3EX_ZooEaDP2bAXBk_pD_33v3VtqX97mSW5Tm-1FPfMVKKASfvuI__kqJJAm-Mr_ZJan4Pelyepa0D1HJCNivU6uGo8dzOWByZ-L2SLGuH3S5AhlMe7NY2x3frQKU4jzVKY6Pwq4D5Ykbsnoi4lh5XArxeME2EPcKGogeAoYF8SmvDVGnxjcHhI703rwchmOS2YpsBZp7L_dxvGpKT6tz0bwNnTzx8WAowHD4UoJljTND5icwuo3bo7hEjVIVPDoiEtYLGCfStNP9mb1U3Sm2ZNO7zOxRwbHXbjKbF5IJmuQV-PSDWg-BVG5m8NrkB77Eha98niUs3x5eiWtMohWu9DUekDSb7XSD_TO4NvIJnhkn63tejjf5sq_vr4LO4JWOgXYR1NMkCnoahRVa5wnuJC5gY9fGJTjeXoqxJYalJHDNIKNvzNChsAtqME7X1Kk63AHUv1YrkxEm-R7Fz8FFDon94QpoBHU-tPGfox9Ua98DncsEvva9Aj-nA_Avw7bOXgM7cvy7cLfAmtbTN89AhuzOVkg7r8yo9ezwpyvy0ar3pg8jvGphhkAdmjyn_QbW6wZZ6KFfSLbIMx61FGBiHnDVcqr2rT68B5eXnNxYTRbtf22eyxKuxyq6JeihxKwZkIKxIP_GdaKM4214Yx6AMLOpmp_PW-OAxJBC6UA3mRUF0bSFlhYq4ZrN3600ecnqo10hLF2yvGQHPrNovcwbxuRt_SZkDokJtmpFWFsFXxz-3q4h1gkeca6c_QL_YAakz5yzl_BmmPwyLU9ga-SW3QTzyk0fFKvzXmeWSYA65vw8f7PzGvxuLZADwxRqRml33Z1Ewq6Z8QK2BWF6hr9aizL4fmPWZEB0nUI5ibO0TYnWUD8CUwNokuVsHdsfLgvMekBEZg_vJJEDrf3jIEQirkCDoTlvVb5z8z43wynre-L41J48juMSG_uXuCvQWWI5vgqnrBYxMNAgI9iqpTuIocjdT3LO0YTXKyBj8bJ3ygpTpgBYbvT7wX6BYU1gylk6npus-3Iw3Eq-3nlbjWdhqk7bafiIlF74F2vuncNeSeOrgF3bUVfV35YpPsnYMjWaNwvO4vEjRep8imXHKQaQdloJKkIpVAu4UGjPEY8v-SM5WxcQYbM_UhC5NQqIavtwQmC5QHpMDRay-rVdfERzJ6DqYAtNYr-Mg&_bbr=1" "Mozilla/5.0 (iPhone; CPU iPhone OS 18_3_2 like Mac OS X) AppleWebKit/605.1.15 (KHTML, like Gecko) CriOS/148.0.7778.100 Mobile/15E148 Safari/604.1"
160.153.188.148 - - [05/May/2026:08:44:27 -0500] "GET / HTTP/1.1" 200 12275 "-" "Mozilla/5.0 (Windows NT 10.0; Win64; x64) AppleWebKit/537.36 (KHTML, like Gecko) Chrome/97.0.4692.71 Safari/537.36"
