169.224.124.45 - - [05/May/2026:08:35:05 -0500] "GET /wp-content/plugins/eventON/assets/js/lib/jquery.easing.1.3.js?ver=1.0 HTTP/1.1" 200 1986 "https://www.ensad.edu.pe/" "Mozilla/5.0 (Macintosh; Intel Mac OS X 10_15_7) AppleWebKit/605.1.15 (KHTML, like Gecko) Version/18.7.5 Safari/605.1.15"
169.224.124.45 - - [05/May/2026:08:35:05 -0500] "GET /wp-content/plugins/eventON/assets/js/lib/handlebars.js?ver=3.0.2 HTTP/1.1" 200 38247 "https://www.ensad.edu.pe/" "Mozilla/5.0 (Macintosh; Intel Mac OS X 10_15_7) AppleWebKit/605.1.15 (KHTML, like Gecko) Version/18.7.5 Safari/605.1.15"
169.224.124.45 - - [05/May/2026:08:35:05 -0500] "GET /wp-content/plugins/eventON/assets/js/lib/jquery.mobile.min.js?ver=3.0.2 HTTP/1.1" 200 2743 "https://www.ensad.edu.pe/" "Mozilla/5.0 (Macintosh; Intel Mac OS X 10_15_7) AppleWebKit/605.1.15 (KHTML, like Gecko) Version/18.7.5 Safari/605.1.15"
169.224.124.45 - - [05/May/2026:08:35:05 -0500] "GET /wp-content/plugins/eventON/assets/js/lib/moment.min.js?ver=3.0.2 HTTP/1.1" 200 17113 "https://www.ensad.edu.pe/" "Mozilla/5.0 (Macintosh; Intel Mac OS X 10_15_7) AppleWebKit/605.1.15 (KHTML, like Gecko) Version/18.7.5 Safari/605.1.15"
169.224.124.45 - - [05/May/2026:08:35:05 -0500] "GET /wp-content/plugins/eventON/assets/js/lib/jquery.mousewheel.min.js?ver=3.0.2 HTTP/1.1" 200 716 "https://www.ensad.edu.pe/" "Mozilla/5.0 (Macintosh; Intel Mac OS X 10_15_7) AppleWebKit/605.1.15 (KHTML, like Gecko) Version/18.7.5 Safari/605.1.15"
169.224.124.45 - - [05/May/2026:08:35:05 -0500] "GET /wp-content/plugins/eventON/assets/js/eventon_script.js?ver=3.0.2 HTTP/1.1" 200 13449 "https://www.ensad.edu.pe/" "Mozilla/5.0 (Macintosh; Intel Mac OS X 10_15_7) AppleWebKit/605.1.15 (KHTML, like Gecko) Version/18.7.5 Safari/605.1.15"
169.224.124.45 - - [05/May/2026:08:35:06 -0500] "GET /wp-content/plugins/supreme-modules-pro-for-divi/scripts/frontend-bundle.min.js?ver=3.9.92 HTTP/1.1" 200 619 "https://www.ensad.edu.pe/" "Mozilla/5.0 (Macintosh; Intel Mac OS X 10_15_7) AppleWebKit/605.1.15 (KHTML, like Gecko) Version/18.7.5 Safari/605.1.15"
169.224.124.45 - - [05/May/2026:08:35:06 -0500] "GET /wp-content/plugins/wow-divi-carousel/scripts/frontend-bundle.min.js?ver=1.0.0 HTTP/1.1" 200 1694 "https://www.ensad.edu.pe/" "Mozilla/5.0 (Macintosh; Intel Mac OS X 10_15_7) AppleWebKit/605.1.15 (KHTML, like Gecko) Version/18.7.5 Safari/605.1.15"
169.224.124.45 - - [05/May/2026:08:35:06 -0500] "GET /wp-content/plugins/wpdatatables/integrations/starter/page-builders/divi-wpdt/scripts/frontend-bundle.min.js?ver=1.0.0 HTTP/1.1" 200 327 "https://www.ensad.edu.pe/" "Mozilla/5.0 (Macintosh; Intel Mac OS X 10_15_7) AppleWebKit/605.1.15 (KHTML, like Gecko) Version/18.7.5 Safari/605.1.15"
169.224.124.45 - - [05/May/2026:08:35:06 -0500] "GET /wp-includes/js/jquery/ui/core.min.js?ver=1.11.4 HTTP/1.1" 200 1813 "https://www.ensad.edu.pe/" "Mozilla/5.0 (Macintosh; Intel Mac OS X 10_15_7) AppleWebKit/605.1.15 (KHTML, like Gecko) Version/18.7.5 Safari/605.1.15"
169.224.124.45 - - [05/May/2026:08:35:06 -0500] "GET /wp-content/uploads/pum/pum-site-scripts.js?defer&generated=1747710144&ver=1.15.0 HTTP/1.1" 200 17645 "https://www.ensad.edu.pe/" "Mozilla/5.0 (Macintosh; Intel Mac OS X 10_15_7) AppleWebKit/605.1.15 (KHTML, like Gecko) Version/18.7.5 Safari/605.1.15"
169.224.124.45 - - [05/May/2026:08:35:06 -0500] "GET /wp-includes/js/jquery/ui/position.min.js?ver=1.11.4 HTTP/1.1" 200 2507 "https://www.ensad.edu.pe/" "Mozilla/5.0 (Macintosh; Intel Mac OS X 10_15_7) AppleWebKit/605.1.15 (KHTML, like Gecko) Version/18.7.5 Safari/605.1.15"
169.224.124.45 - - [05/May/2026:08:35:06 -0500] "GET /wp-content/plugins/popup-maker/assets/js/vendor/mobile-detect.min.js?ver=1.3.3 HTTP/1.1" 200 16296 "https://www.ensad.edu.pe/" "Mozilla/5.0 (Macintosh; Intel Mac OS X 10_15_7) AppleWebKit/605.1.15 (KHTML, like Gecko) Version/18.7.5 Safari/605.1.15"
169.224.124.45 - - [05/May/2026:08:35:06 -0500] "GET /wp-content/themes/Divi/core/admin/js/common.js?ver=4.7.3 HTTP/1.1" 200 577 "https://www.ensad.edu.pe/" "Mozilla/5.0 (Macintosh; Intel Mac OS X 10_15_7) AppleWebKit/605.1.15 (KHTML, like Gecko) Version/18.7.5 Safari/605.1.15"
169.224.124.45 - - [05/May/2026:08:35:06 -0500] "GET /wp-includes/js/wp-embed.min.js?ver=5.5.3 HTTP/1.1" 200 769 "https://www.ensad.edu.pe/" "Mozilla/5.0 (Macintosh; Intel Mac OS X 10_15_7) AppleWebKit/605.1.15 (KHTML, like Gecko) Version/18.7.5 Safari/605.1.15"
169.224.124.45 - - [05/May/2026:08:35:06 -0500] "GET /wp-content/plugins/eventON/assets/js/maps/eventon_gen_maps.js?ver=3.0.2 HTTP/1.1" 200 1907 "https://www.ensad.edu.pe/" "Mozilla/5.0 (Macintosh; Intel Mac OS X 10_15_7) AppleWebKit/605.1.15 (KHTML, like Gecko) Version/18.7.5 Safari/605.1.15"
169.224.124.45 - - [05/May/2026:08:35:06 -0500] "GET /wp-content/plugins/eventON/assets/js/maps/eventon_init_gmap.js?ver=1.0 HTTP/1.1" 200 153 "https://www.ensad.edu.pe/" "Mozilla/5.0 (Macintosh; Intel Mac OS X 10_15_7) AppleWebKit/605.1.15 (KHTML, like Gecko) Version/18.7.5 Safari/605.1.15"
169.224.124.45 - - [05/May/2026:08:35:06 -0500] "GET /wp-content/plugins/wow-divi-carousel/assets/fonts/icowdc.ttf?sqw28v HTTP/1.1" 200 4382 "https://www.ensad.edu.pe/" "Mozilla/5.0 (Macintosh; Intel Mac OS X 10_15_7) AppleWebKit/605.1.15 (KHTML, like Gecko) Version/18.7.5 Safari/605.1.15"
169.224.124.45 - - [05/May/2026:08:35:06 -0500] "GET /wp-content/themes/Divi/core/admin/fonts/modules.ttf HTTP/1.1" 200 37445 "https://www.ensad.edu.pe/" "Mozilla/5.0 (Macintosh; Intel Mac OS X 10_15_7) AppleWebKit/605.1.15 (KHTML, like Gecko) Version/18.7.5 Safari/605.1.15"
169.224.124.45 - - [05/May/2026:08:35:06 -0500] "GET /wp-content/uploads/2026/03/DJ_IV_IMG.jpg HTTP/1.1" 200 373493 "https://www.ensad.edu.pe/" "Mozilla/5.0 (Macintosh; Intel Mac OS X 10_15_7) AppleWebKit/605.1.15 (KHTML, like Gecko) Version/18.7.5 Safari/605.1.15"
169.224.124.45 - - [05/May/2026:08:35:06 -0500] "GET /wp-content/uploads/2026/03/IMG_destacada_1203.jpg HTTP/1.1" 200 477716 "https://www.ensad.edu.pe/" "Mozilla/5.0 (Macintosh; Intel Mac OS X 10_15_7) AppleWebKit/605.1.15 (KHTML, like Gecko) Version/18.7.5 Safari/605.1.15"
169.224.124.45 - - [05/May/2026:08:35:06 -0500] "GET /wp-content/uploads/2026/03/img_110326.jpg HTTP/1.1" 200 443659 "https://www.ensad.edu.pe/" "Mozilla/5.0 (Macintosh; Intel Mac OS X 10_15_7) AppleWebKit/605.1.15 (KHTML, like Gecko) Version/18.7.5 Safari/605.1.15"
169.224.124.45 - - [05/May/2026:08:35:07 -0500] "GET /wp-content/uploads/2025/12/IMG_2511_01.jpg HTTP/1.1" 200 230503 "https://www.ensad.edu.pe/" "Mozilla/5.0 (Macintosh; Intel Mac OS X 10_15_7) AppleWebKit/605.1.15 (KHTML, like Gecko) Version/18.7.5 Safari/605.1.15"
169.224.124.45 - - [05/May/2026:08:35:07 -0500] "GET /wp-content/uploads/2025/07/directora-over.jpg HTTP/1.1" 200 115748 "https://www.ensad.edu.pe/" "Mozilla/5.0 (Macintosh; Intel Mac OS X 10_15_7) AppleWebKit/605.1.15 (KHTML, like Gecko) Version/18.7.5 Safari/605.1.15"
169.224.124.45 - - [05/May/2026:08:35:06 -0500] "GET /wp-content/uploads/2026/01/nota2201.jpg.jpeg HTTP/1.1" 200 352140 "https://www.ensad.edu.pe/" "Mozilla/5.0 (Macintosh; Intel Mac OS X 10_15_7) AppleWebKit/605.1.15 (KHTML, like Gecko) Version/18.7.5 Safari/605.1.15"
169.224.124.45 - - [05/May/2026:08:35:08 -0500] "GET /wp-content/uploads/2026/04/Slider_Admision2026.jpg HTTP/1.1" 200 411734 "https://www.ensad.edu.pe/" "Mozilla/5.0 (Macintosh; Intel Mac OS X 10_15_7) AppleWebKit/605.1.15 (KHTML, like Gecko) Version/18.7.5 Safari/605.1.15"
169.224.124.45 - - [05/May/2026:08:35:08 -0500] "GET /wp-content/uploads/2025/03/b_unae_web.jpg HTTP/1.1" 200 163513 "https://www.ensad.edu.pe/" "Mozilla/5.0 (Macintosh; Intel Mac OS X 10_15_7) AppleWebKit/605.1.15 (KHTML, like Gecko) Version/18.7.5 Safari/605.1.15"
169.224.124.45 - - [05/May/2026:08:35:08 -0500] "GET /wp-content/uploads/2024/10/BannerWeb.png HTTP/1.1" 200 237474 "https://www.ensad.edu.pe/" "Mozilla/5.0 (Macintosh; Intel Mac OS X 10_15_7) AppleWebKit/605.1.15 (KHTML, like Gecko) Version/18.7.5 Safari/605.1.15"
169.224.124.45 - - [05/May/2026:08:35:08 -0500] "GET /wp-content/uploads/2024/10/banner_revista_liminal.jpg HTTP/1.1" 200 162885 "https://www.ensad.edu.pe/" "Mozilla/5.0 (Macintosh; Intel Mac OS X 10_15_7) AppleWebKit/605.1.15 (KHTML, like Gecko) Version/18.7.5 Safari/605.1.15"
51.68.247.210 - - [05/May/2026:08:35:08 -0500] "GET /pagina-plantilla/ HTTP/1.1" 200 38060 "-" "Mozilla/5.0 (compatible; AhrefsBot/7.0; +http://ahrefs.com/robot/)"
169.224.124.45 - - [05/May/2026:08:35:09 -0500] "GET /wp-content/plugins/wow-divi-carousel/assets/vendor/slick/ajax-loader.gif HTTP/1.1" 200 4178 "https://www.ensad.edu.pe/" "Mozilla/5.0 (Macintosh; Intel Mac OS X 10_15_7) AppleWebKit/605.1.15 (KHTML, like Gecko) Version/18.7.5 Safari/605.1.15"
169.224.124.45 - - [05/May/2026:08:35:09 -0500] "GET /wp-content/uploads/2024/01/banner_fondo.jpg HTTP/1.1" 200 188152 "https://www.ensad.edu.pe/" "Mozilla/5.0 (Macintosh; Intel Mac OS X 10_15_7) AppleWebKit/605.1.15 (KHTML, like Gecko) Version/18.7.5 Safari/605.1.15"
169.224.124.45 - - [05/May/2026:08:35:09 -0500] "GET /favicon.ico HTTP/1.1" 302 20 "https://www.ensad.edu.pe/" "Mozilla/5.0 (Macintosh; Intel Mac OS X 10_15_7) AppleWebKit/605.1.15 (KHTML, like Gecko) Version/18.7.5 Safari/605.1.15"
169.224.124.45 - - [05/May/2026:08:35:10 -0500] "GET /wp-content/uploads/2026/04/cropped-unae_favico-32x32.png HTTP/1.1" 200 272 "https://www.ensad.edu.pe/" "Mozilla/5.0 (Macintosh; Intel Mac OS X 10_15_7) AppleWebKit/605.1.15 (KHTML, like Gecko) Version/18.7.5 Safari/605.1.15"
167.86.88.122 - - [05/May/2026:08:35:22 -0500] "POST /?wordfence_syncAttackData=1777988122.9276 HTTP/1.1" 200 20 "https://www.ensad.edu.pe/?wordfence_syncAttackData=1777988122.9276" "WordPress/5.5.3; https://www.ensad.edu.pe"
167.86.88.122 - - [05/May/2026:08:35:23 -0500] "POST /wp-cron.php?doing_wp_cron=1777988123.1321818828582763671875 HTTP/1.1" 200 20 "https://www.ensad.edu.pe/wp-cron.php?doing_wp_cron=1777988123.1321818828582763671875" "WordPress/5.5.3; https://www.ensad.edu.pe"
181.177.224.247 - - [05/May/2026:08:35:22 -0500] "GET /institucional/oportunidades-laborales/ HTTP/1.1" 200 49781 "https://www.google.com/" "Mozilla/5.0 (Windows NT 10.0; Win64; x64) AppleWebKit/537.36 (KHTML, like Gecko) Chrome/147.0.0.0 Safari/537.36"
103.59.160.219 - - [05/May/2026:08:35:24 -0500] "POST /xmlrpc.php HTTP/1.1" 503 7117 "-" "python-httpx/0.22.0"
181.177.224.247 - - [05/May/2026:08:35:26 -0500] "GET /wp-content/themes/Divi/core/admin/fonts/modules.ttf HTTP/1.1" 304 - "https://www.ensad.edu.pe/wp-content/themes/Divi/style.css?ver=5.5.3" "Mozilla/5.0 (Windows NT 10.0; Win64; x64) AppleWebKit/537.36 (KHTML, like Gecko) Chrome/147.0.0.0 Safari/537.36"
181.177.224.247 - - [05/May/2026:08:35:26 -0500] "GET /images/word-icon.png HTTP/1.1" 404 30180 "https://www.ensad.edu.pe/institucional/oportunidades-laborales/" "Mozilla/5.0 (Windows NT 10.0; Win64; x64) AppleWebKit/537.36 (KHTML, like Gecko) Chrome/147.0.0.0 Safari/537.36"
181.177.224.247 - - [05/May/2026:08:35:26 -0500] "GET /images/excel-icon.png HTTP/1.1" 404 30180 "https://www.ensad.edu.pe/institucional/oportunidades-laborales/" "Mozilla/5.0 (Windows NT 10.0; Win64; x64) AppleWebKit/537.36 (KHTML, like Gecko) Chrome/147.0.0.0 Safari/537.36"
181.177.224.247 - - [05/May/2026:08:35:26 -0500] "GET /images/excel.png HTTP/1.1" 404 30180 "https://www.ensad.edu.pe/institucional/oportunidades-laborales/" "Mozilla/5.0 (Windows NT 10.0; Win64; x64) AppleWebKit/537.36 (KHTML, like Gecko) Chrome/147.0.0.0 Safari/537.36"
181.177.224.247 - - [05/May/2026:08:35:26 -0500] "GET /images/ensad-convocatoria-seleccion-docentes-2019.jpg HTTP/1.1" 404 30180 "https://www.ensad.edu.pe/institucional/oportunidades-laborales/" "Mozilla/5.0 (Windows NT 10.0; Win64; x64) AppleWebKit/537.36 (KHTML, like Gecko) Chrome/147.0.0.0 Safari/537.36"
181.177.224.247 - - [05/May/2026:08:35:26 -0500] "GET /images/ensad-convocatoria-seleccion-docentes-2018-ok.jpg HTTP/1.1" 404 30180 "https://www.ensad.edu.pe/institucional/oportunidades-laborales/" "Mozilla/5.0 (Windows NT 10.0; Win64; x64) AppleWebKit/537.36 (KHTML, like Gecko) Chrome/147.0.0.0 Safari/537.36"
167.86.88.122 - - [05/May/2026:08:35:34 -0500] "POST /wp-cron.php?doing_wp_cron=1777988134.9406280517578125000000 HTTP/1.1" 200 20 "https://www.ensad.edu.pe/wp-cron.php?doing_wp_cron=1777988134.9406280517578125000000" "WordPress/5.5.3; https://www.ensad.edu.pe"
167.86.88.122 - - [05/May/2026:08:35:34 -0500] "POST /?wordfence_syncAttackData=1777988134.8475 HTTP/1.1" 200 20 "https://www.ensad.edu.pe/?wordfence_syncAttackData=1777988134.8475" "WordPress/5.5.3; https://www.ensad.edu.pe"
181.177.224.247 - - [05/May/2026:08:35:34 -0500] "GET /images/word-icon.png HTTP/1.1" 404 30180 "https://www.ensad.edu.pe/institucional/oportunidades-laborales/" "Mozilla/5.0 (Windows NT 10.0; Win64; x64) AppleWebKit/537.36 (KHTML, like Gecko) Chrome/147.0.0.0 Safari/537.36"
66.249.73.233 - - [05/May/2026:08:35:35 -0500] "GET /descargas/transparencia/Resolucion-directoral-109-2018-UE-ENSAD.pdf HTTP/1.1" 304 - "-" "Mozilla/5.0 (Linux; Android 6.0.1; Nexus 5X Build/MMB29P) AppleWebKit/537.36 (KHTML, like Gecko) Chrome/147.0.7727.137 Mobile Safari/537.36 (compatible; Googlebot/2.1; +http://www.google.com/bot.html)"
103.59.160.219 - - [05/May/2026:08:35:45 -0500] "POST /xmlrpc.php HTTP/1.1" 503 7117 "-" "python-httpx/0.22.0"
167.86.88.122 - - [05/May/2026:08:35:57 -0500] "POST /wp-cron.php?doing_wp_cron=1777988157.9754090309143066406250 HTTP/1.1" 200 20 "https://www.ensad.edu.pe/wp-cron.php?doing_wp_cron=1777988157.9754090309143066406250" "WordPress/5.5.3; https://www.ensad.edu.pe"
167.86.88.122 - - [05/May/2026:08:35:57 -0500] "POST /?wordfence_syncAttackData=1777988157.8784 HTTP/1.1" 200 20 "https://www.ensad.edu.pe/?wordfence_syncAttackData=1777988157.8784" "WordPress/5.5.3; https://www.ensad.edu.pe"
178.241.130.182 - - [05/May/2026:08:35:57 -0500] "GET / HTTP/1.1" 200 38690 "https://cdnx445.com/" "Mozilla/5.0 (iPhone; CPU iPhone OS 18_7 like Mac OS X) AppleWebKit/605.1.15 (KHTML, like Gecko) Version/26.2 Mobile/15E148 Safari/604.1"
51.75.236.157 - - [05/May/2026:08:36:01 -0500] "GET /el-cielo-se-pixelo/ HTTP/1.1" 200 35984 "-" "Mozilla/5.0 (compatible; AhrefsBot/7.0; +http://ahrefs.com/robot/)"
103.59.160.219 - - [05/May/2026:08:36:07 -0500] "POST /xmlrpc.php HTTP/1.1" 503 7118 "-" "python-httpx/0.22.0"
91.92.243.236 - - [05/May/2026:08:36:07 -0500] "POST /wp-login.php HTTP/1.1" 503 18034 "-" "Mozilla/5.0"
91.92.243.236 - - [05/May/2026:08:36:07 -0500] "POST /wp-login.php HTTP/1.1" 503 18034 "-" "Mozilla/5.0"
167.86.88.122 - - [05/May/2026:08:36:08 -0500] "POST /?wordfence_syncAttackData=1777988168.1755 HTTP/1.1" 200 20 "https://www.ensad.edu.pe/?wordfence_syncAttackData=1777988168.1755" "WordPress/5.5.3; https://www.ensad.edu.pe"
193.186.4.249 - - [05/May/2026:08:36:08 -0500] "GET /serv-academicos/admision/ HTTP/1.1" 200 42749 "https://www.google.com/" "Mozilla/5.0 (Windows NT 10.0; Win64; x64) AppleWebKit/537.36 (KHTML, like Gecko) Chrome/147.0.0.0 Safari/537.36"
38.43.132.234 - - [05/May/2026:08:36:09 -0500] "GET /wp-content/plugins/wpdatatables/integrations/starter/page-builders/divi-wpdt/styles/divi-wpdt.css?ver=7.3.5 HTTP/1.1" 200 225 "https://www.ensad.edu.pe/serv-academicos/admision/" "Mozilla/5.0 (Windows NT 10.0; Win64; x64) AppleWebKit/537.36 (KHTML, like Gecko) Chrome/147.0.0.0 Safari/537.36"
38.43.132.234 - - [05/May/2026:08:36:09 -0500] "GET /wp-content/plugins/gtranslate/gtranslate-style24.css?ver=5.5.3 HTTP/1.1" 200 299 "https://www.ensad.edu.pe/serv-academicos/admision/" "Mozilla/5.0 (Windows NT 10.0; Win64; x64) AppleWebKit/537.36 (KHTML, like Gecko) Chrome/147.0.0.0 Safari/537.36"
38.43.132.234 - - [05/May/2026:08:36:09 -0500] "GET /wp-content/plugins/formidable/css/formidableforms.css?ver=5181606 HTTP/1.1" 200 8581 "https://www.ensad.edu.pe/serv-academicos/admision/" "Mozilla/5.0 (Windows NT 10.0; Win64; x64) AppleWebKit/537.36 (KHTML, like Gecko) Chrome/147.0.0.0 Safari/537.36"
38.43.132.234 - - [05/May/2026:08:36:10 -0500] "GET /wp-includes/css/dist/block-library/style.min.css?ver=5.5.3 HTTP/1.1" 200 7907 "https://www.ensad.edu.pe/serv-academicos/admision/" "Mozilla/5.0 (Windows NT 10.0; Win64; x64) AppleWebKit/537.36 (KHTML, like Gecko) Chrome/147.0.0.0 Safari/537.36"
38.43.132.234 - - [05/May/2026:08:36:10 -0500] "GET /wp-content/plugins/wow-divi-carousel/assets/css/module-core.css?ver=5.5.3 HTTP/1.1" 200 3834 "https://www.ensad.edu.pe/serv-academicos/admision/" "Mozilla/5.0 (Windows NT 10.0; Win64; x64) AppleWebKit/537.36 (KHTML, like Gecko) Chrome/147.0.0.0 Safari/537.36"
38.43.132.234 - - [05/May/2026:08:36:10 -0500] "GET /wp-content/plugins/popups-for-divi/styles/front.min.css?ver=3.0.5 HTTP/1.1" 200 1641 "https://www.ensad.edu.pe/serv-academicos/admision/" "Mozilla/5.0 (Windows NT 10.0; Win64; x64) AppleWebKit/537.36 (KHTML, like Gecko) Chrome/147.0.0.0 Safari/537.36"
38.43.132.234 - - [05/May/2026:08:36:10 -0500] "GET /wp-content/plugins/wow-divi-carousel/assets/vendor/slick/slick.css?ver=1.4.2 HTTP/1.1" 200 569 "https://www.ensad.edu.pe/serv-academicos/admision/" "Mozilla/5.0 (Windows NT 10.0; Win64; x64) AppleWebKit/537.36 (KHTML, like Gecko) Chrome/147.0.0.0 Safari/537.36"
38.43.132.234 - - [05/May/2026:08:36:10 -0500] "GET /wp-content/plugins/superb-social-share-and-follow-buttons//assets/css/frontend.css?ver=101.0.0 HTTP/1.1" 200 2157 "https://www.ensad.edu.pe/serv-academicos/admision/" "Mozilla/5.0 (Windows NT 10.0; Win64; x64) AppleWebKit/537.36 (KHTML, like Gecko) Chrome/147.0.0.0 Safari/537.36"
38.43.132.234 - - [05/May/2026:08:36:10 -0500] "GET /wp-content/themes/Divi/style.css?ver=5.5.3 HTTP/1.1" 200 81311 "https://www.ensad.edu.pe/serv-academicos/admision/" "Mozilla/5.0 (Windows NT 10.0; Win64; x64) AppleWebKit/537.36 (KHTML, like Gecko) Chrome/147.0.0.0 Safari/537.36"
38.43.132.234 - - [05/May/2026:08:36:10 -0500] "GET /wp-content/plugins/wow-divi-carousel/assets/vendor/slick/slick-theme.css?ver=1.4.2 HTTP/1.1" 200 866 "https://www.ensad.edu.pe/serv-academicos/admision/" "Mozilla/5.0 (Windows NT 10.0; Win64; x64) AppleWebKit/537.36 (KHTML, like Gecko) Chrome/147.0.0.0 Safari/537.36"
38.43.132.234 - - [05/May/2026:08:36:10 -0500] "GET /wp-content/themes/Divi-Child-Theme/style.css?ver=4.7.3 HTTP/1.1" 200 297 "https://www.ensad.edu.pe/serv-academicos/admision/" "Mozilla/5.0 (Windows NT 10.0; Win64; x64) AppleWebKit/537.36 (KHTML, like Gecko) Chrome/147.0.0.0 Safari/537.36"
38.43.132.234 - - [05/May/2026:08:36:10 -0500] "GET /wp-content/plugins/eventON/assets/css/eventon_styles.css?ver=3.0.2 HTTP/1.1" 200 21261 "https://www.ensad.edu.pe/serv-academicos/admision/" "Mozilla/5.0 (Windows NT 10.0; Win64; x64) AppleWebKit/537.36 (KHTML, like Gecko) Chrome/147.0.0.0 Safari/537.36"
38.43.132.234 - - [05/May/2026:08:36:11 -0500] "GET /wp-content/plugins/dflip/assets/css/dflip.min.css?ver=1.6.6 HTTP/1.1" 200 5343 "https://www.ensad.edu.pe/serv-academicos/admision/" "Mozilla/5.0 (Windows NT 10.0; Win64; x64) AppleWebKit/537.36 (KHTML, like Gecko) Chrome/147.0.0.0 Safari/537.36"
38.43.132.234 - - [05/May/2026:08:36:11 -0500] "GET /wp-content/plugins/dflip/assets/css/themify-icons.min.css?ver=1.6.6 HTTP/1.1" 200 2814 "https://www.ensad.edu.pe/serv-academicos/admision/" "Mozilla/5.0 (Windows NT 10.0; Win64; x64) AppleWebKit/537.36 (KHTML, like Gecko) Chrome/147.0.0.0 Safari/537.36"
38.43.132.234 - - [05/May/2026:08:36:11 -0500] "GET /wp-content/plugins/supreme-modules-pro-for-divi/styles/style.min.css?ver=3.9.92 HTTP/1.1" 200 29914 "https://www.ensad.edu.pe/serv-academicos/admision/" "Mozilla/5.0 (Windows NT 10.0; Win64; x64) AppleWebKit/537.36 (KHTML, like Gecko) Chrome/147.0.0.0 Safari/537.36"
38.43.132.234 - - [05/May/2026:08:36:11 -0500] "GET /wp-content/plugins/eventON/assets/fonts/all.css?ver=3.0.2 HTTP/1.1" 200 13456 "https://www.ensad.edu.pe/serv-academicos/admision/" "Mozilla/5.0 (Windows NT 10.0; Win64; x64) AppleWebKit/537.36 (KHTML, like Gecko) Chrome/147.0.0.0 Safari/537.36"
38.43.132.234 - - [05/May/2026:08:36:11 -0500] "GET /wp-content/plugins/eventON/assets/css/eventon_dynamic_styles.css?ver=3.0.2 HTTP/1.1" 200 2255 "https://www.ensad.edu.pe/serv-academicos/admision/" "Mozilla/5.0 (Windows NT 10.0; Win64; x64) AppleWebKit/537.36 (KHTML, like Gecko) Chrome/147.0.0.0 Safari/537.36"
38.43.132.234 - - [05/May/2026:08:36:11 -0500] "GET /wp-content/plugins/wow-divi-carousel/styles/style.min.css?ver=1.0.0 HTTP/1.1" 200 4449 "https://www.ensad.edu.pe/serv-academicos/admision/" "Mozilla/5.0 (Windows NT 10.0; Win64; x64) AppleWebKit/537.36 (KHTML, like Gecko) Chrome/147.0.0.0 Safari/537.36"
38.43.132.234 - - [05/May/2026:08:36:11 -0500] "GET /wp-content/plugins/wpdatatables/integrations/starter/page-builders/divi-wpdt/styles/style.min.css?ver=1.0.0 HTTP/1.1" 200 1797 "https://www.ensad.edu.pe/serv-academicos/admision/" "Mozilla/5.0 (Windows NT 10.0; Win64; x64) AppleWebKit/537.36 (KHTML, like Gecko) Chrome/147.0.0.0 Safari/537.36"
38.43.132.234 - - [05/May/2026:08:36:11 -0500] "GET /wp-content/uploads/pum/pum-site-styles.css?generated=1747710144&ver=1.15.0 HTTP/1.1" 200 3468 "https://www.ensad.edu.pe/serv-academicos/admision/" "Mozilla/5.0 (Windows NT 10.0; Win64; x64) AppleWebKit/537.36 (KHTML, like Gecko) Chrome/147.0.0.0 Safari/537.36"
38.43.132.234 - - [05/May/2026:08:36:11 -0500] "GET /wp-includes/css/dashicons.min.css?ver=5.5.3 HTTP/1.1" 200 35722 "https://www.ensad.edu.pe/serv-academicos/admision/" "Mozilla/5.0 (Windows NT 10.0; Win64; x64) AppleWebKit/537.36 (KHTML, like Gecko) Chrome/147.0.0.0 Safari/537.36"
38.43.132.234 - - [05/May/2026:08:36:11 -0500] "GET /wp-includes/js/jquery/jquery.js?ver=1.12.4-wp HTTP/1.1" 200 33776 "https://www.ensad.edu.pe/serv-academicos/admision/" "Mozilla/5.0 (Windows NT 10.0; Win64; x64) AppleWebKit/537.36 (KHTML, like Gecko) Chrome/147.0.0.0 Safari/537.36"
38.43.132.234 - - [05/May/2026:08:36:11 -0500] "GET /wp-content/plugins/popups-for-divi/scripts/ie-compat.min.js?ver=3.0.5 HTTP/1.1" 200 3695 "https://www.ensad.edu.pe/serv-academicos/admision/" "Mozilla/5.0 (Windows NT 10.0; Win64; x64) AppleWebKit/537.36 (KHTML, like Gecko) Chrome/147.0.0.0 Safari/537.36"
38.43.132.234 - - [05/May/2026:08:36:11 -0500] "GET /wp-content/plugins/popups-for-divi/scripts/front.min.js?ver=3.0.5 HTTP/1.1" 200 21335 "https://www.ensad.edu.pe/serv-academicos/admision/" "Mozilla/5.0 (Windows NT 10.0; Win64; x64) AppleWebKit/537.36 (KHTML, like Gecko) Chrome/147.0.0.0 Safari/537.36"
38.43.132.234 - - [05/May/2026:08:36:11 -0500] "GET /wp-content/themes/Divi/js/custom.unified.js?ver=4.7.3 HTTP/1.1" 200 135984 "https://www.ensad.edu.pe/serv-academicos/admision/" "Mozilla/5.0 (Windows NT 10.0; Win64; x64) AppleWebKit/537.36 (KHTML, like Gecko) Chrome/147.0.0.0 Safari/537.36"
38.43.132.234 - - [05/May/2026:08:36:11 -0500] "GET /wp-content/plugins/wow-divi-carousel/assets/js/wow-divi-carousel.js?ver=1.4.2 HTTP/1.1" 200 45 "https://www.ensad.edu.pe/serv-academicos/admision/" "Mozilla/5.0 (Windows NT 10.0; Win64; x64) AppleWebKit/537.36 (KHTML, like Gecko) Chrome/147.0.0.0 Safari/537.36"
38.43.132.234 - - [05/May/2026:08:36:11 -0500] "GET /wp-content/plugins/wow-divi-carousel/assets/vendor/slick/slick.min.js?ver=1.4.2 HTTP/1.1" 200 10519 "https://www.ensad.edu.pe/serv-academicos/admision/" "Mozilla/5.0 (Windows NT 10.0; Win64; x64) AppleWebKit/537.36 (KHTML, like Gecko) Chrome/147.0.0.0 Safari/537.36"
38.43.132.234 - - [05/May/2026:08:36:11 -0500] "GET /wp-content/themes/Divi/core/admin/js/es6-promise.auto.min.js?ver=4.7.3 HTTP/1.1" 200 2684 "https://www.ensad.edu.pe/serv-academicos/admision/" "Mozilla/5.0 (Windows NT 10.0; Win64; x64) AppleWebKit/537.36 (KHTML, like Gecko) Chrome/147.0.0.0 Safari/537.36"
38.43.132.234 - - [05/May/2026:08:36:12 -0500] "GET /wp-content/themes/Divi/core/admin/js/recaptcha.js?ver=4.7.3 HTTP/1.1" 200 712 "https://www.ensad.edu.pe/serv-academicos/admision/" "Mozilla/5.0 (Windows NT 10.0; Win64; x64) AppleWebKit/537.36 (KHTML, like Gecko) Chrome/147.0.0.0 Safari/537.36"
38.43.132.234 - - [05/May/2026:08:36:12 -0500] "GET /wp-content/plugins/eventON/assets/js/eventon_functions.js?ver=3.0.2 HTTP/1.1" 200 3768 "https://www.ensad.edu.pe/serv-academicos/admision/" "Mozilla/5.0 (Windows NT 10.0; Win64; x64) AppleWebKit/537.36 (KHTML, like Gecko) Chrome/147.0.0.0 Safari/537.36"
38.43.132.234 - - [05/May/2026:08:36:12 -0500] "GET /wp-content/plugins/dflip/assets/js/dflip.min.js?ver=1.6.6 HTTP/1.1" 200 40479 "https://www.ensad.edu.pe/serv-academicos/admision/" "Mozilla/5.0 (Windows NT 10.0; Win64; x64) AppleWebKit/537.36 (KHTML, like Gecko) Chrome/147.0.0.0 Safari/537.36"
38.43.132.234 - - [05/May/2026:08:36:12 -0500] "GET /wp-content/plugins/eventON/assets/js/lib/jquery.easing.1.3.js?ver=1.0 HTTP/1.1" 200 1986 "https://www.ensad.edu.pe/serv-academicos/admision/" "Mozilla/5.0 (Windows NT 10.0; Win64; x64) AppleWebKit/537.36 (KHTML, like Gecko) Chrome/147.0.0.0 Safari/537.36"
38.43.132.234 - - [05/May/2026:08:36:12 -0500] "GET /wp-content/plugins/eventON/assets/js/lib/jquery.mobile.min.js?ver=3.0.2 HTTP/1.1" 200 2743 "https://www.ensad.edu.pe/serv-academicos/admision/" "Mozilla/5.0 (Windows NT 10.0; Win64; x64) AppleWebKit/537.36 (KHTML, like Gecko) Chrome/147.0.0.0 Safari/537.36"
38.43.132.234 - - [05/May/2026:08:36:12 -0500] "GET /wp-content/plugins/eventON/assets/js/lib/handlebars.js?ver=3.0.2 HTTP/1.1" 200 38247 "https://www.ensad.edu.pe/serv-academicos/admision/" "Mozilla/5.0 (Windows NT 10.0; Win64; x64) AppleWebKit/537.36 (KHTML, like Gecko) Chrome/147.0.0.0 Safari/537.36"
38.43.132.234 - - [05/May/2026:08:36:12 -0500] "GET /wp-content/plugins/eventON/assets/js/lib/moment.min.js?ver=3.0.2 HTTP/1.1" 200 17113 "https://www.ensad.edu.pe/serv-academicos/admision/" "Mozilla/5.0 (Windows NT 10.0; Win64; x64) AppleWebKit/537.36 (KHTML, like Gecko) Chrome/147.0.0.0 Safari/537.36"
38.43.132.234 - - [05/May/2026:08:36:12 -0500] "GET /wp-content/plugins/eventON/assets/js/eventon_script.js?ver=3.0.2 HTTP/1.1" 200 13449 "https://www.ensad.edu.pe/serv-academicos/admision/" "Mozilla/5.0 (Windows NT 10.0; Win64; x64) AppleWebKit/537.36 (KHTML, like Gecko) Chrome/147.0.0.0 Safari/537.36"
38.43.132.234 - - [05/May/2026:08:36:12 -0500] "GET /wp-content/plugins/supreme-modules-pro-for-divi/scripts/frontend-bundle.min.js?ver=3.9.92 HTTP/1.1" 200 619 "https://www.ensad.edu.pe/serv-academicos/admision/" "Mozilla/5.0 (Windows NT 10.0; Win64; x64) AppleWebKit/537.36 (KHTML, like Gecko) Chrome/147.0.0.0 Safari/537.36"
38.43.132.234 - - [05/May/2026:08:36:12 -0500] "GET /wp-content/plugins/eventON/assets/js/lib/jquery.mousewheel.min.js?ver=3.0.2 HTTP/1.1" 200 716 "https://www.ensad.edu.pe/serv-academicos/admision/" "Mozilla/5.0 (Windows NT 10.0; Win64; x64) AppleWebKit/537.36 (KHTML, like Gecko) Chrome/147.0.0.0 Safari/537.36"
38.43.132.234 - - [05/May/2026:08:36:12 -0500] "GET /wp-content/plugins/wow-divi-carousel/scripts/frontend-bundle.min.js?ver=1.0.0 HTTP/1.1" 200 1694 "https://www.ensad.edu.pe/serv-academicos/admision/" "Mozilla/5.0 (Windows NT 10.0; Win64; x64) AppleWebKit/537.36 (KHTML, like Gecko) Chrome/147.0.0.0 Safari/537.36"
38.43.132.234 - - [05/May/2026:08:36:12 -0500] "GET /wp-content/plugins/wpdatatables/integrations/starter/page-builders/divi-wpdt/scripts/frontend-bundle.min.js?ver=1.0.0 HTTP/1.1" 200 327 "https://www.ensad.edu.pe/serv-academicos/admision/" "Mozilla/5.0 (Windows NT 10.0; Win64; x64) AppleWebKit/537.36 (KHTML, like Gecko) Chrome/147.0.0.0 Safari/537.36"
38.43.132.234 - - [05/May/2026:08:36:12 -0500] "GET /wp-includes/js/jquery/ui/position.min.js?ver=1.11.4 HTTP/1.1" 200 2507 "https://www.ensad.edu.pe/serv-academicos/admision/" "Mozilla/5.0 (Windows NT 10.0; Win64; x64) AppleWebKit/537.36 (KHTML, like Gecko) Chrome/147.0.0.0 Safari/537.36"
38.43.132.234 - - [05/May/2026:08:36:12 -0500] "GET /wp-includes/js/jquery/ui/core.min.js?ver=1.11.4 HTTP/1.1" 200 1813 "https://www.ensad.edu.pe/serv-academicos/admision/" "Mozilla/5.0 (Windows NT 10.0; Win64; x64) AppleWebKit/537.36 (KHTML, like Gecko) Chrome/147.0.0.0 Safari/537.36"
38.43.132.234 - - [05/May/2026:08:36:12 -0500] "GET /wp-content/themes/Divi/core/admin/js/common.js?ver=4.7.3 HTTP/1.1" 200 577 "https://www.ensad.edu.pe/serv-academicos/admision/" "Mozilla/5.0 (Windows NT 10.0; Win64; x64) AppleWebKit/537.36 (KHTML, like Gecko) Chrome/147.0.0.0 Safari/537.36"
38.43.132.234 - - [05/May/2026:08:36:12 -0500] "GET /wp-includes/js/wp-embed.min.js?ver=5.5.3 HTTP/1.1" 200 769 "https://www.ensad.edu.pe/serv-academicos/admision/" "Mozilla/5.0 (Windows NT 10.0; Win64; x64) AppleWebKit/537.36 (KHTML, like Gecko) Chrome/147.0.0.0 Safari/537.36"
38.43.132.234 - - [05/May/2026:08:36:12 -0500] "GET /wp-content/uploads/pum/pum-site-scripts.js?defer&generated=1747710144&ver=1.15.0 HTTP/1.1" 200 17645 "https://www.ensad.edu.pe/serv-academicos/admision/" "Mozilla/5.0 (Windows NT 10.0; Win64; x64) AppleWebKit/537.36 (KHTML, like Gecko) Chrome/147.0.0.0 Safari/537.36"
38.43.132.234 - - [05/May/2026:08:36:13 -0500] "GET /wp-content/plugins/popup-maker/assets/js/vendor/mobile-detect.min.js?ver=1.3.3 HTTP/1.1" 200 16296 "https://www.ensad.edu.pe/serv-academicos/admision/" "Mozilla/5.0 (Windows NT 10.0; Win64; x64) AppleWebKit/537.36 (KHTML, like Gecko) Chrome/147.0.0.0 Safari/537.36"
38.43.132.234 - - [05/May/2026:08:36:13 -0500] "GET /wp-content/themes/Divi/core/admin/fonts/modules.ttf HTTP/1.1" 200 37445 "https://www.ensad.edu.pe/wp-content/themes/Divi/style.css?ver=5.5.3" "Mozilla/5.0 (Windows NT 10.0; Win64; x64) AppleWebKit/537.36 (KHTML, like Gecko) Chrome/147.0.0.0 Safari/537.36"
38.43.132.234 - - [05/May/2026:08:36:13 -0500] "GET /wp-content/plugins/eventON/assets/js/maps/eventon_init_gmap.js?ver=1.0 HTTP/1.1" 200 153 "https://www.ensad.edu.pe/serv-academicos/admision/" "Mozilla/5.0 (Windows NT 10.0; Win64; x64) AppleWebKit/537.36 (KHTML, like Gecko) Chrome/147.0.0.0 Safari/537.36"
38.43.132.234 - - [05/May/2026:08:36:13 -0500] "GET /wp-content/uploads/2026/04/LOGOFINALENSAD-300x91-1.png HTTP/1.1" 200 14654 "https://www.ensad.edu.pe/serv-academicos/admision/" "Mozilla/5.0 (Windows NT 10.0; Win64; x64) AppleWebKit/537.36 (KHTML, like Gecko) Chrome/147.0.0.0 Safari/537.36"
38.43.132.234 - - [05/May/2026:08:36:13 -0500] "GET /wp-content/plugins/eventON/assets/js/maps/eventon_gen_maps.js?ver=3.0.2 HTTP/1.1" 200 1907 "https://www.ensad.edu.pe/serv-academicos/admision/" "Mozilla/5.0 (Windows NT 10.0; Win64; x64) AppleWebKit/537.36 (KHTML, like Gecko) Chrome/147.0.0.0 Safari/537.36"
220.181.108.157 - - [05/May/2026:08:36:14 -0500] "GET /?p=21103 HTTP/1.1" 301 20 "-" "Mozilla/5.0 (compatible; Baiduspider/2.0; +http://www.baidu.com/search/spider.html)"
38.43.132.234 - - [05/May/2026:08:36:14 -0500] "GET /wp-content/uploads/2025/11/admin2026.jpg HTTP/1.1" 200 80639 "https://www.ensad.edu.pe/serv-academicos/admision/" "Mozilla/5.0 (Windows NT 10.0; Win64; x64) AppleWebKit/537.36 (KHTML, like Gecko) Chrome/147.0.0.0 Safari/537.36"
52.167.144.206 - - [05/May/2026:08:36:14 -0500] "GET /inicio-5/?lang=en HTTP/1.1" 301 20 "-" "Mozilla/5.0 AppleWebKit/537.36 (KHTML, like Gecko; compatible; bingbot/2.0; +http://www.bing.com/bingbot.htm) Chrome/116.0.1938.76 Safari/537.36"
220.181.108.156 - - [05/May/2026:08:36:15 -0500] "GET /serv-academicos/biblioteca/capacitaciones-biblioteca/ HTTP/1.1" 200 33650 "-" "Mozilla/5.0 (compatible; Baiduspider/2.0; +http://www.baidu.com/search/spider.html)"
38.43.132.234 - - [05/May/2026:08:36:17 -0500] "GET /favicon.ico HTTP/1.1" 302 20 "https://www.ensad.edu.pe/serv-academicos/admision/" "Mozilla/5.0 (Windows NT 10.0; Win64; x64) AppleWebKit/537.36 (KHTML, like Gecko) Chrome/147.0.0.0 Safari/537.36"
38.43.132.234 - - [05/May/2026:08:36:18 -0500] "GET /wp-content/uploads/2026/04/cropped-unae_favico-32x32.png HTTP/1.1" 200 272 "https://www.ensad.edu.pe/serv-academicos/admision/" "Mozilla/5.0 (Windows NT 10.0; Win64; x64) AppleWebKit/537.36 (KHTML, like Gecko) Chrome/147.0.0.0 Safari/537.36"
103.59.160.219 - - [05/May/2026:08:36:27 -0500] "POST /xmlrpc.php HTTP/1.1" 503 7117 "-" "python-httpx/0.22.0"
167.86.88.122 - - [05/May/2026:08:36:36 -0500] "POST /?wordfence_syncAttackData=1777988196.7057 HTTP/1.1" 200 20 "https://www.ensad.edu.pe/?wordfence_syncAttackData=1777988196.7057" "WordPress/5.5.3; https://www.ensad.edu.pe"
162.55.165.86 - - [05/May/2026:08:36:36 -0500] "GET / HTTP/1.1" 200 38690 "-" "Better Uptime Bot Mozilla/5.0 (Windows NT 10.0; Win64; x64) AppleWebKit/537.36 (KHTML, like Gecko) Chrome/74.0.3729.169 Safari/537.36"
167.86.88.122 - - [05/May/2026:08:36:58 -0500] "POST /wp-cron.php?doing_wp_cron=1777988218.1923658847808837890625 HTTP/1.1" 200 20 "https://www.ensad.edu.pe/wp-cron.php?doing_wp_cron=1777988218.1923658847808837890625" "WordPress/5.5.3; https://www.ensad.edu.pe"
162.120.186.112 - - [05/May/2026:08:36:58 -0500] "GET /serv-academicos/admision/ HTTP/1.1" 200 42749 "https://www.google.com/" "Mozilla/5.0 (Windows NT 10.0; Win64; x64) AppleWebKit/537.36 (KHTML, like Gecko) Chrome/147.0.0.0 Safari/537.36"
51.68.247.195 - - [05/May/2026:08:36:59 -0500] "GET /02_10-pasos-fundamentales-para-la-creacion-de-un-diseno-de-maquillaje-escenico/ HTTP/1.1" 200 37400 "-" "Mozilla/5.0 (compatible; AhrefsBot/7.0; +http://ahrefs.com/robot/)"
51.68.247.198 - - [05/May/2026:08:37:12 -0500] "GET /wp-content/uploads/2026/04/N-13-1.png HTTP/1.1" 200 6646 "-" "Mozilla/5.0 (compatible; AhrefsBot/7.0; +http://ahrefs.com/robot/)"
54.37.118.75 - - [05/May/2026:08:37:12 -0500] "GET /wp-content/uploads/2026/04/D-16-1.png HTTP/1.1" 200 4727 "-" "Mozilla/5.0 (compatible; AhrefsBot/7.0; +http://ahrefs.com/robot/)"
92.222.104.204 - - [05/May/2026:08:37:13 -0500] "GET /wp-content/uploads/2026/04/01.jpeg HTTP/1.1" 200 3132 "-" "Mozilla/5.0 (compatible; AhrefsBot/7.0; +http://ahrefs.com/robot/)"
37.59.204.150 - - [05/May/2026:08:37:13 -0500] "GET /wp-content/uploads/2026/04/A-15-1.png HTTP/1.1" 200 4561 "-" "Mozilla/5.0 (compatible; AhrefsBot/7.0; +http://ahrefs.com/robot/)"
5.39.1.229 - - [05/May/2026:08:37:14 -0500] "GET /wp-content/themes/Divi-Child-Theme/style.css?ver=4.7.3 HTTP/1.1" 200 297 "-" "Mozilla/5.0 (compatible; AhrefsBot/7.0; +http://ahrefs.com/robot/)"
5.39.109.174 - - [05/May/2026:08:37:19 -0500] "GET /wp-content/uploads/2026/04/E-12-1.png HTTP/1.1" 200 4596 "-" "Mozilla/5.0 (compatible; AhrefsBot/7.0; +http://ahrefs.com/robot/)"
92.222.104.207 - - [05/May/2026:08:37:20 -0500] "GET /wp-content/uploads/2026/04/minedu_logo_300px.png HTTP/1.1" 200 15114 "-" "Mozilla/5.0 (compatible; AhrefsBot/7.0; +http://ahrefs.com/robot/)"
5.39.1.237 - - [05/May/2026:08:37:20 -0500] "GET /wp-content/uploads/2026/04/S-14-1.png HTTP/1.1" 200 5173 "-" "Mozilla/5.0 (compatible; AhrefsBot/7.0; +http://ahrefs.com/robot/)"
176.31.139.15 - - [05/May/2026:08:37:21 -0500] "GET /wp-content/plugins/wow-divi-carousel/styles/style.min.css?ver=1.0.0 HTTP/1.1" 200 4449 "-" "Mozilla/5.0 (compatible; AhrefsBot/7.0; +http://ahrefs.com/robot/)"
94.23.188.196 - - [05/May/2026:08:37:22 -0500] "GET /wp-content/plugins/popups-for-divi/styles/front.min.css?ver=3.0.5 HTTP/1.1" 200 1641 "-" "Mozilla/5.0 (compatible; AhrefsBot/7.0; +http://ahrefs.com/robot/)"
103.59.160.219 - - [05/May/2026:08:37:30 -0500] "POST /xmlrpc.php HTTP/1.1" 503 7117 "-" "python-httpx/0.22.0"
167.86.88.122 - - [05/May/2026:08:37:43 -0500] "POST /wp-cron.php?doing_wp_cron=1777988263.8808879852294921875000 HTTP/1.1" 200 20 "https://www.ensad.edu.pe/wp-cron.php?doing_wp_cron=1777988263.8808879852294921875000" "WordPress/5.5.3; https://www.ensad.edu.pe"
167.86.88.122 - - [05/May/2026:08:37:43 -0500] "POST /?wordfence_syncAttackData=1777988263.7985 HTTP/1.1" 200 20 "https://www.ensad.edu.pe/?wordfence_syncAttackData=1777988263.7985" "WordPress/5.5.3; https://www.ensad.edu.pe"
5.39.1.233 - - [05/May/2026:08:37:43 -0500] "GET /obra-atrapada-en-los-ochentas/ HTTP/1.1" 200 45450 "-" "Mozilla/5.0 (compatible; AhrefsBot/7.0; +http://ahrefs.com/robot/)"
103.59.160.219 - - [05/May/2026:08:37:47 -0500] "POST /xmlrpc.php HTTP/1.1" 503 7118 "-" "python-httpx/0.22.0"
103.59.160.219 - - [05/May/2026:08:38:03 -0500] "POST /xmlrpc.php HTTP/1.1" 503 7117 "-" "python-httpx/0.22.0"
103.59.160.219 - - [05/May/2026:08:38:23 -0500] "POST /xmlrpc.php HTTP/1.1" 503 7117 "-" "python-httpx/0.22.0"
167.86.88.122 - - [05/May/2026:08:38:33 -0500] "POST /wp-cron.php?doing_wp_cron=1777988313.6082201004028320312500 HTTP/1.1" 200 20 "https://www.ensad.edu.pe/wp-cron.php?doing_wp_cron=1777988313.6082201004028320312500" "WordPress/5.5.3; https://www.ensad.edu.pe"
167.86.88.122 - - [05/May/2026:08:38:33 -0500] "POST /?wordfence_syncAttackData=1777988313.477 HTTP/1.1" 200 20 "https://www.ensad.edu.pe/?wordfence_syncAttackData=1777988313.477" "WordPress/5.5.3; https://www.ensad.edu.pe"
49.49.231.247 - - [05/May/2026:08:38:33 -0500] "GET /wp-sitemap-posts-page-1.xml HTTP/1.1" 200 1878 "-" "Mozilla/5.0 (Macintosh; Intel Mac OS X 12_7_3) AppleWebKit/537.36 (KHTML, like Gecko) Chrome/132.0.6834.83 Safari/537.36"
5.39.1.247 - - [05/May/2026:08:38:33 -0500] "GET /obra-multiples/ HTTP/1.1" 200 38666 "-" "Mozilla/5.0 (compatible; AhrefsBot/7.0; +http://ahrefs.com/robot/)"
103.59.160.219 - - [05/May/2026:08:38:41 -0500] "POST /xmlrpc.php HTTP/1.1" 503 7117 "-" "python-httpx/0.22.0"
167.86.88.122 - - [05/May/2026:08:38:52 -0500] "POST /wp-cron.php?doing_wp_cron=1777988332.0018479824066162109375 HTTP/1.1" 200 20 "https://www.ensad.edu.pe/wp-cron.php?doing_wp_cron=1777988332.0018479824066162109375" "WordPress/5.5.3; https://www.ensad.edu.pe"
167.86.88.122 - - [05/May/2026:08:38:51 -0500] "POST /?wordfence_syncAttackData=1777988331.8879 HTTP/1.1" 200 20 "https://www.ensad.edu.pe/?wordfence_syncAttackData=1777988331.8879" "WordPress/5.5.3; https://www.ensad.edu.pe"
78.177.219.174 - - [05/May/2026:08:38:51 -0500] "GET / HTTP/1.1" 200 24242 "https://tr.wmxh.shop/videos/besties-brandy-egypt-get-stacked-folded-by-big-dick-jmac-xhLSQAO" "Mozilla/5.0 (X11; CrOS x86_64 14541.0.0) AppleWebKit/537.36 (KHTML, like Gecko) Chrome/147.0.0.0 Safari/537.36"
92.222.104.197 - - [05/May/2026:08:38:56 -0500] "GET /teatro-en-la-escuela-en-tiempos-de-pandemia-en-el-peru/ HTTP/1.1" 200 41004 "-" "Mozilla/5.0 (compatible; AhrefsBot/7.0; +http://ahrefs.com/robot/)"
103.59.160.219 - - [05/May/2026:08:38:59 -0500] "POST /xmlrpc.php HTTP/1.1" 503 7117 "-" "python-httpx/0.22.0"
5.39.1.235 - - [05/May/2026:08:39:00 -0500] "GET /wp-includes/js/mediaelement/mediaelement-migrate.min.js?ver=5.5.3 HTTP/1.1" 200 545 "-" "Mozilla/5.0 (compatible; AhrefsBot/7.0; +http://ahrefs.com/robot/)"
176.31.139.20 - - [05/May/2026:08:39:01 -0500] "GET /wp-includes/js/mediaelement/wp-mediaelement.min.js?ver=5.5.3 HTTP/1.1" 200 474 "-" "Mozilla/5.0 (compatible; AhrefsBot/7.0; +http://ahrefs.com/robot/)"
92.222.108.112 - - [05/May/2026:08:39:01 -0500] "GET /wp-includes/js/mediaelement/wp-mediaelement.min.css?ver=5.5.3 HTTP/1.1" 200 1156 "-" "Mozilla/5.0 (compatible; AhrefsBot/7.0; +http://ahrefs.com/robot/)"
94.23.188.208 - - [05/May/2026:08:39:02 -0500] "GET /wp-includes/js/mediaelement/mediaelementplayer-legacy.min.css?ver=4.2.13-9993131 HTTP/1.1" 200 2599 "-" "Mozilla/5.0 (compatible; AhrefsBot/7.0; +http://ahrefs.com/robot/)"
92.222.108.103 - - [05/May/2026:08:39:02 -0500] "GET /wp-includes/js/mediaelement/mediaelement-and-player.min.js?ver=4.2.13-9993131 HTTP/1.1" 200 39664 "-" "Mozilla/5.0 (compatible; AhrefsBot/7.0; +http://ahrefs.com/robot/)"
167.86.88.122 - - [05/May/2026:08:39:10 -0500] "POST /wp-cron.php?doing_wp_cron=1777988350.5690739154815673828125 HTTP/1.1" 200 20 "https://www.ensad.edu.pe/wp-cron.php?doing_wp_cron=1777988350.5690739154815673828125" "WordPress/5.5.3; https://www.ensad.edu.pe"
167.86.88.122 - - [05/May/2026:08:39:10 -0500] "POST /?wordfence_syncAttackData=1777988350.4713 HTTP/1.1" 200 20 "https://www.ensad.edu.pe/?wordfence_syncAttackData=1777988350.4713" "WordPress/5.5.3; https://www.ensad.edu.pe"
142.248.80.121 - - [05/May/2026:08:39:10 -0500] "GET / HTTP/1.1" 200 38690 "-" "Mozilla/5.0 (Windows NT 10.0; Win64; x64) AppleWebKit/537.36 (KHTML, like Gecko) Chrome/120.0.0.0 Safari/537.36"
103.59.160.219 - - [05/May/2026:08:39:21 -0500] "POST /xmlrpc.php HTTP/1.1" 503 7118 "-" "python-httpx/0.22.0"
92.222.104.200 - - [05/May/2026:08:39:27 -0500] "GET /wp-content/uploads/2021/01/autor-cristhian-pastrana.jpg HTTP/1.1" 200 282219 "-" "Mozilla/5.0 (compatible; AhrefsBot/7.0; +http://ahrefs.com/robot/)"
167.86.88.122 - - [05/May/2026:08:39:29 -0500] "POST /?wordfence_syncAttackData=1777988369.0993 HTTP/1.1" 200 20 "https://www.ensad.edu.pe/?wordfence_syncAttackData=1777988369.0993" "WordPress/5.5.3; https://www.ensad.edu.pe"
51.75.236.129 - - [05/May/2026:08:39:29 -0500] "GET /02_10-pasos-fundamentales-para-la-creacion-de-un-diseno-de-maquillaje-escenico/ HTTP/1.1" 200 37121 "-" "Mozilla/5.0 (compatible; AhrefsBot/7.0; +http://ahrefs.com/robot/)"
92.222.104.192 - - [05/May/2026:08:39:31 -0500] "GET /wp-content/uploads/2021/01/reflexiones-cristhian-pastrana.jpg HTTP/1.1" 200 960828 "-" "Mozilla/5.0 (compatible; AhrefsBot/7.0; +http://ahrefs.com/robot/)"
5.39.1.250 - - [05/May/2026:08:39:31 -0500] "GET /wp-content/uploads/2021/07/Alondra-300x215.jpg HTTP/1.1" 200 18423 "-" "Mozilla/5.0 (compatible; AhrefsBot/7.0; +http://ahrefs.com/robot/)"
37.59.204.133 - - [05/May/2026:08:39:34 -0500] "GET /wp-content/uploads/2021/02/a3-Multiples_Lucero-Zarate.jpg HTTP/1.1" 200 128504 "-" "Mozilla/5.0 (compatible; AhrefsBot/7.0; +http://ahrefs.com/robot/)"
152.59.202.213 - - [05/May/2026:08:39:34 -0500] "GET / HTTP/1.1" 200 38423 "https://29633103-32063-36448.squitoiages.com/iixHCYE5PAbnZtczvQOYbhxKk9RS5tiAZvlSX8ufEJoWPJ6cyV2bD5VTiHq7SX1O1DQ5PwM?_=cf3bcfbb-4882-11f1-b5c8-c8bc327b0ded&d=BQ5qQHPe8pWWrjkJUA8R9dfYEpzy129TS4MVFL0Wpb8P1c7Itt3wRMvdVjKKnz5-XrenpAZlnT4jpoqU52sERw7nVW-gHHS15Im8ZhlTh7ULnFGtG8pzKLlxPX8SFa399YigdES70RIAvJjFoUW3qBGmtFIYE5BuR9yhOR2vFQYpT6oSAE2P3-tZt2aGcWjPbftahaHRw5Ou_-IHw3jU7Bzd8paaDv6yrB2EgBnUKRvI8cGz5i_jeo8B3kvkXxhjqwoF8eg3HhRDc5_CGSzOa5CgU_cPNpWnuYz_0XP6e8_f2FQuoIh4ioLs4e8swoyEFl95sgb8sSimWdmiKbBX8ksAv3ECCN-ltPtHH5-lSwKRXbbEeWa_0r1lxhRoNs0cEwFzz4XgV5Y3lRYJXs4sLQ5BQ9cd9ZKoFRwIUSlJVD8ZO4vu-VJfQknvE3PS9pv_hWY3ypjqHeJ0dw5IFrlQDkyo6n6lgTwyksmfxeyrmXzTzXBU9myy23Jx9PmJxkrk24APjH-p3-Clh8x6yTuYgugF_XMxWfuMZn7b4JGRR5tAaDjeHayK2Py0DXPrY-ywCTzIV4L6MZA8TCrKBAFCtfxgNWH5v9g5n19nM_KAwt2P477ImgUjdOEtZ9PMeFojcbqVNxYyiOrKVMkbQAG-tLHJEB6lUzwkxJtClueTuV9FKo93yYCbSYNSasPx3eEYVsJ9SDGXoeJlsVSGQj_XIhhKaLeoogUKgWR_PHXo45ndmWPMpCsW91ulfIGTcVlaGEYV-HhikMNbEbilBuUBGQkSgrBcVXG4wXwOjbjmxEaga9V3uMpqS-tQ_PvRerQiCuOQRdMDo51Y7Dmr_kqXU7nx8akH9jttbU2udpXyehblnD2MpKSERohXCNcQ5DuLyemOyvfwXh69MK3qClSDqiEW_v2JfaNRlBMfeR8_ohwSXu7OHr1FjpbuYcEOUn1xno37f8ujaW25QdsnH7AUseqmAhIIXkZNYEnO0nTgO1uxlKg7-IvqOv3JoY_YNiD1aS0_GiINIneRb4vTbaU-HcnwzyfEVeRv3IXlIhUyKDJH7WS-qsVJasndP0WhCg9S_0IPxPAoxPuO8-tw4Umh8FujfHtidl9xgudapYDQfjOkRwO5gYhhx8ye2KfZmcETwR2j2cDD1NQEEMJmhT8iN2cBVVc3QU935uzmeAVc9FDZXxk&_bbr=1" "Mozilla/5.0 (Linux; Android 10; K) AppleWebKit/537.36 (KHTML, like Gecko) Chrome/145.0.0.0 Mobile Safari/537.36"
103.59.160.219 - - [05/May/2026:08:39:36 -0500] "POST /xmlrpc.php HTTP/1.1" 503 7117 "-" "python-httpx/0.22.0"
167.86.88.122 - - [05/May/2026:08:39:43 -0500] "POST /?wordfence_syncAttackData=1777988383.5491 HTTP/1.1" 200 20 "https://www.ensad.edu.pe/?wordfence_syncAttackData=1777988383.5491" "WordPress/5.5.3; https://www.ensad.edu.pe"
92.222.108.126 - - [05/May/2026:08:39:43 -0500] "GET /inicioo/serv-academicos/admision/ HTTP/1.1" 404 31111 "-" "Mozilla/5.0 (compatible; AhrefsBot/7.0; +http://ahrefs.com/robot/)"
74.7.227.61 - - [05/May/2026:08:39:48 -0500] "GET / HTTP/1.1" 200 12413 "-" "Mozilla/5.0 AppleWebKit/537.36 (KHTML, like Gecko; compatible; GPTBot/1.3; +https://openai.com/gptbot)"
74.7.241.185 - - [05/May/2026:08:39:48 -0500] "GET /robots.txt HTTP/1.1" 200 26 "-" "Mozilla/5.0 (Macintosh; Intel Mac OS X 10_15_7) AppleWebKit/537.36 (KHTML, like Gecko) Chrome/131.0.0.0 Safari/537.36; compatible; OAI-SearchBot/1.3; robots.txt; +https://openai.com/searchbot"
74.7.227.61 - - [05/May/2026:08:39:51 -0500] "GET /?locale=ko HTTP/1.1" 200 12568 "https://cpanel.ensad.edu.pe/" "Mozilla/5.0 AppleWebKit/537.36 (KHTML, like Gecko; compatible; GPTBot/1.3; +https://openai.com/gptbot)"
74.7.227.61 - - [05/May/2026:08:39:55 -0500] "GET /?locale=fil HTTP/1.1" 200 12371 "https://cpanel.ensad.edu.pe/" "Mozilla/5.0 AppleWebKit/537.36 (KHTML, like Gecko; compatible; GPTBot/1.3; +https://openai.com/gptbot)"
74.7.227.61 - - [05/May/2026:08:39:56 -0500] "GET /?locale=ru HTTP/1.1" 200 12775 "https://cpanel.ensad.edu.pe/" "Mozilla/5.0 AppleWebKit/537.36 (KHTML, like Gecko; compatible; GPTBot/1.3; +https://openai.com/gptbot)"
74.7.227.61 - - [05/May/2026:08:39:59 -0500] "GET /?locale=ms HTTP/1.1" 200 12375 "https://cpanel.ensad.edu.pe/" "Mozilla/5.0 AppleWebKit/537.36 (KHTML, like Gecko; compatible; GPTBot/1.3; +https://openai.com/gptbot)"
54.37.118.89 - - [05/May/2026:08:39:59 -0500] "GET /pagina-plantilla/ HTTP/1.1" 200 37781 "-" "Mozilla/5.0 (compatible; AhrefsBot/7.0; +http://ahrefs.com/robot/)"
74.7.227.61 - - [05/May/2026:08:40:01 -0500] "GET /?locale=en HTTP/1.1" 200 12277 "https://cpanel.ensad.edu.pe/" "Mozilla/5.0 AppleWebKit/537.36 (KHTML, like Gecko; compatible; GPTBot/1.3; +https://openai.com/gptbot)"
74.7.227.61 - - [05/May/2026:08:40:03 -0500] "GET /?locale=zh HTTP/1.1" 200 12584 "https://cpanel.ensad.edu.pe/" "Mozilla/5.0 AppleWebKit/537.36 (KHTML, like Gecko; compatible; GPTBot/1.3; +https://openai.com/gptbot)"
74.7.227.61 - - [05/May/2026:08:40:04 -0500] "GET /resetpass?start=1 HTTP/1.1" 200 1141 "https://cpanel.ensad.edu.pe/" "Mozilla/5.0 AppleWebKit/537.36 (KHTML, like Gecko; compatible; GPTBot/1.3; +https://openai.com/gptbot)"
74.7.227.61 - - [05/May/2026:08:40:06 -0500] "GET /?locale=bg HTTP/1.1" 200 12272 "https://cpanel.ensad.edu.pe/" "Mozilla/5.0 AppleWebKit/537.36 (KHTML, like Gecko; compatible; GPTBot/1.3; +https://openai.com/gptbot)"
74.7.227.61 - - [05/May/2026:08:40:07 -0500] "GET /?locale=es_es HTTP/1.1" 200 12437 "https://cpanel.ensad.edu.pe/" "Mozilla/5.0 AppleWebKit/537.36 (KHTML, like Gecko; compatible; GPTBot/1.3; +https://openai.com/gptbot)"
74.7.227.61 - - [05/May/2026:08:40:08 -0500] "GET /?locale=hu HTTP/1.1" 200 12520 "https://cpanel.ensad.edu.pe/" "Mozilla/5.0 AppleWebKit/537.36 (KHTML, like Gecko; compatible; GPTBot/1.3; +https://openai.com/gptbot)"
74.7.227.61 - - [05/May/2026:08:40:10 -0500] "GET /?locale=da HTTP/1.1" 200 12369 "https://cpanel.ensad.edu.pe/" "Mozilla/5.0 AppleWebKit/537.36 (KHTML, like Gecko; compatible; GPTBot/1.3; +https://openai.com/gptbot)"
74.7.227.61 - - [05/May/2026:08:40:10 -0500] "GET /?locale=es_419 HTTP/1.1" 200 12425 "https://cpanel.ensad.edu.pe/" "Mozilla/5.0 AppleWebKit/537.36 (KHTML, like Gecko; compatible; GPTBot/1.3; +https://openai.com/gptbot)"
74.7.227.61 - - [05/May/2026:08:40:11 -0500] "GET /?locale=de HTTP/1.1" 200 12492 "https://cpanel.ensad.edu.pe/" "Mozilla/5.0 AppleWebKit/537.36 (KHTML, like Gecko; compatible; GPTBot/1.3; +https://openai.com/gptbot)"
74.7.227.61 - - [05/May/2026:08:40:12 -0500] "GET /?locale=el HTTP/1.1" 200 12775 "https://cpanel.ensad.edu.pe/" "Mozilla/5.0 AppleWebKit/537.36 (KHTML, like Gecko; compatible; GPTBot/1.3; +https://openai.com/gptbot)"
74.7.227.61 - - [05/May/2026:08:40:13 -0500] "GET /?locale=es HTTP/1.1" 200 12428 "https://cpanel.ensad.edu.pe/" "Mozilla/5.0 AppleWebKit/537.36 (KHTML, like Gecko; compatible; GPTBot/1.3; +https://openai.com/gptbot)"
74.7.227.61 - - [05/May/2026:08:40:14 -0500] "GET /?locale=nl HTTP/1.1" 200 12407 "https://cpanel.ensad.edu.pe/" "Mozilla/5.0 AppleWebKit/537.36 (KHTML, like Gecko; compatible; GPTBot/1.3; +https://openai.com/gptbot)"
74.7.227.61 - - [05/May/2026:08:40:14 -0500] "GET /?locale=ar HTTP/1.1" 200 12633 "https://cpanel.ensad.edu.pe/" "Mozilla/5.0 AppleWebKit/537.36 (KHTML, like Gecko; compatible; GPTBot/1.3; +https://openai.com/gptbot)"
74.7.227.61 - - [05/May/2026:08:40:15 -0500] "GET /?locale=pl HTTP/1.1" 200 12545 "https://cpanel.ensad.edu.pe/" "Mozilla/5.0 AppleWebKit/537.36 (KHTML, like Gecko; compatible; GPTBot/1.3; +https://openai.com/gptbot)"
74.7.227.61 - - [05/May/2026:08:40:15 -0500] "GET /?locale=ja HTTP/1.1" 200 12690 "https://cpanel.ensad.edu.pe/" "Mozilla/5.0 AppleWebKit/537.36 (KHTML, like Gecko; compatible; GPTBot/1.3; +https://openai.com/gptbot)"
74.7.227.61 - - [05/May/2026:08:40:16 -0500] "GET /?locale=ro HTTP/1.1" 200 12416 "https://cpanel.ensad.edu.pe/" "Mozilla/5.0 AppleWebKit/537.36 (KHTML, like Gecko; compatible; GPTBot/1.3; +https://openai.com/gptbot)"
74.7.227.61 - - [05/May/2026:08:40:16 -0500] "GET /?locale=no HTTP/1.1" 200 12268 "https://cpanel.ensad.edu.pe/" "Mozilla/5.0 AppleWebKit/537.36 (KHTML, like Gecko; compatible; GPTBot/1.3; +https://openai.com/gptbot)"
74.7.227.61 - - [05/May/2026:08:40:17 -0500] "GET /?locale=cs HTTP/1.1" 200 12510 "https://cpanel.ensad.edu.pe/" "Mozilla/5.0 AppleWebKit/537.36 (KHTML, like Gecko; compatible; GPTBot/1.3; +https://openai.com/gptbot)"
74.7.227.61 - - [05/May/2026:08:40:17 -0500] "GET /?locale=sl HTTP/1.1" 200 12270 "https://cpanel.ensad.edu.pe/" "Mozilla/5.0 AppleWebKit/537.36 (KHTML, like Gecko; compatible; GPTBot/1.3; +https://openai.com/gptbot)"
74.7.227.61 - - [05/May/2026:08:40:18 -0500] "GET /?locale=he HTTP/1.1" 200 12454 "https://cpanel.ensad.edu.pe/" "Mozilla/5.0 AppleWebKit/537.36 (KHTML, like Gecko; compatible; GPTBot/1.3; +https://openai.com/gptbot)"
74.7.227.61 - - [05/May/2026:08:40:18 -0500] "GET /?locale=sv HTTP/1.1" 200 12382 "https://cpanel.ensad.edu.pe/" "Mozilla/5.0 AppleWebKit/537.36 (KHTML, like Gecko; compatible; GPTBot/1.3; +https://openai.com/gptbot)"
74.7.227.61 - - [05/May/2026:08:40:19 -0500] "GET /?locale=tr HTTP/1.1" 200 12487 "https://cpanel.ensad.edu.pe/" "Mozilla/5.0 AppleWebKit/537.36 (KHTML, like Gecko; compatible; GPTBot/1.3; +https://openai.com/gptbot)"
74.7.227.61 - - [05/May/2026:08:40:19 -0500] "GET /?locale=th HTTP/1.1" 200 12684 "https://cpanel.ensad.edu.pe/" "Mozilla/5.0 AppleWebKit/537.36 (KHTML, like Gecko; compatible; GPTBot/1.3; +https://openai.com/gptbot)"
