41.102.255.120 - - [05/May/2026:08:01:50 -0500] "GET /wp-content/plugins/supreme-modules-pro-for-divi/styles/style.min.css?ver=3.9.92 HTTP/1.1" 200 29914 "https://www.ensad.edu.pe/" "Mozilla/5.0 (Linux; Android 10; K) AppleWebKit/537.36 (KHTML, like Gecko) Chrome/147.0.0.0 Mobile Safari/537.36"
102.208.49.150 - - [05/May/2026:08:01:50 -0500] "GET /wp-content/plugins/gtranslate/gtranslate-style24.css?ver=5.5.3 HTTP/1.1" 200 299 "https://www.ensad.edu.pe/" "Mozilla/5.0 (Linux; Android 10; K) AppleWebKit/537.36 (KHTML, like Gecko) Chrome/147.0.0.0 Mobile Safari/537.36"
41.102.255.120 - - [05/May/2026:08:01:50 -0500] "GET /wp-content/plugins/wow-divi-carousel/styles/style.min.css?ver=1.0.0 HTTP/1.1" 200 4449 "https://www.ensad.edu.pe/" "Mozilla/5.0 (Linux; Android 10; K) AppleWebKit/537.36 (KHTML, like Gecko) Chrome/147.0.0.0 Mobile Safari/537.36"
197.252.194.184 - - [05/May/2026:08:01:50 -0500] "GET /wp-content/plugins/superb-social-share-and-follow-buttons//assets/css/frontend.css?ver=101.0.0 HTTP/1.1" 200 2157 "https://www.ensad.edu.pe/" "Mozilla/5.0 (Linux; Android 10; K) AppleWebKit/537.36 (KHTML, like Gecko) Chrome/147.0.0.0 Mobile Safari/537.36"
41.102.255.120 - - [05/May/2026:08:01:50 -0500] "GET /wp-content/plugins/wpdatatables/integrations/starter/page-builders/divi-wpdt/styles/style.min.css?ver=1.0.0 HTTP/1.1" 200 1797 "https://www.ensad.edu.pe/" "Mozilla/5.0 (Linux; Android 10; K) AppleWebKit/537.36 (KHTML, like Gecko) Chrome/147.0.0.0 Mobile Safari/537.36"
102.208.49.150 - - [05/May/2026:08:01:50 -0500] "GET /wp-content/plugins/formidable/css/formidableforms.css?ver=5181606 HTTP/1.1" 200 8581 "https://www.ensad.edu.pe/" "Mozilla/5.0 (Linux; Android 10; K) AppleWebKit/537.36 (KHTML, like Gecko) Chrome/147.0.0.0 Mobile Safari/537.36"
41.102.255.120 - - [05/May/2026:08:01:50 -0500] "GET /wp-content/uploads/pum/pum-site-styles.css?generated=1747710144&ver=1.15.0 HTTP/1.1" 200 3468 "https://www.ensad.edu.pe/" "Mozilla/5.0 (Linux; Android 10; K) AppleWebKit/537.36 (KHTML, like Gecko) Chrome/147.0.0.0 Mobile Safari/537.36"
197.252.194.184 - - [05/May/2026:08:01:50 -0500] "GET /wp-content/plugins/popups-for-divi/styles/front.min.css?ver=3.0.5 HTTP/1.1" 200 1641 "https://www.ensad.edu.pe/" "Mozilla/5.0 (Linux; Android 10; K) AppleWebKit/537.36 (KHTML, like Gecko) Chrome/147.0.0.0 Mobile Safari/537.36"
41.102.255.120 - - [05/May/2026:08:01:50 -0500] "GET /wp-includes/css/dashicons.min.css?ver=5.5.3 HTTP/1.1" 200 35722 "https://www.ensad.edu.pe/" "Mozilla/5.0 (Linux; Android 10; K) AppleWebKit/537.36 (KHTML, like Gecko) Chrome/147.0.0.0 Mobile Safari/537.36"
157.49.104.34 - - [05/May/2026:08:01:50 -0500] "GET /wp-content/plugins/wow-divi-carousel/assets/vendor/slick/slick.css?ver=1.4.2 HTTP/1.1" 200 569 "https://www.ensad.edu.pe/" "Mozilla/5.0 (Linux; Android 9; Redmi 6A) AppleWebKit/537.36 (KHTML, like Gecko) Chrome/80.0.3987.99 Mobile Safari/537.36"
157.49.104.34 - - [05/May/2026:08:01:50 -0500] "GET /wp-content/plugins/wow-divi-carousel/assets/vendor/slick/slick-theme.css?ver=1.4.2 HTTP/1.1" 200 866 "https://www.ensad.edu.pe/" "Mozilla/5.0 (Linux; Android 9; Redmi 6A) AppleWebKit/537.36 (KHTML, like Gecko) Chrome/80.0.3987.99 Mobile Safari/537.36"
102.208.49.150 - - [05/May/2026:08:01:50 -0500] "GET /wp-includes/css/dist/block-library/style.min.css?ver=5.5.3 HTTP/1.1" 200 7907 "https://www.ensad.edu.pe/" "Mozilla/5.0 (Linux; Android 10; K) AppleWebKit/537.36 (KHTML, like Gecko) Chrome/147.0.0.0 Mobile Safari/537.36"
197.252.194.184 - - [05/May/2026:08:01:50 -0500] "GET /wp-content/plugins/wow-divi-carousel/assets/css/module-core.css?ver=5.5.3 HTTP/1.1" 200 3834 "https://www.ensad.edu.pe/" "Mozilla/5.0 (Linux; Android 10; K) AppleWebKit/537.36 (KHTML, like Gecko) Chrome/147.0.0.0 Mobile Safari/537.36"
102.208.49.150 - - [05/May/2026:08:01:50 -0500] "GET /wp-content/plugins/superb-social-share-and-follow-buttons//assets/css/frontend.css?ver=101.0.0 HTTP/1.1" 200 2157 "https://www.ensad.edu.pe/" "Mozilla/5.0 (Linux; Android 10; K) AppleWebKit/537.36 (KHTML, like Gecko) Chrome/147.0.0.0 Mobile Safari/537.36"
41.102.255.120 - - [05/May/2026:08:01:50 -0500] "GET /wp-includes/js/jquery/jquery.js?ver=1.12.4-wp HTTP/1.1" 200 33776 "https://www.ensad.edu.pe/" "Mozilla/5.0 (Linux; Android 10; K) AppleWebKit/537.36 (KHTML, like Gecko) Chrome/147.0.0.0 Mobile Safari/537.36"
157.49.104.34 - - [05/May/2026:08:01:50 -0500] "GET /wp-content/themes/Divi-Child-Theme/style.css?ver=4.7.3 HTTP/1.1" 200 297 "https://www.ensad.edu.pe/" "Mozilla/5.0 (Linux; Android 9; Redmi 6A) AppleWebKit/537.36 (KHTML, like Gecko) Chrome/80.0.3987.99 Mobile Safari/537.36"
197.252.194.184 - - [05/May/2026:08:01:50 -0500] "GET /wp-content/plugins/wow-divi-carousel/assets/vendor/slick/slick.css?ver=1.4.2 HTTP/1.1" 200 569 "https://www.ensad.edu.pe/" "Mozilla/5.0 (Linux; Android 10; K) AppleWebKit/537.36 (KHTML, like Gecko) Chrome/147.0.0.0 Mobile Safari/537.36"
102.208.49.150 - - [05/May/2026:08:01:50 -0500] "GET /wp-content/plugins/popups-for-divi/styles/front.min.css?ver=3.0.5 HTTP/1.1" 200 1641 "https://www.ensad.edu.pe/" "Mozilla/5.0 (Linux; Android 10; K) AppleWebKit/537.36 (KHTML, like Gecko) Chrome/147.0.0.0 Mobile Safari/537.36"
157.49.104.34 - - [05/May/2026:08:01:50 -0500] "GET /wp-content/themes/Divi/style.css?ver=5.5.3 HTTP/1.1" 200 81311 "https://www.ensad.edu.pe/" "Mozilla/5.0 (Linux; Android 9; Redmi 6A) AppleWebKit/537.36 (KHTML, like Gecko) Chrome/80.0.3987.99 Mobile Safari/537.36"
41.102.255.120 - - [05/May/2026:08:01:51 -0500] "GET /wp-content/plugins/popups-for-divi/scripts/ie-compat.min.js?ver=3.0.5 HTTP/1.1" 200 3695 "https://www.ensad.edu.pe/" "Mozilla/5.0 (Linux; Android 10; K) AppleWebKit/537.36 (KHTML, like Gecko) Chrome/147.0.0.0 Mobile Safari/537.36"
102.208.49.150 - - [05/May/2026:08:01:51 -0500] "GET /wp-content/plugins/wow-divi-carousel/assets/css/module-core.css?ver=5.5.3 HTTP/1.1" 200 3834 "https://www.ensad.edu.pe/" "Mozilla/5.0 (Linux; Android 10; K) AppleWebKit/537.36 (KHTML, like Gecko) Chrome/147.0.0.0 Mobile Safari/537.36"
197.50.173.128 - - [05/May/2026:08:01:32 -0500] "GET / HTTP/1.1" 200 38691 "https://29633101-37927-36448.tentedienat.com/iiJECYcwOgbmZtczvQOYbhxKk9RS5tiAZvlSX8ufEJoUPJ-UySWwI54Sy0WkVELj9Yn-1Rw?_=88edca24-4882-11f1-86cc-8099a89a14a8&d=BQ5qQHPe3pXerznJkwMR9ckqEnAbQPYaH7K_bgmhsh75wjF2JEU76Xwm-iCMRSM2QqLgwbVnn7FKXT25ilUVmwJL1EXTbI-7IiGZsIrj6TKimdOIZJvK5Lsn8wJ7TxlvEgyzfuhB9XfFQpZNE_H7cOckpcOcHKC_BjoIrF4hrmgAoIqjKttmKDVfJzgADetH23g8SM3lDCVaaO5jvk39cjHw_dmPzxiQnAaqlmBoZgN_a1G5fGmmp4g_piC_OaCApAJbxV6JscRUGg233JD5Tmo2QrtbJU1SbNP313MlOGjYHM0prUJ5GUYvcFt8_TwsaCgenloFIcIOrdy3ywdKYVcmekFD5h7V5f05BmVl7g5uoSzeo4AA-HrtcMrRm9V3QjJqfXjLjDqkpBWw7Sm6aq4Qm7VEB7f-WYEDgrod5pLI1TShk-_LAGyMn5sMUFpNIybpxlCGMdDd3gQQ_US9f4V4Atr4L-av1Gslqk4QjfTYTps1-MDyWWIbpC37SsorYia4Topfg8EtqRYyeyh3JM-cpn1N7tEIK7BoDb7yxL7Sn5WHBs3TSVlCpLvPY5sNl-Eik0mbjuvkZVvIDBv2Lnjjs3nBRopAtWw02s3ZBrak3RMt2VLADtL_t9de7p2qrq_TN3ScD97_hANQsVCGz3UtmwVS8KHLdNdwmWy2SogRUVJx6om4DQw-XoImqP_5qY9nHecHl0siGz7CVHFiHRPocX16OOs7bhiURcoIaIrtYr-0O0jbivIPnoCN5ytTIQn1Fk7ON7anTNQMuKAwSvxGIsIhD_b1D0xQGjlpzPZ6refPaveI2WELWpBc4-oqBEGV3IhObCO_3TQH0Z0ZAnncrkkOx7GpWULj75HIFq2PwjXVuVQ6Dvbb1Rfoelg1hkd3cssK8F0JrnuBymC7jBcd-AOehXOmjHOTEoMGLf60Ix8VPgYnQ_Vw5IzamvtSy6pverdL7E__B7ZyQNPIAwf8tDsxix6Zd-fmARo9QH0xSygPLe0ZuZbZ_RlXrvyfF85O6CZo8RnTLAN-E_qcn3iVz6hltsrtDE2t7DXV8t3SYQkfzE5zPmJSzELYfdwkq1bTPxzqDRCtzg-4dqCBrtPiktezyiDqDCO_R1_GdUBbVveOYI8dbTd7_3eB-PFbOyBeMINSLLZM1j1R&_bbr=1" "Mozilla/5.0 (Linux; Android 10; K) AppleWebKit/537.36 (KHTML, like Gecko) Chrome/142.0.0.0 Mobile Safari/537.36"
197.252.194.184 - - [05/May/2026:08:01:51 -0500] "GET /wp-content/plugins/wow-divi-carousel/assets/vendor/slick/slick-theme.css?ver=1.4.2 HTTP/1.1" 200 866 "https://www.ensad.edu.pe/" "Mozilla/5.0 (Linux; Android 10; K) AppleWebKit/537.36 (KHTML, like Gecko) Chrome/147.0.0.0 Mobile Safari/537.36"
102.208.49.150 - - [05/May/2026:08:01:51 -0500] "GET /wp-content/plugins/wow-divi-carousel/assets/vendor/slick/slick.css?ver=1.4.2 HTTP/1.1" 200 569 "https://www.ensad.edu.pe/" "Mozilla/5.0 (Linux; Android 10; K) AppleWebKit/537.36 (KHTML, like Gecko) Chrome/147.0.0.0 Mobile Safari/537.36"
102.208.49.150 - - [05/May/2026:08:01:51 -0500] "GET /wp-content/plugins/wow-divi-carousel/assets/vendor/slick/slick-theme.css?ver=1.4.2 HTTP/1.1" 200 866 "https://www.ensad.edu.pe/" "Mozilla/5.0 (Linux; Android 10; K) AppleWebKit/537.36 (KHTML, like Gecko) Chrome/147.0.0.0 Mobile Safari/537.36"
157.49.104.34 - - [05/May/2026:08:01:51 -0500] "GET /wp-content/plugins/dflip/assets/css/themify-icons.min.css?ver=1.6.6 HTTP/1.1" 200 2814 "https://www.ensad.edu.pe/" "Mozilla/5.0 (Linux; Android 9; Redmi 6A) AppleWebKit/537.36 (KHTML, like Gecko) Chrome/80.0.3987.99 Mobile Safari/537.36"
197.252.194.184 - - [05/May/2026:08:01:51 -0500] "GET /wp-content/themes/Divi/style.css?ver=5.5.3 HTTP/1.1" 200 81311 "https://www.ensad.edu.pe/" "Mozilla/5.0 (Linux; Android 10; K) AppleWebKit/537.36 (KHTML, like Gecko) Chrome/147.0.0.0 Mobile Safari/537.36"
157.49.104.34 - - [05/May/2026:08:01:51 -0500] "GET /wp-content/plugins/dflip/assets/css/dflip.min.css?ver=1.6.6 HTTP/1.1" 200 5343 "https://www.ensad.edu.pe/" "Mozilla/5.0 (Linux; Android 9; Redmi 6A) AppleWebKit/537.36 (KHTML, like Gecko) Chrome/80.0.3987.99 Mobile Safari/537.36"
102.208.49.150 - - [05/May/2026:08:01:51 -0500] "GET /wp-content/themes/Divi/style.css?ver=5.5.3 HTTP/1.1" 200 81311 "https://www.ensad.edu.pe/" "Mozilla/5.0 (Linux; Android 10; K) AppleWebKit/537.36 (KHTML, like Gecko) Chrome/147.0.0.0 Mobile Safari/537.36"
41.102.255.120 - - [05/May/2026:08:01:51 -0500] "GET /wp-content/uploads/2026/03/DJ_IV_IMG.jpg HTTP/1.1" 200 373493 "https://www.ensad.edu.pe/" "Mozilla/5.0 (Linux; Android 10; K) AppleWebKit/537.36 (KHTML, like Gecko) Chrome/147.0.0.0 Mobile Safari/537.36"
197.252.194.184 - - [05/May/2026:08:01:51 -0500] "GET /wp-content/themes/Divi-Child-Theme/style.css?ver=4.7.3 HTTP/1.1" 200 297 "https://www.ensad.edu.pe/" "Mozilla/5.0 (Linux; Android 10; K) AppleWebKit/537.36 (KHTML, like Gecko) Chrome/147.0.0.0 Mobile Safari/537.36"
102.208.49.150 - - [05/May/2026:08:01:51 -0500] "GET /wp-content/themes/Divi-Child-Theme/style.css?ver=4.7.3 HTTP/1.1" 200 297 "https://www.ensad.edu.pe/" "Mozilla/5.0 (Linux; Android 10; K) AppleWebKit/537.36 (KHTML, like Gecko) Chrome/147.0.0.0 Mobile Safari/537.36"
157.49.104.34 - - [05/May/2026:08:01:52 -0500] "GET /wp-content/plugins/eventON/assets/fonts/all.css?ver=3.0.2 HTTP/1.1" 200 13456 "https://www.ensad.edu.pe/" "Mozilla/5.0 (Linux; Android 9; Redmi 6A) AppleWebKit/537.36 (KHTML, like Gecko) Chrome/80.0.3987.99 Mobile Safari/537.36"
157.49.104.34 - - [05/May/2026:08:01:52 -0500] "GET /wp-content/plugins/eventON/assets/css/eventon_styles.css?ver=3.0.2 HTTP/1.1" 200 21261 "https://www.ensad.edu.pe/" "Mozilla/5.0 (Linux; Android 9; Redmi 6A) AppleWebKit/537.36 (KHTML, like Gecko) Chrome/80.0.3987.99 Mobile Safari/537.36"
102.208.49.150 - - [05/May/2026:08:01:52 -0500] "GET /wp-content/plugins/dflip/assets/css/themify-icons.min.css?ver=1.6.6 HTTP/1.1" 200 2814 "https://www.ensad.edu.pe/" "Mozilla/5.0 (Linux; Android 10; K) AppleWebKit/537.36 (KHTML, like Gecko) Chrome/147.0.0.0 Mobile Safari/537.36"
197.252.194.184 - - [05/May/2026:08:01:52 -0500] "GET /wp-content/plugins/dflip/assets/css/themify-icons.min.css?ver=1.6.6 HTTP/1.1" 200 2814 "https://www.ensad.edu.pe/" "Mozilla/5.0 (Linux; Android 10; K) AppleWebKit/537.36 (KHTML, like Gecko) Chrome/147.0.0.0 Mobile Safari/537.36"
102.208.49.150 - - [05/May/2026:08:01:52 -0500] "GET /wp-content/plugins/dflip/assets/css/dflip.min.css?ver=1.6.6 HTTP/1.1" 200 5343 "https://www.ensad.edu.pe/" "Mozilla/5.0 (Linux; Android 10; K) AppleWebKit/537.36 (KHTML, like Gecko) Chrome/147.0.0.0 Mobile Safari/537.36"
197.252.194.184 - - [05/May/2026:08:01:52 -0500] "GET /wp-content/plugins/dflip/assets/css/dflip.min.css?ver=1.6.6 HTTP/1.1" 200 5343 "https://www.ensad.edu.pe/" "Mozilla/5.0 (Linux; Android 10; K) AppleWebKit/537.36 (KHTML, like Gecko) Chrome/147.0.0.0 Mobile Safari/537.36"
157.49.104.34 - - [05/May/2026:08:01:52 -0500] "GET /wp-content/plugins/eventON/assets/css/eventon_dynamic_styles.css?ver=3.0.2 HTTP/1.1" 200 2255 "https://www.ensad.edu.pe/" "Mozilla/5.0 (Linux; Android 9; Redmi 6A) AppleWebKit/537.36 (KHTML, like Gecko) Chrome/80.0.3987.99 Mobile Safari/537.36"
102.208.49.150 - - [05/May/2026:08:01:52 -0500] "GET /wp-content/plugins/eventON/assets/css/eventon_styles.css?ver=3.0.2 HTTP/1.1" 200 21261 "https://www.ensad.edu.pe/" "Mozilla/5.0 (Linux; Android 10; K) AppleWebKit/537.36 (KHTML, like Gecko) Chrome/147.0.0.0 Mobile Safari/537.36"
197.252.194.184 - - [05/May/2026:08:01:52 -0500] "GET /wp-content/plugins/eventON/assets/css/eventon_styles.css?ver=3.0.2 HTTP/1.1" 200 21261 "https://www.ensad.edu.pe/" "Mozilla/5.0 (Linux; Android 10; K) AppleWebKit/537.36 (KHTML, like Gecko) Chrome/147.0.0.0 Mobile Safari/537.36"
157.49.104.34 - - [05/May/2026:08:01:52 -0500] "GET /wp-content/plugins/wow-divi-carousel/styles/style.min.css?ver=1.0.0 HTTP/1.1" 200 4449 "https://www.ensad.edu.pe/" "Mozilla/5.0 (Linux; Android 9; Redmi 6A) AppleWebKit/537.36 (KHTML, like Gecko) Chrome/80.0.3987.99 Mobile Safari/537.36"
197.252.194.184 - - [05/May/2026:08:01:52 -0500] "GET /wp-content/plugins/eventON/assets/fonts/all.css?ver=3.0.2 HTTP/1.1" 200 13456 "https://www.ensad.edu.pe/" "Mozilla/5.0 (Linux; Android 10; K) AppleWebKit/537.36 (KHTML, like Gecko) Chrome/147.0.0.0 Mobile Safari/537.36"
157.49.104.34 - - [05/May/2026:08:01:52 -0500] "GET /wp-content/plugins/supreme-modules-pro-for-divi/styles/style.min.css?ver=3.9.92 HTTP/1.1" 200 29914 "https://www.ensad.edu.pe/" "Mozilla/5.0 (Linux; Android 9; Redmi 6A) AppleWebKit/537.36 (KHTML, like Gecko) Chrome/80.0.3987.99 Mobile Safari/537.36"
41.102.255.120 - - [05/May/2026:08:01:52 -0500] "GET /wp-content/uploads/2026/03/IMG_destacada_1203.jpg HTTP/1.1" 200 477716 "https://www.ensad.edu.pe/" "Mozilla/5.0 (Linux; Android 10; K) AppleWebKit/537.36 (KHTML, like Gecko) Chrome/147.0.0.0 Mobile Safari/537.36"
102.208.49.150 - - [05/May/2026:08:01:52 -0500] "GET /wp-content/plugins/eventON/assets/fonts/all.css?ver=3.0.2 HTTP/1.1" 200 13456 "https://www.ensad.edu.pe/" "Mozilla/5.0 (Linux; Android 10; K) AppleWebKit/537.36 (KHTML, like Gecko) Chrome/147.0.0.0 Mobile Safari/537.36"
197.252.194.184 - - [05/May/2026:08:01:52 -0500] "GET /wp-content/plugins/eventON/assets/css/eventon_dynamic_styles.css?ver=3.0.2 HTTP/1.1" 200 2255 "https://www.ensad.edu.pe/" "Mozilla/5.0 (Linux; Android 10; K) AppleWebKit/537.36 (KHTML, like Gecko) Chrome/147.0.0.0 Mobile Safari/537.36"
157.49.104.34 - - [05/May/2026:08:01:52 -0500] "GET /wp-content/plugins/wpdatatables/integrations/starter/page-builders/divi-wpdt/styles/style.min.css?ver=1.0.0 HTTP/1.1" 200 1797 "https://www.ensad.edu.pe/" "Mozilla/5.0 (Linux; Android 9; Redmi 6A) AppleWebKit/537.36 (KHTML, like Gecko) Chrome/80.0.3987.99 Mobile Safari/537.36"
197.252.194.184 - - [05/May/2026:08:01:53 -0500] "GET /wp-content/plugins/supreme-modules-pro-for-divi/styles/style.min.css?ver=3.9.92 HTTP/1.1" 200 29914 "https://www.ensad.edu.pe/" "Mozilla/5.0 (Linux; Android 10; K) AppleWebKit/537.36 (KHTML, like Gecko) Chrome/147.0.0.0 Mobile Safari/537.36"
197.252.194.184 - - [05/May/2026:08:01:53 -0500] "GET /wp-content/plugins/wow-divi-carousel/styles/style.min.css?ver=1.0.0 HTTP/1.1" 200 4449 "https://www.ensad.edu.pe/" "Mozilla/5.0 (Linux; Android 10; K) AppleWebKit/537.36 (KHTML, like Gecko) Chrome/147.0.0.0 Mobile Safari/537.36"
102.208.49.150 - - [05/May/2026:08:01:53 -0500] "GET /wp-content/plugins/eventON/assets/css/eventon_dynamic_styles.css?ver=3.0.2 HTTP/1.1" 200 2255 "https://www.ensad.edu.pe/" "Mozilla/5.0 (Linux; Android 10; K) AppleWebKit/537.36 (KHTML, like Gecko) Chrome/147.0.0.0 Mobile Safari/537.36"
157.49.104.34 - - [05/May/2026:08:01:53 -0500] "GET /wp-content/uploads/pum/pum-site-styles.css?generated=1747710144&ver=1.15.0 HTTP/1.1" 200 3468 "https://www.ensad.edu.pe/" "Mozilla/5.0 (Linux; Android 9; Redmi 6A) AppleWebKit/537.36 (KHTML, like Gecko) Chrome/80.0.3987.99 Mobile Safari/537.36"
197.252.194.184 - - [05/May/2026:08:01:53 -0500] "GET /wp-content/plugins/wpdatatables/integrations/starter/page-builders/divi-wpdt/styles/style.min.css?ver=1.0.0 HTTP/1.1" 200 1797 "https://www.ensad.edu.pe/" "Mozilla/5.0 (Linux; Android 10; K) AppleWebKit/537.36 (KHTML, like Gecko) Chrome/147.0.0.0 Mobile Safari/537.36"
102.208.49.150 - - [05/May/2026:08:01:53 -0500] "GET /wp-content/plugins/supreme-modules-pro-for-divi/styles/style.min.css?ver=3.9.92 HTTP/1.1" 200 29914 "https://www.ensad.edu.pe/" "Mozilla/5.0 (Linux; Android 10; K) AppleWebKit/537.36 (KHTML, like Gecko) Chrome/147.0.0.0 Mobile Safari/537.36"
157.49.104.34 - - [05/May/2026:08:01:53 -0500] "GET /wp-includes/css/dashicons.min.css?ver=5.5.3 HTTP/1.1" 200 35722 "https://www.ensad.edu.pe/" "Mozilla/5.0 (Linux; Android 9; Redmi 6A) AppleWebKit/537.36 (KHTML, like Gecko) Chrome/80.0.3987.99 Mobile Safari/537.36"
197.252.194.184 - - [05/May/2026:08:01:53 -0500] "GET /wp-content/uploads/pum/pum-site-styles.css?generated=1747710144&ver=1.15.0 HTTP/1.1" 200 3468 "https://www.ensad.edu.pe/" "Mozilla/5.0 (Linux; Android 10; K) AppleWebKit/537.36 (KHTML, like Gecko) Chrome/147.0.0.0 Mobile Safari/537.36"
41.102.255.120 - - [05/May/2026:08:01:53 -0500] "GET /wp-content/uploads/2026/03/img_110326.jpg HTTP/1.1" 200 443659 "https://www.ensad.edu.pe/" "Mozilla/5.0 (Linux; Android 10; K) AppleWebKit/537.36 (KHTML, like Gecko) Chrome/147.0.0.0 Mobile Safari/537.36"
197.252.194.184 - - [05/May/2026:08:01:53 -0500] "GET /wp-includes/css/dashicons.min.css?ver=5.5.3 HTTP/1.1" 200 35722 "https://www.ensad.edu.pe/" "Mozilla/5.0 (Linux; Android 10; K) AppleWebKit/537.36 (KHTML, like Gecko) Chrome/147.0.0.0 Mobile Safari/537.36"
102.208.49.150 - - [05/May/2026:08:01:54 -0500] "GET /wp-content/plugins/wow-divi-carousel/styles/style.min.css?ver=1.0.0 HTTP/1.1" 200 4449 "https://www.ensad.edu.pe/" "Mozilla/5.0 (Linux; Android 10; K) AppleWebKit/537.36 (KHTML, like Gecko) Chrome/147.0.0.0 Mobile Safari/537.36"
197.252.194.184 - - [05/May/2026:08:01:54 -0500] "GET /wp-includes/js/jquery/jquery.js?ver=1.12.4-wp HTTP/1.1" 200 33776 "https://www.ensad.edu.pe/" "Mozilla/5.0 (Linux; Android 10; K) AppleWebKit/537.36 (KHTML, like Gecko) Chrome/147.0.0.0 Mobile Safari/537.36"
102.208.49.150 - - [05/May/2026:08:01:54 -0500] "GET /wp-content/plugins/wpdatatables/integrations/starter/page-builders/divi-wpdt/styles/style.min.css?ver=1.0.0 HTTP/1.1" 200 1797 "https://www.ensad.edu.pe/" "Mozilla/5.0 (Linux; Android 10; K) AppleWebKit/537.36 (KHTML, like Gecko) Chrome/147.0.0.0 Mobile Safari/537.36"
41.102.255.120 - - [05/May/2026:08:01:54 -0500] "GET /wp-content/uploads/2026/01/nota2201.jpg.jpeg HTTP/1.1" 200 352140 "https://www.ensad.edu.pe/" "Mozilla/5.0 (Linux; Android 10; K) AppleWebKit/537.36 (KHTML, like Gecko) Chrome/147.0.0.0 Mobile Safari/537.36"
157.49.104.34 - - [05/May/2026:08:01:54 -0500] "GET /wp-includes/js/jquery/jquery.js?ver=1.12.4-wp HTTP/1.1" 200 33776 "https://www.ensad.edu.pe/" "Mozilla/5.0 (Linux; Android 9; Redmi 6A) AppleWebKit/537.36 (KHTML, like Gecko) Chrome/80.0.3987.99 Mobile Safari/537.36"
157.49.104.34 - - [05/May/2026:08:01:54 -0500] "GET /wp-content/plugins/popups-for-divi/scripts/ie-compat.min.js?ver=3.0.5 HTTP/1.1" 200 3695 "https://www.ensad.edu.pe/" "Mozilla/5.0 (Linux; Android 9; Redmi 6A) AppleWebKit/537.36 (KHTML, like Gecko) Chrome/80.0.3987.99 Mobile Safari/537.36"
197.252.194.184 - - [05/May/2026:08:01:54 -0500] "GET /wp-content/plugins/popups-for-divi/scripts/ie-compat.min.js?ver=3.0.5 HTTP/1.1" 200 3695 "https://www.ensad.edu.pe/" "Mozilla/5.0 (Linux; Android 10; K) AppleWebKit/537.36 (KHTML, like Gecko) Chrome/147.0.0.0 Mobile Safari/537.36"
102.208.49.150 - - [05/May/2026:08:01:54 -0500] "GET /wp-content/uploads/pum/pum-site-styles.css?generated=1747710144&ver=1.15.0 HTTP/1.1" 200 3468 "https://www.ensad.edu.pe/" "Mozilla/5.0 (Linux; Android 10; K) AppleWebKit/537.36 (KHTML, like Gecko) Chrome/147.0.0.0 Mobile Safari/537.36"
46.155.231.236 - - [05/May/2026:08:01:32 -0500] "GET / HTTP/1.1" 200 38691 "https://cdnx445.com/eee/1157651?vhash=cGh1Yi02OWQ3ODFjYmVkY2I5&vid=1157651&qt=[1080,720,480]&subs=0&main=aHR0cHM6Ly83ZGFrLmNvbS92aWRlby8xMTU3NjUxL2V5dmFoJTIxLWXFn2NpbnNlbC3DvHZleS1rYXJkZcWfaW0tbWluaWNpay15YWxuxLF6LXZhamluYW1hLWtvY2FtYW4tYmlyLWJvxZ9hbG1hLWdlcsOnZWtsZcWfdGlyZGklMjE" "Mozilla/5.0 (Linux; Android 10; K) AppleWebKit/537.36 (KHTML, like Gecko) Chrome/147.0.0.0 Mobile Safari/537.36"
41.102.255.120 - - [05/May/2026:08:01:54 -0500] "GET /wp-content/plugins/popups-for-divi/scripts/front.min.js?ver=3.0.5 HTTP/1.1" 200 21335 "https://www.ensad.edu.pe/" "Mozilla/5.0 (Linux; Android 10; K) AppleWebKit/537.36 (KHTML, like Gecko) Chrome/147.0.0.0 Mobile Safari/537.36"
157.49.104.34 - - [05/May/2026:08:01:54 -0500] "GET /wp-content/plugins/popups-for-divi/scripts/front.min.js?ver=3.0.5 HTTP/1.1" 200 21335 "https://www.ensad.edu.pe/" "Mozilla/5.0 (Linux; Android 9; Redmi 6A) AppleWebKit/537.36 (KHTML, like Gecko) Chrome/80.0.3987.99 Mobile Safari/537.36"
41.102.255.120 - - [05/May/2026:08:01:54 -0500] "GET /wp-content/uploads/2025/12/IMG_2511_01.jpg HTTP/1.1" 200 230503 "https://www.ensad.edu.pe/" "Mozilla/5.0 (Linux; Android 10; K) AppleWebKit/537.36 (KHTML, like Gecko) Chrome/147.0.0.0 Mobile Safari/537.36"
41.102.255.120 - - [05/May/2026:08:01:55 -0500] "GET /wp-content/plugins/wow-divi-carousel/assets/vendor/slick/slick.min.js?ver=1.4.2 HTTP/1.1" 200 10519 "https://www.ensad.edu.pe/" "Mozilla/5.0 (Linux; Android 10; K) AppleWebKit/537.36 (KHTML, like Gecko) Chrome/147.0.0.0 Mobile Safari/537.36"
157.49.104.34 - - [05/May/2026:08:01:55 -0500] "GET /wp-content/plugins/wow-divi-carousel/assets/vendor/slick/slick.min.js?ver=1.4.2 HTTP/1.1" 200 10519 "https://www.ensad.edu.pe/" "Mozilla/5.0 (Linux; Android 9; Redmi 6A) AppleWebKit/537.36 (KHTML, like Gecko) Chrome/80.0.3987.99 Mobile Safari/537.36"
102.208.49.150 - - [05/May/2026:08:01:55 -0500] "GET /wp-includes/css/dashicons.min.css?ver=5.5.3 HTTP/1.1" 200 35722 "https://www.ensad.edu.pe/" "Mozilla/5.0 (Linux; Android 10; K) AppleWebKit/537.36 (KHTML, like Gecko) Chrome/147.0.0.0 Mobile Safari/537.36"
41.102.255.120 - - [05/May/2026:08:01:55 -0500] "GET /wp-content/plugins/wow-divi-carousel/assets/js/wow-divi-carousel.js?ver=1.4.2 HTTP/1.1" 200 45 "https://www.ensad.edu.pe/" "Mozilla/5.0 (Linux; Android 10; K) AppleWebKit/537.36 (KHTML, like Gecko) Chrome/147.0.0.0 Mobile Safari/537.36"
157.49.104.34 - - [05/May/2026:08:01:55 -0500] "GET /wp-content/plugins/wow-divi-carousel/assets/js/wow-divi-carousel.js?ver=1.4.2 HTTP/1.1" 200 45 "https://www.ensad.edu.pe/" "Mozilla/5.0 (Linux; Android 9; Redmi 6A) AppleWebKit/537.36 (KHTML, like Gecko) Chrome/80.0.3987.99 Mobile Safari/537.36"
157.49.104.34 - - [05/May/2026:08:01:55 -0500] "GET /wp-content/themes/Divi/js/custom.unified.js?ver=4.7.3 HTTP/1.1" 200 135984 "https://www.ensad.edu.pe/" "Mozilla/5.0 (Linux; Android 9; Redmi 6A) AppleWebKit/537.36 (KHTML, like Gecko) Chrome/80.0.3987.99 Mobile Safari/537.36"
157.49.104.34 - - [05/May/2026:08:01:55 -0500] "GET /wp-content/themes/Divi/core/admin/js/es6-promise.auto.min.js?ver=4.7.3 HTTP/1.1" 200 2684 "https://www.ensad.edu.pe/" "Mozilla/5.0 (Linux; Android 9; Redmi 6A) AppleWebKit/537.36 (KHTML, like Gecko) Chrome/80.0.3987.99 Mobile Safari/537.36"
41.102.255.120 - - [05/May/2026:08:01:55 -0500] "GET /wp-content/themes/Divi/js/custom.unified.js?ver=4.7.3 HTTP/1.1" 200 135984 "https://www.ensad.edu.pe/" "Mozilla/5.0 (Linux; Android 10; K) AppleWebKit/537.36 (KHTML, like Gecko) Chrome/147.0.0.0 Mobile Safari/537.36"
197.252.194.184 - - [05/May/2026:08:01:54 -0500] "GET /wp-content/uploads/2026/03/DJ_IV_IMG.jpg HTTP/1.1" 200 373493 "https://www.ensad.edu.pe/" "Mozilla/5.0 (Linux; Android 10; K) AppleWebKit/537.36 (KHTML, like Gecko) Chrome/147.0.0.0 Mobile Safari/537.36"
41.102.255.120 - - [05/May/2026:08:01:56 -0500] "GET /wp-content/themes/Divi/core/admin/fonts/modules.ttf HTTP/1.1" 200 37445 "https://www.ensad.edu.pe/wp-content/themes/Divi/style.css?ver=5.5.3" "Mozilla/5.0 (Linux; Android 10; K) AppleWebKit/537.36 (KHTML, like Gecko) Chrome/147.0.0.0 Mobile Safari/537.36"
157.49.104.34 - - [05/May/2026:08:01:56 -0500] "GET /wp-content/themes/Divi/core/admin/js/recaptcha.js?ver=4.7.3 HTTP/1.1" 200 712 "https://www.ensad.edu.pe/" "Mozilla/5.0 (Linux; Android 9; Redmi 6A) AppleWebKit/537.36 (KHTML, like Gecko) Chrome/80.0.3987.99 Mobile Safari/537.36"
41.102.255.120 - - [05/May/2026:08:01:56 -0500] "GET /wp-content/themes/Divi/core/admin/js/es6-promise.auto.min.js?ver=4.7.3 HTTP/1.1" 200 2684 "https://www.ensad.edu.pe/" "Mozilla/5.0 (Linux; Android 10; K) AppleWebKit/537.36 (KHTML, like Gecko) Chrome/147.0.0.0 Mobile Safari/537.36"
41.102.255.120 - - [05/May/2026:08:01:56 -0500] "GET /wp-content/plugins/wow-divi-carousel/assets/fonts/icowdc.ttf?sqw28v HTTP/1.1" 200 4382 "https://www.ensad.edu.pe/wp-content/plugins/wow-divi-carousel/assets/css/module-core.css?ver=5.5.3" "Mozilla/5.0 (Linux; Android 10; K) AppleWebKit/537.36 (KHTML, like Gecko) Chrome/147.0.0.0 Mobile Safari/537.36"
102.208.49.150 - - [05/May/2026:08:01:56 -0500] "GET /wp-includes/js/jquery/jquery.js?ver=1.12.4-wp HTTP/1.1" 200 33776 "https://www.ensad.edu.pe/" "Mozilla/5.0 (Linux; Android 10; K) AppleWebKit/537.36 (KHTML, like Gecko) Chrome/147.0.0.0 Mobile Safari/537.36"
41.102.255.120 - - [05/May/2026:08:01:56 -0500] "GET /wp-content/themes/Divi/core/admin/js/recaptcha.js?ver=4.7.3 HTTP/1.1" 200 712 "https://www.ensad.edu.pe/" "Mozilla/5.0 (Linux; Android 10; K) AppleWebKit/537.36 (KHTML, like Gecko) Chrome/147.0.0.0 Mobile Safari/537.36"
157.49.104.34 - - [05/May/2026:08:01:56 -0500] "GET /wp-content/plugins/dflip/assets/js/dflip.min.js?ver=1.6.6 HTTP/1.1" 200 40479 "https://www.ensad.edu.pe/" "Mozilla/5.0 (Linux; Android 9; Redmi 6A) AppleWebKit/537.36 (KHTML, like Gecko) Chrome/80.0.3987.99 Mobile Safari/537.36"
41.102.255.120 - - [05/May/2026:08:01:56 -0500] "GET /wp-content/plugins/dflip/assets/js/dflip.min.js?ver=1.6.6 HTTP/1.1" 200 40479 "https://www.ensad.edu.pe/" "Mozilla/5.0 (Linux; Android 10; K) AppleWebKit/537.36 (KHTML, like Gecko) Chrome/147.0.0.0 Mobile Safari/537.36"
41.102.255.120 - - [05/May/2026:08:01:56 -0500] "GET /wp-content/plugins/eventON/assets/js/eventon_functions.js?ver=3.0.2 HTTP/1.1" 200 3768 "https://www.ensad.edu.pe/" "Mozilla/5.0 (Linux; Android 10; K) AppleWebKit/537.36 (KHTML, like Gecko) Chrome/147.0.0.0 Mobile Safari/537.36"
41.102.255.120 - - [05/May/2026:08:01:56 -0500] "GET /wp-content/plugins/eventON/assets/js/lib/jquery.easing.1.3.js?ver=1.0 HTTP/1.1" 200 1986 "https://www.ensad.edu.pe/" "Mozilla/5.0 (Linux; Android 10; K) AppleWebKit/537.36 (KHTML, like Gecko) Chrome/147.0.0.0 Mobile Safari/537.36"
102.208.49.150 - - [05/May/2026:08:01:56 -0500] "GET /wp-content/plugins/popups-for-divi/scripts/ie-compat.min.js?ver=3.0.5 HTTP/1.1" 200 3695 "https://www.ensad.edu.pe/" "Mozilla/5.0 (Linux; Android 10; K) AppleWebKit/537.36 (KHTML, like Gecko) Chrome/147.0.0.0 Mobile Safari/537.36"
41.102.255.120 - - [05/May/2026:08:01:57 -0500] "GET /wp-content/plugins/eventON/assets/js/lib/handlebars.js?ver=3.0.2 HTTP/1.1" 200 38247 "https://www.ensad.edu.pe/" "Mozilla/5.0 (Linux; Android 10; K) AppleWebKit/537.36 (KHTML, like Gecko) Chrome/147.0.0.0 Mobile Safari/537.36"
41.102.255.120 - - [05/May/2026:08:01:57 -0500] "GET /wp-content/plugins/eventON/assets/js/lib/jquery.mobile.min.js?ver=3.0.2 HTTP/1.1" 200 2743 "https://www.ensad.edu.pe/" "Mozilla/5.0 (Linux; Android 10; K) AppleWebKit/537.36 (KHTML, like Gecko) Chrome/147.0.0.0 Mobile Safari/537.36"
41.102.255.120 - - [05/May/2026:08:01:57 -0500] "GET /wp-content/plugins/eventON/assets/js/lib/moment.min.js?ver=3.0.2 HTTP/1.1" 200 17113 "https://www.ensad.edu.pe/" "Mozilla/5.0 (Linux; Android 10; K) AppleWebKit/537.36 (KHTML, like Gecko) Chrome/147.0.0.0 Mobile Safari/537.36"
41.102.255.120 - - [05/May/2026:08:01:57 -0500] "GET /wp-content/plugins/eventON/assets/js/lib/jquery.mousewheel.min.js?ver=3.0.2 HTTP/1.1" 200 716 "https://www.ensad.edu.pe/" "Mozilla/5.0 (Linux; Android 10; K) AppleWebKit/537.36 (KHTML, like Gecko) Chrome/147.0.0.0 Mobile Safari/537.36"
41.102.255.120 - - [05/May/2026:08:01:57 -0500] "GET /wp-content/plugins/eventON/assets/js/eventon_script.js?ver=3.0.2 HTTP/1.1" 200 13449 "https://www.ensad.edu.pe/" "Mozilla/5.0 (Linux; Android 10; K) AppleWebKit/537.36 (KHTML, like Gecko) Chrome/147.0.0.0 Mobile Safari/537.36"
41.102.255.120 - - [05/May/2026:08:01:57 -0500] "GET /wp-content/plugins/supreme-modules-pro-for-divi/scripts/frontend-bundle.min.js?ver=3.9.92 HTTP/1.1" 200 619 "https://www.ensad.edu.pe/" "Mozilla/5.0 (Linux; Android 10; K) AppleWebKit/537.36 (KHTML, like Gecko) Chrome/147.0.0.0 Mobile Safari/537.36"
41.102.255.120 - - [05/May/2026:08:01:57 -0500] "GET /wp-content/plugins/wow-divi-carousel/scripts/frontend-bundle.min.js?ver=1.0.0 HTTP/1.1" 200 1694 "https://www.ensad.edu.pe/" "Mozilla/5.0 (Linux; Android 10; K) AppleWebKit/537.36 (KHTML, like Gecko) Chrome/147.0.0.0 Mobile Safari/537.36"
41.102.255.120 - - [05/May/2026:08:01:58 -0500] "GET /wp-content/plugins/wpdatatables/integrations/starter/page-builders/divi-wpdt/scripts/frontend-bundle.min.js?ver=1.0.0 HTTP/1.1" 200 327 "https://www.ensad.edu.pe/" "Mozilla/5.0 (Linux; Android 10; K) AppleWebKit/537.36 (KHTML, like Gecko) Chrome/147.0.0.0 Mobile Safari/537.36"
41.102.255.120 - - [05/May/2026:08:01:58 -0500] "GET /wp-includes/js/jquery/ui/core.min.js?ver=1.11.4 HTTP/1.1" 200 1813 "https://www.ensad.edu.pe/" "Mozilla/5.0 (Linux; Android 10; K) AppleWebKit/537.36 (KHTML, like Gecko) Chrome/147.0.0.0 Mobile Safari/537.36"
41.102.255.120 - - [05/May/2026:08:01:58 -0500] "GET /wp-includes/js/jquery/ui/position.min.js?ver=1.11.4 HTTP/1.1" 200 2507 "https://www.ensad.edu.pe/" "Mozilla/5.0 (Linux; Android 10; K) AppleWebKit/537.36 (KHTML, like Gecko) Chrome/147.0.0.0 Mobile Safari/537.36"
105.106.228.245 - - [05/May/2026:08:01:32 -0500] "GET / HTTP/1.1" 200 38691 "https://29633101-34894-36448.tentedienat.com/iC1OC4c2NQnkZtczvQOYbhxKk9RS5tiAZvlSX8ufEJoUPJ6cyZ3luYqpljxCVuHzCCBDWjM?_=1228819941506929151&d=BQ5qQHPeDZcelTlRLUc7L5cMtPaHKIuyER48UYKzHsq6M1kun1Q8yepG0K4tJubE2RDSzIQpdgwSfJIOnMZvFzi3flxTwwu_OP7NI32MvjAcJEfB5YFVJwkJ703Y-Hw9XIGL63kJI9Mm0FkgqfotE9XdcpL0OQ9T9gXFEtwrocK9bt1j8tKDIb22i-OtQvQg_j6cUzupRv7gxH89auDfhczQnQUy5SRUur70h05xGmSU8mDIAE3rsCkJReCJtQj60M6YbhmMuLk_2N_rwSxStTvOrzl99JGB_tVTlhp_ebAga2M9rEk8_RS15J_cBjYp_PpYyB1daSsEBU2oXtqvgGRqJKFqCs4_3sqjdIY0FXRA3FNfaP5_3PHa-IOp5JNDJwI8u794pnm5IB-KH8vJc52dNYE0hIOGyoeDjJ47fnTDX546ilYsE7iW1ailIAMwV2B5rPUi6FV2hz5R33ayUcNTyUhlWAU23rqXxujOWQ1bw9yKRoAV02x6qXiccfz5BrjZ2NBcz3B2UeMvyM13qqGWI-osJ0qGZrLi54xQrD1CYhYTDajMnPAz1ZX9Bzkg9m6RCGfFKrBipw_5yiuxUYpKpOaAETM4bacAmRvZmA7bkNOsifEKWX4rKkPnMGvW9gvPbSuZskDfrbKGWCURLQYRCqRzukKE8ajR8Ohxa-efTAA9XvhqRcyIN3CVZEYI8PEXk6fPdnfnK0bRRq8ZlmNqEc-cf9zmGmeRtixtsJ9z8WkYu64_xoBet3MaZ678Vpi9x3i3YWKRAiHRvWJXiZVMMFS74YquMmZptzVqk6RTI5GshexSe-DputzI6A8YGux5u11k3QT-XadQWDQ7o-uf2VAPT7ODdecMk54nM_F49R6oub5It5bz-HQa9DyodFQO--BD9Lzr9sgNdZpA5dLddBl0IOnq5TqEdVhk-7ebaXa6se8Oxj_7vC86ixnJ-isZkHDlri8ngUHaD-AuWvYZkHJI4W32w-dkQuc9LZMpvBLpRbzjDrLgYSp_7fMh1w3S8l96risTLme7k8lwsENktgnm_x225UCmhEcVf_Kyoc7PUxrlMfk3qXfRy8vgSh66RikxLpZxxwUBQ-WWBp7Q97IUSDdog8UpZSguvFiHcvF5Y-ITTBQ6560rjyExSbD0JccXoSpZA-AUpkweIcraXfDyHcaRywuP0n3ZLk6n7BtX3GShFpjZNbhg40YWFbrbJUdC3KO2YYZRDcC8w8EXY2f-EnUsGklQcFyFWoQYXSK8M11faD6vJ9o20G_q8bhC-m6v-J6bogCCNpuhkhpFUJTZlY__Vkpu24m7BndgJOHT4DgeNlbxIZBj-WY5OkbbJHjsJBLpGFBm5r2WNK3RUkaqX20b6cUOug3A4oE5s1ewLOVurjudhF2-BJbOOaw45eTYhRnwooVfB6yXEA72Cn4&_bbr=1" "Mozilla/5.0 (Linux; Android 10; K) AppleWebKit/537.36 (KHTML, like Gecko) Chrome/147.0.0.0 Mobile Safari/537.36"
105.106.228.245 - - [05/May/2026:08:01:58 -0500] "GET /wp-content/plugins/wpdatatables/integrations/starter/page-builders/divi-wpdt/styles/divi-wpdt.css?ver=7.3.5 HTTP/1.1" 200 225 "https://www.ensad.edu.pe/" "Mozilla/5.0 (Linux; Android 10; K) AppleWebKit/537.36 (KHTML, like Gecko) Chrome/147.0.0.0 Mobile Safari/537.36"
157.49.104.34 - - [05/May/2026:08:01:58 -0500] "GET /wp-content/themes/Divi/core/admin/fonts/modules.ttf HTTP/1.1" 200 37445 "https://www.ensad.edu.pe/wp-content/themes/Divi/style.css?ver=5.5.3" "Mozilla/5.0 (Linux; Android 9; Redmi 6A) AppleWebKit/537.36 (KHTML, like Gecko) Chrome/80.0.3987.99 Mobile Safari/537.36"
102.208.49.150 - - [05/May/2026:08:01:57 -0500] "GET /wp-content/uploads/2026/03/DJ_IV_IMG.jpg HTTP/1.1" 200 373493 "https://www.ensad.edu.pe/" "Mozilla/5.0 (Linux; Android 10; K) AppleWebKit/537.36 (KHTML, like Gecko) Chrome/147.0.0.0 Mobile Safari/537.36"
105.106.228.245 - - [05/May/2026:08:01:58 -0500] "GET /wp-content/plugins/gtranslate/gtranslate-style24.css?ver=5.5.3 HTTP/1.1" 200 299 "https://www.ensad.edu.pe/" "Mozilla/5.0 (Linux; Android 10; K) AppleWebKit/537.36 (KHTML, like Gecko) Chrome/147.0.0.0 Mobile Safari/537.36"
81.106.166.238 - - [05/May/2026:08:01:32 -0500] "GET / HTTP/1.1" 200 33101 "https://29633101-31586-36448.squitoiages.com/hyBOCIA4OgnoZtczvQOYbhxKk9RS5tiAZvlSX8ufEJoUPJ6cydzWvpfDm7idGr-UEUWytRE?_=87ec9f7a-4882-11f1-b5a3-c8bc327b0ded&d=BQ5qQHPe7ZWurjmZ0QwS9TcqEogsds3CHa3VWkEs0wM2LyWpEt2Eyejvnyh9ITx2XrdnjJS3n2pXZsy4MpOXBaxGxqahPc8Jq4WA5lC4dn0kxsSymwgyjL1PZb2DizDzChiga3wAu1OlmvLgP4g17oELshbkUcyyh0K3ENGga0q_M_goG_7YnZ6XB0zk17wfSZJF1KamgwzPho9NE9k8g9vFIWUFk1rHwKLkkwhROZ_T3iKxCjrUhmbT8ZfJL5izX0r6i-52B06yRWtr9_b6SoTSNl8nTjenRlW46NatsgoU3opkyOQwgRJ3Q978OTPSO_WDRpVho79IWZAgSDgJPRxfd-WUpfIbZBIdyO1LNdrMWPsIu0fPaQuOUsWihzIRpE0bVQLnW65mGBizpQaq6r7pGhXZ1OjTY49cSrCvyLb6UHkkSduXDtnOKXypp7ukER7Vkyvk2B2kn6ZJgMjPIEL7lW520kbI1qCMDOtpKIo-Oi1M4U_0ebvqbUA_WsBmSOVk4lipRLjUOBVikpurnd9-lcBK6wS1xn_nvPUXUqH4aLHkyjcADVVFRLsakn7RYanQWWnsfyvOutbch3PAtxknN7vB_Zb7lsyX9kimAc6VXmfCfQVl77GHD4ianos0opudYrLq3dp6zS3miGeYEJF9SnXlbP4TKJjMGy_0xT0RxAkQgjt_tCrt5x3rqFzE-3wKgrGvhKNWHsudkLwK4FyS2PdjN8RCff7R5v6VdGniPMfptsq5T4euOrNcziciVugSU-1w_rPzS0VryinzSuoAzjSegdweKVCQiYpA6PbonBo2RPsi0mGedLN6v-nB54F1gTijdvx6Yz3YiG87lJYWmbKYbmHsIAjJQFDDnHRurdiVGtoGzxsqGAq52yHk_C3KRbj5Im95aPOgrprNPvI4QvTplvAfGTXOt71vQforASJfvn1r-6pMae4a-5iaFLQG3tYEKagr05QFAk0qwnSVYigj1HEVLnBcjlPmOW_y4cr2k8wvkn7RMAtWXYd0uOsA6hANHTLOjJRMjo9bNPe5dj9SIFAT2kyOJ_K7rKcQJWLFfb44oFcJF2_XzGJN79zWF7hdA1fyOC_6asu1j7iEUH1Dx3XJsP0aCwyVgQ9RAbeogdxyhzX3yQWivcu8oFHkPRtI89ETdvHMrZ_-4I7MUVNYvJISIKgL04ftuc5JtQ&_bbr=1" "Mozilla/5.0 (Windows NT 10.0; Win64; x64) AppleWebKit/537.36 (KHTML, like Gecko) Chrome/147.0.0.0 Safari/537.36"
105.106.228.245 - - [05/May/2026:08:01:58 -0500] "GET /wp-content/plugins/formidable/css/formidableforms.css?ver=5181606 HTTP/1.1" 200 8581 "https://www.ensad.edu.pe/" "Mozilla/5.0 (Linux; Android 10; K) AppleWebKit/537.36 (KHTML, like Gecko) Chrome/147.0.0.0 Mobile Safari/537.36"
41.102.255.120 - - [05/May/2026:08:01:58 -0500] "GET /wp-content/uploads/pum/pum-site-scripts.js?defer&generated=1747710144&ver=1.15.0 HTTP/1.1" 200 17645 "https://www.ensad.edu.pe/" "Mozilla/5.0 (Linux; Android 10; K) AppleWebKit/537.36 (KHTML, like Gecko) Chrome/147.0.0.0 Mobile Safari/537.36"
105.106.228.245 - - [05/May/2026:08:01:59 -0500] "GET /wp-includes/css/dist/block-library/style.min.css?ver=5.5.3 HTTP/1.1" 200 7907 "https://www.ensad.edu.pe/" "Mozilla/5.0 (Linux; Android 10; K) AppleWebKit/537.36 (KHTML, like Gecko) Chrome/147.0.0.0 Mobile Safari/537.36"
157.49.104.34 - - [05/May/2026:08:01:59 -0500] "GET /wp-content/plugins/wow-divi-carousel/assets/fonts/icowdc.ttf?sqw28v HTTP/1.1" 200 4382 "https://www.ensad.edu.pe/wp-content/plugins/wow-divi-carousel/assets/css/module-core.css?ver=5.5.3" "Mozilla/5.0 (Linux; Android 9; Redmi 6A) AppleWebKit/537.36 (KHTML, like Gecko) Chrome/80.0.3987.99 Mobile Safari/537.36"
157.49.104.34 - - [05/May/2026:08:01:59 -0500] "GET /wp-content/plugins/eventON/assets/js/eventon_functions.js?ver=3.0.2 HTTP/1.1" 200 3768 "https://www.ensad.edu.pe/" "Mozilla/5.0 (Linux; Android 9; Redmi 6A) AppleWebKit/537.36 (KHTML, like Gecko) Chrome/80.0.3987.99 Mobile Safari/537.36"
197.252.194.184 - - [05/May/2026:08:01:56 -0500] "GET /wp-content/uploads/2026/03/IMG_destacada_1203.jpg HTTP/1.1" 200 477716 "https://www.ensad.edu.pe/" "Mozilla/5.0 (Linux; Android 10; K) AppleWebKit/537.36 (KHTML, like Gecko) Chrome/147.0.0.0 Mobile Safari/537.36"
157.49.104.34 - - [05/May/2026:08:01:59 -0500] "GET /wp-content/plugins/eventON/assets/js/lib/jquery.easing.1.3.js?ver=1.0 HTTP/1.1" 200 1986 "https://www.ensad.edu.pe/" "Mozilla/5.0 (Linux; Android 9; Redmi 6A) AppleWebKit/537.36 (KHTML, like Gecko) Chrome/80.0.3987.99 Mobile Safari/537.36"
105.106.228.245 - - [05/May/2026:08:01:59 -0500] "GET /wp-content/plugins/superb-social-share-and-follow-buttons//assets/css/frontend.css?ver=101.0.0 HTTP/1.1" 200 2157 "https://www.ensad.edu.pe/" "Mozilla/5.0 (Linux; Android 10; K) AppleWebKit/537.36 (KHTML, like Gecko) Chrome/147.0.0.0 Mobile Safari/537.36"
130.185.16.205 - - [05/May/2026:08:01:32 -0500] "GET / HTTP/1.1" 200 38691 "https://29633101-32231-36448.squitoiages.com/hyFOCIU2Pg3kZtczvQOYbhxKk9RS5tiAZvlSX8ufEJoUPJ6cyRIt5ubkCknKrbDoK9o9ewM?_=87eb1844-4882-11f1-a581-43dead9c22ff&d=BQ5qQHPe_5Xurjk5FgsR9TcqEjilAxT0KrcO4T09ygDquAHHZk5ZbZzdLrRYF9lSJX75DpTpFirsyYy27lD2ISffISwi9OyXan_-x6egx5veX4Vq3bLwHpnKg0pbT3ceMdoJSzQxc1PsiX4AZySbRd_yDYXRGouAuXT5v9Zppx3zPjWCP6v-u3L9V9dQfhAbqTOAIt22h1mhSL-4sOVedeHOq-yZEHQAJmVxiyd-oREDYo8qjUwm4qZgPSRK_WDnVzwREgsKchFGkNs_gCCC82UkUiiGMi1qOhlfV5uWVHnAUdR_Lv5KZ0m9Trg9bLS9HSP2eByitGioBqMLJjXGYnpnfWT8QEqmFDUHDs3vSYEs_rDTXB_YJsFWLaLvsXyO58hbDQkRWiVKBZiwna2UZJSHEEI_bLeHr4a9mU0I2v0kkMv1-NCkH9Dm9NlZTTnwZ3B1rXobymk9t-PSNolT4kcU4R_PwlL-4BSUAzgMsKFkC4GXEXJOBV6j3LheAe0cShEAP8TJ-fgIdWltLflHpERB_04H5Klid2ZVpe3UZa2Uny0ARzyMTj5xIN8cU5Byeux3sW7Uumyp-azcHhXRu6CiNsHSWIniq5dm02tx6PMZhrbpqejMQFg3dzJYlupiD0pIsP0h5MjM9ebyLnBg1H7h6Z223jnAgCEhQeqyOnPosRl36aRsK9BQXnv_RIFN4VKLqkvUGe55nXxoCR8Yff23uBWT99E4KI1zycZuP3vRL8fAS1-fNqlzq4HsXbS4XLGgV4Hs-yZRLiV5gL0CvPWaWwLIZ3THK65LO_Yn73a1OZ29PBkrsbKQF4AYaaHd26p8JTGaN3v7Dexo9STo0rnHFQt2Ok-c1ej6y_rq2OFqyjWxoTqteiLRN6J0N5lod0aZ1iaLhDk077A9qaZSRebVxLDmyuirKLSHpWE9KjGjkaq__BCypae4eNEtqiy2fEJ8ECdDAWsg2YWGYoMhmvfzsu2_T_CPGlW9nVJ7lPg9vX1cJv8M_GOByOd36fWzhbLvxqbklzczzD72t6VQpLVx_0FC0EVjIPbyar0NesJmu4dLnY7ZPgDzuzDazAvFoBOh4-VqFV4DyGhAnYf3BoUJMhkbqxErS9cFAwtmUpi35R9m9hNtyMaiPubsJWHQSGV51NizCmmAi1ZzYbScg9B-L3GOwWls3QiS3KID8OZMW9Ni6AL88C6-&_bbr=1" "Mozilla/5.0 (Linux; Android 10; K) AppleWebKit/537.36 (KHTML, like Gecko) Chrome/147.0.0.0 Mobile Safari/537.36"
105.106.228.245 - - [05/May/2026:08:01:59 -0500] "GET /wp-content/plugins/popups-for-divi/styles/front.min.css?ver=3.0.5 HTTP/1.1" 200 1641 "https://www.ensad.edu.pe/" "Mozilla/5.0 (Linux; Android 10; K) AppleWebKit/537.36 (KHTML, like Gecko) Chrome/147.0.0.0 Mobile Safari/537.36"
157.49.104.34 - - [05/May/2026:08:01:59 -0500] "GET /wp-content/plugins/eventON/assets/js/lib/handlebars.js?ver=3.0.2 HTTP/1.1" 200 38247 "https://www.ensad.edu.pe/" "Mozilla/5.0 (Linux; Android 9; Redmi 6A) AppleWebKit/537.36 (KHTML, like Gecko) Chrome/80.0.3987.99 Mobile Safari/537.36"
105.106.228.245 - - [05/May/2026:08:02:00 -0500] "GET /wp-content/plugins/wow-divi-carousel/assets/css/module-core.css?ver=5.5.3 HTTP/1.1" 200 3834 "https://www.ensad.edu.pe/" "Mozilla/5.0 (Linux; Android 10; K) AppleWebKit/537.36 (KHTML, like Gecko) Chrome/147.0.0.0 Mobile Safari/537.36"
105.106.228.245 - - [05/May/2026:08:02:00 -0500] "GET /wp-content/plugins/wow-divi-carousel/assets/vendor/slick/slick.css?ver=1.4.2 HTTP/1.1" 200 569 "https://www.ensad.edu.pe/" "Mozilla/5.0 (Linux; Android 10; K) AppleWebKit/537.36 (KHTML, like Gecko) Chrome/147.0.0.0 Mobile Safari/537.36"
41.108.4.13 - - [05/May/2026:08:01:32 -0500] "GET / HTTP/1.1" 200 24242 "https://pagesonyou.my.id/" "Mozilla/5.0 (Linux; Android 12; SM-G973N) AppleWebKit/537.36 (KHTML, like Gecko) SamsungBrowser/28.0 Chrome/143.0.7499.34 Mobile Safari/537.36"
105.106.228.245 - - [05/May/2026:08:02:00 -0500] "GET /wp-content/plugins/wow-divi-carousel/assets/vendor/slick/slick-theme.css?ver=1.4.2 HTTP/1.1" 200 866 "https://www.ensad.edu.pe/" "Mozilla/5.0 (Linux; Android 10; K) AppleWebKit/537.36 (KHTML, like Gecko) Chrome/147.0.0.0 Mobile Safari/537.36"
157.49.104.34 - - [05/May/2026:08:02:00 -0500] "GET /wp-content/plugins/eventON/assets/js/lib/jquery.mobile.min.js?ver=3.0.2 HTTP/1.1" 200 2743 "https://www.ensad.edu.pe/" "Mozilla/5.0 (Linux; Android 9; Redmi 6A) AppleWebKit/537.36 (KHTML, like Gecko) Chrome/80.0.3987.99 Mobile Safari/537.36"
157.49.104.34 - - [05/May/2026:08:02:00 -0500] "GET /wp-content/plugins/eventON/assets/js/lib/moment.min.js?ver=3.0.2 HTTP/1.1" 200 17113 "https://www.ensad.edu.pe/" "Mozilla/5.0 (Linux; Android 9; Redmi 6A) AppleWebKit/537.36 (KHTML, like Gecko) Chrome/80.0.3987.99 Mobile Safari/537.36"
157.49.104.34 - - [05/May/2026:08:02:01 -0500] "GET /wp-content/plugins/eventON/assets/js/lib/jquery.mousewheel.min.js?ver=3.0.2 HTTP/1.1" 200 716 "https://www.ensad.edu.pe/" "Mozilla/5.0 (Linux; Android 9; Redmi 6A) AppleWebKit/537.36 (KHTML, like Gecko) Chrome/80.0.3987.99 Mobile Safari/537.36"
105.106.228.245 - - [05/May/2026:08:02:00 -0500] "GET /wp-content/themes/Divi/style.css?ver=5.5.3 HTTP/1.1" 200 81311 "https://www.ensad.edu.pe/" "Mozilla/5.0 (Linux; Android 10; K) AppleWebKit/537.36 (KHTML, like Gecko) Chrome/147.0.0.0 Mobile Safari/537.36"
217.136.54.102 - - [05/May/2026:08:01:32 -0500] "GET / HTTP/1.1" 200 33101 "https://29633101-31586-36448.squitoiages.com/jiZHCYM0NA_oZtczvQOYbhxKk9RS5tiAZvlSX8ufEJoUPJ-UyaPso6gTrkbE0ncnd06RSdc?_=88ae9e29-4882-11f1-aeef-ce9d2ca96900&d=BQ5qQHPe_pWOrjkJkQ4R9dfYEsw8Tgv-tbtXW6VspLiUy_cgq2zrcBPsBX6f_q5ruDBexaDnwNoM0uAqZZl2PIo3zE8CX394ZRZVKVH9guPZJbxt_mhcBhFtZTB4bmTa3E5yL3vNdJxlJ0lv37I9w5ktrNGd7PGBi92uFc8Jb1Sqe2k4KS7rbyOlYXahqt0KaFkHtovtXPOzPF_gs6hl1KdhCbQ-7RLhxVXe9oMT5BqwGEBbVcJuVhIHGkjlvD5wGVMKr2l2yB7FrMRPqPqOJX7n4mssnm1KY8zbIdwZTVEQqjABkK_AwZJQF-o_XeOFkph_8RuyHJrjgnVu4Hx8AZ8puO1q05KCiGdqNAeeLs_eePxM8f0G01i1qKINDAC2PzG4oVuH-PwcaPZ6Qk9IbpMzISVwHUq1GgIqyMhbGPtJKFDEETtPsng1q5OWRyrX7WlzTPf3w7IpLZq_7NFMI8hob_WesBc7zRp9WN7dAGCYUtF1O6dY540vjpAOqrrqlX-O-d9-xnLiRTd9lXC5u89cPYo6k8SgVOj9HTEdFF9yUOTdsMXzHVi3JCG0oRa0b7stGL4cZYA2ElHCjajHk03ZMRQ8xE2RnqmqGLuj2rAEEefMDl-EuJTS7jniNVvQotOfyGTSsgkjnFjU8lAzuCOGAJIwM9E4INlnngOfi-kAMTaCpEP65y6LN25gMejXgCQ6M0I_WvfvOZUiCiF9Y5FHqkjOszV6KM0bjiwXw432T2Z3kit1QcLW9iP5T1yxYXwQsoR2mUNV62CNKyb5bjdLqVo22rUIw7aS5mzyGQwodVneBNNLqDDLlr2LmL-46P4AQ1g70Pijqz1CPcr5Q7Qga7iME0nG-QrPjIkVsVMdkDMI815SS4Vzl9mgfebSLHUXgogGT8nSULWE50k3Qde46MxIKCZplmVKtvs0cQjqst7hru_3agPuYnrinSzTk7Ty2uhkj8qgghI1LivibiQZTZ8lWCFbpyX40udW7fZOZP_RJJo1FgWVam24oihleW49KLfgW_E7FrrnxJttyS3VXfXsmYWNI9pRxHjUxxoeLjmjIPBpe1pQboBNkku4CrSrvHYFf8BhzMUFemXfP5fRuA8KHkZqhUNfQw6Vfo5PF21XWGFzLSJQ-Jf1ivhAOPCmYlUbvOB1On1X6pNB6pswhgLBFRnSuBK_w4Bqsv_CzVRaAJ4&_bbr=1" "Mozilla/5.0 (Linux; Android 10; K) AppleWebKit/537.36 (KHTML, like Gecko) Chrome/147.0.0.0 Mobile Safari/537.36"
150.228.49.168 - - [05/May/2026:08:01:32 -0500] "GET / HTTP/1.1" 200 38691 "https://pagesonyou.my.id/" "Mozilla/5.0 (Linux; Android 12; SM-G973N) AppleWebKit/537.36 (KHTML, like Gecko) SamsungBrowser/28.0 Chrome/143.0.7499.34 Mobile Safari/537.36"
157.49.104.34 - - [05/May/2026:08:02:01 -0500] "GET /wp-content/plugins/eventON/assets/js/eventon_script.js?ver=3.0.2 HTTP/1.1" 200 13449 "https://www.ensad.edu.pe/" "Mozilla/5.0 (Linux; Android 9; Redmi 6A) AppleWebKit/537.36 (KHTML, like Gecko) Chrome/80.0.3987.99 Mobile Safari/537.36"
105.106.228.245 - - [05/May/2026:08:02:01 -0500] "GET /wp-content/themes/Divi-Child-Theme/style.css?ver=4.7.3 HTTP/1.1" 200 297 "https://www.ensad.edu.pe/" "Mozilla/5.0 (Linux; Android 10; K) AppleWebKit/537.36 (KHTML, like Gecko) Chrome/147.0.0.0 Mobile Safari/537.36"
223.227.75.211 - - [05/May/2026:08:01:32 -0500] "GET / HTTP/1.1" 200 38691 "https://luluvdo.com/" "Mozilla/5.0 (Linux; Android 10; K) AppleWebKit/537.36 (KHTML, like Gecko) Chrome/147.0.0.0 Mobile Safari/537.36"
105.106.228.245 - - [05/May/2026:08:02:01 -0500] "GET /wp-content/plugins/dflip/assets/css/themify-icons.min.css?ver=1.6.6 HTTP/1.1" 200 2814 "https://www.ensad.edu.pe/" "Mozilla/5.0 (Linux; Android 10; K) AppleWebKit/537.36 (KHTML, like Gecko) Chrome/147.0.0.0 Mobile Safari/537.36"
105.106.228.245 - - [05/May/2026:08:02:01 -0500] "GET /wp-content/plugins/dflip/assets/css/dflip.min.css?ver=1.6.6 HTTP/1.1" 200 5343 "https://www.ensad.edu.pe/" "Mozilla/5.0 (Linux; Android 10; K) AppleWebKit/537.36 (KHTML, like Gecko) Chrome/147.0.0.0 Mobile Safari/537.36"
223.227.75.211 - - [05/May/2026:08:02:01 -0500] "GET /wp-content/themes/Divi/style.css?ver=5.5.3 HTTP/1.1" 200 81311 "https://www.ensad.edu.pe/" "Mozilla/5.0 (Linux; Android 10; K) AppleWebKit/537.36 (KHTML, like Gecko) Chrome/147.0.0.0 Mobile Safari/537.36"
157.49.104.34 - - [05/May/2026:08:02:01 -0500] "GET /wp-content/plugins/supreme-modules-pro-for-divi/scripts/frontend-bundle.min.js?ver=3.9.92 HTTP/1.1" 200 619 "https://www.ensad.edu.pe/" "Mozilla/5.0 (Linux; Android 9; Redmi 6A) AppleWebKit/537.36 (KHTML, like Gecko) Chrome/80.0.3987.99 Mobile Safari/537.36"
105.106.228.245 - - [05/May/2026:08:02:02 -0500] "GET /wp-content/plugins/eventON/assets/css/eventon_styles.css?ver=3.0.2 HTTP/1.1" 200 21261 "https://www.ensad.edu.pe/" "Mozilla/5.0 (Linux; Android 10; K) AppleWebKit/537.36 (KHTML, like Gecko) Chrome/147.0.0.0 Mobile Safari/537.36"
157.49.104.34 - - [05/May/2026:08:02:02 -0500] "GET /wp-content/plugins/wow-divi-carousel/scripts/frontend-bundle.min.js?ver=1.0.0 HTTP/1.1" 200 1694 "https://www.ensad.edu.pe/" "Mozilla/5.0 (Linux; Android 9; Redmi 6A) AppleWebKit/537.36 (KHTML, like Gecko) Chrome/80.0.3987.99 Mobile Safari/537.36"
105.106.228.245 - - [05/May/2026:08:02:02 -0500] "GET /wp-content/plugins/eventON/assets/fonts/all.css?ver=3.0.2 HTTP/1.1" 200 13456 "https://www.ensad.edu.pe/" "Mozilla/5.0 (Linux; Android 10; K) AppleWebKit/537.36 (KHTML, like Gecko) Chrome/147.0.0.0 Mobile Safari/537.36"
157.49.104.34 - - [05/May/2026:08:02:02 -0500] "GET /wp-content/plugins/wpdatatables/integrations/starter/page-builders/divi-wpdt/scripts/frontend-bundle.min.js?ver=1.0.0 HTTP/1.1" 200 327 "https://www.ensad.edu.pe/" "Mozilla/5.0 (Linux; Android 9; Redmi 6A) AppleWebKit/537.36 (KHTML, like Gecko) Chrome/80.0.3987.99 Mobile Safari/537.36"
223.227.75.211 - - [05/May/2026:08:02:02 -0500] "GET /wp-content/themes/Divi-Child-Theme/style.css?ver=4.7.3 HTTP/1.1" 200 297 "https://www.ensad.edu.pe/" "Mozilla/5.0 (Linux; Android 10; K) AppleWebKit/537.36 (KHTML, like Gecko) Chrome/147.0.0.0 Mobile Safari/537.36"
105.106.228.245 - - [05/May/2026:08:02:02 -0500] "GET /wp-content/plugins/eventON/assets/css/eventon_dynamic_styles.css?ver=3.0.2 HTTP/1.1" 200 2255 "https://www.ensad.edu.pe/" "Mozilla/5.0 (Linux; Android 10; K) AppleWebKit/537.36 (KHTML, like Gecko) Chrome/147.0.0.0 Mobile Safari/537.36"
223.227.75.211 - - [05/May/2026:08:02:02 -0500] "GET /wp-content/plugins/dflip/assets/css/themify-icons.min.css?ver=1.6.6 HTTP/1.1" 200 2814 "https://www.ensad.edu.pe/" "Mozilla/5.0 (Linux; Android 10; K) AppleWebKit/537.36 (KHTML, like Gecko) Chrome/147.0.0.0 Mobile Safari/537.36"
157.49.104.34 - - [05/May/2026:08:02:02 -0500] "GET /wp-includes/js/jquery/ui/core.min.js?ver=1.11.4 HTTP/1.1" 200 1813 "https://www.ensad.edu.pe/" "Mozilla/5.0 (Linux; Android 9; Redmi 6A) AppleWebKit/537.36 (KHTML, like Gecko) Chrome/80.0.3987.99 Mobile Safari/537.36"
105.106.228.245 - - [05/May/2026:08:02:02 -0500] "GET /wp-content/plugins/supreme-modules-pro-for-divi/styles/style.min.css?ver=3.9.92 HTTP/1.1" 200 29914 "https://www.ensad.edu.pe/" "Mozilla/5.0 (Linux; Android 10; K) AppleWebKit/537.36 (KHTML, like Gecko) Chrome/147.0.0.0 Mobile Safari/537.36"
223.227.75.211 - - [05/May/2026:08:02:02 -0500] "GET /wp-content/plugins/dflip/assets/css/dflip.min.css?ver=1.6.6 HTTP/1.1" 200 5343 "https://www.ensad.edu.pe/" "Mozilla/5.0 (Linux; Android 10; K) AppleWebKit/537.36 (KHTML, like Gecko) Chrome/147.0.0.0 Mobile Safari/537.36"
157.49.104.34 - - [05/May/2026:08:02:02 -0500] "GET /wp-includes/js/jquery/ui/position.min.js?ver=1.11.4 HTTP/1.1" 200 2507 "https://www.ensad.edu.pe/" "Mozilla/5.0 (Linux; Android 9; Redmi 6A) AppleWebKit/537.36 (KHTML, like Gecko) Chrome/80.0.3987.99 Mobile Safari/537.36"
197.252.194.184 - - [05/May/2026:08:02:00 -0500] "GET /wp-content/uploads/2026/03/img_110326.jpg HTTP/1.1" 200 443659 "https://www.ensad.edu.pe/" "Mozilla/5.0 (Linux; Android 10; K) AppleWebKit/537.36 (KHTML, like Gecko) Chrome/147.0.0.0 Mobile Safari/537.36"
105.106.228.245 - - [05/May/2026:08:02:02 -0500] "GET /wp-content/plugins/wow-divi-carousel/styles/style.min.css?ver=1.0.0 HTTP/1.1" 200 4449 "https://www.ensad.edu.pe/" "Mozilla/5.0 (Linux; Android 10; K) AppleWebKit/537.36 (KHTML, like Gecko) Chrome/147.0.0.0 Mobile Safari/537.36"
157.49.104.34 - - [05/May/2026:08:02:03 -0500] "GET /wp-content/uploads/pum/pum-site-scripts.js?defer&generated=1747710144&ver=1.15.0 HTTP/1.1" 200 17645 "https://www.ensad.edu.pe/" "Mozilla/5.0 (Linux; Android 9; Redmi 6A) AppleWebKit/537.36 (KHTML, like Gecko) Chrome/80.0.3987.99 Mobile Safari/537.36"
223.227.75.211 - - [05/May/2026:08:02:03 -0500] "GET /wp-content/plugins/eventON/assets/css/eventon_styles.css?ver=3.0.2 HTTP/1.1" 200 21261 "https://www.ensad.edu.pe/" "Mozilla/5.0 (Linux; Android 10; K) AppleWebKit/537.36 (KHTML, like Gecko) Chrome/147.0.0.0 Mobile Safari/537.36"
105.106.228.245 - - [05/May/2026:08:02:03 -0500] "GET /wp-content/plugins/wpdatatables/integrations/starter/page-builders/divi-wpdt/styles/style.min.css?ver=1.0.0 HTTP/1.1" 200 1797 "https://www.ensad.edu.pe/" "Mozilla/5.0 (Linux; Android 10; K) AppleWebKit/537.36 (KHTML, like Gecko) Chrome/147.0.0.0 Mobile Safari/537.36"
157.49.104.34 - - [05/May/2026:08:02:03 -0500] "GET /wp-content/plugins/popup-maker/assets/js/vendor/mobile-detect.min.js?ver=1.3.3 HTTP/1.1" 200 16296 "https://www.ensad.edu.pe/" "Mozilla/5.0 (Linux; Android 9; Redmi 6A) AppleWebKit/537.36 (KHTML, like Gecko) Chrome/80.0.3987.99 Mobile Safari/537.36"
