38.25.25.224 - - [05/May/2026:07:29:33 -0500] "GET /wp-content/themes/Divi-Child-Theme/style.css?ver=4.7.3 HTTP/1.1" 200 297 "https://www.ensad.edu.pe/serv-academicos/carreras/" "Mozilla/5.0 (Linux; Android 16; 23117RA68G Build/BP2A.250605.031.A3) AppleWebKit/537.36 (KHTML, like Gecko) Version/4.0 Chrome/147.0.7727.86 Mobile Safari/537.36 [FB_IAB/FB4A;FBAV/556.1.0.63.64;IABMV/1;]"
38.25.25.224 - - [05/May/2026:07:29:33 -0500] "GET /wp-content/plugins/dflip/assets/css/themify-icons.min.css?ver=1.6.6 HTTP/1.1" 200 2814 "https://www.ensad.edu.pe/serv-academicos/carreras/" "Mozilla/5.0 (Linux; Android 16; 23117RA68G Build/BP2A.250605.031.A3) AppleWebKit/537.36 (KHTML, like Gecko) Version/4.0 Chrome/147.0.7727.86 Mobile Safari/537.36 [FB_IAB/FB4A;FBAV/556.1.0.63.64;IABMV/1;]"
38.25.25.224 - - [05/May/2026:07:29:33 -0500] "GET /wp-content/plugins/dflip/assets/css/dflip.min.css?ver=1.6.6 HTTP/1.1" 200 5343 "https://www.ensad.edu.pe/serv-academicos/carreras/" "Mozilla/5.0 (Linux; Android 16; 23117RA68G Build/BP2A.250605.031.A3) AppleWebKit/537.36 (KHTML, like Gecko) Version/4.0 Chrome/147.0.7727.86 Mobile Safari/537.36 [FB_IAB/FB4A;FBAV/556.1.0.63.64;IABMV/1;]"
38.25.25.224 - - [05/May/2026:07:29:33 -0500] "GET /wp-content/themes/Divi/style.css?ver=5.5.3 HTTP/1.1" 200 81311 "https://www.ensad.edu.pe/serv-academicos/carreras/" "Mozilla/5.0 (Linux; Android 16; 23117RA68G Build/BP2A.250605.031.A3) AppleWebKit/537.36 (KHTML, like Gecko) Version/4.0 Chrome/147.0.7727.86 Mobile Safari/537.36 [FB_IAB/FB4A;FBAV/556.1.0.63.64;IABMV/1;]"
38.25.25.224 - - [05/May/2026:07:29:33 -0500] "GET /wp-content/plugins/eventON/assets/css/eventon_styles.css?ver=3.0.2 HTTP/1.1" 200 21261 "https://www.ensad.edu.pe/serv-academicos/carreras/" "Mozilla/5.0 (Linux; Android 16; 23117RA68G Build/BP2A.250605.031.A3) AppleWebKit/537.36 (KHTML, like Gecko) Version/4.0 Chrome/147.0.7727.86 Mobile Safari/537.36 [FB_IAB/FB4A;FBAV/556.1.0.63.64;IABMV/1;]"
38.25.25.224 - - [05/May/2026:07:29:33 -0500] "GET /wp-content/plugins/eventON/assets/fonts/all.css?ver=3.0.2 HTTP/1.1" 200 13456 "https://www.ensad.edu.pe/serv-academicos/carreras/" "Mozilla/5.0 (Linux; Android 16; 23117RA68G Build/BP2A.250605.031.A3) AppleWebKit/537.36 (KHTML, like Gecko) Version/4.0 Chrome/147.0.7727.86 Mobile Safari/537.36 [FB_IAB/FB4A;FBAV/556.1.0.63.64;IABMV/1;]"
38.25.25.224 - - [05/May/2026:07:29:33 -0500] "GET /wp-content/plugins/eventON/assets/css/eventon_dynamic_styles.css?ver=3.0.2 HTTP/1.1" 200 2255 "https://www.ensad.edu.pe/serv-academicos/carreras/" "Mozilla/5.0 (Linux; Android 16; 23117RA68G Build/BP2A.250605.031.A3) AppleWebKit/537.36 (KHTML, like Gecko) Version/4.0 Chrome/147.0.7727.86 Mobile Safari/537.36 [FB_IAB/FB4A;FBAV/556.1.0.63.64;IABMV/1;]"
38.25.25.224 - - [05/May/2026:07:29:33 -0500] "GET /wp-content/plugins/supreme-modules-pro-for-divi/styles/style.min.css?ver=3.9.92 HTTP/1.1" 200 29914 "https://www.ensad.edu.pe/serv-academicos/carreras/" "Mozilla/5.0 (Linux; Android 16; 23117RA68G Build/BP2A.250605.031.A3) AppleWebKit/537.36 (KHTML, like Gecko) Version/4.0 Chrome/147.0.7727.86 Mobile Safari/537.36 [FB_IAB/FB4A;FBAV/556.1.0.63.64;IABMV/1;]"
38.25.25.224 - - [05/May/2026:07:29:33 -0500] "GET /wp-content/plugins/wow-divi-carousel/styles/style.min.css?ver=1.0.0 HTTP/1.1" 200 4449 "https://www.ensad.edu.pe/serv-academicos/carreras/" "Mozilla/5.0 (Linux; Android 16; 23117RA68G Build/BP2A.250605.031.A3) AppleWebKit/537.36 (KHTML, like Gecko) Version/4.0 Chrome/147.0.7727.86 Mobile Safari/537.36 [FB_IAB/FB4A;FBAV/556.1.0.63.64;IABMV/1;]"
38.25.25.224 - - [05/May/2026:07:29:33 -0500] "GET /wp-content/plugins/wpdatatables/integrations/starter/page-builders/divi-wpdt/styles/style.min.css?ver=1.0.0 HTTP/1.1" 200 1797 "https://www.ensad.edu.pe/serv-academicos/carreras/" "Mozilla/5.0 (Linux; Android 16; 23117RA68G Build/BP2A.250605.031.A3) AppleWebKit/537.36 (KHTML, like Gecko) Version/4.0 Chrome/147.0.7727.86 Mobile Safari/537.36 [FB_IAB/FB4A;FBAV/556.1.0.63.64;IABMV/1;]"
38.25.25.224 - - [05/May/2026:07:29:33 -0500] "GET /wp-content/uploads/pum/pum-site-styles.css?generated=1747710144&ver=1.15.0 HTTP/1.1" 200 3468 "https://www.ensad.edu.pe/serv-academicos/carreras/" "Mozilla/5.0 (Linux; Android 16; 23117RA68G Build/BP2A.250605.031.A3) AppleWebKit/537.36 (KHTML, like Gecko) Version/4.0 Chrome/147.0.7727.86 Mobile Safari/537.36 [FB_IAB/FB4A;FBAV/556.1.0.63.64;IABMV/1;]"
38.25.25.224 - - [05/May/2026:07:29:33 -0500] "GET /wp-includes/css/dashicons.min.css?ver=5.5.3 HTTP/1.1" 200 35722 "https://www.ensad.edu.pe/serv-academicos/carreras/" "Mozilla/5.0 (Linux; Android 16; 23117RA68G Build/BP2A.250605.031.A3) AppleWebKit/537.36 (KHTML, like Gecko) Version/4.0 Chrome/147.0.7727.86 Mobile Safari/537.36 [FB_IAB/FB4A;FBAV/556.1.0.63.64;IABMV/1;]"
38.25.25.224 - - [05/May/2026:07:29:35 -0500] "GET /wp-content/themes/Divi/core/admin/fonts/modules.ttf HTTP/1.1" 304 - "https://www.ensad.edu.pe/wp-content/themes/Divi/style.css?ver=5.5.3" "Mozilla/5.0 (Linux; Android 16; 23117RA68G Build/BP2A.250605.031.A3) AppleWebKit/537.36 (KHTML, like Gecko) Version/4.0 Chrome/147.0.7727.86 Mobile Safari/537.36 [FB_IAB/FB4A;FBAV/556.1.0.63.64;IABMV/1;]"
190.12.84.3 - - [05/May/2026:07:29:36 -0500] "GET /serv-academicos/carreras/ HTTP/1.1" 404 31371 "https://www.ensad.edu.pe/serv-academicos/" "Mozilla/5.0 (Linux; Android 10; K) AppleWebKit/537.36 (KHTML, like Gecko) Chrome/138.0.0.0 Mobile Safari/537.36"
38.25.25.224 - - [05/May/2026:07:29:36 -0500] "GET /favicon.ico HTTP/1.1" 302 20 "https://www.ensad.edu.pe/serv-academicos/carreras/" "Mozilla/5.0 (Linux; Android 16; 23117RA68G Build/BP2A.250605.031.A3) AppleWebKit/537.36 (KHTML, like Gecko) Version/4.0 Chrome/147.0.7727.86 Mobile Safari/537.36 [FB_IAB/FB4A;FBAV/556.1.0.63.64;IABMV/1;]"
190.12.84.3 - - [05/May/2026:07:29:38 -0500] "GET /wp-content/themes/Divi/core/admin/fonts/modules.ttf HTTP/1.1" 304 - "https://www.ensad.edu.pe/wp-content/themes/Divi/style.css?ver=5.5.3" "Mozilla/5.0 (Linux; Android 10; K) AppleWebKit/537.36 (KHTML, like Gecko) Chrome/138.0.0.0 Mobile Safari/537.36"
38.25.25.224 - - [05/May/2026:07:29:41 -0500] "GET / HTTP/1.1" 200 38691 "http://m.facebook.com/" "Mozilla/5.0 (Linux; Android 16; 23117RA68G Build/BP2A.250605.031.A3) AppleWebKit/537.36 (KHTML, like Gecko) Version/4.0 Chrome/147.0.7727.86 Mobile Safari/537.36 [FB_IAB/FB4A;FBAV/556.1.0.63.64;IABMV/1;]"
38.25.25.224 - - [05/May/2026:07:29:43 -0500] "GET /wp-content/plugins/wow-divi-carousel/assets/fonts/icowdc.ttf?sqw28v HTTP/1.1" 304 - "https://www.ensad.edu.pe/wp-content/plugins/wow-divi-carousel/assets/css/module-core.css?ver=5.5.3" "Mozilla/5.0 (Linux; Android 16; 23117RA68G Build/BP2A.250605.031.A3) AppleWebKit/537.36 (KHTML, like Gecko) Version/4.0 Chrome/147.0.7727.86 Mobile Safari/537.36 [FB_IAB/FB4A;FBAV/556.1.0.63.64;IABMV/1;]"
38.25.25.224 - - [05/May/2026:07:29:44 -0500] "GET /wp-content/uploads/2026/04/logo-portal-transparencia-1.png HTTP/1.1" 200 63169 "fbapp://350685531728/unknown" "[FBAN/FB4A;FBAV/556.1.0.63.64;FBBV/937872271;FBDM/{density=2.8812501,width=1080,height=2400};FBLC/es_LA;FBRV/949734548;FBCR/Entel Power;FBMF/Xiaomi;FBBD/Redmi;FBPN/com.facebook.katana;FBDV/23117RA68G;FBSV/16;FBOP/1;FBCA/arm64-v8a:;]"
38.25.25.224 - - [05/May/2026:07:29:44 -0500] "GET /wp-content/uploads/2026/04/libro_unae0101.png HTTP/1.1" 200 54207 "fbapp://350685531728/unknown" "[FBAN/FB4A;FBAV/556.1.0.63.64;FBBV/937872271;FBDM/{density=2.8812501,width=1080,height=2400};FBLC/es_LA;FBRV/949734548;FBCR/Entel Power;FBMF/Xiaomi;FBBD/Redmi;FBPN/com.facebook.katana;FBDV/23117RA68G;FBSV/16;FBOP/1;FBCA/arm64-v8a:;]"
38.25.25.224 - - [05/May/2026:07:29:44 -0500] "GET /wp-content/uploads/2026/04/LOGOFINALENSAD-300x91-1.png HTTP/1.1" 200 14654 "fbapp://350685531728/unknown" "[FBAN/FB4A;FBAV/556.1.0.63.64;FBBV/937872271;FBDM/{density=2.8812501,width=1080,height=2400};FBLC/es_LA;FBRV/949734548;FBCR/Entel Power;FBMF/Xiaomi;FBBD/Redmi;FBPN/com.facebook.katana;FBDV/23117RA68G;FBSV/16;FBOP/1;FBCA/arm64-v8a:;]"
38.25.25.224 - - [05/May/2026:07:29:44 -0500] "GET /wp-content/uploads/2026/04/minedu_logo_300px.png HTTP/1.1" 200 15114 "fbapp://350685531728/unknown" "[FBAN/FB4A;FBAV/556.1.0.63.64;FBBV/937872271;FBDM/{density=2.8812501,width=1080,height=2400};FBLC/es_LA;FBRV/949734548;FBCR/Entel Power;FBMF/Xiaomi;FBBD/Redmi;FBPN/com.facebook.katana;FBDV/23117RA68G;FBSV/16;FBOP/1;FBCA/arm64-v8a:;]"
38.25.25.224 - - [05/May/2026:07:29:44 -0500] "GET /wp-content/uploads/2026/04/LOGO-ACCESO-A-LA-INFORMACION-PUBLICA-01.png HTTP/1.1" 200 19287 "fbapp://350685531728/unknown" "[FBAN/FB4A;FBAV/556.1.0.63.64;FBBV/937872271;FBDM/{density=2.8812501,width=1080,height=2400};FBLC/es_LA;FBRV/949734548;FBCR/Entel Power;FBMF/Xiaomi;FBBD/Redmi;FBPN/com.facebook.katana;FBDV/23117RA68G;FBSV/16;FBOP/1;FBCA/arm64-v8a:;]"
38.25.25.224 - - [05/May/2026:07:29:43 -0500] "GET / HTTP/1.1" 200 38691 "http://m.facebook.com/" "Mozilla/5.0 (Linux; Android 16; 23117RA68G Build/BP2A.250605.031.A3) AppleWebKit/537.36 (KHTML, like Gecko) Version/4.0 Chrome/147.0.7727.86 Mobile Safari/537.36 [FB_IAB/FB4A;FBAV/556.1.0.63.64;IABMV/1;] FBNV/500"
38.25.25.224 - - [05/May/2026:07:29:45 -0500] "GET /wp-content/plugins/wpdatatables/integrations/starter/page-builders/divi-wpdt/styles/divi-wpdt.css?ver=7.3.5 HTTP/1.1" 200 225 "https://www.ensad.edu.pe/" "Mozilla/5.0 (Linux; Android 16; 23117RA68G Build/BP2A.250605.031.A3) AppleWebKit/537.36 (KHTML, like Gecko) Version/4.0 Chrome/147.0.7727.86 Mobile Safari/537.36 [FB_IAB/FB4A;FBAV/556.1.0.63.64;IABMV/1;] FBNV/500"
38.25.25.224 - - [05/May/2026:07:29:45 -0500] "GET /wp-content/plugins/gtranslate/gtranslate-style24.css?ver=5.5.3 HTTP/1.1" 200 299 "https://www.ensad.edu.pe/" "Mozilla/5.0 (Linux; Android 16; 23117RA68G Build/BP2A.250605.031.A3) AppleWebKit/537.36 (KHTML, like Gecko) Version/4.0 Chrome/147.0.7727.86 Mobile Safari/537.36 [FB_IAB/FB4A;FBAV/556.1.0.63.64;IABMV/1;] FBNV/500"
38.25.25.224 - - [05/May/2026:07:29:45 -0500] "GET /wp-content/plugins/formidable/css/formidableforms.css?ver=5181606 HTTP/1.1" 200 8581 "https://www.ensad.edu.pe/" "Mozilla/5.0 (Linux; Android 16; 23117RA68G Build/BP2A.250605.031.A3) AppleWebKit/537.36 (KHTML, like Gecko) Version/4.0 Chrome/147.0.7727.86 Mobile Safari/537.36 [FB_IAB/FB4A;FBAV/556.1.0.63.64;IABMV/1;] FBNV/500"
38.25.25.224 - - [05/May/2026:07:29:45 -0500] "GET /wp-includes/css/dist/block-library/style.min.css?ver=5.5.3 HTTP/1.1" 200 7907 "https://www.ensad.edu.pe/" "Mozilla/5.0 (Linux; Android 16; 23117RA68G Build/BP2A.250605.031.A3) AppleWebKit/537.36 (KHTML, like Gecko) Version/4.0 Chrome/147.0.7727.86 Mobile Safari/537.36 [FB_IAB/FB4A;FBAV/556.1.0.63.64;IABMV/1;] FBNV/500"
38.25.25.224 - - [05/May/2026:07:29:45 -0500] "GET /wp-content/plugins/superb-social-share-and-follow-buttons//assets/css/frontend.css?ver=101.0.0 HTTP/1.1" 200 2157 "https://www.ensad.edu.pe/" "Mozilla/5.0 (Linux; Android 16; 23117RA68G Build/BP2A.250605.031.A3) AppleWebKit/537.36 (KHTML, like Gecko) Version/4.0 Chrome/147.0.7727.86 Mobile Safari/537.36 [FB_IAB/FB4A;FBAV/556.1.0.63.64;IABMV/1;] FBNV/500"
38.25.25.224 - - [05/May/2026:07:29:45 -0500] "GET /wp-content/plugins/popups-for-divi/styles/front.min.css?ver=3.0.5 HTTP/1.1" 200 1641 "https://www.ensad.edu.pe/" "Mozilla/5.0 (Linux; Android 16; 23117RA68G Build/BP2A.250605.031.A3) AppleWebKit/537.36 (KHTML, like Gecko) Version/4.0 Chrome/147.0.7727.86 Mobile Safari/537.36 [FB_IAB/FB4A;FBAV/556.1.0.63.64;IABMV/1;] FBNV/500"
38.25.25.224 - - [05/May/2026:07:29:45 -0500] "GET /wp-content/plugins/wow-divi-carousel/assets/css/module-core.css?ver=5.5.3 HTTP/1.1" 200 3834 "https://www.ensad.edu.pe/" "Mozilla/5.0 (Linux; Android 16; 23117RA68G Build/BP2A.250605.031.A3) AppleWebKit/537.36 (KHTML, like Gecko) Version/4.0 Chrome/147.0.7727.86 Mobile Safari/537.36 [FB_IAB/FB4A;FBAV/556.1.0.63.64;IABMV/1;] FBNV/500"
38.25.25.224 - - [05/May/2026:07:29:45 -0500] "GET /wp-content/plugins/wow-divi-carousel/assets/vendor/slick/slick.css?ver=1.4.2 HTTP/1.1" 200 569 "https://www.ensad.edu.pe/" "Mozilla/5.0 (Linux; Android 16; 23117RA68G Build/BP2A.250605.031.A3) AppleWebKit/537.36 (KHTML, like Gecko) Version/4.0 Chrome/147.0.7727.86 Mobile Safari/537.36 [FB_IAB/FB4A;FBAV/556.1.0.63.64;IABMV/1;] FBNV/500"
190.12.84.3 - - [05/May/2026:07:29:45 -0500] "GET /serv-academicos/matricula/ HTTP/1.1" 200 31681 "https://www.ensad.edu.pe/serv-academicos/" "Mozilla/5.0 (Linux; Android 10; K) AppleWebKit/537.36 (KHTML, like Gecko) Chrome/138.0.0.0 Mobile Safari/537.36"
38.25.25.224 - - [05/May/2026:07:29:45 -0500] "GET /wp-content/plugins/wow-divi-carousel/assets/vendor/slick/slick-theme.css?ver=1.4.2 HTTP/1.1" 200 866 "https://www.ensad.edu.pe/" "Mozilla/5.0 (Linux; Android 16; 23117RA68G Build/BP2A.250605.031.A3) AppleWebKit/537.36 (KHTML, like Gecko) Version/4.0 Chrome/147.0.7727.86 Mobile Safari/537.36 [FB_IAB/FB4A;FBAV/556.1.0.63.64;IABMV/1;] FBNV/500"
38.25.25.224 - - [05/May/2026:07:29:45 -0500] "GET /wp-content/themes/Divi-Child-Theme/style.css?ver=4.7.3 HTTP/1.1" 200 297 "https://www.ensad.edu.pe/" "Mozilla/5.0 (Linux; Android 16; 23117RA68G Build/BP2A.250605.031.A3) AppleWebKit/537.36 (KHTML, like Gecko) Version/4.0 Chrome/147.0.7727.86 Mobile Safari/537.36 [FB_IAB/FB4A;FBAV/556.1.0.63.64;IABMV/1;] FBNV/500"
38.25.25.224 - - [05/May/2026:07:29:46 -0500] "GET /wp-content/plugins/dflip/assets/css/themify-icons.min.css?ver=1.6.6 HTTP/1.1" 200 2814 "https://www.ensad.edu.pe/" "Mozilla/5.0 (Linux; Android 16; 23117RA68G Build/BP2A.250605.031.A3) AppleWebKit/537.36 (KHTML, like Gecko) Version/4.0 Chrome/147.0.7727.86 Mobile Safari/537.36 [FB_IAB/FB4A;FBAV/556.1.0.63.64;IABMV/1;] FBNV/500"
38.25.25.224 - - [05/May/2026:07:29:46 -0500] "GET /wp-content/plugins/dflip/assets/css/dflip.min.css?ver=1.6.6 HTTP/1.1" 200 5343 "https://www.ensad.edu.pe/" "Mozilla/5.0 (Linux; Android 16; 23117RA68G Build/BP2A.250605.031.A3) AppleWebKit/537.36 (KHTML, like Gecko) Version/4.0 Chrome/147.0.7727.86 Mobile Safari/537.36 [FB_IAB/FB4A;FBAV/556.1.0.63.64;IABMV/1;] FBNV/500"
190.12.84.3 - - [05/May/2026:07:29:46 -0500] "GET /wp-content/themes/Divi/core/admin/fonts/modules.ttf HTTP/1.1" 304 - "https://www.ensad.edu.pe/wp-content/themes/Divi/style.css?ver=5.5.3" "Mozilla/5.0 (Linux; Android 10; K) AppleWebKit/537.36 (KHTML, like Gecko) Chrome/138.0.0.0 Mobile Safari/537.36"
38.25.25.224 - - [05/May/2026:07:29:45 -0500] "GET /wp-content/themes/Divi/style.css?ver=5.5.3 HTTP/1.1" 200 81311 "https://www.ensad.edu.pe/" "Mozilla/5.0 (Linux; Android 16; 23117RA68G Build/BP2A.250605.031.A3) AppleWebKit/537.36 (KHTML, like Gecko) Version/4.0 Chrome/147.0.7727.86 Mobile Safari/537.36 [FB_IAB/FB4A;FBAV/556.1.0.63.64;IABMV/1;] FBNV/500"
38.25.25.224 - - [05/May/2026:07:29:46 -0500] "GET /wp-content/plugins/eventON/assets/css/eventon_styles.css?ver=3.0.2 HTTP/1.1" 200 21261 "https://www.ensad.edu.pe/" "Mozilla/5.0 (Linux; Android 16; 23117RA68G Build/BP2A.250605.031.A3) AppleWebKit/537.36 (KHTML, like Gecko) Version/4.0 Chrome/147.0.7727.86 Mobile Safari/537.36 [FB_IAB/FB4A;FBAV/556.1.0.63.64;IABMV/1;] FBNV/500"
38.25.25.224 - - [05/May/2026:07:29:46 -0500] "GET /wp-content/plugins/eventON/assets/fonts/all.css?ver=3.0.2 HTTP/1.1" 200 13456 "https://www.ensad.edu.pe/" "Mozilla/5.0 (Linux; Android 16; 23117RA68G Build/BP2A.250605.031.A3) AppleWebKit/537.36 (KHTML, like Gecko) Version/4.0 Chrome/147.0.7727.86 Mobile Safari/537.36 [FB_IAB/FB4A;FBAV/556.1.0.63.64;IABMV/1;] FBNV/500"
38.25.25.224 - - [05/May/2026:07:29:46 -0500] "GET /wp-content/plugins/eventON/assets/css/eventon_dynamic_styles.css?ver=3.0.2 HTTP/1.1" 200 2255 "https://www.ensad.edu.pe/" "Mozilla/5.0 (Linux; Android 16; 23117RA68G Build/BP2A.250605.031.A3) AppleWebKit/537.36 (KHTML, like Gecko) Version/4.0 Chrome/147.0.7727.86 Mobile Safari/537.36 [FB_IAB/FB4A;FBAV/556.1.0.63.64;IABMV/1;] FBNV/500"
38.25.25.224 - - [05/May/2026:07:29:46 -0500] "GET /wp-content/plugins/supreme-modules-pro-for-divi/styles/style.min.css?ver=3.9.92 HTTP/1.1" 200 29914 "https://www.ensad.edu.pe/" "Mozilla/5.0 (Linux; Android 16; 23117RA68G Build/BP2A.250605.031.A3) AppleWebKit/537.36 (KHTML, like Gecko) Version/4.0 Chrome/147.0.7727.86 Mobile Safari/537.36 [FB_IAB/FB4A;FBAV/556.1.0.63.64;IABMV/1;] FBNV/500"
190.12.84.3 - - [05/May/2026:07:29:46 -0500] "GET /wp-content/uploads/2026/03/m26_top_bg-scaled.jpg HTTP/1.1" 200 56007 "https://www.ensad.edu.pe/serv-academicos/matricula/" "Mozilla/5.0 (Linux; Android 10; K) AppleWebKit/537.36 (KHTML, like Gecko) Chrome/138.0.0.0 Mobile Safari/537.36"
38.25.25.224 - - [05/May/2026:07:29:46 -0500] "GET /wp-content/plugins/wow-divi-carousel/styles/style.min.css?ver=1.0.0 HTTP/1.1" 200 4449 "https://www.ensad.edu.pe/" "Mozilla/5.0 (Linux; Android 16; 23117RA68G Build/BP2A.250605.031.A3) AppleWebKit/537.36 (KHTML, like Gecko) Version/4.0 Chrome/147.0.7727.86 Mobile Safari/537.36 [FB_IAB/FB4A;FBAV/556.1.0.63.64;IABMV/1;] FBNV/500"
38.25.25.224 - - [05/May/2026:07:29:46 -0500] "GET /wp-content/plugins/wpdatatables/integrations/starter/page-builders/divi-wpdt/styles/style.min.css?ver=1.0.0 HTTP/1.1" 200 1797 "https://www.ensad.edu.pe/" "Mozilla/5.0 (Linux; Android 16; 23117RA68G Build/BP2A.250605.031.A3) AppleWebKit/537.36 (KHTML, like Gecko) Version/4.0 Chrome/147.0.7727.86 Mobile Safari/537.36 [FB_IAB/FB4A;FBAV/556.1.0.63.64;IABMV/1;] FBNV/500"
103.59.160.219 - - [05/May/2026:07:29:47 -0500] "POST /xmlrpc.php HTTP/1.1" 503 7117 "-" "python-httpx/0.22.0"
38.25.25.224 - - [05/May/2026:07:29:47 -0500] "GET /wp-content/uploads/pum/pum-site-styles.css?generated=1747710144&ver=1.15.0 HTTP/1.1" 200 3468 "https://www.ensad.edu.pe/" "Mozilla/5.0 (Linux; Android 16; 23117RA68G Build/BP2A.250605.031.A3) AppleWebKit/537.36 (KHTML, like Gecko) Version/4.0 Chrome/147.0.7727.86 Mobile Safari/537.36 [FB_IAB/FB4A;FBAV/556.1.0.63.64;IABMV/1;] FBNV/500"
38.25.25.224 - - [05/May/2026:07:29:47 -0500] "GET /wp-includes/css/dashicons.min.css?ver=5.5.3 HTTP/1.1" 200 35722 "https://www.ensad.edu.pe/" "Mozilla/5.0 (Linux; Android 16; 23117RA68G Build/BP2A.250605.031.A3) AppleWebKit/537.36 (KHTML, like Gecko) Version/4.0 Chrome/147.0.7727.86 Mobile Safari/537.36 [FB_IAB/FB4A;FBAV/556.1.0.63.64;IABMV/1;] FBNV/500"
38.25.25.224 - - [05/May/2026:07:29:47 -0500] "GET /wp-includes/js/jquery/jquery.js?ver=1.12.4-wp HTTP/1.1" 200 33776 "https://www.ensad.edu.pe/" "Mozilla/5.0 (Linux; Android 16; 23117RA68G Build/BP2A.250605.031.A3) AppleWebKit/537.36 (KHTML, like Gecko) Version/4.0 Chrome/147.0.7727.86 Mobile Safari/537.36 [FB_IAB/FB4A;FBAV/556.1.0.63.64;IABMV/1;] FBNV/500"
38.25.25.224 - - [05/May/2026:07:29:47 -0500] "GET /wp-content/plugins/popups-for-divi/scripts/ie-compat.min.js?ver=3.0.5 HTTP/1.1" 200 3695 "https://www.ensad.edu.pe/" "Mozilla/5.0 (Linux; Android 16; 23117RA68G Build/BP2A.250605.031.A3) AppleWebKit/537.36 (KHTML, like Gecko) Version/4.0 Chrome/147.0.7727.86 Mobile Safari/537.36 [FB_IAB/FB4A;FBAV/556.1.0.63.64;IABMV/1;] FBNV/500"
167.86.88.122 - - [05/May/2026:07:29:48 -0500] "POST /?wordfence_syncAttackData=1777984188.7713 HTTP/1.1" 200 20 "https://www.ensad.edu.pe/?wordfence_syncAttackData=1777984188.7713" "WordPress/5.5.3; https://www.ensad.edu.pe"
38.25.25.224 - - [05/May/2026:07:29:47 -0500] "GET /wp-content/uploads/2026/03/IMG_destacada_1203.jpg HTTP/1.1" 200 477716 "https://www.ensad.edu.pe/" "Mozilla/5.0 (Linux; Android 16; 23117RA68G Build/BP2A.250605.031.A3) AppleWebKit/537.36 (KHTML, like Gecko) Version/4.0 Chrome/147.0.7727.86 Mobile Safari/537.36 [FB_IAB/FB4A;FBAV/556.1.0.63.64;IABMV/1;] FBNV/500"
190.12.84.3 - - [05/May/2026:07:29:48 -0500] "GET /serv-academicos/guia-de-matricula/ HTTP/1.1" 200 39152 "https://www.ensad.edu.pe/serv-academicos/matricula/" "Mozilla/5.0 (Linux; Android 10; K) AppleWebKit/537.36 (KHTML, like Gecko) Chrome/138.0.0.0 Mobile Safari/537.36"
190.12.84.3 - - [05/May/2026:07:29:50 -0500] "GET /wp-content/themes/Divi/core/admin/fonts/modules.ttf HTTP/1.1" 304 - "https://www.ensad.edu.pe/wp-content/themes/Divi/style.css?ver=5.5.3" "Mozilla/5.0 (Linux; Android 10; K) AppleWebKit/537.36 (KHTML, like Gecko) Chrome/138.0.0.0 Mobile Safari/537.36"
38.25.25.224 - - [05/May/2026:07:29:50 -0500] "GET /wp-content/uploads/2026/01/nota2201.jpg.jpeg HTTP/1.1" 200 352140 "https://www.ensad.edu.pe/" "Mozilla/5.0 (Linux; Android 16; 23117RA68G Build/BP2A.250605.031.A3) AppleWebKit/537.36 (KHTML, like Gecko) Version/4.0 Chrome/147.0.7727.86 Mobile Safari/537.36 [FB_IAB/FB4A;FBAV/556.1.0.63.64;IABMV/1;] FBNV/500"
38.25.25.224 - - [05/May/2026:07:29:47 -0500] "GET /wp-content/uploads/2026/03/DJ_IV_IMG.jpg HTTP/1.1" 200 373493 "https://www.ensad.edu.pe/" "Mozilla/5.0 (Linux; Android 16; 23117RA68G Build/BP2A.250605.031.A3) AppleWebKit/537.36 (KHTML, like Gecko) Version/4.0 Chrome/147.0.7727.86 Mobile Safari/537.36 [FB_IAB/FB4A;FBAV/556.1.0.63.64;IABMV/1;] FBNV/500"
193.186.4.249 - - [05/May/2026:07:29:50 -0500] "GET / HTTP/1.1" 200 38690 "https://www.google.com/" "Mozilla/5.0 (Windows NT 10.0; Win64; x64) AppleWebKit/537.36 (KHTML, like Gecko) Chrome/144.0.0.0 Safari/537.36"
38.25.25.224 - - [05/May/2026:07:29:51 -0500] "GET /wp-content/plugins/popups-for-divi/scripts/front.min.js?ver=3.0.5 HTTP/1.1" 200 21335 "https://www.ensad.edu.pe/" "Mozilla/5.0 (Linux; Android 16; 23117RA68G Build/BP2A.250605.031.A3) AppleWebKit/537.36 (KHTML, like Gecko) Version/4.0 Chrome/147.0.7727.86 Mobile Safari/537.36 [FB_IAB/FB4A;FBAV/556.1.0.63.64;IABMV/1;] FBNV/500"
38.25.25.224 - - [05/May/2026:07:29:51 -0500] "GET /wp-content/plugins/wow-divi-carousel/assets/vendor/slick/slick.min.js?ver=1.4.2 HTTP/1.1" 200 10519 "https://www.ensad.edu.pe/" "Mozilla/5.0 (Linux; Android 16; 23117RA68G Build/BP2A.250605.031.A3) AppleWebKit/537.36 (KHTML, like Gecko) Version/4.0 Chrome/147.0.7727.86 Mobile Safari/537.36 [FB_IAB/FB4A;FBAV/556.1.0.63.64;IABMV/1;] FBNV/500"
38.25.25.224 - - [05/May/2026:07:29:52 -0500] "GET /wp-content/plugins/wow-divi-carousel/assets/js/wow-divi-carousel.js?ver=1.4.2 HTTP/1.1" 200 45 "https://www.ensad.edu.pe/" "Mozilla/5.0 (Linux; Android 16; 23117RA68G Build/BP2A.250605.031.A3) AppleWebKit/537.36 (KHTML, like Gecko) Version/4.0 Chrome/147.0.7727.86 Mobile Safari/537.36 [FB_IAB/FB4A;FBAV/556.1.0.63.64;IABMV/1;] FBNV/500"
38.25.25.224 - - [05/May/2026:07:29:48 -0500] "GET /wp-content/uploads/2026/03/img_110326.jpg HTTP/1.1" 200 443659 "https://www.ensad.edu.pe/" "Mozilla/5.0 (Linux; Android 16; 23117RA68G Build/BP2A.250605.031.A3) AppleWebKit/537.36 (KHTML, like Gecko) Version/4.0 Chrome/147.0.7727.86 Mobile Safari/537.36 [FB_IAB/FB4A;FBAV/556.1.0.63.64;IABMV/1;] FBNV/500"
38.25.25.224 - - [05/May/2026:07:29:52 -0500] "GET /wp-content/themes/Divi/js/custom.unified.js?ver=4.7.3 HTTP/1.1" 200 135984 "https://www.ensad.edu.pe/" "Mozilla/5.0 (Linux; Android 16; 23117RA68G Build/BP2A.250605.031.A3) AppleWebKit/537.36 (KHTML, like Gecko) Version/4.0 Chrome/147.0.7727.86 Mobile Safari/537.36 [FB_IAB/FB4A;FBAV/556.1.0.63.64;IABMV/1;] FBNV/500"
200.37.136.18 - - [05/May/2026:07:29:51 -0500] "GET / HTTP/1.1" 200 38690 "https://www.google.com/" "Mozilla/5.0 (Windows NT 10.0; Win64; x64) AppleWebKit/537.36 (KHTML, like Gecko) Chrome/144.0.0.0 Safari/537.36"
38.25.25.224 - - [05/May/2026:07:29:52 -0500] "GET /wp-content/themes/Divi/core/admin/js/es6-promise.auto.min.js?ver=4.7.3 HTTP/1.1" 200 2684 "https://www.ensad.edu.pe/" "Mozilla/5.0 (Linux; Android 16; 23117RA68G Build/BP2A.250605.031.A3) AppleWebKit/537.36 (KHTML, like Gecko) Version/4.0 Chrome/147.0.7727.86 Mobile Safari/537.36 [FB_IAB/FB4A;FBAV/556.1.0.63.64;IABMV/1;] FBNV/500"
38.25.25.224 - - [05/May/2026:07:29:51 -0500] "GET /wp-content/uploads/2025/12/IMG_2511_01.jpg HTTP/1.1" 200 230503 "https://www.ensad.edu.pe/" "Mozilla/5.0 (Linux; Android 16; 23117RA68G Build/BP2A.250605.031.A3) AppleWebKit/537.36 (KHTML, like Gecko) Version/4.0 Chrome/147.0.7727.86 Mobile Safari/537.36 [FB_IAB/FB4A;FBAV/556.1.0.63.64;IABMV/1;] FBNV/500"
38.25.25.224 - - [05/May/2026:07:29:53 -0500] "GET /wp-content/themes/Divi/core/admin/js/recaptcha.js?ver=4.7.3 HTTP/1.1" 200 712 "https://www.ensad.edu.pe/" "Mozilla/5.0 (Linux; Android 16; 23117RA68G Build/BP2A.250605.031.A3) AppleWebKit/537.36 (KHTML, like Gecko) Version/4.0 Chrome/147.0.7727.86 Mobile Safari/537.36 [FB_IAB/FB4A;FBAV/556.1.0.63.64;IABMV/1;] FBNV/500"
38.25.25.224 - - [05/May/2026:07:29:53 -0500] "GET /wp-content/plugins/dflip/assets/js/dflip.min.js?ver=1.6.6 HTTP/1.1" 200 40479 "https://www.ensad.edu.pe/" "Mozilla/5.0 (Linux; Android 16; 23117RA68G Build/BP2A.250605.031.A3) AppleWebKit/537.36 (KHTML, like Gecko) Version/4.0 Chrome/147.0.7727.86 Mobile Safari/537.36 [FB_IAB/FB4A;FBAV/556.1.0.63.64;IABMV/1;] FBNV/500"
38.25.25.224 - - [05/May/2026:07:29:53 -0500] "GET /wp-content/plugins/eventON/assets/js/eventon_functions.js?ver=3.0.2 HTTP/1.1" 200 3768 "https://www.ensad.edu.pe/" "Mozilla/5.0 (Linux; Android 16; 23117RA68G Build/BP2A.250605.031.A3) AppleWebKit/537.36 (KHTML, like Gecko) Version/4.0 Chrome/147.0.7727.86 Mobile Safari/537.36 [FB_IAB/FB4A;FBAV/556.1.0.63.64;IABMV/1;] FBNV/500"
38.25.25.224 - - [05/May/2026:07:29:53 -0500] "GET /wp-content/plugins/eventON/assets/js/lib/jquery.easing.1.3.js?ver=1.0 HTTP/1.1" 200 1986 "https://www.ensad.edu.pe/" "Mozilla/5.0 (Linux; Android 16; 23117RA68G Build/BP2A.250605.031.A3) AppleWebKit/537.36 (KHTML, like Gecko) Version/4.0 Chrome/147.0.7727.86 Mobile Safari/537.36 [FB_IAB/FB4A;FBAV/556.1.0.63.64;IABMV/1;] FBNV/500"
200.37.136.18 - - [05/May/2026:07:29:53 -0500] "GET /wp-content/plugins/wpdatatables/integrations/starter/page-builders/divi-wpdt/styles/divi-wpdt.css?ver=7.3.5 HTTP/1.1" 200 225 "https://www.ensad.edu.pe/" "Mozilla/5.0 (Windows NT 10.0; Win64; x64) AppleWebKit/537.36 (KHTML, like Gecko) Chrome/144.0.0.0 Safari/537.36"
200.37.205.138 - - [05/May/2026:07:29:53 -0500] "GET /wp-content/plugins/gtranslate/gtranslate-style24.css?ver=5.5.3 HTTP/1.1" 200 299 "https://www.ensad.edu.pe/" "Mozilla/5.0 (Windows NT 10.0; Win64; x64) AppleWebKit/537.36 (KHTML, like Gecko) Chrome/144.0.0.0 Safari/537.36"
190.12.84.3 - - [05/May/2026:07:29:53 -0500] "GET /wp-content/uploads/2025/07/gm-03.png HTTP/1.1" 206 1 "https://www.ensad.edu.pe/serv-academicos/guia-de-matricula/" "Mozilla/5.0 (Linux; Android 10; K) AppleWebKit/537.36 (KHTML, like Gecko) Chrome/138.0.0.0 Mobile Safari/537.36"
38.25.25.224 - - [05/May/2026:07:29:53 -0500] "GET /wp-content/plugins/eventON/assets/js/lib/jquery.mobile.min.js?ver=3.0.2 HTTP/1.1" 200 2743 "https://www.ensad.edu.pe/" "Mozilla/5.0 (Linux; Android 16; 23117RA68G Build/BP2A.250605.031.A3) AppleWebKit/537.36 (KHTML, like Gecko) Version/4.0 Chrome/147.0.7727.86 Mobile Safari/537.36 [FB_IAB/FB4A;FBAV/556.1.0.63.64;IABMV/1;] FBNV/500"
38.25.25.224 - - [05/May/2026:07:29:53 -0500] "GET /wp-content/plugins/eventON/assets/js/lib/handlebars.js?ver=3.0.2 HTTP/1.1" 200 38247 "https://www.ensad.edu.pe/" "Mozilla/5.0 (Linux; Android 16; 23117RA68G Build/BP2A.250605.031.A3) AppleWebKit/537.36 (KHTML, like Gecko) Version/4.0 Chrome/147.0.7727.86 Mobile Safari/537.36 [FB_IAB/FB4A;FBAV/556.1.0.63.64;IABMV/1;] FBNV/500"
38.25.25.224 - - [05/May/2026:07:29:53 -0500] "GET /wp-content/plugins/eventON/assets/js/lib/moment.min.js?ver=3.0.2 HTTP/1.1" 200 17113 "https://www.ensad.edu.pe/" "Mozilla/5.0 (Linux; Android 16; 23117RA68G Build/BP2A.250605.031.A3) AppleWebKit/537.36 (KHTML, like Gecko) Version/4.0 Chrome/147.0.7727.86 Mobile Safari/537.36 [FB_IAB/FB4A;FBAV/556.1.0.63.64;IABMV/1;] FBNV/500"
200.37.136.18 - - [05/May/2026:07:29:53 -0500] "GET /wp-content/plugins/formidable/css/formidableforms.css?ver=5181606 HTTP/1.1" 200 8581 "https://www.ensad.edu.pe/" "Mozilla/5.0 (Windows NT 10.0; Win64; x64) AppleWebKit/537.36 (KHTML, like Gecko) Chrome/144.0.0.0 Safari/537.36"
200.37.205.138 - - [05/May/2026:07:29:53 -0500] "GET /wp-includes/css/dist/block-library/style.min.css?ver=5.5.3 HTTP/1.1" 200 7907 "https://www.ensad.edu.pe/" "Mozilla/5.0 (Windows NT 10.0; Win64; x64) AppleWebKit/537.36 (KHTML, like Gecko) Chrome/144.0.0.0 Safari/537.36"
190.12.84.3 - - [05/May/2026:07:29:53 -0500] "GET /wp-content/uploads/2025/07/gm-4.png HTTP/1.1" 206 1 "https://www.ensad.edu.pe/serv-academicos/guia-de-matricula/" "Mozilla/5.0 (Linux; Android 10; K) AppleWebKit/537.36 (KHTML, like Gecko) Chrome/138.0.0.0 Mobile Safari/537.36"
38.25.25.224 - - [05/May/2026:07:29:53 -0500] "GET /wp-content/plugins/eventON/assets/js/lib/jquery.mousewheel.min.js?ver=3.0.2 HTTP/1.1" 200 716 "https://www.ensad.edu.pe/" "Mozilla/5.0 (Linux; Android 16; 23117RA68G Build/BP2A.250605.031.A3) AppleWebKit/537.36 (KHTML, like Gecko) Version/4.0 Chrome/147.0.7727.86 Mobile Safari/537.36 [FB_IAB/FB4A;FBAV/556.1.0.63.64;IABMV/1;] FBNV/500"
38.25.25.224 - - [05/May/2026:07:29:53 -0500] "GET /wp-content/plugins/eventON/assets/js/eventon_script.js?ver=3.0.2 HTTP/1.1" 200 13449 "https://www.ensad.edu.pe/" "Mozilla/5.0 (Linux; Android 16; 23117RA68G Build/BP2A.250605.031.A3) AppleWebKit/537.36 (KHTML, like Gecko) Version/4.0 Chrome/147.0.7727.86 Mobile Safari/537.36 [FB_IAB/FB4A;FBAV/556.1.0.63.64;IABMV/1;] FBNV/500"
200.37.136.18 - - [05/May/2026:07:29:53 -0500] "GET /wp-content/plugins/superb-social-share-and-follow-buttons//assets/css/frontend.css?ver=101.0.0 HTTP/1.1" 200 2157 "https://www.ensad.edu.pe/" "Mozilla/5.0 (Windows NT 10.0; Win64; x64) AppleWebKit/537.36 (KHTML, like Gecko) Chrome/144.0.0.0 Safari/537.36"
200.37.136.18 - - [05/May/2026:07:29:53 -0500] "GET /wp-content/plugins/popups-for-divi/styles/front.min.css?ver=3.0.5 HTTP/1.1" 200 1641 "https://www.ensad.edu.pe/" "Mozilla/5.0 (Windows NT 10.0; Win64; x64) AppleWebKit/537.36 (KHTML, like Gecko) Chrome/144.0.0.0 Safari/537.36"
200.37.136.18 - - [05/May/2026:07:29:53 -0500] "GET /wp-content/plugins/wow-divi-carousel/assets/css/module-core.css?ver=5.5.3 HTTP/1.1" 200 3834 "https://www.ensad.edu.pe/" "Mozilla/5.0 (Windows NT 10.0; Win64; x64) AppleWebKit/537.36 (KHTML, like Gecko) Chrome/144.0.0.0 Safari/537.36"
200.37.205.138 - - [05/May/2026:07:29:53 -0500] "GET /wp-content/plugins/wow-divi-carousel/assets/vendor/slick/slick.css?ver=1.4.2 HTTP/1.1" 200 569 "https://www.ensad.edu.pe/" "Mozilla/5.0 (Windows NT 10.0; Win64; x64) AppleWebKit/537.36 (KHTML, like Gecko) Chrome/144.0.0.0 Safari/537.36"
200.37.205.138 - - [05/May/2026:07:29:53 -0500] "GET /wp-content/plugins/wow-divi-carousel/assets/vendor/slick/slick-theme.css?ver=1.4.2 HTTP/1.1" 200 866 "https://www.ensad.edu.pe/" "Mozilla/5.0 (Windows NT 10.0; Win64; x64) AppleWebKit/537.36 (KHTML, like Gecko) Chrome/144.0.0.0 Safari/537.36"
200.37.205.138 - - [05/May/2026:07:29:53 -0500] "GET /wp-content/themes/Divi/style.css?ver=5.5.3 HTTP/1.1" 200 81311 "https://www.ensad.edu.pe/" "Mozilla/5.0 (Windows NT 10.0; Win64; x64) AppleWebKit/537.36 (KHTML, like Gecko) Chrome/144.0.0.0 Safari/537.36"
190.12.84.3 - - [05/May/2026:07:29:53 -0500] "GET /wp-content/uploads/2025/07/gm-03.png HTTP/1.1" 206 12416 "https://www.ensad.edu.pe/serv-academicos/guia-de-matricula/" "Mozilla/5.0 (Linux; Android 10; K) AppleWebKit/537.36 (KHTML, like Gecko) Chrome/138.0.0.0 Mobile Safari/537.36"
38.25.25.224 - - [05/May/2026:07:29:54 -0500] "GET /wp-content/plugins/supreme-modules-pro-for-divi/scripts/frontend-bundle.min.js?ver=3.9.92 HTTP/1.1" 200 619 "https://www.ensad.edu.pe/" "Mozilla/5.0 (Linux; Android 16; 23117RA68G Build/BP2A.250605.031.A3) AppleWebKit/537.36 (KHTML, like Gecko) Version/4.0 Chrome/147.0.7727.86 Mobile Safari/537.36 [FB_IAB/FB4A;FBAV/556.1.0.63.64;IABMV/1;] FBNV/500"
38.25.25.224 - - [05/May/2026:07:29:54 -0500] "GET /wp-content/plugins/wow-divi-carousel/scripts/frontend-bundle.min.js?ver=1.0.0 HTTP/1.1" 200 1694 "https://www.ensad.edu.pe/" "Mozilla/5.0 (Linux; Android 16; 23117RA68G Build/BP2A.250605.031.A3) AppleWebKit/537.36 (KHTML, like Gecko) Version/4.0 Chrome/147.0.7727.86 Mobile Safari/537.36 [FB_IAB/FB4A;FBAV/556.1.0.63.64;IABMV/1;] FBNV/500"
38.25.25.224 - - [05/May/2026:07:29:54 -0500] "GET /wp-content/plugins/wpdatatables/integrations/starter/page-builders/divi-wpdt/scripts/frontend-bundle.min.js?ver=1.0.0 HTTP/1.1" 200 327 "https://www.ensad.edu.pe/" "Mozilla/5.0 (Linux; Android 16; 23117RA68G Build/BP2A.250605.031.A3) AppleWebKit/537.36 (KHTML, like Gecko) Version/4.0 Chrome/147.0.7727.86 Mobile Safari/537.36 [FB_IAB/FB4A;FBAV/556.1.0.63.64;IABMV/1;] FBNV/500"
200.37.136.18 - - [05/May/2026:07:29:54 -0500] "GET /wp-content/themes/Divi-Child-Theme/style.css?ver=4.7.3 HTTP/1.1" 200 297 "https://www.ensad.edu.pe/" "Mozilla/5.0 (Windows NT 10.0; Win64; x64) AppleWebKit/537.36 (KHTML, like Gecko) Chrome/144.0.0.0 Safari/537.36"
200.37.136.18 - - [05/May/2026:07:29:54 -0500] "GET /wp-content/plugins/dflip/assets/css/themify-icons.min.css?ver=1.6.6 HTTP/1.1" 200 2814 "https://www.ensad.edu.pe/" "Mozilla/5.0 (Windows NT 10.0; Win64; x64) AppleWebKit/537.36 (KHTML, like Gecko) Chrome/144.0.0.0 Safari/537.36"
200.37.136.18 - - [05/May/2026:07:29:54 -0500] "GET /wp-content/plugins/dflip/assets/css/dflip.min.css?ver=1.6.6 HTTP/1.1" 200 5343 "https://www.ensad.edu.pe/" "Mozilla/5.0 (Windows NT 10.0; Win64; x64) AppleWebKit/537.36 (KHTML, like Gecko) Chrome/144.0.0.0 Safari/537.36"
200.37.205.138 - - [05/May/2026:07:29:54 -0500] "GET /wp-content/plugins/eventON/assets/css/eventon_styles.css?ver=3.0.2 HTTP/1.1" 200 21261 "https://www.ensad.edu.pe/" "Mozilla/5.0 (Windows NT 10.0; Win64; x64) AppleWebKit/537.36 (KHTML, like Gecko) Chrome/144.0.0.0 Safari/537.36"
200.37.205.138 - - [05/May/2026:07:29:54 -0500] "GET /wp-content/plugins/eventON/assets/fonts/all.css?ver=3.0.2 HTTP/1.1" 200 13456 "https://www.ensad.edu.pe/" "Mozilla/5.0 (Windows NT 10.0; Win64; x64) AppleWebKit/537.36 (KHTML, like Gecko) Chrome/144.0.0.0 Safari/537.36"
38.25.25.224 - - [05/May/2026:07:29:54 -0500] "GET /wp-includes/js/jquery/ui/position.min.js?ver=1.11.4 HTTP/1.1" 200 2507 "https://www.ensad.edu.pe/" "Mozilla/5.0 (Linux; Android 16; 23117RA68G Build/BP2A.250605.031.A3) AppleWebKit/537.36 (KHTML, like Gecko) Version/4.0 Chrome/147.0.7727.86 Mobile Safari/537.36 [FB_IAB/FB4A;FBAV/556.1.0.63.64;IABMV/1;] FBNV/500"
38.25.25.224 - - [05/May/2026:07:29:54 -0500] "GET /wp-includes/js/jquery/ui/core.min.js?ver=1.11.4 HTTP/1.1" 200 1813 "https://www.ensad.edu.pe/" "Mozilla/5.0 (Linux; Android 16; 23117RA68G Build/BP2A.250605.031.A3) AppleWebKit/537.36 (KHTML, like Gecko) Version/4.0 Chrome/147.0.7727.86 Mobile Safari/537.36 [FB_IAB/FB4A;FBAV/556.1.0.63.64;IABMV/1;] FBNV/500"
38.25.25.224 - - [05/May/2026:07:29:54 -0500] "GET /wp-content/uploads/pum/pum-site-scripts.js?defer&generated=1747710144&ver=1.15.0 HTTP/1.1" 200 17645 "https://www.ensad.edu.pe/" "Mozilla/5.0 (Linux; Android 16; 23117RA68G Build/BP2A.250605.031.A3) AppleWebKit/537.36 (KHTML, like Gecko) Version/4.0 Chrome/147.0.7727.86 Mobile Safari/537.36 [FB_IAB/FB4A;FBAV/556.1.0.63.64;IABMV/1;] FBNV/500"
200.37.136.18 - - [05/May/2026:07:29:54 -0500] "GET /wp-content/plugins/eventON/assets/css/eventon_dynamic_styles.css?ver=3.0.2 HTTP/1.1" 200 2255 "https://www.ensad.edu.pe/" "Mozilla/5.0 (Windows NT 10.0; Win64; x64) AppleWebKit/537.36 (KHTML, like Gecko) Chrome/144.0.0.0 Safari/537.36"
200.37.136.18 - - [05/May/2026:07:29:54 -0500] "GET /wp-content/plugins/supreme-modules-pro-for-divi/styles/style.min.css?ver=3.9.92 HTTP/1.1" 200 29914 "https://www.ensad.edu.pe/" "Mozilla/5.0 (Windows NT 10.0; Win64; x64) AppleWebKit/537.36 (KHTML, like Gecko) Chrome/144.0.0.0 Safari/537.36"
200.37.136.18 - - [05/May/2026:07:29:54 -0500] "GET /wp-content/plugins/wow-divi-carousel/styles/style.min.css?ver=1.0.0 HTTP/1.1" 200 4449 "https://www.ensad.edu.pe/" "Mozilla/5.0 (Windows NT 10.0; Win64; x64) AppleWebKit/537.36 (KHTML, like Gecko) Chrome/144.0.0.0 Safari/537.36"
200.37.205.138 - - [05/May/2026:07:29:54 -0500] "GET /wp-content/plugins/wpdatatables/integrations/starter/page-builders/divi-wpdt/styles/style.min.css?ver=1.0.0 HTTP/1.1" 200 1797 "https://www.ensad.edu.pe/" "Mozilla/5.0 (Windows NT 10.0; Win64; x64) AppleWebKit/537.36 (KHTML, like Gecko) Chrome/144.0.0.0 Safari/537.36"
38.25.25.224 - - [05/May/2026:07:29:54 -0500] "GET /wp-content/themes/Divi/core/admin/js/common.js?ver=4.7.3 HTTP/1.1" 200 577 "https://www.ensad.edu.pe/" "Mozilla/5.0 (Linux; Android 16; 23117RA68G Build/BP2A.250605.031.A3) AppleWebKit/537.36 (KHTML, like Gecko) Version/4.0 Chrome/147.0.7727.86 Mobile Safari/537.36 [FB_IAB/FB4A;FBAV/556.1.0.63.64;IABMV/1;] FBNV/500"
38.25.25.224 - - [05/May/2026:07:29:54 -0500] "GET /wp-content/plugins/popup-maker/assets/js/vendor/mobile-detect.min.js?ver=1.3.3 HTTP/1.1" 200 16296 "https://www.ensad.edu.pe/" "Mozilla/5.0 (Linux; Android 16; 23117RA68G Build/BP2A.250605.031.A3) AppleWebKit/537.36 (KHTML, like Gecko) Version/4.0 Chrome/147.0.7727.86 Mobile Safari/537.36 [FB_IAB/FB4A;FBAV/556.1.0.63.64;IABMV/1;] FBNV/500"
38.25.25.224 - - [05/May/2026:07:29:54 -0500] "GET /wp-includes/js/wp-embed.min.js?ver=5.5.3 HTTP/1.1" 200 769 "https://www.ensad.edu.pe/" "Mozilla/5.0 (Linux; Android 16; 23117RA68G Build/BP2A.250605.031.A3) AppleWebKit/537.36 (KHTML, like Gecko) Version/4.0 Chrome/147.0.7727.86 Mobile Safari/537.36 [FB_IAB/FB4A;FBAV/556.1.0.63.64;IABMV/1;] FBNV/500"
200.37.136.18 - - [05/May/2026:07:29:54 -0500] "GET /wp-content/uploads/pum/pum-site-styles.css?generated=1747710144&ver=1.15.0 HTTP/1.1" 200 3468 "https://www.ensad.edu.pe/" "Mozilla/5.0 (Windows NT 10.0; Win64; x64) AppleWebKit/537.36 (KHTML, like Gecko) Chrome/144.0.0.0 Safari/537.36"
200.37.136.18 - - [05/May/2026:07:29:54 -0500] "GET /wp-includes/css/dashicons.min.css?ver=5.5.3 HTTP/1.1" 200 35722 "https://www.ensad.edu.pe/" "Mozilla/5.0 (Windows NT 10.0; Win64; x64) AppleWebKit/537.36 (KHTML, like Gecko) Chrome/144.0.0.0 Safari/537.36"
200.37.205.138 - - [05/May/2026:07:29:54 -0500] "GET /wp-includes/js/jquery/jquery.js?ver=1.12.4-wp HTTP/1.1" 200 33776 "https://www.ensad.edu.pe/" "Mozilla/5.0 (Windows NT 10.0; Win64; x64) AppleWebKit/537.36 (KHTML, like Gecko) Chrome/144.0.0.0 Safari/537.36"
200.37.205.138 - - [05/May/2026:07:29:54 -0500] "GET /wp-content/plugins/popups-for-divi/scripts/ie-compat.min.js?ver=3.0.5 HTTP/1.1" 200 3695 "https://www.ensad.edu.pe/" "Mozilla/5.0 (Windows NT 10.0; Win64; x64) AppleWebKit/537.36 (KHTML, like Gecko) Chrome/144.0.0.0 Safari/537.36"
38.25.25.224 - - [05/May/2026:07:29:54 -0500] "GET /wp-content/plugins/eventON/assets/js/maps/eventon_init_gmap.js?ver=1.0 HTTP/1.1" 200 153 "https://www.ensad.edu.pe/" "Mozilla/5.0 (Linux; Android 16; 23117RA68G Build/BP2A.250605.031.A3) AppleWebKit/537.36 (KHTML, like Gecko) Version/4.0 Chrome/147.0.7727.86 Mobile Safari/537.36 [FB_IAB/FB4A;FBAV/556.1.0.63.64;IABMV/1;] FBNV/500"
38.25.25.224 - - [05/May/2026:07:29:54 -0500] "GET /wp-content/plugins/eventON/assets/js/maps/eventon_gen_maps.js?ver=3.0.2 HTTP/1.1" 200 1907 "https://www.ensad.edu.pe/" "Mozilla/5.0 (Linux; Android 16; 23117RA68G Build/BP2A.250605.031.A3) AppleWebKit/537.36 (KHTML, like Gecko) Version/4.0 Chrome/147.0.7727.86 Mobile Safari/537.36 [FB_IAB/FB4A;FBAV/556.1.0.63.64;IABMV/1;] FBNV/500"
200.37.205.138 - - [05/May/2026:07:29:54 -0500] "GET /wp-content/uploads/2026/03/DJ_IV_IMG.jpg HTTP/1.1" 200 373493 "https://www.ensad.edu.pe/" "Mozilla/5.0 (Windows NT 10.0; Win64; x64) AppleWebKit/537.36 (KHTML, like Gecko) Chrome/144.0.0.0 Safari/537.36"
200.37.136.18 - - [05/May/2026:07:29:55 -0500] "GET /wp-content/plugins/popups-for-divi/scripts/front.min.js?ver=3.0.5 HTTP/1.1" 200 21335 "https://www.ensad.edu.pe/" "Mozilla/5.0 (Windows NT 10.0; Win64; x64) AppleWebKit/537.36 (KHTML, like Gecko) Chrome/144.0.0.0 Safari/537.36"
200.37.136.18 - - [05/May/2026:07:29:54 -0500] "GET /wp-content/uploads/2026/03/IMG_destacada_1203.jpg HTTP/1.1" 200 477716 "https://www.ensad.edu.pe/" "Mozilla/5.0 (Windows NT 10.0; Win64; x64) AppleWebKit/537.36 (KHTML, like Gecko) Chrome/144.0.0.0 Safari/537.36"
200.37.205.138 - - [05/May/2026:07:29:55 -0500] "GET /wp-content/themes/Divi/core/admin/fonts/modules.ttf HTTP/1.1" 200 37445 "https://www.ensad.edu.pe/wp-content/themes/Divi/style.css?ver=5.5.3" "Mozilla/5.0 (Windows NT 10.0; Win64; x64) AppleWebKit/537.36 (KHTML, like Gecko) Chrome/144.0.0.0 Safari/537.36"
200.37.136.18 - - [05/May/2026:07:29:55 -0500] "GET /wp-content/uploads/2026/01/nota2201.jpg.jpeg HTTP/1.1" 200 352140 "https://www.ensad.edu.pe/" "Mozilla/5.0 (Windows NT 10.0; Win64; x64) AppleWebKit/537.36 (KHTML, like Gecko) Chrome/144.0.0.0 Safari/537.36"
190.12.84.3 - - [05/May/2026:07:29:54 -0500] "GET /wp-content/uploads/2025/07/gm-4.png HTTP/1.1" 206 429435 "https://www.ensad.edu.pe/serv-academicos/guia-de-matricula/" "Mozilla/5.0 (Linux; Android 10; K) AppleWebKit/537.36 (KHTML, like Gecko) Chrome/138.0.0.0 Mobile Safari/537.36"
200.37.205.138 - - [05/May/2026:07:29:55 -0500] "GET /wp-content/uploads/2026/03/img_110326.jpg HTTP/1.1" 200 443659 "https://www.ensad.edu.pe/" "Mozilla/5.0 (Windows NT 10.0; Win64; x64) AppleWebKit/537.36 (KHTML, like Gecko) Chrome/144.0.0.0 Safari/537.36"
200.37.136.18 - - [05/May/2026:07:29:55 -0500] "GET /wp-content/plugins/wow-divi-carousel/assets/fonts/icowdc.ttf?sqw28v HTTP/1.1" 200 4382 "https://www.ensad.edu.pe/wp-content/plugins/wow-divi-carousel/assets/css/module-core.css?ver=5.5.3" "Mozilla/5.0 (Windows NT 10.0; Win64; x64) AppleWebKit/537.36 (KHTML, like Gecko) Chrome/144.0.0.0 Safari/537.36"
200.37.205.138 - - [05/May/2026:07:29:55 -0500] "GET /wp-content/uploads/2025/12/IMG_2511_01.jpg HTTP/1.1" 200 230503 "https://www.ensad.edu.pe/" "Mozilla/5.0 (Windows NT 10.0; Win64; x64) AppleWebKit/537.36 (KHTML, like Gecko) Chrome/144.0.0.0 Safari/537.36"
200.37.205.138 - - [05/May/2026:07:29:55 -0500] "GET /wp-content/plugins/wow-divi-carousel/assets/vendor/slick/slick.min.js?ver=1.4.2 HTTP/1.1" 200 10519 "https://www.ensad.edu.pe/" "Mozilla/5.0 (Windows NT 10.0; Win64; x64) AppleWebKit/537.36 (KHTML, like Gecko) Chrome/144.0.0.0 Safari/537.36"
200.37.136.18 - - [05/May/2026:07:29:55 -0500] "GET /wp-content/plugins/wow-divi-carousel/assets/js/wow-divi-carousel.js?ver=1.4.2 HTTP/1.1" 200 45 "https://www.ensad.edu.pe/" "Mozilla/5.0 (Windows NT 10.0; Win64; x64) AppleWebKit/537.36 (KHTML, like Gecko) Chrome/144.0.0.0 Safari/537.36"
200.37.136.18 - - [05/May/2026:07:29:55 -0500] "GET /wp-content/themes/Divi/js/custom.unified.js?ver=4.7.3 HTTP/1.1" 200 135984 "https://www.ensad.edu.pe/" "Mozilla/5.0 (Windows NT 10.0; Win64; x64) AppleWebKit/537.36 (KHTML, like Gecko) Chrome/144.0.0.0 Safari/537.36"
200.37.205.138 - - [05/May/2026:07:29:55 -0500] "GET /wp-content/themes/Divi/core/admin/js/recaptcha.js?ver=4.7.3 HTTP/1.1" 200 712 "https://www.ensad.edu.pe/" "Mozilla/5.0 (Windows NT 10.0; Win64; x64) AppleWebKit/537.36 (KHTML, like Gecko) Chrome/144.0.0.0 Safari/537.36"
200.37.136.18 - - [05/May/2026:07:29:55 -0500] "GET /wp-content/themes/Divi/core/admin/js/es6-promise.auto.min.js?ver=4.7.3 HTTP/1.1" 200 2684 "https://www.ensad.edu.pe/" "Mozilla/5.0 (Windows NT 10.0; Win64; x64) AppleWebKit/537.36 (KHTML, like Gecko) Chrome/144.0.0.0 Safari/537.36"
200.37.136.18 - - [05/May/2026:07:29:55 -0500] "GET /wp-content/plugins/dflip/assets/js/dflip.min.js?ver=1.6.6 HTTP/1.1" 200 40479 "https://www.ensad.edu.pe/" "Mozilla/5.0 (Windows NT 10.0; Win64; x64) AppleWebKit/537.36 (KHTML, like Gecko) Chrome/144.0.0.0 Safari/537.36"
200.37.205.138 - - [05/May/2026:07:29:56 -0500] "GET /wp-content/plugins/eventON/assets/js/eventon_functions.js?ver=3.0.2 HTTP/1.1" 200 3768 "https://www.ensad.edu.pe/" "Mozilla/5.0 (Windows NT 10.0; Win64; x64) AppleWebKit/537.36 (KHTML, like Gecko) Chrome/144.0.0.0 Safari/537.36"
200.37.136.18 - - [05/May/2026:07:29:56 -0500] "GET /wp-content/plugins/eventON/assets/js/lib/jquery.easing.1.3.js?ver=1.0 HTTP/1.1" 200 1986 "https://www.ensad.edu.pe/" "Mozilla/5.0 (Windows NT 10.0; Win64; x64) AppleWebKit/537.36 (KHTML, like Gecko) Chrome/144.0.0.0 Safari/537.36"
200.37.205.138 - - [05/May/2026:07:29:56 -0500] "GET /wp-content/plugins/eventON/assets/js/lib/jquery.mobile.min.js?ver=3.0.2 HTTP/1.1" 200 2743 "https://www.ensad.edu.pe/" "Mozilla/5.0 (Windows NT 10.0; Win64; x64) AppleWebKit/537.36 (KHTML, like Gecko) Chrome/144.0.0.0 Safari/537.36"
200.37.205.138 - - [05/May/2026:07:29:56 -0500] "GET /wp-content/plugins/eventON/assets/js/lib/handlebars.js?ver=3.0.2 HTTP/1.1" 200 38247 "https://www.ensad.edu.pe/" "Mozilla/5.0 (Windows NT 10.0; Win64; x64) AppleWebKit/537.36 (KHTML, like Gecko) Chrome/144.0.0.0 Safari/537.36"
200.37.136.18 - - [05/May/2026:07:29:56 -0500] "GET /wp-content/plugins/eventON/assets/js/lib/moment.min.js?ver=3.0.2 HTTP/1.1" 200 17113 "https://www.ensad.edu.pe/" "Mozilla/5.0 (Windows NT 10.0; Win64; x64) AppleWebKit/537.36 (KHTML, like Gecko) Chrome/144.0.0.0 Safari/537.36"
200.37.136.18 - - [05/May/2026:07:29:56 -0500] "GET /wp-content/plugins/eventON/assets/js/lib/jquery.mousewheel.min.js?ver=3.0.2 HTTP/1.1" 200 716 "https://www.ensad.edu.pe/" "Mozilla/5.0 (Windows NT 10.0; Win64; x64) AppleWebKit/537.36 (KHTML, like Gecko) Chrome/144.0.0.0 Safari/537.36"
200.37.205.138 - - [05/May/2026:07:29:56 -0500] "GET /wp-content/plugins/eventON/assets/js/eventon_script.js?ver=3.0.2 HTTP/1.1" 200 13449 "https://www.ensad.edu.pe/" "Mozilla/5.0 (Windows NT 10.0; Win64; x64) AppleWebKit/537.36 (KHTML, like Gecko) Chrome/144.0.0.0 Safari/537.36"
200.37.205.138 - - [05/May/2026:07:29:56 -0500] "GET /wp-content/plugins/supreme-modules-pro-for-divi/scripts/frontend-bundle.min.js?ver=3.9.92 HTTP/1.1" 200 619 "https://www.ensad.edu.pe/" "Mozilla/5.0 (Windows NT 10.0; Win64; x64) AppleWebKit/537.36 (KHTML, like Gecko) Chrome/144.0.0.0 Safari/537.36"
200.37.205.138 - - [05/May/2026:07:29:56 -0500] "GET /wp-content/plugins/wow-divi-carousel/scripts/frontend-bundle.min.js?ver=1.0.0 HTTP/1.1" 200 1694 "https://www.ensad.edu.pe/" "Mozilla/5.0 (Windows NT 10.0; Win64; x64) AppleWebKit/537.36 (KHTML, like Gecko) Chrome/144.0.0.0 Safari/537.36"
200.37.136.18 - - [05/May/2026:07:29:56 -0500] "GET /wp-content/plugins/wpdatatables/integrations/starter/page-builders/divi-wpdt/scripts/frontend-bundle.min.js?ver=1.0.0 HTTP/1.1" 200 327 "https://www.ensad.edu.pe/" "Mozilla/5.0 (Windows NT 10.0; Win64; x64) AppleWebKit/537.36 (KHTML, like Gecko) Chrome/144.0.0.0 Safari/537.36"
200.37.136.18 - - [05/May/2026:07:29:56 -0500] "GET /wp-includes/js/jquery/ui/core.min.js?ver=1.11.4 HTTP/1.1" 200 1813 "https://www.ensad.edu.pe/" "Mozilla/5.0 (Windows NT 10.0; Win64; x64) AppleWebKit/537.36 (KHTML, like Gecko) Chrome/144.0.0.0 Safari/537.36"
200.37.136.18 - - [05/May/2026:07:29:56 -0500] "GET /wp-includes/js/jquery/ui/position.min.js?ver=1.11.4 HTTP/1.1" 200 2507 "https://www.ensad.edu.pe/" "Mozilla/5.0 (Windows NT 10.0; Win64; x64) AppleWebKit/537.36 (KHTML, like Gecko) Chrome/144.0.0.0 Safari/537.36"
200.37.205.138 - - [05/May/2026:07:29:56 -0500] "GET /wp-content/uploads/pum/pum-site-scripts.js?defer&generated=1747710144&ver=1.15.0 HTTP/1.1" 200 17645 "https://www.ensad.edu.pe/" "Mozilla/5.0 (Windows NT 10.0; Win64; x64) AppleWebKit/537.36 (KHTML, like Gecko) Chrome/144.0.0.0 Safari/537.36"
200.37.205.138 - - [05/May/2026:07:29:56 -0500] "GET /wp-content/plugins/popup-maker/assets/js/vendor/mobile-detect.min.js?ver=1.3.3 HTTP/1.1" 200 16296 "https://www.ensad.edu.pe/" "Mozilla/5.0 (Windows NT 10.0; Win64; x64) AppleWebKit/537.36 (KHTML, like Gecko) Chrome/144.0.0.0 Safari/537.36"
200.37.136.18 - - [05/May/2026:07:29:56 -0500] "GET /wp-content/themes/Divi/core/admin/js/common.js?ver=4.7.3 HTTP/1.1" 200 577 "https://www.ensad.edu.pe/" "Mozilla/5.0 (Windows NT 10.0; Win64; x64) AppleWebKit/537.36 (KHTML, like Gecko) Chrome/144.0.0.0 Safari/537.36"
200.37.205.138 - - [05/May/2026:07:29:56 -0500] "GET /wp-includes/js/wp-embed.min.js?ver=5.5.3 HTTP/1.1" 200 769 "https://www.ensad.edu.pe/" "Mozilla/5.0 (Windows NT 10.0; Win64; x64) AppleWebKit/537.36 (KHTML, like Gecko) Chrome/144.0.0.0 Safari/537.36"
200.37.136.18 - - [05/May/2026:07:29:56 -0500] "GET /wp-content/plugins/eventON/assets/js/maps/eventon_gen_maps.js?ver=3.0.2 HTTP/1.1" 200 1907 "https://www.ensad.edu.pe/" "Mozilla/5.0 (Windows NT 10.0; Win64; x64) AppleWebKit/537.36 (KHTML, like Gecko) Chrome/144.0.0.0 Safari/537.36"
200.37.136.18 - - [05/May/2026:07:29:56 -0500] "GET /wp-content/plugins/eventON/assets/js/maps/eventon_init_gmap.js?ver=1.0 HTTP/1.1" 200 153 "https://www.ensad.edu.pe/" "Mozilla/5.0 (Windows NT 10.0; Win64; x64) AppleWebKit/537.36 (KHTML, like Gecko) Chrome/144.0.0.0 Safari/537.36"
200.37.205.138 - - [05/May/2026:07:29:56 -0500] "GET /wp-content/uploads/2025/07/directora-over.jpg HTTP/1.1" 200 115748 "https://www.ensad.edu.pe/" "Mozilla/5.0 (Windows NT 10.0; Win64; x64) AppleWebKit/537.36 (KHTML, like Gecko) Chrome/144.0.0.0 Safari/537.36"
200.37.205.138 - - [05/May/2026:07:29:56 -0500] "GET /wp-content/uploads/2026/04/LOGOFINALENSAD-300x91-1.png HTTP/1.1" 200 14654 "https://www.ensad.edu.pe/" "Mozilla/5.0 (Windows NT 10.0; Win64; x64) AppleWebKit/537.36 (KHTML, like Gecko) Chrome/144.0.0.0 Safari/537.36"
200.37.136.18 - - [05/May/2026:07:29:56 -0500] "GET /wp-content/uploads/2026/04/01.jpeg HTTP/1.1" 200 3132 "https://www.ensad.edu.pe/" "Mozilla/5.0 (Windows NT 10.0; Win64; x64) AppleWebKit/537.36 (KHTML, like Gecko) Chrome/144.0.0.0 Safari/537.36"
200.37.136.18 - - [05/May/2026:07:29:56 -0500] "GET /wp-content/uploads/2026/04/E-12-1.png HTTP/1.1" 200 4596 "https://www.ensad.edu.pe/" "Mozilla/5.0 (Windows NT 10.0; Win64; x64) AppleWebKit/537.36 (KHTML, like Gecko) Chrome/144.0.0.0 Safari/537.36"
200.37.205.138 - - [05/May/2026:07:29:56 -0500] "GET /wp-content/uploads/2026/04/N-13-1.png HTTP/1.1" 200 6646 "https://www.ensad.edu.pe/" "Mozilla/5.0 (Windows NT 10.0; Win64; x64) AppleWebKit/537.36 (KHTML, like Gecko) Chrome/144.0.0.0 Safari/537.36"
200.37.136.18 - - [05/May/2026:07:29:56 -0500] "GET /wp-content/uploads/2026/04/S-14-1.png HTTP/1.1" 200 5173 "https://www.ensad.edu.pe/" "Mozilla/5.0 (Windows NT 10.0; Win64; x64) AppleWebKit/537.36 (KHTML, like Gecko) Chrome/144.0.0.0 Safari/537.36"
