161.132.163.194 - - [05/May/2026:09:44:17 -0500] "GET /ettien/talleres-actividades-ettien/ HTTP/1.1" 200 30096 "https://www.ensad.edu.pe/ettien/talleres-actividades-ettien/" "Mozilla/5.0 (Windows NT 10.0; Win64; x64) AppleWebKit/537.36 (KHTML, like Gecko) Chrome/147.0.0.0 Safari/537.36"
57.141.8.8 - - [05/May/2026:09:44:34 -0500] "GET / HTTP/1.1" 200 266442 "-" "meta-externalagent/1.1 (+https://developers.facebook.com/docs/sharing/webmasters/crawler)"
38.43.148.10 - - [05/May/2026:09:44:57 -0500] "GET /favicon.ico HTTP/1.1" 302 20 "https://www.ensad.edu.pe/wp-content/uploads/2026/04/ADMIN2026_R_FII.pdf" "Mozilla/5.0 (Windows NT 10.0; Win64; x64) AppleWebKit/537.36 (KHTML, like Gecko) Chrome/147.0.0.0 Safari/537.36"
38.43.148.10 - - [05/May/2026:09:44:57 -0500] "GET /wp-content/uploads/2026/04/ADMIN2026_R_FII.pdf HTTP/1.1" 200 971409 "https://www.google.com/" "Mozilla/5.0 (Windows NT 10.0; Win64; x64) AppleWebKit/537.36 (KHTML, like Gecko) Chrome/147.0.0.0 Safari/537.36"
38.43.148.10 - - [05/May/2026:09:44:58 -0500] "GET /wp-content/uploads/2026/04/cropped-unae_favico-32x32.png HTTP/1.1" 200 272 "https://www.ensad.edu.pe/wp-content/uploads/2026/04/ADMIN2026_R_FII.pdf" "Mozilla/5.0 (Windows NT 10.0; Win64; x64) AppleWebKit/537.36 (KHTML, like Gecko) Chrome/147.0.0.0 Safari/537.36"
103.59.160.219 - - [05/May/2026:09:45:06 -0500] "POST /xmlrpc.php HTTP/1.1" 503 7117 "-" "python-httpx/0.22.0"
38.43.148.10 - - [05/May/2026:09:45:33 -0500] "GET /wp-content/uploads/2026/03/ACTUACION_Cronograma-FASE-I-1FPFPFPFP_FASEUNO.pdf HTTP/1.1" 200 823063 "https://www.google.com/" "Mozilla/5.0 (Windows NT 10.0; Win64; x64) AppleWebKit/537.36 (KHTML, like Gecko) Chrome/147.0.0.0 Safari/537.36"
167.86.88.122 - - [05/May/2026:09:45:43 -0500] "POST /wp-cron.php?doing_wp_cron=1777992343.2806050777435302734375 HTTP/1.1" 200 20 "https://www.ensad.edu.pe/wp-cron.php?doing_wp_cron=1777992343.2806050777435302734375" "WordPress/5.5.3; https://www.ensad.edu.pe"
167.86.88.122 - - [05/May/2026:09:45:43 -0500] "POST /?wordfence_syncAttackData=1777992343.1221 HTTP/1.1" 200 20 "https://www.ensad.edu.pe/?wordfence_syncAttackData=1777992343.1221" "WordPress/5.5.3; https://www.ensad.edu.pe"
167.86.88.122 - - [05/May/2026:09:45:43 -0500] "POST /wp-cron.php?doing_wp_cron=1777992343.3932878971099853515625 HTTP/1.1" 200 20 "https://www.ensad.edu.pe/wp-cron.php?doing_wp_cron=1777992343.3932878971099853515625" "WordPress/5.5.3; https://www.ensad.edu.pe"
57.141.8.14 - - [05/May/2026:09:45:43 -0500] "GET /feed-items/3er-simposio/ HTTP/1.1" 404 195424 "-" "facebookexternalhit/1.1 (+http://www.facebook.com/externalhit_uatext.php)"
173.252.70.27 - - [05/May/2026:09:45:43 -0500] "GET /feed-items/3er-simposio/ HTTP/1.1" 404 195424 "-" "facebookexternalhit/1.1 (+http://www.facebook.com/externalhit_uatext.php)"
103.59.160.219 - - [05/May/2026:09:45:51 -0500] "POST /xmlrpc.php HTTP/1.1" 503 7304 "-" "python-httpx/0.22.0"
38.43.148.10 - - [05/May/2026:09:45:59 -0500] "GET /wp-content/uploads/2026/04/ADMIN2026_R_FII.pdf HTTP/1.1" 304 - "https://www.google.com/" "Mozilla/5.0 (Windows NT 10.0; Win64; x64) AppleWebKit/537.36 (KHTML, like Gecko) Chrome/147.0.0.0 Safari/537.36"
40.77.167.63 - - [05/May/2026:09:46:01 -0500] "GET /quienes-somos/direccion-academica/serv-academicos/admision/ HTTP/1.1" 404 31111 "-" "Mozilla/5.0 AppleWebKit/537.36 (KHTML, like Gecko; compatible; bingbot/2.0; +http://www.bing.com/bingbot.htm) Chrome/116.0.1938.76 Safari/537.36"
181.224.228.186 - - [05/May/2026:09:46:07 -0500] "GET /descargas/logoensad.png HTTP/1.1" 200 79901 "-" "Mozilla/5.0 (Windows NT 10.0; Win64; x64) AppleWebKit/537.36 (KHTML, like Gecko) Chrome/147.0.0.0 Safari/537.36"
103.59.160.219 - - [05/May/2026:09:46:15 -0500] "POST /xmlrpc.php HTTP/1.1" 503 7117 "-" "python-httpx/0.22.0"
167.86.88.122 - - [05/May/2026:09:46:16 -0500] "POST /?wordfence_syncAttackData=1777992376.3313 HTTP/1.1" 200 20 "https://www.ensad.edu.pe/?wordfence_syncAttackData=1777992376.3313" "WordPress/5.5.3; https://www.ensad.edu.pe"
74.7.227.176 - - [05/May/2026:09:46:22 -0500] "GET / HTTP/1.1" 401 52 "-" "Mozilla/5.0 AppleWebKit/537.36 (KHTML, like Gecko; compatible; GPTBot/1.3; +https://openai.com/gptbot)"
74.7.241.148 - - [05/May/2026:09:46:22 -0500] "GET /robots.txt HTTP/1.1" 401 52 "-" "Mozilla/5.0 (Macintosh; Intel Mac OS X 10_15_7) AppleWebKit/537.36 (KHTML, like Gecko) Chrome/131.0.0.0 Safari/537.36; compatible; OAI-SearchBot/1.3; robots.txt; +https://openai.com/searchbot"
124.248.183.57 - - [05/May/2026:09:46:29 -0500] "GET /logout HTTP/1.1" 401 52 "-" "Mozilla/5.0 (Windows NT 10.0; Win64; x64) AppleWebKit/537.36 (KHTML, like Gecko) Chrome/79.0.3945.130 Safari/537.36"
38.43.148.10 - - [05/May/2026:09:46:29 -0500] "GET /wp-content/uploads/2026/04/ResultadoFaseI-ActuacionFP-1FPFPFPFP.pdf HTTP/1.1" 200 3331143 "https://www.google.com/" "Mozilla/5.0 (Windows NT 10.0; Win64; x64) AppleWebKit/537.36 (KHTML, like Gecko) Chrome/147.0.0.0 Safari/537.36"
103.59.160.219 - - [05/May/2026:09:46:34 -0500] "POST /xmlrpc.php HTTP/1.1" 503 7120 "-" "python-httpx/0.22.0"
167.86.88.122 - - [05/May/2026:09:46:39 -0500] "POST /wp-cron.php?doing_wp_cron=1777992399.9326760768890380859375 HTTP/1.1" 200 20 "https://www.ensad.edu.pe/wp-cron.php?doing_wp_cron=1777992399.9326760768890380859375" "WordPress/5.5.3; https://www.ensad.edu.pe"
167.86.88.122 - - [05/May/2026:09:46:39 -0500] "POST /?wordfence_syncAttackData=1777992399.819 HTTP/1.1" 200 20 "https://www.ensad.edu.pe/?wordfence_syncAttackData=1777992399.819" "WordPress/5.5.3; https://www.ensad.edu.pe"
91.98.38.26 - - [05/May/2026:09:46:39 -0500] "GET / HTTP/1.1" 200 38422 "-" "Better Uptime Bot Mozilla/5.0 (Windows NT 10.0; Win64; x64) AppleWebKit/537.36 (KHTML, like Gecko) Chrome/74.0.3729.169 Safari/537.36"
38.43.148.10 - - [05/May/2026:09:46:51 -0500] "GET /wp-content/uploads/2026/04/ResultadoFinal-ActuacionFPFPFPFP.pdf HTTP/1.1" 200 1007599 "https://www.google.com/" "Mozilla/5.0 (Windows NT 10.0; Win64; x64) AppleWebKit/537.36 (KHTML, like Gecko) Chrome/147.0.0.0 Safari/537.36"
103.59.160.219 - - [05/May/2026:09:47:03 -0500] "POST /xmlrpc.php HTTP/1.1" 503 7117 "-" "python-httpx/0.22.0"
103.59.160.219 - - [05/May/2026:09:47:10 -0500] "POST /xmlrpc.php HTTP/1.1" 503 7117 "-" "python-httpx/0.22.0"
103.59.160.219 - - [05/May/2026:09:47:21 -0500] "POST /xmlrpc.php HTTP/1.1" 503 7118 "-" "python-httpx/0.22.0"
103.59.160.219 - - [05/May/2026:09:47:25 -0500] "POST /xmlrpc.php HTTP/1.1" 503 7117 "-" "python-httpx/0.22.0"
167.86.88.122 - - [05/May/2026:09:47:40 -0500] "POST /wp-cron.php?doing_wp_cron=1777992460.2845509052276611328125 HTTP/1.1" 200 20 "https://www.ensad.edu.pe/wp-cron.php?doing_wp_cron=1777992460.2845509052276611328125" "WordPress/5.5.3; https://www.ensad.edu.pe"
167.86.88.122 - - [05/May/2026:09:47:40 -0500] "POST /?wordfence_syncAttackData=1777992460.0043 HTTP/1.1" 200 20 "https://www.ensad.edu.pe/?wordfence_syncAttackData=1777992460.0043" "WordPress/5.5.3; https://www.ensad.edu.pe"
91.92.243.236 - - [05/May/2026:09:47:39 -0500] "POST /wp-login.php HTTP/1.1" 503 18947 "-" "Mozilla/5.0"
167.86.88.122 - - [05/May/2026:09:47:39 -0500] "POST /?wordfence_syncAttackData=1777992459.9937 HTTP/1.1" 200 24242 "https://www.ensad.edu.pe/?wordfence_syncAttackData=1777992459.9937" "WordPress/5.5.3; https://www.ensad.edu.pe"
91.92.243.236 - - [05/May/2026:09:47:39 -0500] "POST /wp-login.php HTTP/1.1" 503 18947 "-" "Mozilla/5.0"
103.59.160.219 - - [05/May/2026:09:47:42 -0500] "POST /xmlrpc.php HTTP/1.1" 503 7117 "-" "python-httpx/0.22.0"
103.59.160.219 - - [05/May/2026:09:47:48 -0500] "POST /xmlrpc.php HTTP/1.1" 503 7117 "-" "python-httpx/0.22.0"
103.59.160.219 - - [05/May/2026:09:47:58 -0500] "POST /xmlrpc.php HTTP/1.1" 503 7117 "-" "python-httpx/0.22.0"
103.59.160.219 - - [05/May/2026:09:48:08 -0500] "POST /xmlrpc.php HTTP/1.1" 503 7117 "-" "python-httpx/0.22.0"
103.59.160.219 - - [05/May/2026:09:48:23 -0500] "POST /xmlrpc.php HTTP/1.1" 503 7117 "-" "python-httpx/0.22.0"
103.59.160.219 - - [05/May/2026:09:48:32 -0500] "POST /xmlrpc.php HTTP/1.1" 503 7117 "-" "python-httpx/0.22.0"
47.91.65.23 - - [05/May/2026:09:48:41 -0500] "GET / HTTP/1.1" 504 - "-" "Mozilla/5.0 (Windows NT 10.0; Win64; x64) AppleWebKit/537.36 (KHTML, like Gecko) Chrome/131.0.0.0 Safari/537.36"
47.91.65.23 - - [05/May/2026:09:48:41 -0500] "GET / HTTP/1.1" 504 - "-" "Mozilla/5.0 (Windows NT 10.0; Win64; x64) AppleWebKit/537.36 (KHTML, like Gecko) Chrome/133.0.0.0 Safari/537.36"
47.91.65.23 - - [05/May/2026:09:49:41 -0500] "GET / HTTP/1.1" 504 - "-" "Mozilla/5.0 (Windows NT 10.0; Win64; x64) AppleWebKit/537.36 (KHTML, like Gecko) Chrome/131.0.0.0 Safari/537.36"
47.91.65.23 - - [05/May/2026:09:49:41 -0500] "GET / HTTP/1.1" 504 - "-" "Mozilla/5.0 (Windows NT 10.0; Win64; x64) AppleWebKit/537.36 (KHTML, like Gecko) Chrome/133.0.0.0 Safari/537.36"
45.231.80.103 - - [05/May/2026:10:03:03 -0500] "GET /wp-content/uploads/2021/12/Ce%CC%81sar-Arenas2.pdf HTTP/1.1" 200 431787 "-" "Mozilla/5.0 (Windows NT 10.0; Win64; x64) AppleWebKit/537.36 (KHTML, like Gecko) Chrome/147.0.0.0 Safari/537.36"
162.120.186.95 - - [05/May/2026:10:03:16 -0500] "GET /wp-content/uploads/2021/10/04-Daniela-Ca%CC%81rdenas-Versio%CC%81n3FINAL-1.pdf HTTP/1.1" 200 797736 "https://www.google.com/" "Mozilla/5.0 (Windows NT 10.0; Win64; x64) AppleWebKit/537.36 (KHTML, like Gecko) Chrome/147.0.0.0 Safari/537.36"
47.128.56.249 - - [05/May/2026:10:03:53 -0500] "GET /wp-content/uploads/2025/03/Fuente-2-La-crisis-de-la-verdad.pdf HTTP/1.1" 200 44977 "-" "Mozilla/5.0 (Linux; Android 5.0) AppleWebKit/537.36 (KHTML, like Gecko) Mobile Safari/537.36 (compatible; Bytespider; spider-feedback@bytedance.com)"
190.236.4.218 - - [05/May/2026:10:03:03 -0500] "GET /serv-academicos/ HTTP/1.1" 504 - "https://www.google.com/" "Mozilla/5.0 (Linux; Android 10; K) AppleWebKit/537.36 (KHTML, like Gecko) Chrome/147.0.0.0 Mobile Safari/537.36"
181.224.228.186 - - [05/May/2026:10:03:03 -0500] "GET / HTTP/1.1" 504 - "-" "Mozilla/5.0 (Windows NT 10.0; Win64; x64) AppleWebKit/537.36 (KHTML, like Gecko) Chrome/147.0.0.0 Safari/537.36"
103.59.160.219 - - [05/May/2026:10:03:04 -0500] "POST /xmlrpc.php HTTP/1.1" 504 - "-" "python-httpx/0.22.0"
45.231.80.103 - - [05/May/2026:10:03:04 -0500] "GET /favicon.ico HTTP/1.1" 504 - "https://www.ensad.edu.pe/wp-content/uploads/2021/12/Ce%CC%81sar-Arenas2.pdf" "Mozilla/5.0 (Windows NT 10.0; Win64; x64) AppleWebKit/537.36 (KHTML, like Gecko) Chrome/147.0.0.0 Safari/537.36"
167.86.88.122 - - [05/May/2026:10:03:06 -0500] "POST /wp-cron.php?doing_wp_cron=1777993386.6859240531921386718750 HTTP/1.1" 504 - "https://www.ensad.edu.pe/wp-cron.php?doing_wp_cron=1777993386.6859240531921386718750" "WordPress/5.5.3; https://www.ensad.edu.pe"
167.86.88.122 - - [05/May/2026:10:03:06 -0500] "POST /wp-cron.php?doing_wp_cron=1777993386.5968160629272460937500 HTTP/1.1" 504 - "https://www.ensad.edu.pe/wp-cron.php?doing_wp_cron=1777993386.5968160629272460937500" "WordPress/5.5.3; https://www.ensad.edu.pe"
167.86.88.122 - - [05/May/2026:10:03:06 -0500] "POST /wp-cron.php?doing_wp_cron=1777993386.5968201160430908203125 HTTP/1.1" 504 - "https://www.ensad.edu.pe/wp-cron.php?doing_wp_cron=1777993386.5968201160430908203125" "WordPress/5.5.3; https://www.ensad.edu.pe"
167.86.88.122 - - [05/May/2026:10:03:06 -0500] "POST /wp-cron.php?doing_wp_cron=1777993386.5968580245971679687500 HTTP/1.1" 504 - "https://www.ensad.edu.pe/wp-cron.php?doing_wp_cron=1777993386.5968580245971679687500" "WordPress/5.5.3; https://www.ensad.edu.pe"
167.86.88.122 - - [05/May/2026:10:03:06 -0500] "POST /wp-cron.php?doing_wp_cron=1777993386.7842829227447509765625 HTTP/1.1" 504 - "https://www.ensad.edu.pe/wp-cron.php?doing_wp_cron=1777993386.7842829227447509765625" "WordPress/5.5.3; https://www.ensad.edu.pe"
190.236.208.74 - - [05/May/2026:10:03:16 -0500] "GET /serv-academicos/ HTTP/1.1" 504 - "https://www.google.com/" "Mozilla/5.0 (Linux; Android 10; K) AppleWebKit/537.36 (KHTML, like Gecko) Chrome/147.0.0.0 Mobile Safari/537.36"
181.65.251.110 - - [05/May/2026:10:04:17 -0500] "GET /descargas/transparencia/Resolucion-directoral-051-2026-UE-ENSAD.pdf HTTP/1.1" 200 1430715 "https://www.google.com/" "Mozilla/5.0 (Windows NT 10.0; Win64; x64) AppleWebKit/537.36 (KHTML, like Gecko) Chrome/147.0.0.0 Safari/537.36"
190.236.208.74 - - [05/May/2026:10:03:23 -0500] "GET /serv-academicos/ HTTP/1.1" 504 - "https://www.google.com/" "Mozilla/5.0 (Linux; Android 10; K) AppleWebKit/537.36 (KHTML, like Gecko) Chrome/147.0.0.0 Mobile Safari/537.36"
190.236.208.74 - - [05/May/2026:10:03:30 -0500] "GET /serv-academicos/ HTTP/1.1" 504 - "https://www.google.com/" "Mozilla/5.0 (Linux; Android 10; K) AppleWebKit/537.36 (KHTML, like Gecko) Chrome/147.0.0.0 Mobile Safari/537.36"
181.224.228.186 - - [05/May/2026:10:03:31 -0500] "GET / HTTP/1.1" 504 - "-" "Mozilla/5.0 (Windows NT 10.0; Win64; x64) AppleWebKit/537.36 (KHTML, like Gecko) Chrome/147.0.0.0 Safari/537.36"
103.59.160.219 - - [05/May/2026:10:03:33 -0500] "POST /xmlrpc.php HTTP/1.1" 504 - "-" "python-httpx/0.22.0"
190.236.208.74 - - [05/May/2026:10:03:38 -0500] "GET /quienes-somos/directorio/ HTTP/1.1" 504 - "https://www.google.com/" "Mozilla/5.0 (Linux; Android 10; K) AppleWebKit/537.36 (KHTML, like Gecko) Chrome/147.0.0.0 Mobile Safari/537.36"
190.236.4.218 - - [05/May/2026:10:03:45 -0500] "GET /quienes-somos/directorio/ HTTP/1.1" 504 - "https://www.google.com/" "Mozilla/5.0 (Linux; Android 10; K) AppleWebKit/537.36 (KHTML, like Gecko) Chrome/147.0.0.0 Mobile Safari/537.36"
190.236.4.218 - - [05/May/2026:10:03:46 -0500] "GET /quienes-somos/directorio/ HTTP/1.1" 504 - "https://www.google.com/" "Mozilla/5.0 (Linux; Android 10; K) AppleWebKit/537.36 (KHTML, like Gecko) Chrome/147.0.0.0 Mobile Safari/537.36"
181.224.228.186 - - [05/May/2026:10:03:47 -0500] "GET / HTTP/1.1" 504 - "-" "Mozilla/5.0 (Windows NT 10.0; Win64; x64) AppleWebKit/537.36 (KHTML, like Gecko) Chrome/147.0.0.0 Safari/537.36"
181.224.228.186 - - [05/May/2026:10:03:53 -0500] "GET / HTTP/1.1" 504 - "-" "Mozilla/5.0 (Windows NT 10.0; Win64; x64) AppleWebKit/537.36 (KHTML, like Gecko) Chrome/147.0.0.0 Safari/537.36"
181.224.228.186 - - [05/May/2026:10:04:02 -0500] "GET / HTTP/1.1" 504 - "-" "Mozilla/5.0 (Windows NT 10.0; Win64; x64) AppleWebKit/537.36 (KHTML, like Gecko) Chrome/147.0.0.0 Safari/537.36"
162.120.186.139 - - [05/May/2026:10:05:02 -0500] "GET /descargas/transparencia/Resolucion-directoral-006-2025-UE-ENSAD.pdf HTTP/1.1" 200 951595 "https://www.google.com/" "Mozilla/5.0 (Windows NT 10.0; Win64; x64) AppleWebKit/537.36 (KHTML, like Gecko) Chrome/147.0.0.0 Safari/537.36"
20.169.73.185 - - [05/May/2026:10:05:03 -0500] "GET /wp-content/uploads/2025/12/FE_AIPDE_V.pdf HTTP/1.1" 200 18575707 "-" "Mozilla/5.0 AppleWebKit/537.36 (KHTML, like Gecko); compatible; ChatGPT-User/1.0; +https://openai.com/bot"
167.86.88.122 - - [05/May/2026:10:04:07 -0500] "POST /wp-cron.php?doing_wp_cron=1777993447.3032429218292236328125 HTTP/1.1" 504 - "https://www.ensad.edu.pe/wp-cron.php?doing_wp_cron=1777993447.3032429218292236328125" "WordPress/5.5.3; https://www.ensad.edu.pe"
167.86.88.122 - - [05/May/2026:10:04:08 -0500] "POST /wp-cron.php?doing_wp_cron=1777993448.0906360149383544921875 HTTP/1.1" 504 - "https://www.ensad.edu.pe/wp-cron.php?doing_wp_cron=1777993448.0906360149383544921875" "WordPress/5.5.3; https://www.ensad.edu.pe"
167.86.88.122 - - [05/May/2026:10:04:08 -0500] "POST /wp-cron.php?doing_wp_cron=1777993448.5976591110229492187500 HTTP/1.1" 504 - "https://www.ensad.edu.pe/wp-cron.php?doing_wp_cron=1777993448.5976591110229492187500" "WordPress/5.5.3; https://www.ensad.edu.pe"
167.86.88.122 - - [05/May/2026:10:04:08 -0500] "POST /wp-cron.php?doing_wp_cron=1777993448.3834390640258789062500 HTTP/1.1" 504 - "https://www.ensad.edu.pe/wp-cron.php?doing_wp_cron=1777993448.3834390640258789062500" "WordPress/5.5.3; https://www.ensad.edu.pe"
181.224.228.186 - - [05/May/2026:10:04:12 -0500] "GET /serv-academicos/admision/ HTTP/1.1" 504 - "-" "Mozilla/5.0 (Windows NT 10.0; Win64; x64) AppleWebKit/537.36 (KHTML, like Gecko) Chrome/147.0.0.0 Safari/537.36"
181.65.251.110 - - [05/May/2026:10:04:18 -0500] "GET /favicon.ico HTTP/1.1" 504 - "https://www.ensad.edu.pe/descargas/transparencia/Resolucion-directoral-051-2026-UE-ENSAD.pdf" "Mozilla/5.0 (Windows NT 10.0; Win64; x64) AppleWebKit/537.36 (KHTML, like Gecko) Chrome/147.0.0.0 Safari/537.36"
181.224.228.186 - - [05/May/2026:10:04:19 -0500] "GET / HTTP/1.1" 504 - "-" "Mozilla/5.0 (Windows NT 10.0; Win64; x64) AppleWebKit/537.36 (KHTML, like Gecko) Chrome/147.0.0.0 Safari/537.36"
183.134.40.82 - - [05/May/2026:10:04:20 -0500] "GET /favicon.ico HTTP/1.1" 504 - "-" "Dalvik/2.1.0 (Linux; U; Android 9.0; ZTE BA520 Build/MRA58K)" 183.134.40.82 - - [05/