38.43.132.234 - - [05/May/2026:09:00:38 -0500] "GET /wp-content/uploads/2020/11/E-12-1.png HTTP/1.1" 404 29934 "https://www.ensad.edu.pe/inicioo/" "Mozilla/5.0 (Windows NT 10.0; Win64; x64) AppleWebKit/537.36 (KHTML, like Gecko) Chrome/147.0.0.0 Safari/537.36"
38.43.132.234 - - [05/May/2026:09:00:38 -0500] "GET /wp-content/uploads/2020/11/S-14-1.png HTTP/1.1" 404 29934 "https://www.ensad.edu.pe/inicioo/" "Mozilla/5.0 (Windows NT 10.0; Win64; x64) AppleWebKit/537.36 (KHTML, like Gecko) Chrome/147.0.0.0 Safari/537.36"
38.43.132.234 - - [05/May/2026:09:00:38 -0500] "GET /wp-content/uploads/2020/11/N-13-1.png HTTP/1.1" 404 29934 "https://www.ensad.edu.pe/inicioo/" "Mozilla/5.0 (Windows NT 10.0; Win64; x64) AppleWebKit/537.36 (KHTML, like Gecko) Chrome/147.0.0.0 Safari/537.36"
38.43.132.234 - - [05/May/2026:09:00:41 -0500] "GET /wp-content/uploads/2020/11/LOGO-DISENO-ESCENOGRAFICO-LINEA-BLANCA-08-150x150.png HTTP/1.1" 404 29934 "https://www.ensad.edu.pe/inicioo/" "Mozilla/5.0 (Windows NT 10.0; Win64; x64) AppleWebKit/537.36 (KHTML, like Gecko) Chrome/147.0.0.0 Safari/537.36"
38.43.132.234 - - [05/May/2026:09:00:41 -0500] "GET /wp-content/uploads/2020/11/LOGO-EDUCACION-ARTISTICA-LINEA-BLANCA-10-300x300.png HTTP/1.1" 404 29934 "https://www.ensad.edu.pe/inicioo/" "Mozilla/5.0 (Windows NT 10.0; Win64; x64) AppleWebKit/537.36 (KHTML, like Gecko) Chrome/147.0.0.0 Safari/537.36"
103.59.160.219 - - [05/May/2026:09:00:44 -0500] "POST /xmlrpc.php HTTP/1.1" 503 7117 "-" "python-httpx/0.22.0"
167.86.88.122 - - [05/May/2026:09:00:47 -0500] "POST /?wordfence_syncAttackData=1777989647.491 HTTP/1.1" 200 20 "https://www.ensad.edu.pe/?wordfence_syncAttackData=1777989647.491" "WordPress/5.5.3; https://www.ensad.edu.pe"
170.168.242.103 - - [05/May/2026:09:00:47 -0500] "GET /wp-json/wp/v2/users HTTP/1.1" 401 110 "https://www.google.com" "Mozilla/5.0 (X11; Linux x86_64) AppleWebKit/537.36 (KHTML, like Gecko) Chrome/119.0.0.0 Safari/537.36"
170.168.242.103 - - [05/May/2026:09:00:48 -0500] "GET /?author=1 HTTP/1.1" 404 6379 "https://www.google.com" "Mozilla/5.0 (X11; Linux x86_64) AppleWebKit/537.36 (KHTML, like Gecko) Chrome/119.0.0.0 Safari/537.36"
170.168.242.103 - - [05/May/2026:09:00:48 -0500] "POST /xmlrpc.php HTTP/1.1" 200 132 "-" "Apache-HttpClient/4.5.13 (Java/11.0.30)"
170.168.242.103 - - [05/May/2026:09:00:49 -0500] "POST /xmlrpc.php HTTP/1.1" 503 7442 "-" "Apache-HttpClient/4.5.13 (Java/11.0.30)"
170.168.242.103 - - [05/May/2026:09:00:50 -0500] "POST /xmlrpc.php HTTP/1.1" 503 7227 "-" "Apache-HttpClient/4.5.13 (Java/11.0.30)"
170.168.242.103 - - [05/May/2026:09:00:50 -0500] "POST /xmlrpc.php HTTP/1.1" 503 7227 "-" "Apache-HttpClient/4.5.13 (Java/11.0.30)"
170.168.242.103 - - [05/May/2026:09:00:51 -0500] "POST /xmlrpc.php HTTP/1.1" 503 7227 "-" "Apache-HttpClient/4.5.13 (Java/11.0.30)"
170.168.242.103 - - [05/May/2026:09:00:51 -0500] "GET /wp-login.php HTTP/1.1" 503 7227 "https://www.google.com" "Mozilla/5.0 (X11; Linux x86_64) AppleWebKit/537.36 (KHTML, like Gecko) Chrome/119.0.0.0 Safari/537.36"
170.168.242.103 - - [05/May/2026:09:00:52 -0500] "GET /wp-login.php HTTP/1.1" 503 7227 "https://www.google.com" "Mozilla/5.0 (X11; Linux x86_64) AppleWebKit/537.36 (KHTML, like Gecko) Chrome/119.0.0.0 Safari/537.36"
103.59.160.219 - - [05/May/2026:09:01:16 -0500] "POST /xmlrpc.php HTTP/1.1" 503 7117 "-" "python-httpx/0.22.0"
167.86.88.122 - - [05/May/2026:09:01:22 -0500] "POST /wp-cron.php?doing_wp_cron=1777989682.0654261112213134765625 HTTP/1.1" 200 20 "https://www.ensad.edu.pe/wp-cron.php?doing_wp_cron=1777989682.0654261112213134765625" "WordPress/5.5.3; https://www.ensad.edu.pe"
167.86.88.122 - - [05/May/2026:09:01:21 -0500] "POST /?wordfence_syncAttackData=1777989681.9407 HTTP/1.1" 200 20 "https://www.ensad.edu.pe/?wordfence_syncAttackData=1777989681.9407" "WordPress/5.5.3; https://www.ensad.edu.pe"
5.39.1.232 - - [05/May/2026:09:01:21 -0500] "GET /wp-sitemap.xml HTTP/1.1" 200 243 "-" "Mozilla/5.0 (compatible; AhrefsBot/7.0; +http://ahrefs.com/robot/)"
167.86.88.122 - - [05/May/2026:09:01:24 -0500] "POST /wp-cron.php?doing_wp_cron=1777989684.0734379291534423828125 HTTP/1.1" 200 20 "https://www.ensad.edu.pe/wp-cron.php?doing_wp_cron=1777989684.0734379291534423828125" "WordPress/5.5.3; https://www.ensad.edu.pe"
176.31.139.0 - - [05/May/2026:09:01:23 -0500] "GET /wp-sitemap-posts-post-1.xml HTTP/1.1" 200 2426 "-" "Mozilla/5.0 (compatible; AhrefsBot/7.0; +http://ahrefs.com/robot/)"
51.75.236.150 - - [05/May/2026:09:01:25 -0500] "GET /wp-sitemap-posts-page-1.xml HTTP/1.1" 200 1878 "-" "Mozilla/5.0 (compatible; AhrefsBot/7.0; +http://ahrefs.com/robot/)"
181.224.228.186 - - [05/May/2026:09:01:26 -0500] "GET / HTTP/1.1" 200 38422 "-" "Mozilla/5.0 (Windows NT 10.0; Win64; x64) AppleWebKit/537.36 (KHTML, like Gecko) Chrome/147.0.0.0 Safari/537.36"
94.23.188.196 - - [05/May/2026:09:01:27 -0500] "GET /wp-sitemap-posts-project-1.xml HTTP/1.1" 200 193 "-" "Mozilla/5.0 (compatible; AhrefsBot/7.0; +http://ahrefs.com/robot/)"
181.224.228.186 - - [05/May/2026:09:01:27 -0500] "GET /wp-content/themes/Divi/core/admin/fonts/modules.ttf HTTP/1.1" 304 - "https://www.ensad.edu.pe/wp-content/themes/Divi/style.css?ver=5.5.3" "Mozilla/5.0 (Windows NT 10.0; Win64; x64) AppleWebKit/537.36 (KHTML, like Gecko) Chrome/147.0.0.0 Safari/537.36"
181.224.228.186 - - [05/May/2026:09:01:28 -0500] "GET /wp-content/plugins/wow-divi-carousel/assets/fonts/icowdc.ttf?sqw28v HTTP/1.1" 304 - "https://www.ensad.edu.pe/wp-content/plugins/wow-divi-carousel/assets/css/module-core.css?ver=5.5.3" "Mozilla/5.0 (Windows NT 10.0; Win64; x64) AppleWebKit/537.36 (KHTML, like Gecko) Chrome/147.0.0.0 Safari/537.36"
176.31.139.2 - - [05/May/2026:09:01:29 -0500] "GET /wp-sitemap-posts-ajde_events-1.xml HTTP/1.1" 200 206 "-" "Mozilla/5.0 (compatible; AhrefsBot/7.0; +http://ahrefs.com/robot/)"
54.37.118.69 - - [05/May/2026:09:01:30 -0500] "GET /wp-sitemap-taxonomies-category-1.xml HTTP/1.1" 200 372 "-" "Mozilla/5.0 (compatible; AhrefsBot/7.0; +http://ahrefs.com/robot/)"
5.161.118.194 - - [05/May/2026:09:01:31 -0500] "GET / HTTP/1.1" 200 38422 "-" "Better Uptime Bot Mozilla/5.0 (Windows NT 10.0; Win64; x64) AppleWebKit/537.36 (KHTML, like Gecko) Chrome/74.0.3729.169 Safari/537.36"
51.68.247.202 - - [05/May/2026:09:01:32 -0500] "GET /wp-sitemap-taxonomies-post_tag-1.xml HTTP/1.1" 200 271 "-" "Mozilla/5.0 (compatible; AhrefsBot/7.0; +http://ahrefs.com/robot/)"
103.59.160.219 - - [05/May/2026:09:01:44 -0500] "POST /xmlrpc.php HTTP/1.1" 503 7117 "-" "python-httpx/0.22.0"
167.86.88.122 - - [05/May/2026:09:01:56 -0500] "POST /wp-cron.php?doing_wp_cron=1777989716.1268301010131835937500 HTTP/1.1" 200 20 "https://www.ensad.edu.pe/wp-cron.php?doing_wp_cron=1777989716.1268301010131835937500" "WordPress/5.5.3; https://www.ensad.edu.pe"
167.86.88.122 - - [05/May/2026:09:01:56 -0500] "POST /?wordfence_syncAttackData=1777989716.0168 HTTP/1.1" 200 20 "https://www.ensad.edu.pe/?wordfence_syncAttackData=1777989716.0168" "WordPress/5.5.3; https://www.ensad.edu.pe"
181.224.228.186 - - [05/May/2026:09:01:55 -0500] "GET /institucional/ HTTP/1.1" 200 32090 "https://www.ensad.edu.pe/" "Mozilla/5.0 (Windows NT 10.0; Win64; x64) AppleWebKit/537.36 (KHTML, like Gecko) Chrome/147.0.0.0 Safari/537.36"
103.59.160.219 - - [05/May/2026:09:02:00 -0500] "POST /xmlrpc.php HTTP/1.1" 503 7117 "-" "python-httpx/0.22.0"
181.224.228.186 - - [05/May/2026:09:02:00 -0500] "GET /institucional/oportunidades-laborales/ HTTP/1.1" 200 49507 "https://www.ensad.edu.pe/institucional/" "Mozilla/5.0 (Windows NT 10.0; Win64; x64) AppleWebKit/537.36 (KHTML, like Gecko) Chrome/147.0.0.0 Safari/537.36"
181.224.228.186 - - [05/May/2026:09:02:02 -0500] "GET /wp-content/uploads/2017/05/pdf2.png HTTP/1.1" 200 3526 "https://www.ensad.edu.pe/institucional/oportunidades-laborales/" "Mozilla/5.0 (Windows NT 10.0; Win64; x64) AppleWebKit/537.36 (KHTML, like Gecko) Chrome/147.0.0.0 Safari/537.36"
181.224.228.186 - - [05/May/2026:09:02:02 -0500] "GET /descargas/convocatorias/cap_2021/convocatoria_docente_2021-1.png HTTP/1.1" 200 223959 "https://www.ensad.edu.pe/institucional/oportunidades-laborales/" "Mozilla/5.0 (Windows NT 10.0; Win64; x64) AppleWebKit/537.36 (KHTML, like Gecko) Chrome/147.0.0.0 Safari/537.36"
181.224.228.186 - - [05/May/2026:09:02:02 -0500] "GET /descargas/convocatorias/cap_2021/convocatoria_docente_2021-2.png HTTP/1.1" 200 207687 "https://www.ensad.edu.pe/institucional/oportunidades-laborales/" "Mozilla/5.0 (Windows NT 10.0; Win64; x64) AppleWebKit/537.36 (KHTML, like Gecko) Chrome/147.0.0.0 Safari/537.36"
181.224.228.186 - - [05/May/2026:09:02:02 -0500] "GET /descargas/convocatorias/cap_2020/ensad-convocatoria-docentes-2020-cap.png HTTP/1.1" 200 546759 "https://www.ensad.edu.pe/institucional/oportunidades-laborales/" "Mozilla/5.0 (Windows NT 10.0; Win64; x64) AppleWebKit/537.36 (KHTML, like Gecko) Chrome/147.0.0.0 Safari/537.36"
181.224.228.186 - - [05/May/2026:09:02:02 -0500] "GET /descargas/convocatorias/cap_2020/ensad-2convocatoria-docentes-2020-cap.png HTTP/1.1" 200 502947 "https://www.ensad.edu.pe/institucional/oportunidades-laborales/" "Mozilla/5.0 (Windows NT 10.0; Win64; x64) AppleWebKit/537.36 (KHTML, like Gecko) Chrome/147.0.0.0 Safari/537.36"
181.224.228.186 - - [05/May/2026:09:02:02 -0500] "GET /descargas/convocatorias/cap-2019-3/ensad-convocatoria-docentes-cap-2019-5.png HTTP/1.1" 200 401343 "https://www.ensad.edu.pe/institucional/oportunidades-laborales/" "Mozilla/5.0 (Windows NT 10.0; Win64; x64) AppleWebKit/537.36 (KHTML, like Gecko) Chrome/147.0.0.0 Safari/537.36"
181.224.228.186 - - [05/May/2026:09:02:03 -0500] "GET /descargas/convocatorias/cap-2019-3/ensad-convocatoria-docentes-cap-2019-4.png HTTP/1.1" 200 415066 "https://www.ensad.edu.pe/institucional/oportunidades-laborales/" "Mozilla/5.0 (Windows NT 10.0; Win64; x64) AppleWebKit/537.36 (KHTML, like Gecko) Chrome/147.0.0.0 Safari/537.36"
181.224.228.186 - - [05/May/2026:09:02:03 -0500] "GET /descargas/convocatorias/cap-2019-3/ensad-convocatoria-docentes-cap-2019-3.png HTTP/1.1" 200 387289 "https://www.ensad.edu.pe/institucional/oportunidades-laborales/" "Mozilla/5.0 (Windows NT 10.0; Win64; x64) AppleWebKit/537.36 (KHTML, like Gecko) Chrome/147.0.0.0 Safari/537.36"
181.224.228.186 - - [05/May/2026:09:02:03 -0500] "GET /descargas/convocatorias/cap-2019-2/ensad-convocatoria-docentes-cap-2019-2.png HTTP/1.1" 200 512140 "https://www.ensad.edu.pe/institucional/oportunidades-laborales/" "Mozilla/5.0 (Windows NT 10.0; Win64; x64) AppleWebKit/537.36 (KHTML, like Gecko) Chrome/147.0.0.0 Safari/537.36"
181.224.228.186 - - [05/May/2026:09:02:02 -0500] "GET /images/word-icon.png HTTP/1.1" 404 29912 "https://www.ensad.edu.pe/institucional/oportunidades-laborales/" "Mozilla/5.0 (Windows NT 10.0; Win64; x64) AppleWebKit/537.36 (KHTML, like Gecko) Chrome/147.0.0.0 Safari/537.36"
181.224.228.186 - - [05/May/2026:09:02:04 -0500] "GET /images/excel-icon.png HTTP/1.1" 404 29912 "https://www.ensad.edu.pe/institucional/oportunidades-laborales/" "Mozilla/5.0 (Windows NT 10.0; Win64; x64) AppleWebKit/537.36 (KHTML, like Gecko) Chrome/147.0.0.0 Safari/537.36"
181.224.228.186 - - [05/May/2026:09:02:04 -0500] "GET /images/ensad-convocatoria-seleccion-docentes-2019.jpg HTTP/1.1" 404 29912 "https://www.ensad.edu.pe/institucional/oportunidades-laborales/" "Mozilla/5.0 (Windows NT 10.0; Win64; x64) AppleWebKit/537.36 (KHTML, like Gecko) Chrome/147.0.0.0 Safari/537.36"
181.224.228.186 - - [05/May/2026:09:02:04 -0500] "GET /images/ensad-convocatoria-seleccion-docentes-2018-ok.jpg HTTP/1.1" 404 29912 "https://www.ensad.edu.pe/institucional/oportunidades-laborales/" "Mozilla/5.0 (Windows NT 10.0; Win64; x64) AppleWebKit/537.36 (KHTML, like Gecko) Chrome/147.0.0.0 Safari/537.36"
181.224.228.186 - - [05/May/2026:09:02:04 -0500] "GET /images/excel.png HTTP/1.1" 404 29912 "https://www.ensad.edu.pe/institucional/oportunidades-laborales/" "Mozilla/5.0 (Windows NT 10.0; Win64; x64) AppleWebKit/537.36 (KHTML, like Gecko) Chrome/147.0.0.0 Safari/537.36"
167.86.88.122 - - [05/May/2026:09:02:12 -0500] "POST /?wordfence_syncAttackData=1777989732.6205 HTTP/1.1" 200 20 "https://www.ensad.edu.pe/?wordfence_syncAttackData=1777989732.6205" "WordPress/5.5.3; https://www.ensad.edu.pe"
181.224.228.186 - - [05/May/2026:09:02:12 -0500] "GET /images/word-icon.png HTTP/1.1" 404 29912 "https://www.ensad.edu.pe/institucional/oportunidades-laborales/" "Mozilla/5.0 (Windows NT 10.0; Win64; x64) AppleWebKit/537.36 (KHTML, like Gecko) Chrome/147.0.0.0 Safari/537.36"
103.59.160.219 - - [05/May/2026:09:02:14 -0500] "POST /xmlrpc.php HTTP/1.1" 503 7118 "-" "python-httpx/0.22.0"
181.224.228.186 - - [05/May/2026:09:02:24 -0500] "GET /wp-content/uploads/2026/04/ACTA-DE-EVALUACION-CURRICULAR.pdf HTTP/1.1" 200 1813572 "-" "Mozilla/5.0 (Windows NT 10.0; Win64; x64) AppleWebKit/537.36 (KHTML, like Gecko) Chrome/147.0.0.0 Safari/537.36"
181.224.228.186 - - [05/May/2026:09:02:25 -0500] "GET /wp-content/uploads/2026/04/ACTA-DE-EVALUACION-CURRICULAR.pdf HTTP/1.1" 206 1025 "-" "Mozilla/5.0 (Windows NT 10.0; Win64; x64) AppleWebKit/537.36 (KHTML, like Gecko) Chrome/147.0.0.0 Safari/537.36"
181.224.228.186 - - [05/May/2026:09:02:26 -0500] "GET /wp-content/uploads/2026/04/ACTA-DE-EVALUACION-CURRICULAR.pdf HTTP/1.1" 304 - "-" "Mozilla/5.0 (Windows NT 10.0; Win64; x64) AppleWebKit/537.36 (KHTML, like Gecko) Chrome/147.0.0.0 Safari/537.36"
181.224.228.186 - - [05/May/2026:09:02:26 -0500] "GET /wp-content/uploads/2026/04/ACTA-DE-EVALUACION-CURRICULAR.pdf HTTP/1.1" 206 64512 "-" "Mozilla/5.0 (Windows NT 10.0; Win64; x64) AppleWebKit/537.36 (KHTML, like Gecko) Chrome/147.0.0.0 Safari/537.36"
103.59.160.219 - - [05/May/2026:09:02:33 -0500] "POST /xmlrpc.php HTTP/1.1" 503 7118 "-" "python-httpx/0.22.0"
167.86.88.122 - - [05/May/2026:09:02:40 -0500] "POST /wp-cron.php?doing_wp_cron=1777989760.3025050163269042968750 HTTP/1.1" 200 20 "https://www.ensad.edu.pe/wp-cron.php?doing_wp_cron=1777989760.3025050163269042968750" "WordPress/5.5.3; https://www.ensad.edu.pe"
167.86.88.122 - - [05/May/2026:09:02:40 -0500] "POST /?wordfence_syncAttackData=1777989760.1944 HTTP/1.1" 200 20 "https://www.ensad.edu.pe/?wordfence_syncAttackData=1777989760.1944" "WordPress/5.5.3; https://www.ensad.edu.pe"
162.120.186.125 - - [05/May/2026:09:02:40 -0500] "GET / HTTP/1.1" 200 38423 "https://www.google.com/" "Mozilla/5.0 (Linux; Android 10; K) AppleWebKit/537.36 (KHTML, like Gecko) Chrome/147.0.0.0 Mobile Safari/537.36"
91.92.243.236 - - [05/May/2026:09:02:48 -0500] "POST /wp-login.php HTTP/1.1" 503 18034 "-" "Mozilla/5.0"
91.92.243.236 - - [05/May/2026:09:02:48 -0500] "POST /wp-login.php HTTP/1.1" 503 18034 "-" "Mozilla/5.0"
66.249.73.233 - - [05/May/2026:09:02:48 -0500] "GET /wp-content/uploads/2021/09/cined-9-elion-goyzueta.pdf HTTP/1.1" 304 - "-" "Mozilla/5.0 (Linux; Android 6.0.1; Nexus 5X Build/MMB29P) AppleWebKit/537.36 (KHTML, like Gecko) Chrome/147.0.7727.137 Mobile Safari/537.36 (compatible; Googlebot/2.1; +http://www.google.com/bot.html)"
103.59.160.219 - - [05/May/2026:09:02:50 -0500] "POST /xmlrpc.php HTTP/1.1" 503 7117 "-" "python-httpx/0.22.0"
181.224.228.186 - - [05/May/2026:09:02:25 -0500] "GET /wp-content/uploads/2026/04/ACTA-DE-EVALUACION-CURRICULAR.pdf HTTP/1.1" 200 1813572 "-" "Mozilla/5.0 (Windows NT 10.0; Win64; x64) AppleWebKit/537.36 (KHTML, like Gecko) Chrome/147.0.0.0 Safari/537.36"
167.86.88.122 - - [05/May/2026:09:02:56 -0500] "POST /wp-cron.php?doing_wp_cron=1777989776.8472259044647216796875 HTTP/1.1" 200 20 "https://www.ensad.edu.pe/wp-cron.php?doing_wp_cron=1777989776.8472259044647216796875" "WordPress/5.5.3; https://www.ensad.edu.pe"
167.86.88.122 - - [05/May/2026:09:02:56 -0500] "POST /?wordfence_syncAttackData=1777989776.7235 HTTP/1.1" 200 20 "https://www.ensad.edu.pe/?wordfence_syncAttackData=1777989776.7235" "WordPress/5.5.3; https://www.ensad.edu.pe"
94.23.188.215 - - [05/May/2026:09:02:56 -0500] "GET /teatro-aplicado-cambio-social-laura-sierra/ HTTP/1.1" 200 33579 "-" "Mozilla/5.0 (compatible; AhrefsBot/7.0; +http://ahrefs.com/robot/)"
103.59.160.219 - - [05/May/2026:09:03:01 -0500] "POST /xmlrpc.php HTTP/1.1" 503 7117 "-" "python-httpx/0.22.0"
38.43.132.234 - - [05/May/2026:09:03:03 -0500] "GET /inicioo/ HTTP/1.1" 200 38719 "https://www.google.com/" "Mozilla/5.0 (Windows NT 10.0; Win64; x64) AppleWebKit/537.36 (KHTML, like Gecko) Chrome/147.0.0.0 Safari/537.36"
167.86.88.122 - - [05/May/2026:09:03:06 -0500] "POST /?wordfence_syncAttackData=1777989786.0143 HTTP/1.1" 200 20 "https://www.ensad.edu.pe/?wordfence_syncAttackData=1777989786.0143" "WordPress/5.5.3; https://www.ensad.edu.pe"
167.86.88.122 - - [05/May/2026:09:03:06 -0500] "POST /?wordfence_syncAttackData=1777989786.0113 HTTP/1.1" 200 20 "https://www.ensad.edu.pe/?wordfence_syncAttackData=1777989786.0113" "WordPress/5.5.3; https://www.ensad.edu.pe"
38.43.132.234 - - [05/May/2026:09:03:06 -0500] "GET /wp-content/themes/Divi/core/admin/fonts/modules.ttf HTTP/1.1" 304 - "https://www.ensad.edu.pe/wp-content/themes/Divi/style.css?ver=5.5.3" "Mozilla/5.0 (Windows NT 10.0; Win64; x64) AppleWebKit/537.36 (KHTML, like Gecko) Chrome/147.0.0.0 Safari/537.36"
38.43.132.234 - - [05/May/2026:09:03:05 -0500] "GET /wp-content/uploads/2020/11/N-13-1.png HTTP/1.1" 404 29934 "https://www.ensad.edu.pe/inicioo/" "Mozilla/5.0 (Windows NT 10.0; Win64; x64) AppleWebKit/537.36 (KHTML, like Gecko) Chrome/147.0.0.0 Safari/537.36"
38.43.132.234 - - [05/May/2026:09:03:06 -0500] "GET /wp-content/uploads/2020/11/WhatsApp-Image-2020-11-21-at-1.19.01-PM.jpeg HTTP/1.1" 404 29934 "https://www.ensad.edu.pe/inicioo/" "Mozilla/5.0 (Windows NT 10.0; Win64; x64) AppleWebKit/537.36 (KHTML, like Gecko) Chrome/147.0.0.0 Safari/537.36"
38.43.132.234 - - [05/May/2026:09:03:05 -0500] "GET /wp-content/uploads/2020/11/E-12-1.png HTTP/1.1" 404 29934 "https://www.ensad.edu.pe/inicioo/" "Mozilla/5.0 (Windows NT 10.0; Win64; x64) AppleWebKit/537.36 (KHTML, like Gecko) Chrome/147.0.0.0 Safari/537.36"
38.43.132.234 - - [05/May/2026:09:03:06 -0500] "GET /wp-content/uploads/2020/11/S-14-1.png HTTP/1.1" 404 29934 "https://www.ensad.edu.pe/inicioo/" "Mozilla/5.0 (Windows NT 10.0; Win64; x64) AppleWebKit/537.36 (KHTML, like Gecko) Chrome/147.0.0.0 Safari/537.36"
38.43.132.234 - - [05/May/2026:09:03:06 -0500] "GET /wp-content/uploads/2020/11/D-16-1.png HTTP/1.1" 404 29934 "https://www.ensad.edu.pe/inicioo/" "Mozilla/5.0 (Windows NT 10.0; Win64; x64) AppleWebKit/537.36 (KHTML, like Gecko) Chrome/147.0.0.0 Safari/537.36"
38.43.132.234 - - [05/May/2026:09:03:06 -0500] "GET /wp-content/uploads/2020/11/A-15-1.png HTTP/1.1" 404 29934 "https://www.ensad.edu.pe/inicioo/" "Mozilla/5.0 (Windows NT 10.0; Win64; x64) AppleWebKit/537.36 (KHTML, like Gecko) Chrome/147.0.0.0 Safari/537.36"
38.43.132.234 - - [05/May/2026:09:03:09 -0500] "GET /wp-content/uploads/2020/11/LOGO-DISENO-ESCENOGRAFICO-LINEA-BLANCA-08-150x150.png HTTP/1.1" 404 29934 "https://www.ensad.edu.pe/inicioo/" "Mozilla/5.0 (Windows NT 10.0; Win64; x64) AppleWebKit/537.36 (KHTML, like Gecko) Chrome/147.0.0.0 Safari/537.36"
38.43.132.234 - - [05/May/2026:09:03:09 -0500] "GET /wp-content/uploads/2020/11/LOGO-EDUCACION-ARTISTICA-LINEA-BLANCA-10-300x300.png HTTP/1.1" 404 29934 "https://www.ensad.edu.pe/inicioo/" "Mozilla/5.0 (Windows NT 10.0; Win64; x64) AppleWebKit/537.36 (KHTML, like Gecko) Chrome/147.0.0.0 Safari/537.36"
36.78.151.160 - - [05/May/2026:09:03:11 -0500] "GET / HTTP/1.1" 200 38423 "-" "Mozilla/5.0 (Linux; Android 10; K) AppleWebKit/537.36 (KHTML, like Gecko) Chrome/147.0.0.0 Mobile Safari/537.36"
103.59.160.219 - - [05/May/2026:09:03:19 -0500] "POST /xmlrpc.php HTTP/1.1" 503 7117 "-" "python-httpx/0.22.0"
167.86.88.122 - - [05/May/2026:09:03:20 -0500] "POST /?wordfence_syncAttackData=1777989800.6578 HTTP/1.1" 200 20 "https://www.ensad.edu.pe/?wordfence_syncAttackData=1777989800.6578" "WordPress/5.5.3; https://www.ensad.edu.pe"
110.39.156.136 - - [05/May/2026:09:03:20 -0500] "GET /wp-content/uploads/2020/11/WhatsApp-Image-2020-11-29-at-5.01.08-PM-768x455.jpeg HTTP/1.1" 404 29935 "-" "Mozilla/5.0 (Macintosh; Intel Mac OS X 10_15_3) AppleWebKit/537.36 (KHTML, like Gecko) Chrome/85.0.4183.83 Safari/537.36"
167.86.88.122 - - [05/May/2026:09:03:42 -0500] "POST /wp-cron.php?doing_wp_cron=1777989822.4655160903930664062500 HTTP/1.1" 200 20 "https://www.ensad.edu.pe/wp-cron.php?doing_wp_cron=1777989822.4655160903930664062500" "WordPress/5.5.3; https://www.ensad.edu.pe"
92.222.108.119 - - [05/May/2026:09:03:42 -0500] "GET /ensad-participo-en-el-ix-seminario-nacional-de-investigacion-educativa-con-destacada-ponencia/ HTTP/1.1" 200 36552 "-" "Mozilla/5.0 (compatible; AhrefsBot/7.0; +http://ahrefs.com/robot/)"
8.242.229.20 - - [05/May/2026:09:03:49 -0500] "GET / HTTP/1.1" 200 38423 "https://www.google.com/" "Mozilla/5.0 (Linux; Android 10; K) AppleWebKit/537.36 (KHTML, like Gecko) Chrome/147.0.0.0 Mobile Safari/537.36"
8.242.229.20 - - [05/May/2026:09:03:51 -0500] "GET /wp-content/themes/Divi/core/admin/fonts/modules.ttf HTTP/1.1" 304 - "https://www.ensad.edu.pe/wp-content/themes/Divi/style.css?ver=5.5.3" "Mozilla/5.0 (Linux; Android 10; K) AppleWebKit/537.36 (KHTML, like Gecko) Chrome/147.0.0.0 Mobile Safari/537.36"
8.242.229.20 - - [05/May/2026:09:03:51 -0500] "GET /wp-content/plugins/wow-divi-carousel/assets/fonts/icowdc.ttf?sqw28v HTTP/1.1" 304 - "https://www.ensad.edu.pe/wp-content/plugins/wow-divi-carousel/assets/css/module-core.css?ver=5.5.3" "Mozilla/5.0 (Linux; Android 10; K) AppleWebKit/537.36 (KHTML, like Gecko) Chrome/147.0.0.0 Mobile Safari/537.36"
51.68.107.154 - - [05/May/2026:09:03:53 -0500] "GET /robots.txt HTTP/1.1" 200 112 "-" "Mozilla/5.0 (compatible; MJ12bot/v2.0.5; http://mj12bot.com/)"
51.68.107.154 - - [05/May/2026:09:03:53 -0500] "GET / HTTP/1.1" 200 38419 "-" "Mozilla/5.0 (compatible; MJ12bot/v2.0.5; http://mj12bot.com/)"
103.59.160.219 - - [05/May/2026:09:04:16 -0500] "POST /xmlrpc.php HTTP/1.1" 503 7117 "-" "python-httpx/0.22.0"
103.59.160.219 - - [05/May/2026:09:04:29 -0500] "POST /xmlrpc.php HTTP/1.1" 503 7117 "-" "python-httpx/0.22.0"
167.86.88.122 - - [05/May/2026:09:04:44 -0500] "POST /wp-cron.php?doing_wp_cron=1777989884.6875069141387939453125 HTTP/1.1" 200 20 "https://www.ensad.edu.pe/wp-cron.php?doing_wp_cron=1777989884.6875069141387939453125" "WordPress/5.5.3; https://www.ensad.edu.pe"
167.86.88.122 - - [05/May/2026:09:04:44 -0500] "POST /?wordfence_syncAttackData=1777989884.4553 HTTP/1.1" 200 20 "https://www.ensad.edu.pe/?wordfence_syncAttackData=1777989884.4553" "WordPress/5.5.3; https://www.ensad.edu.pe"
103.59.160.219 - - [05/May/2026:09:04:44 -0500] "POST /xmlrpc.php HTTP/1.1" 503 7304 "-" "python-httpx/0.22.0"
37.59.204.153 - - [05/May/2026:09:04:44 -0500] "GET /lilium-experiencia-en-creacion-de-videodanza-a-traves-de-medios-digitales-luis-bejarano/ HTTP/1.1" 200 33498 "-" "Mozilla/5.0 (compatible; AhrefsBot/7.0; +http://ahrefs.com/robot/)"
103.59.160.219 - - [05/May/2026:09:04:48 -0500] "POST /xmlrpc.php HTTP/1.1" 503 7117 "-" "python-httpx/0.22.0"
103.59.160.219 - - [05/May/2026:09:04:52 -0500] "POST /xmlrpc.php HTTP/1.1" 503 7118 "-" "python-httpx/0.22.0"
167.86.88.122 - - [05/May/2026:09:04:53 -0500] "POST /?wordfence_syncAttackData=1777989893.2177 HTTP/1.1" 200 20 "https://www.ensad.edu.pe/?wordfence_syncAttackData=1777989893.2177" "WordPress/5.5.3; https://www.ensad.edu.pe"
181.64.192.69 - - [05/May/2026:09:04:52 -0500] "GET /institucional/oportunidades-laborales/ HTTP/1.1" 200 49507 "-" "Mozilla/5.0 (Windows NT 10.0; Win64; x64) AppleWebKit/537.36 (KHTML, like Gecko) Chrome/147.0.0.0 Safari/537.36"
181.64.192.69 - - [05/May/2026:09:04:53 -0500] "GET /institucional/oportunidades-laborales/ HTTP/1.1" 200 49507 "-" "Mozilla/5.0 (Windows NT 10.0; Win64; x64) AppleWebKit/537.36 (KHTML, like Gecko) Chrome/147.0.0.0 Safari/537.36"
181.64.192.69 - - [05/May/2026:09:04:54 -0500] "GET /wp-content/plugins/wpdatatables/integrations/starter/page-builders/divi-wpdt/styles/divi-wpdt.css?ver=7.3.5 HTTP/1.1" 200 225 "https://www.ensad.edu.pe/institucional/oportunidades-laborales/" "Mozilla/5.0 (Windows NT 10.0; Win64; x64) AppleWebKit/537.36 (KHTML, like Gecko) Chrome/147.0.0.0 Safari/537.36"
181.64.192.69 - - [05/May/2026:09:04:54 -0500] "GET /wp-content/plugins/wpdatatables/integrations/starter/page-builders/divi-wpdt/styles/style.min.css?ver=1.0.0 HTTP/1.1" 200 1797 "https://www.ensad.edu.pe/institucional/oportunidades-laborales/" "Mozilla/5.0 (Windows NT 10.0; Win64; x64) AppleWebKit/537.36 (KHTML, like Gecko) Chrome/147.0.0.0 Safari/537.36"
181.64.192.69 - - [05/May/2026:09:04:55 -0500] "GET /wp-content/plugins/wpdatatables/integrations/starter/page-builders/divi-wpdt/scripts/frontend-bundle.min.js?ver=1.0.0 HTTP/1.1" 200 327 "https://www.ensad.edu.pe/institucional/oportunidades-laborales/" "Mozilla/5.0 (Windows NT 10.0; Win64; x64) AppleWebKit/537.36 (KHTML, like Gecko) Chrome/147.0.0.0 Safari/537.36"
181.64.192.69 - - [05/May/2026:09:04:55 -0500] "GET /wp-content/themes/Divi/core/admin/fonts/modules.ttf HTTP/1.1" 304 - "https://www.ensad.edu.pe/wp-content/themes/Divi/style.css?ver=5.5.3" "Mozilla/5.0 (Windows NT 10.0; Win64; x64) AppleWebKit/537.36 (KHTML, like Gecko) Chrome/147.0.0.0 Safari/537.36"
181.64.192.69 - - [05/May/2026:09:04:59 -0500] "GET /favicon.ico HTTP/1.1" 302 20 "https://www.ensad.edu.pe/institucional/oportunidades-laborales/" "Mozilla/5.0 (Windows NT 10.0; Win64; x64) AppleWebKit/537.36 (KHTML, like Gecko) Chrome/147.0.0.0 Safari/537.36"
181.64.192.69 - - [05/May/2026:09:04:59 -0500] "GET /wp-content/uploads/2026/04/cropped-unae_favico-32x32.png HTTP/1.1" 200 272 "https://www.ensad.edu.pe/institucional/oportunidades-laborales/" "Mozilla/5.0 (Windows NT 10.0; Win64; x64) AppleWebKit/537.36 (KHTML, like Gecko) Chrome/147.0.0.0 Safari/537.36"
103.59.160.219 - - [05/May/2026:09:05:00 -0500] "POST /xmlrpc.php HTTP/1.1" 503 7117 "-" "python-httpx/0.22.0"
103.59.160.219 - - [05/May/2026:09:05:12 -0500] "POST /xmlrpc.php HTTP/1.1" 503 7117 "-" "python-httpx/0.22.0"
167.86.88.122 - - [05/May/2026:09:05:16 -0500] "POST /?wordfence_syncAttackData=1777989916.4121 HTTP/1.1" 200 20 "https://www.ensad.edu.pe/?wordfence_syncAttackData=1777989916.4121" "WordPress/5.5.3; https://www.ensad.edu.pe"
52.167.144.211 - - [05/May/2026:09:05:16 -0500] "GET /ettien/talleres-actividades-ettien/ HTTP/1.1" 200 30092 "-" "Mozilla/5.0 AppleWebKit/537.36 (KHTML, like Gecko; compatible; bingbot/2.0; +http://www.bing.com/bingbot.htm) Chrome/116.0.1938.76 Safari/537.36"
92.222.108.124 - - [05/May/2026:09:05:25 -0500] "GET /09-natasha-koss/ HTTP/1.1" 200 45319 "-" "Mozilla/5.0 (compatible; AhrefsBot/7.0; +http://ahrefs.com/robot/)"
103.59.160.219 - - [05/May/2026:09:05:33 -0500] "POST /xmlrpc.php HTTP/1.1" 503 7118 "-" "python-httpx/0.22.0"
23.98.142.180 - - [05/May/2026:09:05:50 -0500] "GET /descargas/transparencia/Resolucion-directoral-010-2026-UE-ENSAD.pdf HTTP/1.1" 200 966102 "-" "Mozilla/5.0 AppleWebKit/537.36 (KHTML, like Gecko); compatible; ChatGPT-User/1.0; +https://openai.com/bot"
103.59.160.219 - - [05/May/2026:09:05:55 -0500] "POST /xmlrpc.php HTTP/1.1" 503 7117 "-" "python-httpx/0.22.0"
167.86.88.122 - - [05/May/2026:09:06:01 -0500] "POST /wp-cron.php?doing_wp_cron=1777989961.2236940860748291015625 HTTP/1.1" 200 20 "https://www.ensad.edu.pe/wp-cron.php?doing_wp_cron=1777989961.2236940860748291015625" "WordPress/5.5.3; https://www.ensad.edu.pe"
167.86.88.122 - - [05/May/2026:09:06:01 -0500] "POST /?wordfence_syncAttackData=1777989961.1041 HTTP/1.1" 200 20 "https://www.ensad.edu.pe/?wordfence_syncAttackData=1777989961.1041" "WordPress/5.5.3; https://www.ensad.edu.pe"
167.86.88.122 - - [05/May/2026:09:06:01 -0500] "POST /wp-cron.php?doing_wp_cron=1777989961.3902080059051513671875 HTTP/1.1" 200 20 "https://www.ensad.edu.pe/wp-cron.php?doing_wp_cron=1777989961.3902080059051513671875" "WordPress/5.5.3; https://www.ensad.edu.pe"
54.37.118.89 - - [05/May/2026:09:06:01 -0500] "GET /presidente-del-congreso-de-la-republica-firma-autografa-de-ley-que-crea-la-nueva-unae/ HTTP/1.1" 200 36848 "-" "Mozilla/5.0 (compatible; AhrefsBot/7.0; +http://ahrefs.com/robot/)"
181.64.192.69 - - [05/May/2026:09:06:08 -0500] "GET /wp-content/uploads/2026/04/LOGOFINALENSAD-300x91-1.png HTTP/1.1" 200 14654 "https://www.ensad.edu.pe/institucional/oportunidades-laborales/" "Mozilla/5.0 (Windows NT 10.0; Win64; x64) AppleWebKit/537.36 (KHTML, like Gecko) Chrome/147.0.0.0 Safari/537.36"
103.59.160.219 - - [05/May/2026:09:06:36 -0500] "POST /xmlrpc.php HTTP/1.1" 503 7117 "-" "python-httpx/0.22.0"
162.55.165.86 - - [05/May/2026:09:06:36 -0500] "GET / HTTP/1.1" 200 38422 "-" "Better Uptime Bot Mozilla/5.0 (Windows NT 10.0; Win64; x64) AppleWebKit/537.36 (KHTML, like Gecko) Chrome/74.0.3729.169 Safari/537.36"
167.86.88.122 - - [05/May/2026:09:06:48 -0500] "POST /?wordfence_syncAttackData=1777990008.1086 HTTP/1.1" 200 20 "https://www.ensad.edu.pe/?wordfence_syncAttackData=1777990008.1086" "WordPress/5.5.3; https://www.ensad.edu.pe"
43.166.134.47 - - [05/May/2026:09:06:50 -0500] "GET / HTTP/1.1" 200 38422 "http://ensad.edu.pe" "Mozilla/5.0 (iPhone; CPU iPhone OS 13_2_3 like Mac OS X) AppleWebKit/605.1.15 (KHTML, like Gecko) Version/13.0.3 Mobile/15E148 Safari/604.1"
103.59.160.219 - - [05/May/2026:09:06:57 -0500] "POST /xmlrpc.php HTTP/1.1" 503 7117 "-" "python-httpx/0.22.0"
51.75.236.143 - - [05/May/2026:09:06:56 -0500] "GET /06-erick-weis/ HTTP/1.1" 200 42540 "-" "Mozilla/5.0 (compatible; AhrefsBot/7.0; +http://ahrefs.com/robot/)"
103.59.160.219 - - [05/May/2026:09:07:12 -0500] "POST /xmlrpc.php HTTP/1.1" 503 7117 "-" "python-httpx/0.22.0"
167.86.88.122 - - [05/May/2026:09:07:19 -0500] "POST /wp-cron.php?doing_wp_cron=1777990039.2120668888092041015625 HTTP/1.1" 200 20 "https://www.ensad.edu.pe/wp-cron.php?doing_wp_cron=1777990039.2120668888092041015625" "WordPress/5.5.3; https://www.ensad.edu.pe"
167.86.88.122 - - [05/May/2026:09:07:19 -0500] "POST /wp-cron.php?doing_wp_cron=1777990039.2964470386505126953125 HTTP/1.1" 200 20 "https://www.ensad.edu.pe/wp-cron.php?doing_wp_cron=1777990039.2964470386505126953125" "WordPress/5.5.3; https://www.ensad.edu.pe"
167.86.88.122 - - [05/May/2026:09:07:18 -0500] "POST /?wordfence_syncAttackData=1777990038.9699 HTTP/1.1" 200 20 "https://www.ensad.edu.pe/?wordfence_syncAttackData=1777990038.9699" "WordPress/5.5.3; https://www.ensad.edu.pe"
167.86.88.122 - - [05/May/2026:09:07:19 -0500] "POST /wp-cron.php?doing_wp_cron=1777990039.4918429851531982421875 HTTP/1.1" 200 20 "https://www.ensad.edu.pe/wp-cron.php?doing_wp_cron=1777990039.4918429851531982421875" "WordPress/5.5.3; https://www.ensad.edu.pe"
167.86.88.122 - - [05/May/2026:09:07:20 -0500] "POST /wp-cron.php?doing_wp_cron=1777990040.1165199279785156250000 HTTP/1.1" 200 20 "https://www.ensad.edu.pe/wp-cron.php?doing_wp_cron=1777990040.1165199279785156250000" "WordPress/5.5.3; https://www.ensad.edu.pe"
91.92.243.236 - - [05/May/2026:09:07:18 -0500] "POST /wp-login.php HTTP/1.1" 503 18947 "-" "Mozilla/5.0"
91.92.243.236 - - [05/May/2026:09:07:18 -0500] "POST /wp-login.php HTTP/1.1" 503 18947 "-" "Mozilla/5.0"
167.86.88.122 - - [05/May/2026:09:07:19 -0500] "POST /?wordfence_syncAttackData=1777990038.9976 HTTP/1.1" 200 24242 "https://www.ensad.edu.pe/?wordfence_syncAttackData=1777990038.9976" "WordPress/5.5.3; https://www.ensad.edu.pe"
103.59.160.219 - - [05/May/2026:09:07:28 -0500] "POST /xmlrpc.php HTTP/1.1" 503 7117 "-" "python-httpx/0.22.0"
167.86.88.122 - - [05/May/2026:09:07:35 -0500] "POST /?wordfence_syncAttackData=1777990055.7542 HTTP/1.1" 200 20 "https://www.ensad.edu.pe/?wordfence_syncAttackData=1777990055.7542" "WordPress/5.5.3; https://www.ensad.edu.pe"
51.68.247.223 - - [05/May/2026:09:07:35 -0500] "GET /cuerpo-pantalla-amira-ramirez/ HTTP/1.1" 200 33680 "-" "Mozilla/5.0 (compatible; AhrefsBot/7.0; +http://ahrefs.com/robot/)"
181.224.228.186 - - [05/May/2026:09:07:35 -0500] "GET /wp-content/uploads/2020/11/ICONO-PDF-32X32-01.png HTTP/1.1" 404 29934 "https://www.ensad.edu.pe/institucional/" "Mozilla/5.0 (Windows NT 10.0; Win64; x64) AppleWebKit/537.36 (KHTML, like Gecko) Chrome/147.0.0.0 Safari/537.36"
103.59.160.219 - - [05/May/2026:09:07:41 -0500] "POST /xmlrpc.php HTTP/1.1" 503 7117 "-" "python-httpx/0.22.0"
52.255.111.52 - - [05/May/2026:09:07:55 -0500] "GET /wp-content/uploads/2022/02/IVT_4.pdf HTTP/1.1" 200 3880272 "-" "Mozilla/5.0 AppleWebKit/537.36 (KHTML, like Gecko); compatible; ChatGPT-User/1.0; +https://openai.com/bot"
103.59.160.219 - - [05/May/2026:09:07:58 -0500] "POST /xmlrpc.php HTTP/1.1" 503 7117 "-" "python-httpx/0.22.0"
167.86.88.122 - - [05/May/2026:09:08:18 -0500] "POST /?wordfence_syncAttackData=1777990098.9594 HTTP/1.1" 200 20 "https://www.ensad.edu.pe/?wordfence_syncAttackData=1777990098.9594" "WordPress/5.5.3; https://www.ensad.edu.pe"
92.222.104.205 - - [05/May/2026:09:08:18 -0500] "GET /obra-detras-del-escenario/ HTTP/1.1" 200 40586 "-" "Mozilla/5.0 (compatible; AhrefsBot/7.0; +http://ahrefs.com/robot/)"
103.59.160.219 - - [05/May/2026:09:08:25 -0500] "POST /xmlrpc.php HTTP/1.1" 503 7117 "-" "python-httpx/0.22.0"
103.59.160.219 - - [05/May/2026:09:08:28 -0500] "POST /xmlrpc.php HTTP/1.1" 503 7117 "-" "python-httpx/0.22.0"
103.59.160.219 - - [05/May/2026:09:08:29 -0500] "POST /xmlrpc.php HTTP/1.1" 503 7117 "-" "python-httpx/0.22.0"
167.86.88.122 - - [05/May/2026:09:08:31 -0500] "POST /wp-cron.php?doing_wp_cron=1777990111.2639920711517333984375 HTTP/1.1" 200 20 "https://www.ensad.edu.pe/wp-cron.php?doing_wp_cron=1777990111.2639920711517333984375" "WordPress/5.5.3; https://www.ensad.edu.pe"
167.86.88.122 - - [05/May/2026:09:08:31 -0500] "POST /?wordfence_syncAttackData=1777990111.1702 HTTP/1.1" 200 20 "https://www.ensad.edu.pe/?wordfence_syncAttackData=1777990111.1702" "WordPress/5.5.3; https://www.ensad.edu.pe"
167.86.88.122 - - [05/May/2026:09:08:31 -0500] "POST /wp-cron.php?doing_wp_cron=1777990111.4150030612945556640625 HTTP/1.1" 200 20 "https://www.ensad.edu.pe/wp-cron.php?doing_wp_cron=1777990111.4150030612945556640625" "WordPress/5.5.3; https://www.ensad.edu.pe"
190.40.199.41 - - [05/May/2026:09:08:31 -0500] "GET /serv-academicos/admision/ HTTP/1.1" 200 42480 "-" "Mozilla/5.0 (Windows NT 10.0; Win64; x64) AppleWebKit/537.36 (KHTML, like Gecko) Chrome/146.0.0.0 Safari/537.36 OPR/130.0.0.0"
190.40.199.41 - - [05/May/2026:09:08:32 -0500] "GET /wp-content/plugins/wpdatatables/integrations/starter/page-builders/divi-wpdt/styles/divi-wpdt.css?ver=7.3.5 HTTP/1.1" 200 225 "https://www.ensad.edu.pe/serv-academicos/admision/" "Mozilla/5.0 (Windows NT 10.0; Win64; x64) AppleWebKit/537.36 (KHTML, like Gecko) Chrome/146.0.0.0 Safari/537.36 OPR/130.0.0.0"
190.40.199.41 - - [05/May/2026:09:08:33 -0500] "GET /wp-content/plugins/wpdatatables/integrations/starter/page-builders/divi-wpdt/styles/style.min.css?ver=1.0.0 HTTP/1.1" 200 1797 "https://www.ensad.edu.pe/serv-academicos/admision/" "Mozilla/5.0 (Windows NT 10.0; Win64; x64) AppleWebKit/537.36 (KHTML, like Gecko) Chrome/146.0.0.0 Safari/537.36 OPR/130.0.0.0"
190.40.199.41 - - [05/May/2026:09:08:33 -0500] "GET /wp-content/plugins/wpdatatables/integrations/starter/page-builders/divi-wpdt/scripts/frontend-bundle.min.js?ver=1.0.0 HTTP/1.1" 200 327 "https://www.ensad.edu.pe/serv-academicos/admision/" "Mozilla/5.0 (Windows NT 10.0; Win64; x64) AppleWebKit/537.36 (KHTML, like Gecko) Chrome/146.0.0.0 Safari/537.36 OPR/130.0.0.0"
190.40.199.41 - - [05/May/2026:09:08:33 -0500] "GET /wp-content/themes/Divi/core/admin/fonts/modules.ttf HTTP/1.1" 304 - "https://www.ensad.edu.pe/wp-content/themes/Divi/style.css?ver=5.5.3" "Mozilla/5.0 (Windows NT 10.0; Win64; x64) AppleWebKit/537.36 (KHTML, like Gecko) Chrome/146.0.0.0 Safari/537.36 OPR/130.0.0.0"
103.59.160.219 - - [05/May/2026:09:08:34 -0500] "POST /xmlrpc.php HTTP/1.1" 503 7117 "-" "python-httpx/0.22.0"
190.40.199.41 - - [05/May/2026:09:08:35 -0500] "GET /favicon.ico HTTP/1.1" 302 20 "https://www.ensad.edu.pe/serv-academicos/admision/" "Mozilla/5.0 (Windows NT 10.0; Win64; x64) AppleWebKit/537.36 (KHTML, like Gecko) Chrome/146.0.0.0 Safari/537.36 OPR/130.0.0.0"
190.40.199.41 - - [05/May/2026:09:08:36 -0500] "GET /wp-content/uploads/2026/04/cropped-unae_favico-32x32.png HTTP/1.1" 200 272 "https://www.ensad.edu.pe/serv-academicos/admision/" "Mozilla/5.0 (Windows NT 10.0; Win64; x64) AppleWebKit/537.36 (KHTML, like Gecko) Chrome/146.0.0.0 Safari/537.36 OPR/130.0.0.0"
220.181.108.167 - - [05/May/2026:09:08:39 -0500] "GET /estudioteatro/estudio-teatro-no-6/articulo-guadalupe-estofanero/ HTTP/1.1" 200 43775 "-" "Mozilla/5.0 (compatible; Baiduspider/2.0; +http://www.baidu.com/search/spider.html)"
167.86.88.122 - - [05/May/2026:09:08:43 -0500] "POST /wp-cron.php?doing_wp_cron=1777990123.8452699184417724609375 HTTP/1.1" 200 20 "https://www.ensad.edu.pe/wp-cron.php?doing_wp_cron=1777990123.8452699184417724609375" "WordPress/5.5.3; https://www.ensad.edu.pe"
167.86.88.122 - - [05/May/2026:09:08:43 -0500] "POST /?wordfence_syncAttackData=1777990123.7336 HTTP/1.1" 200 20 "https://www.ensad.edu.pe/?wordfence_syncAttackData=1777990123.7336" "WordPress/5.5.3; https://www.ensad.edu.pe"
116.179.32.99 - - [05/May/2026:09:08:43 -0500] "GET /serv-academicos/biblioteca/capacitaciones-biblioteca/serv-academicos/admision/ HTTP/1.1" 404 31111 "-" "Mozilla/5.0 (compatible; Baiduspider/2.0; +http://www.baidu.com/search/spider.html)"
190.40.199.41 - - [05/May/2026:09:08:45 -0500] "GET /serv-academicos/ HTTP/1.1" 200 35627 "https://www.ensad.edu.pe/serv-academicos/admision/" "Mozilla/5.0 (Windows NT 10.0; Win64; x64) AppleWebKit/537.36 (KHTML, like Gecko) Chrome/146.0.0.0 Safari/537.36 OPR/130.0.0.0"
190.40.199.41 - - [05/May/2026:09:08:46 -0500] "GET /wp-content/uploads/2025/07/header_cartelera_web_.jpg HTTP/1.1" 200 105713 "https://www.ensad.edu.pe/serv-academicos/" "Mozilla/5.0 (Windows NT 10.0; Win64; x64) AppleWebKit/537.36 (KHTML, like Gecko) Chrome/146.0.0.0 Safari/537.36 OPR/130.0.0.0"
190.40.199.41 - - [05/May/2026:09:08:46 -0500] "GET /wp-content/uploads/2026/04/LOGO-ACCESO-A-LA-INFORMACION-PUBLICA-01.png HTTP/1.1" 200 19287 "https://www.ensad.edu.pe/serv-academicos/" "Mozilla/5.0 (Windows NT 10.0; Win64; x64) AppleWebKit/537.36 (KHTML, like Gecko) Chrome/146.0.0.0 Safari/537.36 OPR/130.0.0.0"
190.40.199.41 - - [05/May/2026:09:08:46 -0500] "GET /wp-content/uploads/2026/04/logo-portal-transparencia-1.png HTTP/1.1" 200 63169 "https://www.ensad.edu.pe/serv-academicos/" "Mozilla/5.0 (Windows NT 10.0; Win64; x64) AppleWebKit/537.36 (KHTML, like Gecko) Chrome/146.0.0.0 Safari/537.36 OPR/130.0.0.0"
190.40.199.41 - - [05/May/2026:09:08:46 -0500] "GET /wp-content/uploads/2026/04/libro_unae0101.png HTTP/1.1" 200 54207 "https://www.ensad.edu.pe/serv-academicos/" "Mozilla/5.0 (Windows NT 10.0; Win64; x64) AppleWebKit/537.36 (KHTML, like Gecko) Chrome/146.0.0.0 Safari/537.36 OPR/130.0.0.0"
190.40.199.41 - - [05/May/2026:09:08:46 -0500] "GET /wp-content/uploads/2026/04/minedu_logo_300px.png HTTP/1.1" 200 15114 "https://www.ensad.edu.pe/serv-academicos/" "Mozilla/5.0 (Windows NT 10.0; Win64; x64) AppleWebKit/537.36 (KHTML, like Gecko) Chrome/146.0.0.0 Safari/537.36 OPR/130.0.0.0"
103.59.160.219 - - [05/May/2026:09:08:50 -0500] "POST /xmlrpc.php HTTP/1.1" 503 7117 "-" "python-httpx/0.22.0"
116.179.37.163 - - [05/May/2026:09:08:52 -0500] "GET /wp-content/uploads/2022/12/tabla4_2.png HTTP/1.1" 200 42188 "https://www.ensad.edu.pe/estudioteatro/estudio-teatro-no-6/articulo-guadalupe-estofanero/" "Mozilla/5.0 (compatible; Baiduspider-render/2.0; +http://www.baidu.com/search/spider.html)"
190.40.199.41 - - [05/May/2026:09:08:56 -0500] "GET /wp-content/uploads/2026/04/HORARIO_EDU_TARDE_2026_I_2404.pdf HTTP/1.1" 200 474670 "-" "Mozilla/5.0 (Windows NT 10.0; Win64; x64) AppleWebKit/537.36 (KHTML, like Gecko) Chrome/146.0.0.0 Safari/537.36 OPR/130.0.0.0"
167.86.88.122 - - [05/May/2026:09:09:08 -0500] "POST /wp-cron.php?doing_wp_cron=1777990148.4152429103851318359375 HTTP/1.1" 200 20 "https://www.ensad.edu.pe/wp-cron.php?doing_wp_cron=1777990148.4152429103851318359375" "WordPress/5.5.3; https://www.ensad.edu.pe"
167.86.88.122 - - [05/May/2026:09:09:08 -0500] "POST /?wordfence_syncAttackData=1777990148.3107 HTTP/1.1" 200 20 "https://www.ensad.edu.pe/?wordfence_syncAttackData=1777990148.3107" "WordPress/5.5.3; https://www.ensad.edu.pe"
103.59.160.219 - - [05/May/2026:09:09:09 -0500] "POST /xmlrpc.php HTTP/1.1" 503 7116 "-" "python-httpx/0.22.0"
92.222.108.126 - - [05/May/2026:09:09:08 -0500] "GET /el-arte-y-problemas-reales-elion-goyzueta/ HTTP/1.1" 200 33446 "-" "Mozilla/5.0 (compatible; AhrefsBot/7.0; +http://ahrefs.com/robot/)"
103.59.160.219 - - [05/May/2026:09:09:23 -0500] "POST /xmlrpc.php HTTP/1.1" 503 7117 "-" "python-httpx/0.22.0"
103.59.160.219 - - [05/May/2026:09:09:34 -0500] "POST /xmlrpc.php HTTP/1.1" 503 7117 "-" "python-httpx/0.22.0"
103.59.160.219 - - [05/May/2026:09:09:47 -0500] "POST /xmlrpc.php HTTP/1.1" 503 7117 "-" "python-httpx/0.22.0"
167.86.88.122 - - [05/May/2026:09:09:50 -0500] "POST /?wordfence_syncAttackData=1777990190.5039 HTTP/1.1" 200 20 "https://www.ensad.edu.pe/?wordfence_syncAttackData=1777990190.5039" "WordPress/5.5.3; https://www.ensad.edu.pe"
92.222.108.120 - - [05/May/2026:09:09:50 -0500] "GET /obra-la-vispera-de-la-coronacion/ HTTP/1.1" 200 56211 "-" "Mozilla/5.0 (compatible; AhrefsBot/7.0; +http://ahrefs.com/robot/)"
103.59.160.219 - - [05/May/2026:09:10:00 -0500] "POST /xmlrpc.php HTTP/1.1" 503 7117 "-" "python-httpx/0.22.0"
167.86.88.122 - - [05/May/2026:09:10:10 -0500] "POST /wp-cron.php?doing_wp_cron=1777990210.6137490272521972656250 HTTP/1.1" 200 20 "https://www.ensad.edu.pe/wp-cron.php?doing_wp_cron=1777990210.6137490272521972656250" "WordPress/5.5.3; https://www.ensad.edu.pe"
167.86.88.122 - - [05/May/2026:09:10:10 -0500] "POST /?wordfence_syncAttackData=1777990210.4934 HTTP/1.1" 200 20 "https://www.ensad.edu.pe/?wordfence_syncAttackData=1777990210.4934" "WordPress/5.5.3; https://www.ensad.edu.pe"
167.86.88.122 - - [05/May/2026:09:10:10 -0500] "POST /wp-cron.php?doing_wp_cron=1777990210.7854170799255371093750 HTTP/1.1" 200 20 "https://www.ensad.edu.pe/wp-cron.php?doing_wp_cron=1777990210.7854170799255371093750" "WordPress/5.5.3; https://www.ensad.edu.pe"
176.31.139.9 - - [05/May/2026:09:10:10 -0500] "GET /voces-saludables-radiodramas/ HTTP/1.1" 200 33932 "-" "Mozilla/5.0 (compatible; AhrefsBot/7.0; +http://ahrefs.com/robot/)"
167.86.88.122 - - [05/May/2026:09:10:29 -0500] "POST /wp-cron.php?doing_wp_cron=1777990229.3082950115203857421875 HTTP/1.1" 200 20 "https://www.ensad.edu.pe/wp-cron.php?doing_wp_cron=1777990229.3082950115203857421875" "WordPress/5.5.3; https://www.ensad.edu.pe"
181.177.224.247 - - [05/May/2026:09:10:29 -0500] "GET /institucional/oportunidades-laborales/ HTTP/1.1" 200 49507 "https://www.google.com/" "Mozilla/5.0 (Windows NT 10.0; Win64; x64) AppleWebKit/537.36 (KHTML, like Gecko) Chrome/147.0.0.0 Safari/537.36"
103.59.160.219 - - [05/May/2026:09:10:30 -0500] "POST /xmlrpc.php HTTP/1.1" 503 7117 "-" "python-httpx/0.22.0"
167.86.88.122 - - [05/May/2026:09:10:32 -0500] "POST /?wordfence_syncAttackData=1777990232.4187 HTTP/1.1" 200 20 "https://www.ensad.edu.pe/?wordfence_syncAttackData=1777990232.4187" "WordPress/5.5.3; https://www.ensad.edu.pe"
181.177.224.247 - - [05/May/2026:09:10:32 -0500] "GET /wp-content/themes/Divi/core/admin/fonts/modules.ttf HTTP/1.1" 304 - "https://www.ensad.edu.pe/wp-content/themes/Divi/style.css?ver=5.5.3" "Mozilla/5.0 (Windows NT 10.0; Win64; x64) AppleWebKit/537.36 (KHTML, like Gecko) Chrome/147.0.0.0 Safari/537.36"
181.177.224.247 - - [05/May/2026:09:10:32 -0500] "GET /images/word-icon.png HTTP/1.1" 404 29912 "https://www.ensad.edu.pe/institucional/oportunidades-laborales/" "Mozilla/5.0 (Windows NT 10.0; Win64; x64) AppleWebKit/537.36 (KHTML, like Gecko) Chrome/147.0.0.0 Safari/537.36"
181.177.224.247 - - [05/May/2026:09:10:32 -0500] "GET /images/ensad-convocatoria-seleccion-docentes-2019.jpg HTTP/1.1" 404 29912 "https://www.ensad.edu.pe/institucional/oportunidades-laborales/" "Mozilla/5.0 (Windows NT 10.0; Win64; x64) AppleWebKit/537.36 (KHTML, like Gecko) Chrome/147.0.0.0 Safari/537.36"
181.177.224.247 - - [05/May/2026:09:10:32 -0500] "GET /images/ensad-convocatoria-seleccion-docentes-2018-ok.jpg HTTP/1.1" 404 29912 "https://www.ensad.edu.pe/institucional/oportunidades-laborales/" "Mozilla/5.0 (Windows NT 10.0; Win64; x64) AppleWebKit/537.36 (KHTML, like Gecko) Chrome/147.0.0.0 Safari/537.36"
181.177.224.247 - - [05/May/2026:09:10:32 -0500] "GET /images/excel-icon.png HTTP/1.1" 404 29912 "https://www.ensad.edu.pe/institucional/oportunidades-laborales/" "Mozilla/5.0 (Windows NT 10.0; Win64; x64) AppleWebKit/537.36 (KHTML, like Gecko) Chrome/147.0.0.0 Safari/537.36"
181.177.224.247 - - [05/May/2026:09:10:32 -0500] "GET /images/excel.png HTTP/1.1" 404 29912 "https://www.ensad.edu.pe/institucional/oportunidades-laborales/" "Mozilla/5.0 (Windows NT 10.0; Win64; x64) AppleWebKit/537.36 (KHTML, like Gecko) Chrome/147.0.0.0 Safari/537.36"
52.167.144.211 - - [05/May/2026:09:10:37 -0500] "GET /descargas/transparencia/ficha_implementacion_1semestre_2023_ensad.pdf HTTP/1.1" 304 - "-" "Mozilla/5.0 AppleWebKit/537.36 (KHTML, like Gecko; compatible; bingbot/2.0; +http://www.bing.com/bingbot.htm) Chrome/116.0.1938.76 Safari/537.36"
167.86.88.122 - - [05/May/2026:09:10:42 -0500] "POST /wp-cron.php?doing_wp_cron=1777990242.6861560344696044921875 HTTP/1.1" 200 20 "https://www.ensad.edu.pe/wp-cron.php?doing_wp_cron=1777990242.6861560344696044921875" "WordPress/5.5.3; https://www.ensad.edu.pe"
65.55.210.58 - - [05/May/2026:09:10:42 -0500] "GET /ettien/talleres-actividades-ettien HTTP/1.1" 301 - "-" "Mozilla/5.0 AppleWebKit/537.36 (KHTML, like Gecko; compatible; bingbot/2.0; +http://www.bing.com/bingbot.htm) Chrome/136.0.0.0 Safari/537.36"
94.23.188.209 - - [05/May/2026:09:10:44 -0500] "GET /taller-de-diseno-escenografico-para-television/ HTTP/1.1" 404 31087 "-" "Mozilla/5.0 (compatible; AhrefsBot/7.0; +http://ahrefs.com/robot/)"
181.177.224.247 - - [05/May/2026:09:10:48 -0500] "GET /images/word-icon.png HTTP/1.1" 404 29912 "https://www.ensad.edu.pe/institucional/oportunidades-laborales/" "Mozilla/5.0 (Windows NT 10.0; Win64; x64) AppleWebKit/537.36 (KHTML, like Gecko) Chrome/147.0.0.0 Safari/537.36"
40.77.167.63 - - [05/May/2026:09:10:57 -0500] "GET /wp-content/uploads/2020/11/LOGO-DIRECCION-ACADEMICA-SOLIDO-MORADO-04.png HTTP/1.1" 404 29932 "-" "Mozilla/5.0 AppleWebKit/537.36 (KHTML, like Gecko; compatible; bingbot/2.0; +http://www.bing.com/bingbot.htm) Chrome/116.0.1938.76 Safari/537.36"
103.59.160.219 - - [05/May/2026:09:11:12 -0500] "POST /xmlrpc.php HTTP/1.1" 503 7117 "-" "python-httpx/0.22.0"
167.86.88.122 - - [05/May/2026:09:11:26 -0500] "POST /wp-cron.php?doing_wp_cron=1777990286.1105720996856689453125 HTTP/1.1" 200 20 "https://www.ensad.edu.pe/wp-cron.php?doing_wp_cron=1777990286.1105720996856689453125" "WordPress/5.5.3; https://www.ensad.edu.pe"
167.86.88.122 - - [05/May/2026:09:11:25 -0500] "POST /?wordfence_syncAttackData=1777990285.9724 HTTP/1.1" 200 20 "https://www.ensad.edu.pe/?wordfence_syncAttackData=1777990285.9724" "WordPress/5.5.3; https://www.ensad.edu.pe"
181.224.228.186 - - [05/May/2026:09:11:26 -0500] "GET /descargas/logoensad.png HTTP/1.1" 200 79901 "-" "Mozilla/5.0 (Windows NT 10.0; Win64; x64) AppleWebKit/537.36 (KHTML, like Gecko) Chrome/147.0.0.0 Safari/537.36"
176.31.139.13 - - [05/May/2026:09:11:25 -0500] "GET /ensad-firma-convenio-con-el-icpna-para-ofrecer-beneficios-exclusivos-a-su-comunidad/ HTTP/1.1" 200 36383 "-" "Mozilla/5.0 (compatible; AhrefsBot/7.0; +http://ahrefs.com/robot/)"
103.59.160.219 - - [05/May/2026:09:11:36 -0500] "POST /xmlrpc.php HTTP/1.1" 503 7117 "-" "python-httpx/0.22.0"
167.86.88.122 - - [05/May/2026:09:11:40 -0500] "POST /wp-cron.php?doing_wp_cron=1777990300.8361580371856689453125 HTTP/1.1" 200 20 "https://www.ensad.edu.pe/wp-cron.php?doing_wp_cron=1777990300.8361580371856689453125" "WordPress/5.5.3; https://www.ensad.edu.pe"
167.86.88.122 - - [05/May/2026:09:11:40 -0500] "POST /?wordfence_syncAttackData=1777990300.7368 HTTP/1.1" 200 20 "https://www.ensad.edu.pe/?wordfence_syncAttackData=1777990300.7368" "WordPress/5.5.3; https://www.ensad.edu.pe"
178.156.154.250 - - [05/May/2026:09:11:40 -0500] "GET / HTTP/1.1" 200 38422 "-" "Better Uptime Bot Mozilla/5.0 (Windows NT 10.0; Win64; x64) AppleWebKit/537.36 (KHTML, like Gecko) Chrome/74.0.3729.169 Safari/537.36"
91.92.243.236 - - [05/May/2026:09:11:44 -0500] "POST /wp-login.php HTTP/1.1" 503 18034 "-" "Mozilla/5.0"
91.92.243.236 - - [05/May/2026:09:11:44 -0500] "POST /wp-login.php HTTP/1.1" 503 18034 "-" "Mozilla/5.0"
103.59.160.219 - - [05/May/2026:09:11:50 -0500] "POST /xmlrpc.php HTTP/1.1" 503 7117 "-" "python-httpx/0.22.0"
167.86.88.122 - - [05/May/2026:09:12:00 -0500] "POST /?wordfence_syncAttackData=1777990320.9312 HTTP/1.1" 200 20 "https://www.ensad.edu.pe/?wordfence_syncAttackData=1777990320.9312" "WordPress/5.5.3; https://www.ensad.edu.pe"
103.59.160.219 - - [05/May/2026:09:12:01 -0500] "POST /xmlrpc.php HTTP/1.1" 503 7117 "-" "python-httpx/0.22.0"
51.75.236.152 - - [05/May/2026:09:12:00 -0500] "GET /iii-festival-de-escenas-cortas-jovenes-directores/ HTTP/1.1" 404 31087 "-" "Mozilla/5.0 (compatible; AhrefsBot/7.0; +http://ahrefs.com/robot/)"
103.59.160.219 - - [05/May/2026:09:12:07 -0500] "POST /xmlrpc.php HTTP/1.1" 503 7117 "-" "python-httpx/0.22.0"
103.59.160.219 - - [05/May/2026:09:12:21 -0500] "POST /xmlrpc.php HTTP/1.1" 503 7118 "-" "python-httpx/0.22.0"
167.86.88.122 - - [05/May/2026:09:12:32 -0500] "POST /wp-cron.php?doing_wp_cron=1777990352.6998279094696044921875 HTTP/1.1" 200 20 "https://www.ensad.edu.pe/wp-cron.php?doing_wp_cron=1777990352.6998279094696044921875" "WordPress/5.5.3; https://www.ensad.edu.pe"
167.86.88.122 - - [05/May/2026:09:12:32 -0500] "POST /?wordfence_syncAttackData=1777990352.5791 HTTP/1.1" 200 20 "https://www.ensad.edu.pe/?wordfence_syncAttackData=1777990352.5791" "WordPress/5.5.3; https://www.ensad.edu.pe"
