66.249.73.232 - - [05/May/2026:08:53:41 -0500] "GET /quienes-somos/mision-y-vision/ HTTP/1.1" 404 31101 "-" "Mozilla/5.0 (Linux; Android 6.0.1; Nexus 5X Build/MMB29P) AppleWebKit/537.36 (KHTML, like Gecko) Chrome/147.0.7727.137 Mobile Safari/537.36 (compatible; Googlebot/2.1; +http://www.google.com/bot.html)"
194.99.24.33 - - [05/May/2026:08:53:42 -0500] "POST /xmlrpc.php HTTP/1.1" 503 7227 "-" "Apache-HttpClient/4.5.13 (Java/11.0.30)"
66.249.73.232 - - [05/May/2026:08:53:42 -0500] "GET /serv-academicos/guia-de-solicitudes-ensad/ HTTP/1.1" 200 41421 "-" "Mozilla/5.0 (Linux; Android 6.0.1; Nexus 5X Build/MMB29P) AppleWebKit/537.36 (KHTML, like Gecko) Chrome/147.0.7727.137 Mobile Safari/537.36 (compatible; Googlebot/2.1; +http://www.google.com/bot.html)"
194.99.24.33 - - [05/May/2026:08:53:43 -0500] "GET /wp-login.php HTTP/1.1" 503 7227 "https://www.google.com" "Mozilla/5.0 (X11; Linux x86_64) AppleWebKit/537.36 (KHTML, like Gecko) Chrome/119.0.0.0 Safari/537.36"
194.99.24.33 - - [05/May/2026:08:53:44 -0500] "GET /wp-login.php HTTP/1.1" 503 7227 "https://www.google.com" "Mozilla/5.0 (X11; Linux x86_64) AppleWebKit/537.36 (KHTML, like Gecko) Chrome/119.0.0.0 Safari/537.36"
103.59.160.219 - - [05/May/2026:08:53:49 -0500] "POST /xmlrpc.php HTTP/1.1" 503 7117 "-" "python-httpx/0.22.0"
167.86.88.122 - - [05/May/2026:08:53:57 -0500] "POST /wp-cron.php?doing_wp_cron=1777989237.7981019020080566406250 HTTP/1.1" 200 20 "https://www.ensad.edu.pe/wp-cron.php?doing_wp_cron=1777989237.7981019020080566406250" "WordPress/5.5.3; https://www.ensad.edu.pe"
167.86.88.122 - - [05/May/2026:08:53:57 -0500] "POST /?wordfence_syncAttackData=1777989237.5829 HTTP/1.1" 200 20 "https://www.ensad.edu.pe/?wordfence_syncAttackData=1777989237.5829" "WordPress/5.5.3; https://www.ensad.edu.pe"
91.92.243.236 - - [05/May/2026:08:53:57 -0500] "POST /wp-login.php HTTP/1.1" 503 18947 "-" "Mozilla/5.0"
91.92.243.236 - - [05/May/2026:08:53:57 -0500] "POST /wp-login.php HTTP/1.1" 503 18947 "-" "Mozilla/5.0"
167.86.88.122 - - [05/May/2026:08:53:57 -0500] "POST /?wordfence_syncAttackData=1777989237.5852 HTTP/1.1" 200 24242 "https://www.ensad.edu.pe/?wordfence_syncAttackData=1777989237.5852" "WordPress/5.5.3; https://www.ensad.edu.pe"
92.222.104.212 - - [05/May/2026:08:53:59 -0500] "GET /francisca-hono/ HTTP/1.1" 200 42530 "-" "Mozilla/5.0 (compatible; AhrefsBot/7.0; +http://ahrefs.com/robot/)"
103.59.160.219 - - [05/May/2026:08:54:08 -0500] "POST /xmlrpc.php HTTP/1.1" 503 7118 "-" "python-httpx/0.22.0"
167.86.88.122 - - [05/May/2026:08:54:22 -0500] "POST /?wordfence_syncAttackData=1777989262.0146 HTTP/1.1" 200 20 "https://www.ensad.edu.pe/?wordfence_syncAttackData=1777989262.0146" "WordPress/5.5.3; https://www.ensad.edu.pe"
51.75.236.133 - - [05/May/2026:08:54:21 -0500] "GET /casting-para-actores/ HTTP/1.1" 200 32163 "-" "Mozilla/5.0 (compatible; AhrefsBot/7.0; +http://ahrefs.com/robot/)"
103.59.160.219 - - [05/May/2026:08:54:26 -0500] "POST /xmlrpc.php HTTP/1.1" 503 7117 "-" "python-httpx/0.22.0"
85.208.96.208 - - [05/May/2026:08:54:29 -0500] "GET /search/Yanceyville%20City%20Call%20Us%201-800-792-3367%20Electrical%20service%20installations HTTP/1.1" 200 31173 "-" "Mozilla/5.0 (compatible; SemrushBot/7~bl; +http://www.semrush.com/bot.html)"
167.86.88.122 - - [05/May/2026:08:54:39 -0500] "POST /?wordfence_syncAttackData=1777989279.9151 HTTP/1.1" 200 20 "https://www.ensad.edu.pe/?wordfence_syncAttackData=1777989279.9151" "WordPress/5.5.3; https://www.ensad.edu.pe"
103.59.160.219 - - [05/May/2026:08:54:39 -0500] "POST /xmlrpc.php HTTP/1.1" 503 7305 "-" "python-httpx/0.22.0"
167.86.88.122 - - [05/May/2026:08:55:00 -0500] "POST /wp-cron.php?doing_wp_cron=1777989300.3894829750061035156250 HTTP/1.1" 200 20 "https://www.ensad.edu.pe/wp-cron.php?doing_wp_cron=1777989300.3894829750061035156250" "WordPress/5.5.3; https://www.ensad.edu.pe"
5.39.1.244 - - [05/May/2026:08:55:00 -0500] "GET /wp-content/uploads/2024/10/2110_fi.jpg HTTP/1.1" 200 206667 "-" "Mozilla/5.0 (compatible; AhrefsBot/7.0; +http://ahrefs.com/robot/)"
37.59.204.137 - - [05/May/2026:08:55:00 -0500] "GET /08-ivan-insunza/ HTTP/1.1" 200 45109 "-" "Mozilla/5.0 (compatible; AhrefsBot/7.0; +http://ahrefs.com/robot/)"
94.23.188.223 - - [05/May/2026:08:55:02 -0500] "GET /wp-content/uploads/2024/10/2110_02-1024x683.jpg HTTP/1.1" 200 81906 "-" "Mozilla/5.0 (compatible; AhrefsBot/7.0; +http://ahrefs.com/robot/)"
92.222.104.195 - - [05/May/2026:08:55:03 -0500] "GET /wp-content/uploads/2024/10/2110_01-1024x683.jpg HTTP/1.1" 200 87972 "-" "Mozilla/5.0 (compatible; AhrefsBot/7.0; +http://ahrefs.com/robot/)"
103.59.160.219 - - [05/May/2026:08:55:06 -0500] "POST /xmlrpc.php HTTP/1.1" 503 7117 "-" "python-httpx/0.22.0"
167.86.88.122 - - [05/May/2026:08:55:15 -0500] "POST /?wordfence_syncAttackData=1777989315.9827 HTTP/1.1" 200 20 "https://www.ensad.edu.pe/?wordfence_syncAttackData=1777989315.9827" "WordPress/5.5.3; https://www.ensad.edu.pe"
20.226.32.95 - - [05/May/2026:08:55:15 -0500] "GET / HTTP/1.1" 200 38419 "-" "Mozilla/5.0 AppleWebKit/537.36 (KHTML, like Gecko); compatible; ChatGPT-User/1.0; +https://openai.com/bot"
103.59.160.219 - - [05/May/2026:08:55:22 -0500] "POST /xmlrpc.php HTTP/1.1" 503 7115 "-" "python-httpx/0.22.0"
167.86.88.122 - - [05/May/2026:08:55:26 -0500] "POST /?wordfence_syncAttackData=1777989326.413 HTTP/1.1" 200 20 "https://www.ensad.edu.pe/?wordfence_syncAttackData=1777989326.413" "WordPress/5.5.3; https://www.ensad.edu.pe"
37.59.204.147 - - [05/May/2026:08:55:26 -0500] "GET /presentacion-libro-estela-luna/ HTTP/1.1" 200 35300 "-" "Mozilla/5.0 (compatible; AhrefsBot/7.0; +http://ahrefs.com/robot/)"
67.220.82.23 - - [05/May/2026:08:55:32 -0500] "GET /admin/login HTTP/1.1" 401 52 "http://webdisk.ensad.edu.pe/admin/login" "Mozilla/5.0 (Windows NT 10.0; Win64; x64) AppleWebKit/537.36 (KHTML, like Gecko) Chrome/132.0.0.0 Safari/537.36"
167.86.88.122 - - [05/May/2026:08:55:51 -0500] "POST /wp-cron.php?doing_wp_cron=1777989351.1231369972229003906250 HTTP/1.1" 200 20 "https://www.ensad.edu.pe/wp-cron.php?doing_wp_cron=1777989351.1231369972229003906250" "WordPress/5.5.3; https://www.ensad.edu.pe"
51.75.236.131 - - [05/May/2026:08:55:51 -0500] "GET /07-esteban-atanasio/ HTTP/1.1" 200 43061 "-" "Mozilla/5.0 (compatible; AhrefsBot/7.0; +http://ahrefs.com/robot/)"
103.59.160.219 - - [05/May/2026:08:56:15 -0500] "POST /xmlrpc.php HTTP/1.1" 503 7118 "-" "python-httpx/0.22.0"
167.86.88.122 - - [05/May/2026:08:56:16 -0500] "POST /?wordfence_syncAttackData=1777989376.9527 HTTP/1.1" 200 20 "https://www.ensad.edu.pe/?wordfence_syncAttackData=1777989376.9527" "WordPress/5.5.3; https://www.ensad.edu.pe"
181.177.224.247 - - [05/May/2026:08:56:16 -0500] "GET /institucional/oportunidades-laborales/ HTTP/1.1" 200 49507 "https://www.google.com/" "Mozilla/5.0 (Windows NT 10.0; Win64; x64) AppleWebKit/537.36 (KHTML, like Gecko) Chrome/147.0.0.0 Safari/537.36"
181.177.224.247 - - [05/May/2026:08:56:20 -0500] "GET /wp-content/themes/Divi/core/admin/fonts/modules.ttf HTTP/1.1" 304 - "https://www.ensad.edu.pe/wp-content/themes/Divi/style.css?ver=5.5.3" "Mozilla/5.0 (Windows NT 10.0; Win64; x64) AppleWebKit/537.36 (KHTML, like Gecko) Chrome/147.0.0.0 Safari/537.36"
181.177.224.247 - - [05/May/2026:08:56:19 -0500] "GET /images/word-icon.png HTTP/1.1" 404 29912 "https://www.ensad.edu.pe/institucional/oportunidades-laborales/" "Mozilla/5.0 (Windows NT 10.0; Win64; x64) AppleWebKit/537.36 (KHTML, like Gecko) Chrome/147.0.0.0 Safari/537.36"
181.177.224.247 - - [05/May/2026:08:56:19 -0500] "GET /images/ensad-convocatoria-seleccion-docentes-2019.jpg HTTP/1.1" 404 29912 "https://www.ensad.edu.pe/institucional/oportunidades-laborales/" "Mozilla/5.0 (Windows NT 10.0; Win64; x64) AppleWebKit/537.36 (KHTML, like Gecko) Chrome/147.0.0.0 Safari/537.36"
181.177.224.247 - - [05/May/2026:08:56:20 -0500] "GET /images/ensad-convocatoria-seleccion-docentes-2018-ok.jpg HTTP/1.1" 404 29912 "https://www.ensad.edu.pe/institucional/oportunidades-laborales/" "Mozilla/5.0 (Windows NT 10.0; Win64; x64) AppleWebKit/537.36 (KHTML, like Gecko) Chrome/147.0.0.0 Safari/537.36"
167.86.88.122 - - [05/May/2026:08:56:23 -0500] "POST /wp-cron.php?doing_wp_cron=1777989383.0377290248870849609375 HTTP/1.1" 200 20 "https://www.ensad.edu.pe/wp-cron.php?doing_wp_cron=1777989383.0377290248870849609375" "WordPress/5.5.3; https://www.ensad.edu.pe"
181.177.224.247 - - [05/May/2026:08:56:20 -0500] "GET /images/excel-icon.png HTTP/1.1" 404 29912 "https://www.ensad.edu.pe/institucional/oportunidades-laborales/" "Mozilla/5.0 (Windows NT 10.0; Win64; x64) AppleWebKit/537.36 (KHTML, like Gecko) Chrome/147.0.0.0 Safari/537.36"
181.177.224.247 - - [05/May/2026:08:56:20 -0500] "GET /images/excel.png HTTP/1.1" 404 29912 "https://www.ensad.edu.pe/institucional/oportunidades-laborales/" "Mozilla/5.0 (Windows NT 10.0; Win64; x64) AppleWebKit/537.36 (KHTML, like Gecko) Chrome/147.0.0.0 Safari/537.36"
181.177.224.247 - - [05/May/2026:08:56:22 -0500] "GET /images/word-icon.png HTTP/1.1" 404 29912 "https://www.ensad.edu.pe/institucional/oportunidades-laborales/" "Mozilla/5.0 (Windows NT 10.0; Win64; x64) AppleWebKit/537.36 (KHTML, like Gecko) Chrome/147.0.0.0 Safari/537.36"
220.181.108.157 - - [05/May/2026:08:56:26 -0500] "GET /wp-json/oembed/1.0/embed?url=https%3A%2F%2Fwww.ensad.edu.pe%2Festudioteatro%2Festudio-teatro-no-6%2Fmario-zanatta%2F&format=xml HTTP/1.1" 200 1175 "-" "Mozilla/5.0 (compatible; Baiduspider/2.0; +http://www.baidu.com/search/spider.html)"
167.86.88.122 - - [05/May/2026:08:56:40 -0500] "POST /wp-cron.php?doing_wp_cron=1777989400.8940649032592773437500 HTTP/1.1" 200 20 "https://www.ensad.edu.pe/wp-cron.php?doing_wp_cron=1777989400.8940649032592773437500" "WordPress/5.5.3; https://www.ensad.edu.pe"
168.119.246.194 - - [05/May/2026:08:56:39 -0500] "GET / HTTP/1.1" 200 38422 "-" "Better Uptime Bot Mozilla/5.0 (Windows NT 10.0; Win64; x64) AppleWebKit/537.36 (KHTML, like Gecko) Chrome/74.0.3729.169 Safari/537.36"
157.143.84.87 - - [05/May/2026:08:56:40 -0500] "GET / HTTP/1.1" 200 24242 "-" "Mozilla/5.0 (Linux; Android 6.0; Nexus 5 Build/MRA58N) AppleWebKit/537.36 (KHTML, like Gecko) Chrome/130.0.0.0 Mobile Safari/537.36"
51.68.247.208 - - [05/May/2026:08:56:44 -0500] "GET /wp-content/ HTTP/1.1" 200 20 "-" "Mozilla/5.0 (compatible; AhrefsBot/7.0; +http://ahrefs.com/robot/)"
103.59.160.219 - - [05/May/2026:08:56:46 -0500] "POST /xmlrpc.php HTTP/1.1" 503 7118 "-" "python-httpx/0.22.0"
167.86.88.122 - - [05/May/2026:08:56:47 -0500] "POST /?wordfence_syncAttackData=1777989407.6059 HTTP/1.1" 200 20 "https://www.ensad.edu.pe/?wordfence_syncAttackData=1777989407.6059" "WordPress/5.5.3; https://www.ensad.edu.pe"
5.39.109.172 - - [05/May/2026:08:56:47 -0500] "GET /https-spbre-pedagogias-poeticas-javier-suarez/ HTTP/1.1" 200 33627 "-" "Mozilla/5.0 (compatible; AhrefsBot/7.0; +http://ahrefs.com/robot/)"
167.86.88.122 - - [05/May/2026:08:56:53 -0500] "POST /wp-cron.php?doing_wp_cron=1777989413.3477969169616699218750 HTTP/1.1" 200 20 "https://www.ensad.edu.pe/wp-cron.php?doing_wp_cron=1777989413.3477969169616699218750" "WordPress/5.5.3; https://www.ensad.edu.pe"
181.224.228.186 - - [05/May/2026:08:56:53 -0500] "GET /serv-academicos/admision/ HTTP/1.1" 200 42480 "https://www.google.com/" "Mozilla/5.0 (iPhone; CPU iPhone OS 18_4 like Mac OS X) AppleWebKit/605.1.15 (KHTML, like Gecko) Version/18.4 Mobile/15E148 Safari/604.1"
181.224.228.186 - - [05/May/2026:08:56:55 -0500] "GET /wp-content/plugins/popups-for-divi/styles/front.min.css?ver=3.0.5 HTTP/1.1" 200 1641 "https://www.ensad.edu.pe/serv-academicos/admision/" "Mozilla/5.0 (iPhone; CPU iPhone OS 18_4 like Mac OS X) AppleWebKit/605.1.15 (KHTML, like Gecko) Version/18.4 Mobile/15E148 Safari/604.1"
181.224.228.186 - - [05/May/2026:08:56:55 -0500] "GET /wp-includes/css/dist/block-library/style.min.css?ver=5.5.3 HTTP/1.1" 200 7907 "https://www.ensad.edu.pe/serv-academicos/admision/" "Mozilla/5.0 (iPhone; CPU iPhone OS 18_4 like Mac OS X) AppleWebKit/605.1.15 (KHTML, like Gecko) Version/18.4 Mobile/15E148 Safari/604.1"
179.7.92.14 - - [05/May/2026:08:56:55 -0500] "GET /wp-content/plugins/wpdatatables/integrations/starter/page-builders/divi-wpdt/styles/divi-wpdt.css?ver=7.3.5 HTTP/1.1" 200 225 "https://www.ensad.edu.pe/serv-academicos/admision/" "Mozilla/5.0 (iPhone; CPU iPhone OS 18_4 like Mac OS X) AppleWebKit/605.1.15 (KHTML, like Gecko) Version/18.4 Mobile/15E148 Safari/604.1"
179.7.92.14 - - [05/May/2026:08:56:55 -0500] "GET /wp-content/plugins/superb-social-share-and-follow-buttons//assets/css/frontend.css?ver=101.0.0 HTTP/1.1" 200 2157 "https://www.ensad.edu.pe/serv-academicos/admision/" "Mozilla/5.0 (iPhone; CPU iPhone OS 18_4 like Mac OS X) AppleWebKit/605.1.15 (KHTML, like Gecko) Version/18.4 Mobile/15E148 Safari/604.1"
179.7.92.14 - - [05/May/2026:08:56:55 -0500] "GET /wp-content/plugins/formidable/css/formidableforms.css?ver=5181606 HTTP/1.1" 200 8581 "https://www.ensad.edu.pe/serv-academicos/admision/" "Mozilla/5.0 (iPhone; CPU iPhone OS 18_4 like Mac OS X) AppleWebKit/605.1.15 (KHTML, like Gecko) Version/18.4 Mobile/15E148 Safari/604.1"
179.7.92.14 - - [05/May/2026:08:56:55 -0500] "GET /wp-content/plugins/gtranslate/gtranslate-style24.css?ver=5.5.3 HTTP/1.1" 200 299 "https://www.ensad.edu.pe/serv-academicos/admision/" "Mozilla/5.0 (iPhone; CPU iPhone OS 18_4 like Mac OS X) AppleWebKit/605.1.15 (KHTML, like Gecko) Version/18.4 Mobile/15E148 Safari/604.1"
181.224.228.186 - - [05/May/2026:08:56:55 -0500] "GET /wp-content/plugins/wow-divi-carousel/assets/css/module-core.css?ver=5.5.3 HTTP/1.1" 200 3834 "https://www.ensad.edu.pe/serv-academicos/admision/" "Mozilla/5.0 (iPhone; CPU iPhone OS 18_4 like Mac OS X) AppleWebKit/605.1.15 (KHTML, like Gecko) Version/18.4 Mobile/15E148 Safari/604.1"
179.7.92.14 - - [05/May/2026:08:56:55 -0500] "GET /wp-content/plugins/wow-divi-carousel/assets/vendor/slick/slick.css?ver=1.4.2 HTTP/1.1" 200 569 "https://www.ensad.edu.pe/serv-academicos/admision/" "Mozilla/5.0 (iPhone; CPU iPhone OS 18_4 like Mac OS X) AppleWebKit/605.1.15 (KHTML, like Gecko) Version/18.4 Mobile/15E148 Safari/604.1"
179.7.92.14 - - [05/May/2026:08:56:55 -0500] "GET /wp-content/plugins/wow-divi-carousel/assets/vendor/slick/slick-theme.css?ver=1.4.2 HTTP/1.1" 200 866 "https://www.ensad.edu.pe/serv-academicos/admision/" "Mozilla/5.0 (iPhone; CPU iPhone OS 18_4 like Mac OS X) AppleWebKit/605.1.15 (KHTML, like Gecko) Version/18.4 Mobile/15E148 Safari/604.1"
179.7.92.14 - - [05/May/2026:08:56:55 -0500] "GET /wp-content/themes/Divi-Child-Theme/style.css?ver=4.7.3 HTTP/1.1" 200 297 "https://www.ensad.edu.pe/serv-academicos/admision/" "Mozilla/5.0 (iPhone; CPU iPhone OS 18_4 like Mac OS X) AppleWebKit/605.1.15 (KHTML, like Gecko) Version/18.4 Mobile/15E148 Safari/604.1"
179.7.92.14 - - [05/May/2026:08:56:55 -0500] "GET /wp-content/themes/Divi/style.css?ver=5.5.3 HTTP/1.1" 200 81311 "https://www.ensad.edu.pe/serv-academicos/admision/" "Mozilla/5.0 (iPhone; CPU iPhone OS 18_4 like Mac OS X) AppleWebKit/605.1.15 (KHTML, like Gecko) Version/18.4 Mobile/15E148 Safari/604.1"
181.224.228.186 - - [05/May/2026:08:56:55 -0500] "GET /wp-content/plugins/dflip/assets/css/themify-icons.min.css?ver=1.6.6 HTTP/1.1" 200 2814 "https://www.ensad.edu.pe/serv-academicos/admision/" "Mozilla/5.0 (iPhone; CPU iPhone OS 18_4 like Mac OS X) AppleWebKit/605.1.15 (KHTML, like Gecko) Version/18.4 Mobile/15E148 Safari/604.1"
179.7.92.14 - - [05/May/2026:08:56:55 -0500] "GET /wp-content/plugins/dflip/assets/css/dflip.min.css?ver=1.6.6 HTTP/1.1" 200 5343 "https://www.ensad.edu.pe/serv-academicos/admision/" "Mozilla/5.0 (iPhone; CPU iPhone OS 18_4 like Mac OS X) AppleWebKit/605.1.15 (KHTML, like Gecko) Version/18.4 Mobile/15E148 Safari/604.1"
179.7.92.14 - - [05/May/2026:08:56:55 -0500] "GET /wp-content/plugins/eventON/assets/fonts/all.css?ver=3.0.2 HTTP/1.1" 200 13456 "https://www.ensad.edu.pe/serv-academicos/admision/" "Mozilla/5.0 (iPhone; CPU iPhone OS 18_4 like Mac OS X) AppleWebKit/605.1.15 (KHTML, like Gecko) Version/18.4 Mobile/15E148 Safari/604.1"
179.7.92.14 - - [05/May/2026:08:56:55 -0500] "GET /wp-content/plugins/eventON/assets/css/eventon_styles.css?ver=3.0.2 HTTP/1.1" 200 21261 "https://www.ensad.edu.pe/serv-academicos/admision/" "Mozilla/5.0 (iPhone; CPU iPhone OS 18_4 like Mac OS X) AppleWebKit/605.1.15 (KHTML, like Gecko) Version/18.4 Mobile/15E148 Safari/604.1"
181.224.228.186 - - [05/May/2026:08:56:55 -0500] "GET /wp-content/plugins/eventON/assets/css/eventon_dynamic_styles.css?ver=3.0.2 HTTP/1.1" 200 2255 "https://www.ensad.edu.pe/serv-academicos/admision/" "Mozilla/5.0 (iPhone; CPU iPhone OS 18_4 like Mac OS X) AppleWebKit/605.1.15 (KHTML, like Gecko) Version/18.4 Mobile/15E148 Safari/604.1"
181.224.228.186 - - [05/May/2026:08:56:55 -0500] "GET /wp-content/plugins/wow-divi-carousel/styles/style.min.css?ver=1.0.0 HTTP/1.1" 200 4449 "https://www.ensad.edu.pe/serv-academicos/admision/" "Mozilla/5.0 (iPhone; CPU iPhone OS 18_4 like Mac OS X) AppleWebKit/605.1.15 (KHTML, like Gecko) Version/18.4 Mobile/15E148 Safari/604.1"
179.7.92.14 - - [05/May/2026:08:56:55 -0500] "GET /wp-content/plugins/supreme-modules-pro-for-divi/styles/style.min.css?ver=3.9.92 HTTP/1.1" 200 29914 "https://www.ensad.edu.pe/serv-academicos/admision/" "Mozilla/5.0 (iPhone; CPU iPhone OS 18_4 like Mac OS X) AppleWebKit/605.1.15 (KHTML, like Gecko) Version/18.4 Mobile/15E148 Safari/604.1"
179.7.92.14 - - [05/May/2026:08:56:56 -0500] "GET /wp-content/plugins/wpdatatables/integrations/starter/page-builders/divi-wpdt/styles/style.min.css?ver=1.0.0 HTTP/1.1" 200 1797 "https://www.ensad.edu.pe/serv-academicos/admision/" "Mozilla/5.0 (iPhone; CPU iPhone OS 18_4 like Mac OS X) AppleWebKit/605.1.15 (KHTML, like Gecko) Version/18.4 Mobile/15E148 Safari/604.1"
179.7.92.14 - - [05/May/2026:08:56:56 -0500] "GET /wp-content/uploads/pum/pum-site-styles.css?generated=1747710144&ver=1.15.0 HTTP/1.1" 200 3468 "https://www.ensad.edu.pe/serv-academicos/admision/" "Mozilla/5.0 (iPhone; CPU iPhone OS 18_4 like Mac OS X) AppleWebKit/605.1.15 (KHTML, like Gecko) Version/18.4 Mobile/15E148 Safari/604.1"
179.7.92.14 - - [05/May/2026:08:56:56 -0500] "GET /wp-includes/css/dashicons.min.css?ver=5.5.3 HTTP/1.1" 200 35722 "https://www.ensad.edu.pe/serv-academicos/admision/" "Mozilla/5.0 (iPhone; CPU iPhone OS 18_4 like Mac OS X) AppleWebKit/605.1.15 (KHTML, like Gecko) Version/18.4 Mobile/15E148 Safari/604.1"
179.7.92.14 - - [05/May/2026:08:56:56 -0500] "GET /wp-content/plugins/popups-for-divi/scripts/front.min.js?ver=3.0.5 HTTP/1.1" 200 21335 "https://www.ensad.edu.pe/serv-academicos/admision/" "Mozilla/5.0 (iPhone; CPU iPhone OS 18_4 like Mac OS X) AppleWebKit/605.1.15 (KHTML, like Gecko) Version/18.4 Mobile/15E148 Safari/604.1"
179.7.92.14 - - [05/May/2026:08:56:56 -0500] "GET /wp-content/plugins/eventON/assets/js/lib/jquery.mousewheel.min.js?ver=3.0.2 HTTP/1.1" 200 716 "https://www.ensad.edu.pe/serv-academicos/admision/" "Mozilla/5.0 (iPhone; CPU iPhone OS 18_4 like Mac OS X) AppleWebKit/605.1.15 (KHTML, like Gecko) Version/18.4 Mobile/15E148 Safari/604.1"
179.7.92.14 - - [05/May/2026:08:56:56 -0500] "GET /wp-content/uploads/pum/pum-site-scripts.js?defer&generated=1747710144&ver=1.15.0 HTTP/1.1" 200 17645 "https://www.ensad.edu.pe/serv-academicos/admision/" "Mozilla/5.0 (iPhone; CPU iPhone OS 18_4 like Mac OS X) AppleWebKit/605.1.15 (KHTML, like Gecko) Version/18.4 Mobile/15E148 Safari/604.1"
179.7.92.14 - - [05/May/2026:08:56:56 -0500] "GET /wp-content/plugins/eventON/assets/js/eventon_script.js?ver=3.0.2 HTTP/1.1" 200 13449 "https://www.ensad.edu.pe/serv-academicos/admision/" "Mozilla/5.0 (iPhone; CPU iPhone OS 18_4 like Mac OS X) AppleWebKit/605.1.15 (KHTML, like Gecko) Version/18.4 Mobile/15E148 Safari/604.1"
179.7.92.14 - - [05/May/2026:08:56:56 -0500] "GET /wp-content/plugins/popup-maker/assets/js/vendor/mobile-detect.min.js?ver=1.3.3 HTTP/1.1" 200 16296 "https://www.ensad.edu.pe/serv-academicos/admision/" "Mozilla/5.0 (iPhone; CPU iPhone OS 18_4 like Mac OS X) AppleWebKit/605.1.15 (KHTML, like Gecko) Version/18.4 Mobile/15E148 Safari/604.1"
179.7.92.14 - - [05/May/2026:08:56:56 -0500] "GET /wp-includes/js/jquery/jquery.js?ver=1.12.4-wp HTTP/1.1" 200 33776 "https://www.ensad.edu.pe/serv-academicos/admision/" "Mozilla/5.0 (iPhone; CPU iPhone OS 18_4 like Mac OS X) AppleWebKit/605.1.15 (KHTML, like Gecko) Version/18.4 Mobile/15E148 Safari/604.1"
179.7.92.14 - - [05/May/2026:08:56:56 -0500] "GET /wp-content/themes/Divi/js/custom.unified.js?ver=4.7.3 HTTP/1.1" 200 135984 "https://www.ensad.edu.pe/serv-academicos/admision/" "Mozilla/5.0 (iPhone; CPU iPhone OS 18_4 like Mac OS X) AppleWebKit/605.1.15 (KHTML, like Gecko) Version/18.4 Mobile/15E148 Safari/604.1"
179.7.92.14 - - [05/May/2026:08:56:56 -0500] "GET /wp-content/plugins/eventON/assets/js/lib/jquery.mobile.min.js?ver=3.0.2 HTTP/1.1" 200 2743 "https://www.ensad.edu.pe/serv-academicos/admision/" "Mozilla/5.0 (iPhone; CPU iPhone OS 18_4 like Mac OS X) AppleWebKit/605.1.15 (KHTML, like Gecko) Version/18.4 Mobile/15E148 Safari/604.1"
179.7.92.14 - - [05/May/2026:08:56:56 -0500] "GET /wp-content/plugins/supreme-modules-pro-for-divi/scripts/frontend-bundle.min.js?ver=3.9.92 HTTP/1.1" 200 619 "https://www.ensad.edu.pe/serv-academicos/admision/" "Mozilla/5.0 (iPhone; CPU iPhone OS 18_4 like Mac OS X) AppleWebKit/605.1.15 (KHTML, like Gecko) Version/18.4 Mobile/15E148 Safari/604.1"
179.7.92.14 - - [05/May/2026:08:56:56 -0500] "GET /wp-content/themes/Divi/core/admin/js/common.js?ver=4.7.3 HTTP/1.1" 200 577 "https://www.ensad.edu.pe/serv-academicos/admision/" "Mozilla/5.0 (iPhone; CPU iPhone OS 18_4 like Mac OS X) AppleWebKit/605.1.15 (KHTML, like Gecko) Version/18.4 Mobile/15E148 Safari/604.1"
179.7.92.14 - - [05/May/2026:08:56:56 -0500] "GET /wp-content/plugins/wow-divi-carousel/assets/vendor/slick/slick.min.js?ver=1.4.2 HTTP/1.1" 200 10519 "https://www.ensad.edu.pe/serv-academicos/admision/" "Mozilla/5.0 (iPhone; CPU iPhone OS 18_4 like Mac OS X) AppleWebKit/605.1.15 (KHTML, like Gecko) Version/18.4 Mobile/15E148 Safari/604.1"
179.7.92.14 - - [05/May/2026:08:56:57 -0500] "GET /wp-content/plugins/eventON/assets/js/eventon_functions.js?ver=3.0.2 HTTP/1.1" 200 3768 "https://www.ensad.edu.pe/serv-academicos/admision/" "Mozilla/5.0 (iPhone; CPU iPhone OS 18_4 like Mac OS X) AppleWebKit/605.1.15 (KHTML, like Gecko) Version/18.4 Mobile/15E148 Safari/604.1"
179.7.92.14 - - [05/May/2026:08:56:57 -0500] "GET /wp-content/plugins/eventON/assets/js/lib/jquery.easing.1.3.js?ver=1.0 HTTP/1.1" 200 1986 "https://www.ensad.edu.pe/serv-academicos/admision/" "Mozilla/5.0 (iPhone; CPU iPhone OS 18_4 like Mac OS X) AppleWebKit/605.1.15 (KHTML, like Gecko) Version/18.4 Mobile/15E148 Safari/604.1"
179.7.92.14 - - [05/May/2026:08:56:57 -0500] "GET /wp-content/plugins/eventON/assets/js/lib/handlebars.js?ver=3.0.2 HTTP/1.1" 200 38247 "https://www.ensad.edu.pe/serv-academicos/admision/" "Mozilla/5.0 (iPhone; CPU iPhone OS 18_4 like Mac OS X) AppleWebKit/605.1.15 (KHTML, like Gecko) Version/18.4 Mobile/15E148 Safari/604.1"
179.7.92.14 - - [05/May/2026:08:56:57 -0500] "GET /wp-content/plugins/wow-divi-carousel/scripts/frontend-bundle.min.js?ver=1.0.0 HTTP/1.1" 200 1694 "https://www.ensad.edu.pe/serv-academicos/admision/" "Mozilla/5.0 (iPhone; CPU iPhone OS 18_4 like Mac OS X) AppleWebKit/605.1.15 (KHTML, like Gecko) Version/18.4 Mobile/15E148 Safari/604.1"
181.224.228.186 - - [05/May/2026:08:56:57 -0500] "GET /wp-includes/js/wp-embed.min.js?ver=5.5.3 HTTP/1.1" 200 769 "https://www.ensad.edu.pe/serv-academicos/admision/" "Mozilla/5.0 (iPhone; CPU iPhone OS 18_4 like Mac OS X) AppleWebKit/605.1.15 (KHTML, like Gecko) Version/18.4 Mobile/15E148 Safari/604.1"
179.7.92.14 - - [05/May/2026:08:56:57 -0500] "GET /wp-content/plugins/eventON/assets/js/maps/eventon_gen_maps.js?ver=3.0.2 HTTP/1.1" 200 1907 "https://www.ensad.edu.pe/serv-academicos/admision/" "Mozilla/5.0 (iPhone; CPU iPhone OS 18_4 like Mac OS X) AppleWebKit/605.1.15 (KHTML, like Gecko) Version/18.4 Mobile/15E148 Safari/604.1"
179.7.92.14 - - [05/May/2026:08:56:57 -0500] "GET /wp-content/plugins/wpdatatables/integrations/starter/page-builders/divi-wpdt/scripts/frontend-bundle.min.js?ver=1.0.0 HTTP/1.1" 200 327 "https://www.ensad.edu.pe/serv-academicos/admision/" "Mozilla/5.0 (iPhone; CPU iPhone OS 18_4 like Mac OS X) AppleWebKit/605.1.15 (KHTML, like Gecko) Version/18.4 Mobile/15E148 Safari/604.1"
179.7.92.14 - - [05/May/2026:08:56:57 -0500] "GET /wp-content/plugins/eventON/assets/js/maps/eventon_init_gmap.js?ver=1.0 HTTP/1.1" 200 153 "https://www.ensad.edu.pe/serv-academicos/admision/" "Mozilla/5.0 (iPhone; CPU iPhone OS 18_4 like Mac OS X) AppleWebKit/605.1.15 (KHTML, like Gecko) Version/18.4 Mobile/15E148 Safari/604.1"
179.7.92.14 - - [05/May/2026:08:56:57 -0500] "GET /wp-content/themes/Divi/core/admin/js/es6-promise.auto.min.js?ver=4.7.3 HTTP/1.1" 200 2684 "https://www.ensad.edu.pe/serv-academicos/admision/" "Mozilla/5.0 (iPhone; CPU iPhone OS 18_4 like Mac OS X) AppleWebKit/605.1.15 (KHTML, like Gecko) Version/18.4 Mobile/15E148 Safari/604.1"
181.224.228.186 - - [05/May/2026:08:56:57 -0500] "GET /wp-includes/js/jquery/ui/core.min.js?ver=1.11.4 HTTP/1.1" 200 1813 "https://www.ensad.edu.pe/serv-academicos/admision/" "Mozilla/5.0 (iPhone; CPU iPhone OS 18_4 like Mac OS X) AppleWebKit/605.1.15 (KHTML, like Gecko) Version/18.4 Mobile/15E148 Safari/604.1"
179.7.92.14 - - [05/May/2026:08:56:57 -0500] "GET /wp-content/plugins/popups-for-divi/scripts/ie-compat.min.js?ver=3.0.5 HTTP/1.1" 200 3695 "https://www.ensad.edu.pe/serv-academicos/admision/" "Mozilla/5.0 (iPhone; CPU iPhone OS 18_4 like Mac OS X) AppleWebKit/605.1.15 (KHTML, like Gecko) Version/18.4 Mobile/15E148 Safari/604.1"
179.7.92.14 - - [05/May/2026:08:56:57 -0500] "GET /wp-content/plugins/wow-divi-carousel/assets/js/wow-divi-carousel.js?ver=1.4.2 HTTP/1.1" 200 45 "https://www.ensad.edu.pe/serv-academicos/admision/" "Mozilla/5.0 (iPhone; CPU iPhone OS 18_4 like Mac OS X) AppleWebKit/605.1.15 (KHTML, like Gecko) Version/18.4 Mobile/15E148 Safari/604.1"
179.7.92.14 - - [05/May/2026:08:56:57 -0500] "GET /wp-content/themes/Divi/core/admin/js/recaptcha.js?ver=4.7.3 HTTP/1.1" 200 712 "https://www.ensad.edu.pe/serv-academicos/admision/" "Mozilla/5.0 (iPhone; CPU iPhone OS 18_4 like Mac OS X) AppleWebKit/605.1.15 (KHTML, like Gecko) Version/18.4 Mobile/15E148 Safari/604.1"
179.7.92.14 - - [05/May/2026:08:56:57 -0500] "GET /wp-content/plugins/dflip/assets/js/dflip.min.js?ver=1.6.6 HTTP/1.1" 200 40479 "https://www.ensad.edu.pe/serv-academicos/admision/" "Mozilla/5.0 (iPhone; CPU iPhone OS 18_4 like Mac OS X) AppleWebKit/605.1.15 (KHTML, like Gecko) Version/18.4 Mobile/15E148 Safari/604.1"
181.224.228.186 - - [05/May/2026:08:56:57 -0500] "GET /wp-content/plugins/eventON/assets/js/lib/moment.min.js?ver=3.0.2 HTTP/1.1" 200 17113 "https://www.ensad.edu.pe/serv-academicos/admision/" "Mozilla/5.0 (iPhone; CPU iPhone OS 18_4 like Mac OS X) AppleWebKit/605.1.15 (KHTML, like Gecko) Version/18.4 Mobile/15E148 Safari/604.1"
179.7.92.14 - - [05/May/2026:08:56:57 -0500] "GET /wp-includes/js/jquery/ui/position.min.js?ver=1.11.4 HTTP/1.1" 200 2507 "https://www.ensad.edu.pe/serv-academicos/admision/" "Mozilla/5.0 (iPhone; CPU iPhone OS 18_4 like Mac OS X) AppleWebKit/605.1.15 (KHTML, like Gecko) Version/18.4 Mobile/15E148 Safari/604.1"
179.7.92.14 - - [05/May/2026:08:56:58 -0500] "GET /wp-content/themes/Divi/core/admin/fonts/modules.ttf HTTP/1.1" 200 37445 "https://www.ensad.edu.pe/serv-academicos/admision/" "Mozilla/5.0 (iPhone; CPU iPhone OS 18_4 like Mac OS X) AppleWebKit/605.1.15 (KHTML, like Gecko) Version/18.4 Mobile/15E148 Safari/604.1"
179.7.92.14 - - [05/May/2026:08:56:58 -0500] "GET /wp-content/uploads/2025/11/admin2026.jpg HTTP/1.1" 200 80639 "https://www.ensad.edu.pe/serv-academicos/admision/" "Mozilla/5.0 (iPhone; CPU iPhone OS 18_4 like Mac OS X) AppleWebKit/605.1.15 (KHTML, like Gecko) Version/18.4 Mobile/15E148 Safari/604.1"
179.7.92.14 - - [05/May/2026:08:56:58 -0500] "GET /wp-content/uploads/2026/04/LOGOFINALENSAD-300x91-1.png HTTP/1.1" 200 14654 "https://www.ensad.edu.pe/serv-academicos/admision/" "Mozilla/5.0 (iPhone; CPU iPhone OS 18_4 like Mac OS X) AppleWebKit/605.1.15 (KHTML, like Gecko) Version/18.4 Mobile/15E148 Safari/604.1"
181.224.228.186 - - [05/May/2026:08:57:00 -0500] "GET /favicon.ico HTTP/1.1" 302 20 "https://www.ensad.edu.pe/serv-academicos/admision/" "Mozilla/5.0 (iPhone; CPU iPhone OS 18_4 like Mac OS X) AppleWebKit/605.1.15 (KHTML, like Gecko) Version/18.4 Mobile/15E148 Safari/604.1"
181.224.228.186 - - [05/May/2026:08:57:01 -0500] "GET /wp-content/uploads/2026/04/cropped-unae_favico-32x32.png HTTP/1.1" 200 272 "https://www.ensad.edu.pe/serv-academicos/admision/" "Mozilla/5.0 (iPhone; CPU iPhone OS 18_4 like Mac OS X) AppleWebKit/605.1.15 (KHTML, like Gecko) Version/18.4 Mobile/15E148 Safari/604.1"
181.224.228.186 - - [05/May/2026:08:57:09 -0500] "GET /institucional/ HTTP/1.1" 200 32090 "https://www.ensad.edu.pe/serv-academicos/admision/" "Mozilla/5.0 (iPhone; CPU iPhone OS 18_4 like Mac OS X) AppleWebKit/605.1.15 (KHTML, like Gecko) Version/18.4 Mobile/15E148 Safari/604.1"
181.224.228.186 - - [05/May/2026:08:57:10 -0500] "GET /wp-content/themes/Divi/core/admin/fonts/modules.ttf HTTP/1.1" 304 - "https://www.ensad.edu.pe/institucional/" "Mozilla/5.0 (iPhone; CPU iPhone OS 18_4 like Mac OS X) AppleWebKit/605.1.15 (KHTML, like Gecko) Version/18.4 Mobile/15E148 Safari/604.1"
37.59.204.129 - - [05/May/2026:08:57:09 -0500] "GET /presentacion-del-libro-artistas-investigadoras-es/ HTTP/1.1" 200 34695 "-" "Mozilla/5.0 (compatible; AhrefsBot/7.0; +http://ahrefs.com/robot/)"
181.224.228.186 - - [05/May/2026:08:57:10 -0500] "GET /wp-content/uploads/2026/04/Foto_06.jpg HTTP/1.1" 200 96136 "https://www.ensad.edu.pe/institucional/" "Mozilla/5.0 (iPhone; CPU iPhone OS 18_4 like Mac OS X) AppleWebKit/605.1.15 (KHTML, like Gecko) Version/18.4 Mobile/15E148 Safari/604.1"
181.224.228.186 - - [05/May/2026:08:57:10 -0500] "GET /wp-content/uploads/2026/04/Foto_05.jpg HTTP/1.1" 200 55343 "https://www.ensad.edu.pe/institucional/" "Mozilla/5.0 (iPhone; CPU iPhone OS 18_4 like Mac OS X) AppleWebKit/605.1.15 (KHTML, like Gecko) Version/18.4 Mobile/15E148 Safari/604.1"
103.59.160.219 - - [05/May/2026:08:57:12 -0500] "POST /xmlrpc.php HTTP/1.1" 503 7117 "-" "python-httpx/0.22.0"
181.224.228.186 - - [05/May/2026:08:57:13 -0500] "GET /wp-content/uploads/2026/04/ICONO-PDF-32X32-01.png HTTP/1.1" 200 2016 "https://www.ensad.edu.pe/institucional/" "Mozilla/5.0 (iPhone; CPU iPhone OS 18_4 like Mac OS X) AppleWebKit/605.1.15 (KHTML, like Gecko) Version/18.4 Mobile/15E148 Safari/604.1"
181.224.228.186 - - [05/May/2026:08:57:16 -0500] "GET /wp-content/uploads/2026/04/LOGO-ACCESO-A-LA-INFORMACION-PUBLICA-01.png HTTP/1.1" 200 19287 "https://www.ensad.edu.pe/institucional/" "Mozilla/5.0 (iPhone; CPU iPhone OS 18_4 like Mac OS X) AppleWebKit/605.1.15 (KHTML, like Gecko) Version/18.4 Mobile/15E148 Safari/604.1"
181.224.228.186 - - [05/May/2026:08:57:17 -0500] "GET /wp-content/uploads/2026/04/libro_unae0101.png HTTP/1.1" 200 54207 "https://www.ensad.edu.pe/institucional/" "Mozilla/5.0 (iPhone; CPU iPhone OS 18_4 like Mac OS X) AppleWebKit/605.1.15 (KHTML, like Gecko) Version/18.4 Mobile/15E148 Safari/604.1"
181.224.228.186 - - [05/May/2026:08:57:17 -0500] "GET /wp-content/uploads/2026/04/logo-portal-transparencia-1.png HTTP/1.1" 200 63169 "https://www.ensad.edu.pe/institucional/" "Mozilla/5.0 (iPhone; CPU iPhone OS 18_4 like Mac OS X) AppleWebKit/605.1.15 (KHTML, like Gecko) Version/18.4 Mobile/15E148 Safari/604.1"
181.224.228.186 - - [05/May/2026:08:57:17 -0500] "GET /wp-content/uploads/2026/04/minedu_logo_300px.png HTTP/1.1" 200 15114 "https://www.ensad.edu.pe/institucional/" "Mozilla/5.0 (iPhone; CPU iPhone OS 18_4 like Mac OS X) AppleWebKit/605.1.15 (KHTML, like Gecko) Version/18.4 Mobile/15E148 Safari/604.1"
103.59.160.219 - - [05/May/2026:08:57:29 -0500] "POST /xmlrpc.php HTTP/1.1" 503 7118 "-" "python-httpx/0.22.0"
167.86.88.122 - - [05/May/2026:08:57:43 -0500] "POST /wp-cron.php?doing_wp_cron=1777989463.3046879768371582031250 HTTP/1.1" 200 20 "https://www.ensad.edu.pe/wp-cron.php?doing_wp_cron=1777989463.3046879768371582031250" "WordPress/5.5.3; https://www.ensad.edu.pe"
167.86.88.122 - - [05/May/2026:08:57:43 -0500] "POST /?wordfence_syncAttackData=1777989463.1967 HTTP/1.1" 200 20 "https://www.ensad.edu.pe/?wordfence_syncAttackData=1777989463.1967" "WordPress/5.5.3; https://www.ensad.edu.pe"
217.181.79.39 - - [05/May/2026:08:57:44 -0500] "GET /wp-admin/ HTTP/1.1" 302 - "http://ensad.edu.pe/wp-login.php" "Mozilla/5.0 (Windows NT 10.0; Win64; x64; rv:138.0) Gecko/20100101 Firefox/138.0"
217.181.65.101 - - [05/May/2026:08:57:45 -0500] "GET /wp-login.php?redirect_to=https%3A%2F%2Fwww.ensad.edu.pe%2Fwp-admin%2F&reauth=1 HTTP/1.1" 200 9540 "https://www.ensad.edu.pe/wp-admin/" "Mozilla/5.0 (Windows NT 10.0; Win64; x64; rv:138.0) Gecko/20100101 Firefox/138.0"
217.181.89.33 - - [05/May/2026:08:57:46 -0500] "GET /wp-json/wp/v2/users/ HTTP/1.1" 401 108 "-" "Go-http-client/1.1"
103.59.160.219 - - [05/May/2026:08:57:47 -0500] "POST /xmlrpc.php HTTP/1.1" 503 7118 "-" "python-httpx/0.22.0"
217.181.65.103 - - [05/May/2026:08:57:47 -0500] "POST /wp-login.php HTTP/1.1" 503 18963 "https://www.ensad.edu.pe/wp-login.php" "Mozilla/5.0 (Windows NT 10.0; Win64; x64; rv:138.0) Gecko/20100101 Firefox/138.0"
51.68.247.218 - - [05/May/2026:08:57:49 -0500] "GET /elenco-profesional-ensad-presenta-el-cielo-se-pixelo/ HTTP/1.1" 200 37469 "-" "Mozilla/5.0 (compatible; AhrefsBot/7.0; +http://ahrefs.com/robot/)"
167.86.88.122 - - [05/May/2026:08:57:52 -0500] "POST /?wordfence_syncAttackData=1777989472.1459 HTTP/1.1" 200 20 "https://www.ensad.edu.pe/?wordfence_syncAttackData=1777989472.1459" "WordPress/5.5.3; https://www.ensad.edu.pe"
217.181.89.70 - - [05/May/2026:08:57:52 -0500] "POST /wp-login.php HTTP/1.1" 503 18963 "https://www.ensad.edu.pe/wp-login.php" "Mozilla/5.0 (Windows NT 10.0; Win64; x64; rv:138.0) Gecko/20100101 Firefox/138.0"
195.63.21.164 - - [05/May/2026:08:57:53 -0500] "POST /wp-login.php HTTP/1.1" 503 18943 "https://www.ensad.edu.pe/wp-login.php" "Mozilla/5.0 (Windows NT 10.0; Win64; x64; rv:138.0) Gecko/20100101 Firefox/138.0"
195.63.25.3 - - [05/May/2026:08:57:54 -0500] "POST /wp-login.php HTTP/1.1" 503 18963 "https://www.ensad.edu.pe/wp-login.php" "Mozilla/5.0 (Windows NT 10.0; Win64; x64; rv:138.0) Gecko/20100101 Firefox/138.0"
217.181.81.2 - - [05/May/2026:08:57:55 -0500] "POST /wp-login.php HTTP/1.1" 503 18963 "https://www.ensad.edu.pe/wp-login.php" "Mozilla/5.0 (Windows NT 10.0; Win64; x64; rv:138.0) Gecko/20100101 Firefox/138.0"
103.59.160.219 - - [05/May/2026:08:57:59 -0500] "POST /xmlrpc.php HTTP/1.1" 503 7117 "-" "python-httpx/0.22.0"
31.13.115.11 - - [05/May/2026:08:57:59 -0500] "GET /serv-academicos/reincorporacion-2026/ HTTP/1.1" 200 236822 "-" "facebookexternalhit/1.1 (+http://www.facebook.com/externalhit_uatext.php)"
31.13.115.8 - - [05/May/2026:08:57:59 -0500] "GET /serv-academicos/reincorporacion-2026/ HTTP/1.1" 200 236822 "-" "facebookexternalhit/1.1 (+http://www.facebook.com/externalhit_uatext.php)"
31.13.115.8 - - [05/May/2026:08:58:00 -0500] "GET /serv-academicos/becas-por-vulnerabilidad-2026-i/ HTTP/1.1" 200 228363 "-" "facebookexternalhit/1.1 (+http://www.facebook.com/externalhit_uatext.php)"
103.59.160.219 - - [05/May/2026:08:58:10 -0500] "POST /xmlrpc.php HTTP/1.1" 503 7117 "-" "python-httpx/0.22.0"
167.86.88.122 - - [05/May/2026:08:58:14 -0500] "POST /wp-cron.php?doing_wp_cron=1777989494.5081300735473632812500 HTTP/1.1" 200 20 "https://www.ensad.edu.pe/wp-cron.php?doing_wp_cron=1777989494.5081300735473632812500" "WordPress/5.5.3; https://www.ensad.edu.pe"
167.86.88.122 - - [05/May/2026:08:58:14 -0500] "POST /?wordfence_syncAttackData=1777989494.3845 HTTP/1.1" 200 20 "https://www.ensad.edu.pe/?wordfence_syncAttackData=1777989494.3845" "WordPress/5.5.3; https://www.ensad.edu.pe"
51.68.247.196 - - [05/May/2026:08:58:14 -0500] "GET /https-www-ensad-edu-pe-bienestar-tiempos-pandemia-emily-rodriguez/ HTTP/1.1" 200 33681 "-" "Mozilla/5.0 (compatible; AhrefsBot/7.0; +http://ahrefs.com/robot/)"
18.97.9.101 - - [05/May/2026:08:58:23 -0500] "GET /wp-content/uploads/2024/01/FE_Art_InvestigadoresIV.pdf HTTP/1.1" 200 17933164 "-" "Mozilla/5.0 AppleWebKit/537.36 (KHTML, like Gecko; compatible; PerplexityBot/1.0; +https://perplexity.ai/perplexitybot)"
91.92.243.236 - - [05/May/2026:08:58:25 -0500] "POST /wp-login.php HTTP/1.1" 503 18034 "-" "Mozilla/5.0"
91.92.243.236 - - [05/May/2026:08:58:25 -0500] "POST /wp-login.php HTTP/1.1" 503 18034 "-" "Mozilla/5.0"
167.86.88.122 - - [05/May/2026:08:58:28 -0500] "POST /wp-cron.php?doing_wp_cron=1777989508.5728869438171386718750 HTTP/1.1" 200 20 "https://www.ensad.edu.pe/wp-cron.php?doing_wp_cron=1777989508.5728869438171386718750" "WordPress/5.5.3; https://www.ensad.edu.pe"
167.86.88.122 - - [05/May/2026:08:58:28 -0500] "POST /?wordfence_syncAttackData=1777989508.4782 HTTP/1.1" 200 20 "https://www.ensad.edu.pe/?wordfence_syncAttackData=1777989508.4782" "WordPress/5.5.3; https://www.ensad.edu.pe"
57.141.20.62 - - [05/May/2026:08:58:28 -0500] "GET /category/dialogo-abierto/ HTTP/1.1" 200 195621 "-" "meta-externalagent/1.1 (+https://developers.facebook.com/docs/sharing/webmasters/crawler)"
103.59.160.219 - - [05/May/2026:08:58:29 -0500] "POST /xmlrpc.php HTTP/1.1" 503 7117 "-" "python-httpx/0.22.0"
103.59.160.219 - - [05/May/2026:08:58:42 -0500] "POST /xmlrpc.php HTTP/1.1" 503 7117 "-" "python-httpx/0.22.0"
167.86.88.122 - - [05/May/2026:08:58:47 -0500] "POST /wp-cron.php?doing_wp_cron=1777989527.3979370594024658203125 HTTP/1.1" 200 20 "https://www.ensad.edu.pe/wp-cron.php?doing_wp_cron=1777989527.3979370594024658203125" "WordPress/5.5.3; https://www.ensad.edu.pe"
167.86.88.122 - - [05/May/2026:08:58:47 -0500] "POST /?wordfence_syncAttackData=1777989527.291 HTTP/1.1" 200 20 "https://www.ensad.edu.pe/?wordfence_syncAttackData=1777989527.291" "WordPress/5.5.3; https://www.ensad.edu.pe"
5.39.1.254 - - [05/May/2026:08:58:47 -0500] "GET /httpscreacion-colectiva-dramaturgia-sandro-la-torre/ HTTP/1.1" 200 34179 "-" "Mozilla/5.0 (compatible; AhrefsBot/7.0; +http://ahrefs.com/robot/)"
38.43.132.234 - - [05/May/2026:08:58:51 -0500] "GET /inicioo/ HTTP/1.1" 200 38719 "https://www.google.com/" "Mozilla/5.0 (Windows NT 10.0; Win64; x64) AppleWebKit/537.36 (KHTML, like Gecko) Chrome/147.0.0.0 Safari/537.36"
103.59.160.219 - - [05/May/2026:08:58:54 -0500] "POST /xmlrpc.php HTTP/1.1" 503 7117 "-" "python-httpx/0.22.0"
38.43.132.234 - - [05/May/2026:08:59:00 -0500] "GET /wp-content/plugins/wow-divi-carousel/assets/imgs/loading.png HTTP/1.1" 200 325 "https://www.ensad.edu.pe/wp-content/plugins/wow-divi-carousel/assets/css/module-core.css?ver=5.5.3" "Mozilla/5.0 (Windows NT 10.0; Win64; x64) AppleWebKit/537.36 (KHTML, like Gecko) Chrome/147.0.0.0 Safari/537.36"
38.43.132.234 - - [05/May/2026:08:59:02 -0500] "GET /wp-content/themes/Divi/core/admin/fonts/modules.ttf HTTP/1.1" 304 - "https://www.ensad.edu.pe/wp-content/themes/Divi/style.css?ver=5.5.3" "Mozilla/5.0 (Windows NT 10.0; Win64; x64) AppleWebKit/537.36 (KHTML, like Gecko) Chrome/147.0.0.0 Safari/537.36"
167.86.88.122 - - [05/May/2026:08:59:02 -0500] "POST /wp-cron.php?doing_wp_cron=1777989542.1865348815917968750000 HTTP/1.1" 200 20 "https://www.ensad.edu.pe/wp-cron.php?doing_wp_cron=1777989542.1865348815917968750000" "WordPress/5.5.3; https://www.ensad.edu.pe"
167.86.88.122 - - [05/May/2026:08:59:01 -0500] "POST /?wordfence_syncAttackData=1777989541.8988 HTTP/1.1" 200 20 "https://www.ensad.edu.pe/?wordfence_syncAttackData=1777989541.8988" "WordPress/5.5.3; https://www.ensad.edu.pe"
38.43.132.234 - - [05/May/2026:08:59:01 -0500] "GET /wp-content/uploads/2020/11/S-14-1.png HTTP/1.1" 404 29934 "https://www.ensad.edu.pe/inicioo/" "Mozilla/5.0 (Windows NT 10.0; Win64; x64) AppleWebKit/537.36 (KHTML, like Gecko) Chrome/147.0.0.0 Safari/537.36"
38.43.132.234 - - [05/May/2026:08:59:01 -0500] "GET /wp-content/uploads/2020/11/E-12-1.png HTTP/1.1" 404 29934 "https://www.ensad.edu.pe/inicioo/" "Mozilla/5.0 (Windows NT 10.0; Win64; x64) AppleWebKit/537.36 (KHTML, like Gecko) Chrome/147.0.0.0 Safari/537.36"
38.43.132.234 - - [05/May/2026:08:59:01 -0500] "GET /wp-content/uploads/2020/11/N-13-1.png HTTP/1.1" 404 29934 "https://www.ensad.edu.pe/inicioo/" "Mozilla/5.0 (Windows NT 10.0; Win64; x64) AppleWebKit/537.36 (KHTML, like Gecko) Chrome/147.0.0.0 Safari/537.36"
38.43.132.234 - - [05/May/2026:08:59:02 -0500] "GET /wp-content/uploads/2020/11/D-16-1.png HTTP/1.1" 404 29934 "https://www.ensad.edu.pe/inicioo/" "Mozilla/5.0 (Windows NT 10.0; Win64; x64) AppleWebKit/537.36 (KHTML, like Gecko) Chrome/147.0.0.0 Safari/537.36"
38.43.132.234 - - [05/May/2026:08:59:01 -0500] "GET /wp-content/uploads/2020/11/WhatsApp-Image-2020-11-21-at-1.19.01-PM.jpeg HTTP/1.1" 404 29934 "https://www.ensad.edu.pe/inicioo/" "Mozilla/5.0 (Windows NT 10.0; Win64; x64) AppleWebKit/537.36 (KHTML, like Gecko) Chrome/147.0.0.0 Safari/537.36"
38.43.132.234 - - [05/May/2026:08:59:05 -0500] "GET /wp-content/uploads/2023/02/ed_art_portada.jpg HTTP/1.1" 200 101360 "https://www.ensad.edu.pe/inicioo/" "Mozilla/5.0 (Windows NT 10.0; Win64; x64) AppleWebKit/537.36 (KHTML, like Gecko) Chrome/147.0.0.0 Safari/537.36"
38.43.132.234 - - [05/May/2026:08:59:05 -0500] "GET /wp-content/uploads/2021/07/Alondra-300x215.jpg HTTP/1.1" 200 18423 "https://www.ensad.edu.pe/inicioo/" "Mozilla/5.0 (Windows NT 10.0; Win64; x64) AppleWebKit/537.36 (KHTML, like Gecko) Chrome/147.0.0.0 Safari/537.36"
38.43.132.234 - - [05/May/2026:08:59:02 -0500] "GET /wp-content/uploads/2020/11/A-15-1.png HTTP/1.1" 404 29934 "https://www.ensad.edu.pe/inicioo/" "Mozilla/5.0 (Windows NT 10.0; Win64; x64) AppleWebKit/537.36 (KHTML, like Gecko) Chrome/147.0.0.0 Safari/537.36"
38.43.132.234 - - [05/May/2026:08:59:05 -0500] "GET /wp-content/uploads/2021/07/art3-300x219.jpg HTTP/1.1" 200 20380 "https://www.ensad.edu.pe/inicioo/" "Mozilla/5.0 (Windows NT 10.0; Win64; x64) AppleWebKit/537.36 (KHTML, like Gecko) Chrome/147.0.0.0 Safari/537.36"
38.43.132.234 - - [05/May/2026:08:59:05 -0500] "GET /wp-content/uploads/2023/02/diseno_portada.jpg HTTP/1.1" 200 235060 "https://www.ensad.edu.pe/inicioo/" "Mozilla/5.0 (Windows NT 10.0; Win64; x64) AppleWebKit/537.36 (KHTML, like Gecko) Chrome/147.0.0.0 Safari/537.36"
38.43.132.234 - - [05/May/2026:08:59:06 -0500] "GET /wp-content/uploads/2021/07/art1-300x215.jpg HTTP/1.1" 200 14326 "https://www.ensad.edu.pe/inicioo/" "Mozilla/5.0 (Windows NT 10.0; Win64; x64) AppleWebKit/537.36 (KHTML, like Gecko) Chrome/147.0.0.0 Safari/537.36"
38.43.132.234 - - [05/May/2026:08:59:06 -0500] "GET /wp-content/uploads/2023/02/logo_actuacion_-300x300.png HTTP/1.1" 200 6318 "https://www.ensad.edu.pe/inicioo/" "Mozilla/5.0 (Windows NT 10.0; Win64; x64) AppleWebKit/537.36 (KHTML, like Gecko) Chrome/147.0.0.0 Safari/537.36"
38.43.132.234 - - [05/May/2026:08:59:05 -0500] "GET /wp-content/uploads/2021/05/banner20.jpg HTTP/1.1" 200 313619 "https://www.ensad.edu.pe/inicioo/" "Mozilla/5.0 (Windows NT 10.0; Win64; x64) AppleWebKit/537.36 (KHTML, like Gecko) Chrome/147.0.0.0 Safari/537.36"
38.43.132.234 - - [05/May/2026:08:59:06 -0500] "GET /wp-content/uploads/2023/02/porque_seccion.jpg HTTP/1.1" 200 57435 "https://www.ensad.edu.pe/inicioo/" "Mozilla/5.0 (Windows NT 10.0; Win64; x64) AppleWebKit/537.36 (KHTML, like Gecko) Chrome/147.0.0.0 Safari/537.36"
38.43.132.234 - - [05/May/2026:08:59:06 -0500] "GET /wp-content/uploads/2020/11/LOGO-DISENO-ESCENOGRAFICO-LINEA-BLANCA-08-150x150.png HTTP/1.1" 404 29934 "https://www.ensad.edu.pe/inicioo/" "Mozilla/5.0 (Windows NT 10.0; Win64; x64) AppleWebKit/537.36 (KHTML, like Gecko) Chrome/147.0.0.0 Safari/537.36"
38.43.132.234 - - [05/May/2026:08:59:06 -0500] "GET /wp-content/uploads/2020/11/LOGO-EDUCACION-ARTISTICA-LINEA-BLANCA-10-300x300.png HTTP/1.1" 404 29934 "https://www.ensad.edu.pe/inicioo/" "Mozilla/5.0 (Windows NT 10.0; Win64; x64) AppleWebKit/537.36 (KHTML, like Gecko) Chrome/147.0.0.0 Safari/537.36"
38.43.132.234 - - [05/May/2026:08:59:06 -0500] "GET /wp-content/uploads/2021/02/presentacion-dramaturgia-joven-ii-01.jpg HTTP/1.1" 200 1824755 "https://www.ensad.edu.pe/inicioo/" "Mozilla/5.0 (Windows NT 10.0; Win64; x64) AppleWebKit/537.36 (KHTML, like Gecko) Chrome/147.0.0.0 Safari/537.36"
38.43.132.234 - - [05/May/2026:08:59:09 -0500] "GET /wp-content/uploads/2021/01/Becas-de-vulnerabilidad-scaled.jpg HTTP/1.1" 200 310304 "https://www.ensad.edu.pe/inicioo/" "Mozilla/5.0 (Windows NT 10.0; Win64; x64) AppleWebKit/537.36 (KHTML, like Gecko) Chrome/147.0.0.0 Safari/537.36"
38.43.132.234 - - [05/May/2026:08:59:10 -0500] "GET /wp-content/uploads/2022/04/Afiche_Square.jpg HTTP/1.1" 200 1138907 "https://www.ensad.edu.pe/inicioo/" "Mozilla/5.0 (Windows NT 10.0; Win64; x64) AppleWebKit/537.36 (KHTML, like Gecko) Chrome/147.0.0.0 Safari/537.36"
103.59.160.219 - - [05/May/2026:08:59:13 -0500] "POST /xmlrpc.php HTTP/1.1" 503 7117 "-" "python-httpx/0.22.0"
38.43.132.234 - - [05/May/2026:08:59:11 -0500] "GET /wp-content/uploads/2021/08/El-Misantropo_06-1.png HTTP/1.1" 200 3614357 "https://www.ensad.edu.pe/inicioo/" "Mozilla/5.0 (Windows NT 10.0; Win64; x64) AppleWebKit/537.36 (KHTML, like Gecko) Chrome/147.0.0.0 Safari/537.36"
38.43.132.234 - - [05/May/2026:08:59:20 -0500] "GET /wp-content/uploads/2021/03/banner-presentacion-Estela-Luna.jpg HTTP/1.1" 200 999490 "https://www.ensad.edu.pe/inicioo/" "Mozilla/5.0 (Windows NT 10.0; Win64; x64) AppleWebKit/537.36 (KHTML, like Gecko) Chrome/147.0.0.0 Safari/537.36"
103.59.160.219 - - [05/May/2026:08:59:24 -0500] "POST /xmlrpc.php HTTP/1.1" 503 7117 "-" "python-httpx/0.22.0"
167.86.88.122 - - [05/May/2026:08:59:25 -0500] "POST /?wordfence_syncAttackData=1777989565.1706 HTTP/1.1" 200 20 "https://www.ensad.edu.pe/?wordfence_syncAttackData=1777989565.1706" "WordPress/5.5.3; https://www.ensad.edu.pe"
38.43.132.234 - - [05/May/2026:08:59:25 -0500] "GET /favicon.ico HTTP/1.1" 302 20 "https://www.ensad.edu.pe/inicioo/" "Mozilla/5.0 (Windows NT 10.0; Win64; x64) AppleWebKit/537.36 (KHTML, like Gecko) Chrome/147.0.0.0 Safari/537.36"
38.43.132.234 - - [05/May/2026:08:59:25 -0500] "GET /wp-content/uploads/2026/04/cropped-unae_favico-32x32.png HTTP/1.1" 200 272 "https://www.ensad.edu.pe/inicioo/" "Mozilla/5.0 (Windows NT 10.0; Win64; x64) AppleWebKit/537.36 (KHTML, like Gecko) Chrome/147.0.0.0 Safari/537.36"
5.39.109.189 - - [05/May/2026:08:59:30 -0500] "GET /teatralidad-andina-qoylluy-riti-talia-beltran/ HTTP/1.1" 200 33353 "-" "Mozilla/5.0 (compatible; AhrefsBot/7.0; +http://ahrefs.com/robot/)"
103.59.160.219 - - [05/May/2026:08:59:45 -0500] "POST /xmlrpc.php HTTP/1.1" 503 7117 "-" "python-httpx/0.22.0"
103.59.160.219 - - [05/May/2026:09:00:00 -0500] "POST /xmlrpc.php HTTP/1.1" 503 7116 "-" "python-httpx/0.22.0"
167.86.88.122 - - [05/May/2026:09:00:24 -0500] "POST /wp-cron.php?doing_wp_cron=1777989624.5863010883331298828125 HTTP/1.1" 200 20 "https://www.ensad.edu.pe/wp-cron.php?doing_wp_cron=1777989624.5863010883331298828125" "WordPress/5.5.3; https://www.ensad.edu.pe"
167.86.88.122 - - [05/May/2026:09:00:24 -0500] "POST /?wordfence_syncAttackData=1777989624.3579 HTTP/1.1" 200 20 "https://www.ensad.edu.pe/?wordfence_syncAttackData=1777989624.3579" "WordPress/5.5.3; https://www.ensad.edu.pe"
167.86.88.122 - - [05/May/2026:09:00:24 -0500] "POST /wp-cron.php?doing_wp_cron=1777989624.7853670120239257812500 HTTP/1.1" 200 20 "https://www.ensad.edu.pe/wp-cron.php?doing_wp_cron=1777989624.7853670120239257812500" "WordPress/5.5.3; https://www.ensad.edu.pe"
152.59.167.158 - - [05/May/2026:09:00:24 -0500] "GET /favicon.ico HTTP/1.1" 302 20 "https://www.ensad.edu.pe/" "Mozilla/5.0 (Linux; Android 10; K) AppleWebKit/537.36 (KHTML, like Gecko) Chrome/147.0.0.0 Mobile Safari/537.36"
152.59.167.158 - - [05/May/2026:09:00:25 -0500] "GET /wp-content/uploads/2026/04/cropped-unae_favico-32x32.png HTTP/1.1" 200 272 "https://www.ensad.edu.pe/" "Mozilla/5.0 (Linux; Android 10; K) AppleWebKit/537.36 (KHTML, like Gecko) Chrome/147.0.0.0 Mobile Safari/537.36"
37.59.204.128 - - [05/May/2026:09:00:31 -0500] "GET /https-www-ensad-edu-pe-bienestar-tiempos-pandemia-emily-rodriguez/serv-academicos/admision/ HTTP/1.1" 404 31111 "-" "Mozilla/5.0 (compatible; AhrefsBot/7.0; +http://ahrefs.com/robot/)"
38.43.132.234 - - [05/May/2026:09:00:35 -0500] "GET /inicioo/ HTTP/1.1" 200 38719 "https://www.google.com/" "Mozilla/5.0 (Windows NT 10.0; Win64; x64) AppleWebKit/537.36 (KHTML, like Gecko) Chrome/147.0.0.0 Safari/537.36"
38.43.132.234 - - [05/May/2026:09:00:38 -0500] "GET /wp-content/themes/Divi/core/admin/fonts/modules.ttf HTTP/1.1" 304 - "https://www.ensad.edu.pe/wp-content/themes/Divi/style.css?ver=5.5.3" "Mozilla/5.0 (Windows NT 10.0; Win64; x64) AppleWebKit/537.36 (KHTML, like Gecko) Chrome/147.0.0.0 Safari/537.36"
38.43.132.234 - - [05/May/2026:09:00:38 -0500] "GET /wp-content/uploads/2020/11/WhatsApp-Image-2020-11-21-at-1.19.01-PM.jpeg HTTP/1.1" 404 29934 "https://www.ensad.edu.pe/inicioo/" "Mozilla/5.0 (Windows NT 10.0; Win64; x64) AppleWebKit/537.36 (KHTML, like Gecko) Chrome/147.0.0.0 Safari/537.36"
38.43.132.234 - - [05/May/2026:09:00:38 -0500] "GET /wp-content/uploads/2020/11/A-15-1.png HTTP/1.1" 404 29934 "https://www.ensad.edu.pe/inicioo/" "Mozilla/5.0 (Windows NT 10.0; Win64; x64) AppleWebKit/537.36 (KHTML, like Gecko) Chrome/147.0.0.0 Safari/537.36"
167.86.88.122 - - [05/May/2026:09:00:41 -0500] "POST /wp-cron.php?doing_wp_cron=1777989641.8963339328765869140625 HTTP/1.1" 200 20 "https://www.ensad.edu.pe/wp-cron.php?doing_wp_cron=1777989641.8963339328765869140625" "WordPress/5.5.3; https://www.ensad.edu.pe"
38.43.132.234 - - [05/May/2026:09:00:38 -0500] "GET /wp-content/uploads/2020/11/D-16-1.png HTTP/1.1" 404 29934 "https://www.ensad.edu.pe/inicioo/" "Mozilla/5.0 (Windows NT 10.0; Win64; x64) AppleWebKit/537.36 (KHTML, like Gecko) Chrome/147.0.0.0 Safari/537.36"
