D7net
Home
Console
Upload
information
Create File
Create Folder
About
Tools
:
/
home
/
ensad
/
access-logs
/
Filename :
ensad.edu.pe-ssl_log
back
Copy
167.86.88.122 - - [05/May/2026:07:02:15 -0500] "POST /wp-cron.php?doing_wp_cron=1777982535.9880719184875488281250 HTTP/1.1" 200 20 "https://www.ensad.edu.pe/wp-cron.php?doing_wp_cron=1777982535.9880719184875488281250" "WordPress/5.5.3; https://www.ensad.edu.pe"
167.86.88.122 - - [05/May/2026:07:02:15 -0500] "POST /?wordfence_syncAttackData=1777982535.7956 HTTP/1.1" 200 20 "https://www.ensad.edu.pe/?wordfence_syncAttackData=1777982535.7956" "WordPress/5.5.3; https://www.ensad.edu.pe"
3.83.152.80 - - [05/May/2026:07:02:15 -0500] "GET /feed/ HTTP/1.1" 200 41883 "https://www.google.com/" "Mozilla/5.0 (Windows NT 10.0; Win64; x64) AppleWebKit/537.36 (KHTML, like Gecko) Chrome/79.0.3945.88 Safari/537.36"
103.59.160.219 - - [05/May/2026:07:02:28 -0500] "POST /xmlrpc.php HTTP/1.1" 503 7117 "-" "python-httpx/0.22.0"
167.86.88.122 - - [05/May/2026:07:02:37 -0500] "POST /wp-cron.php?doing_wp_cron=1777982557.3305249214172363281250 HTTP/1.1" 200 20 "https://www.ensad.edu.pe/wp-cron.php?doing_wp_cron=1777982557.3305249214172363281250" "WordPress/5.5.3; https://www.ensad.edu.pe"
167.86.88.122 - - [05/May/2026:07:02:37 -0500] "POST /?wordfence_syncAttackData=1777982557.208 HTTP/1.1" 200 20 "https://www.ensad.edu.pe/?wordfence_syncAttackData=1777982557.208" "WordPress/5.5.3; https://www.ensad.edu.pe"
167.86.88.122 - - [05/May/2026:07:02:07 -0500] "GET /wp-admin/admin-ajax.php?action=wordfence_doScan&isFork=1&scanMode=custom&cronKey=c31774b0d39572d0d08d299edb0ca7c5&signature=3803250158a0fb066089be8047485b49d89adb2eb5bd124f732c9b4975282cf3 HTTP/1.1" 404 24278 "-" "WordPress/5.5.3; https://www.ensad.edu.pe"
103.59.160.219 - - [05/May/2026:07:02:44 -0500] "POST /xmlrpc.php HTTP/1.1" 503 7117 "-" "python-httpx/0.22.0"
167.86.88.122 - - [05/May/2026:07:02:52 -0500] "POST /wp-cron.php?doing_wp_cron=1777982572.8127110004425048828125 HTTP/1.1" 200 20 "https://www.ensad.edu.pe/wp-cron.php?doing_wp_cron=1777982572.8127110004425048828125" "WordPress/5.5.3; https://www.ensad.edu.pe"
167.86.88.122 - - [05/May/2026:07:02:52 -0500] "POST /?wordfence_syncAttackData=1777982572.6489 HTTP/1.1" 200 20 "https://www.ensad.edu.pe/?wordfence_syncAttackData=1777982572.6489" "WordPress/5.5.3; https://www.ensad.edu.pe"
74.249.188.249 - - [05/May/2026:07:02:58 -0500] "GET /wp-content/themes/seotheme/db.php?u HTTP/1.1" 403 17006 "www.google.com" "Mozlila/5.0 (Linux; Android 7.0; SM-G892A Bulid/NRD90M; wv) AppleWebKit/537.36 (KHTML, like Gecko) Version/4.0 Chrome/60.0.3112.107 Moblie Safari/537.36"
103.59.160.219 - - [05/May/2026:07:03:02 -0500] "POST /xmlrpc.php HTTP/1.1" 503 7120 "-" "python-httpx/0.22.0"
167.86.88.122 - - [05/May/2026:07:03:02 -0500] "POST /?wordfence_syncAttackData=1777982582.6728 HTTP/1.1" 200 20 "https://www.ensad.edu.pe/?wordfence_syncAttackData=1777982582.6728" "WordPress/5.5.3; https://www.ensad.edu.pe"
47.128.56.73 - - [05/May/2026:07:03:09 -0500] "GET /wp-content/uploads/2024/08/Libro-digital_AI5.pdf HTTP/1.1" 200 34062035 "-" "Mozilla/5.0 (Linux; Android 5.0) AppleWebKit/537.36 (KHTML, like Gecko) Mobile Safari/537.36 (compatible; Bytespider; spider-feedback@bytedance.com)"
167.86.88.122 - - [05/May/2026:07:03:10 -0500] "POST /wp-cron.php?doing_wp_cron=1777982590.6855618953704833984375 HTTP/1.1" 200 20 "https://www.ensad.edu.pe/wp-cron.php?doing_wp_cron=1777982590.6855618953704833984375" "WordPress/5.5.3; https://www.ensad.edu.pe"
74.249.188.249 - - [05/May/2026:07:03:10 -0500] "POST /wp-plain.php HTTP/1.1" 404 200396 "www.google.com" "Mozilla/5.0 (Linux; Android 7.0; SM-G892A Bulid/NRD90M; wv) AppleWebKit/537.36 (KHTML, like Gecko) Version/4.0 Chrome/60.0.3112.107 Moblie Safari/537.36"
74.249.188.249 - - [05/May/2026:07:03:11 -0500] "GET /jzzguebm.php?Fox=d3wL7 HTTP/1.1" 301 - "www.google.com" "Mozilla/5.0 (Linux; Android 7.0; SM-G892A Bulid/NRD90M; wv) AppleWebKit/537.36 (KHTML, like Gecko) Version/4.0 Chrome/60.0.3112.107 Moblie Safari/537.36"
167.86.88.122 - - [05/May/2026:07:03:17 -0500] "POST /wp-cron.php?doing_wp_cron=1777982597.0978679656982421875000 HTTP/1.1" 200 20 "https://www.ensad.edu.pe/wp-cron.php?doing_wp_cron=1777982597.0978679656982421875000" "WordPress/5.5.3; https://www.ensad.edu.pe"
167.86.88.122 - - [05/May/2026:07:02:53 -0500] "GET /wp-admin/admin-ajax.php?action=wordfence_doScan&isFork=1&scanMode=custom&cronKey=a36d1a9ebf4526d65a848cb38760209b&signature=1da323cc84d59a4bf2e8803ee905b386f62d2253fa63cc6e00363e983e845f78 HTTP/1.1" 200 20 "-" "WordPress/5.5.3; https://www.ensad.edu.pe"
74.249.188.249 - - [05/May/2026:07:03:18 -0500] "GET /jzzguebm.php?Fox=d3wL7 HTTP/1.1" 404 200342 "www.google.com" "Mozilla/5.0 (Linux; Android 7.0; SM-G892A Bulid/NRD90M; wv) AppleWebKit/537.36 (KHTML, like Gecko) Version/4.0 Chrome/60.0.3112.107 Moblie Safari/537.36"
103.59.160.219 - - [05/May/2026:07:03:22 -0500] "POST /xmlrpc.php HTTP/1.1" 503 7118 "-" "python-httpx/0.22.0"
103.59.160.219 - - [05/May/2026:07:03:41 -0500] "POST /xmlrpc.php HTTP/1.1" 503 7117 "-" "python-httpx/0.22.0"
167.86.88.122 - - [05/May/2026:07:03:47 -0500] "POST /wp-cron.php?doing_wp_cron=1777982627.0964100360870361328125 HTTP/1.1" 200 20 "https://www.ensad.edu.pe/wp-cron.php?doing_wp_cron=1777982627.0964100360870361328125" "WordPress/5.5.3; https://www.ensad.edu.pe"
167.86.88.122 - - [05/May/2026:07:03:47 -0500] "POST /?wordfence_syncAttackData=1777982627.0031 HTTP/1.1" 200 20 "https://www.ensad.edu.pe/?wordfence_syncAttackData=1777982627.0031" "WordPress/5.5.3; https://www.ensad.edu.pe"
167.86.88.122 - - [05/May/2026:07:03:16 -0500] "GET /wp-admin/admin-ajax.php?action=wordfence_doScan&isFork=1&scanMode=custom&cronKey=e36275eef67535e6fa34ee5172ee2b9c&signature=47b6c106995d31bd2e60135d7d8f7d614625632919ad0bb56e9058e4117549d9 HTTP/1.1" 404 24278 "-" "WordPress/5.5.3; https://www.ensad.edu.pe"
167.86.88.122 - - [05/May/2026:07:04:03 -0500] "POST /wp-cron.php?doing_wp_cron=1777982643.3104839324951171875000 HTTP/1.1" 200 20 "https://www.ensad.edu.pe/wp-cron.php?doing_wp_cron=1777982643.3104839324951171875000" "WordPress/5.5.3; https://www.ensad.edu.pe"
196.27.114.137 - - [05/May/2026:07:04:24 -0500] "POST /wp-login.php HTTP/1.1" 503 7303 "-" "Mozilla/5.0 (Windows NT 10.0; Win64; x64) AppleWebKit/537.43 (KHTML, like Gecko) Chrome/134.0.0.0 Safari/537.36 OPR/119.0.0.0"
38.25.15.56 - - [05/May/2026:07:04:24 -0500] "GET /serv-academicos/admision/ HTTP/1.1" 200 42749 "-" "Mozilla/5.0 (Windows NT 10.0; Win64; x64) AppleWebKit/537.36 (KHTML, like Gecko) Chrome/147.0.0.0 Safari/537.36"
38.25.15.56 - - [05/May/2026:07:04:26 -0500] "GET /wp-content/themes/Divi/core/admin/fonts/modules.ttf HTTP/1.1" 304 - "https://www.ensad.edu.pe/wp-content/themes/Divi/style.css?ver=5.5.3" "Mozilla/5.0 (Windows NT 10.0; Win64; x64) AppleWebKit/537.36 (KHTML, like Gecko) Chrome/147.0.0.0 Safari/537.36"
167.86.88.122 - - [05/May/2026:07:04:03 -0500] "GET /wp-admin/admin-ajax.php?action=wordfence_doScan&isFork=1&scanMode=custom&cronKey=bde81f26f42b592a75ef0aca0ceb53ca&signature=f492758cf1489653dba2fe04fb29e1da2fded14a69e35214b01ed1ae233264d4 HTTP/1.1" 200 20 "-" "WordPress/5.5.3; https://www.ensad.edu.pe"
38.25.15.56 - - [05/May/2026:07:04:30 -0500] "GET /favicon.ico HTTP/1.1" 302 20 "https://www.ensad.edu.pe/serv-academicos/admision/" "Mozilla/5.0 (Windows NT 10.0; Win64; x64) AppleWebKit/537.36 (KHTML, like Gecko) Chrome/147.0.0.0 Safari/537.36"
38.25.15.56 - - [05/May/2026:07:04:31 -0500] "GET /wp-content/uploads/2026/04/cropped-unae_favico-32x32.png HTTP/1.1" 200 272 "https://www.ensad.edu.pe/serv-academicos/admision/" "Mozilla/5.0 (Windows NT 10.0; Win64; x64) AppleWebKit/537.36 (KHTML, like Gecko) Chrome/147.0.0.0 Safari/537.36"
68.168.29.130 - - [05/May/2026:07:04:36 -0500] "GET /admin/login HTTP/1.1" 401 52 "http://cpcalendars.ensad.edu.pe/admin/login" "Mozilla/5.0 (Windows NT 10.0; Win64; x64) AppleWebKit/537.36 (KHTML, like Gecko) Chrome/132.0.0.0 Safari/537.36"
103.59.160.219 - - [05/May/2026:07:04:45 -0500] "POST /xmlrpc.php HTTP/1.1" 503 7117 "-" "python-httpx/0.22.0"
167.86.88.122 - - [05/May/2026:07:04:51 -0500] "GET /.user.ini HTTP/1.1" 403 180 "https://www.ensad.edu.pe/.user.ini" "WordPress/5.5.3; https://www.ensad.edu.pe"
167.86.88.122 - - [05/May/2026:07:04:56 -0500] "POST /?wordfence_syncAttackData=1777982696.7228 HTTP/1.1" 200 20 "https://www.ensad.edu.pe/?wordfence_syncAttackData=1777982696.7228" "WordPress/5.5.3; https://www.ensad.edu.pe"
167.86.88.122 - - [05/May/2026:07:04:26 -0500] "GET /wp-admin/admin-ajax.php?action=wordfence_doScan&isFork=1&scanMode=custom&cronKey=5d1df4c9ec8a07e55b917002021fb662&signature=69934cbb5e55b681df605c0efe97483366a75c505db59ff3c09d3b900c73a914 HTTP/1.1" 404 24278 "-" "WordPress/5.5.3; https://www.ensad.edu.pe"
103.59.160.219 - - [05/May/2026:07:05:01 -0500] "POST /xmlrpc.php HTTP/1.1" 503 7117 "-" "python-httpx/0.22.0"
167.86.88.122 - - [05/May/2026:07:05:12 -0500] "POST /wp-cron.php?doing_wp_cron=1777982712.4048330783843994140625 HTTP/1.1" 200 20 "https://www.ensad.edu.pe/wp-cron.php?doing_wp_cron=1777982712.4048330783843994140625" "WordPress/5.5.3; https://www.ensad.edu.pe"
167.86.88.122 - - [05/May/2026:07:05:12 -0500] "POST /?wordfence_syncAttackData=1777982712.2953 HTTP/1.1" 200 20 "https://www.ensad.edu.pe/?wordfence_syncAttackData=1777982712.2953" "WordPress/5.5.3; https://www.ensad.edu.pe"
167.86.88.122 - - [05/May/2026:07:05:12 -0500] "POST /wp-cron.php?doing_wp_cron=1777982712.5880060195922851562500 HTTP/1.1" 200 20 "https://www.ensad.edu.pe/wp-cron.php?doing_wp_cron=1777982712.5880060195922851562500" "WordPress/5.5.3; https://www.ensad.edu.pe"
23.98.142.183 - - [05/May/2026:07:05:15 -0500] "GET /wp-content/uploads/2025/03/6o-Encuentro-Teorico-Teatral-ENSAD_RED.pdf HTTP/1.1" 200 2383264 "-" "Mozilla/5.0 AppleWebKit/537.36 (KHTML, like Gecko); compatible; ChatGPT-User/1.0; +https://openai.com/bot"
23.98.142.182 - - [05/May/2026:07:05:14 -0500] "GET /wp-content/uploads/2022/09/g_actuacion.pdf HTTP/1.1" 200 2169131 "-" "Mozilla/5.0 AppleWebKit/537.36 (KHTML, like Gecko); compatible; ChatGPT-User/1.0; +https://openai.com/bot"
23.98.142.190 - - [05/May/2026:07:05:14 -0500] "GET /wp-content/uploads/2025/06/Lineas-de-investigacion-ENSAD-UNAE-7.pdf HTTP/1.1" 200 5174066 "-" "Mozilla/5.0 AppleWebKit/537.36 (KHTML, like Gecko); compatible; ChatGPT-User/1.0; +https://openai.com/bot"
103.59.160.219 - - [05/May/2026:07:05:20 -0500] "POST /xmlrpc.php HTTP/1.1" 503 7117 "-" "python-httpx/0.22.0"
38.25.15.56 - - [05/May/2026:07:05:22 -0500] "GET /wp-content/uploads/2026/04/LOGO-ACCESO-A-LA-INFORMACION-PUBLICA-01.png HTTP/1.1" 200 19287 "https://www.ensad.edu.pe/serv-academicos/admision/" "Mozilla/5.0 (Windows NT 10.0; Win64; x64) AppleWebKit/537.36 (KHTML, like Gecko) Chrome/147.0.0.0 Safari/537.36"
38.25.15.56 - - [05/May/2026:07:05:22 -0500] "GET /wp-content/uploads/2026/04/libro_unae0101.png HTTP/1.1" 200 54207 "https://www.ensad.edu.pe/serv-academicos/admision/" "Mozilla/5.0 (Windows NT 10.0; Win64; x64) AppleWebKit/537.36 (KHTML, like Gecko) Chrome/147.0.0.0 Safari/537.36"
38.25.15.56 - - [05/May/2026:07:05:22 -0500] "GET /wp-content/uploads/2026/04/logo-portal-transparencia-1.png HTTP/1.1" 200 63169 "https://www.ensad.edu.pe/serv-academicos/admision/" "Mozilla/5.0 (Windows NT 10.0; Win64; x64) AppleWebKit/537.36 (KHTML, like Gecko) Chrome/147.0.0.0 Safari/537.36"
38.25.15.56 - - [05/May/2026:07:05:22 -0500] "GET /wp-content/uploads/2026/04/minedu_logo_300px.png HTTP/1.1" 200 15114 "https://www.ensad.edu.pe/serv-academicos/admision/" "Mozilla/5.0 (Windows NT 10.0; Win64; x64) AppleWebKit/537.36 (KHTML, like Gecko) Chrome/147.0.0.0 Safari/537.36"
23.98.142.186 - - [05/May/2026:07:05:14 -0500] "GET /wp-content/uploads/2022/09/g_educacion_artistica.pdf HTTP/1.1" 200 2054976 "-" "Mozilla/5.0 AppleWebKit/537.36 (KHTML, like Gecko); compatible; ChatGPT-User/1.0; +https://openai.com/bot"
167.86.88.122 - - [05/May/2026:07:05:36 -0500] "POST /wp-cron.php?doing_wp_cron=1777982736.1890299320220947265625 HTTP/1.1" 200 20 "https://www.ensad.edu.pe/wp-cron.php?doing_wp_cron=1777982736.1890299320220947265625" "WordPress/5.5.3; https://www.ensad.edu.pe"
167.86.88.122 - - [05/May/2026:07:05:36 -0500] "POST /?wordfence_syncAttackData=1777982736.0836 HTTP/1.1" 200 20 "https://www.ensad.edu.pe/?wordfence_syncAttackData=1777982736.0836" "WordPress/5.5.3; https://www.ensad.edu.pe"
167.86.88.122 - - [05/May/2026:07:05:12 -0500] "GET /wp-admin/admin-ajax.php?action=wordfence_doScan&isFork=1&scanMode=custom&cronKey=ddf480c0445766f537b265ca7838582e&signature=f15d661ded2db8cb2333b59f3ead0dc48e5b4c4c99b219a0b1d1fdc3b8d3acc1 HTTP/1.1" 200 20 "-" "WordPress/5.5.3; https://www.ensad.edu.pe"
91.92.243.236 - - [05/May/2026:07:05:48 -0500] "POST /wp-login.php HTTP/1.1" 503 18034 "-" "Mozilla/5.0"
91.92.243.236 - - [05/May/2026:07:05:48 -0500] "POST /wp-login.php HTTP/1.1" 503 18034 "-" "Mozilla/5.0"
103.59.160.219 - - [05/May/2026:07:05:49 -0500] "POST /xmlrpc.php HTTP/1.1" 503 7117 "-" "python-httpx/0.22.0"
167.86.88.122 - - [05/May/2026:07:05:53 -0500] "POST /wp-cron.php?doing_wp_cron=1777982753.7835021018981933593750 HTTP/1.1" 200 20 "https://www.ensad.edu.pe/wp-cron.php?doing_wp_cron=1777982753.7835021018981933593750" "WordPress/5.5.3; https://www.ensad.edu.pe"
167.86.88.122 - - [05/May/2026:07:05:53 -0500] "POST /?wordfence_syncAttackData=1777982753.6049 HTTP/1.1" 200 20 "https://www.ensad.edu.pe/?wordfence_syncAttackData=1777982753.6049" "WordPress/5.5.3; https://www.ensad.edu.pe"
38.25.15.56 - - [05/May/2026:07:05:53 -0500] "GET /serv-academicos/admision/ HTTP/1.1" 200 42749 "-" "Mozilla/5.0 (Windows NT 10.0; Win64; x64) AppleWebKit/537.36 (KHTML, like Gecko) Chrome/147.0.0.0 Safari/537.36"
190.238.242.64 - - [05/May/2026:07:05:53 -0500] "GET / HTTP/1.1" 200 38690 "https://www.google.com/" "Mozilla/5.0 (Windows NT 10.0; Win64; x64) AppleWebKit/537.36 (KHTML, like Gecko) Chrome/147.0.0.0 Safari/537.36"
38.25.15.56 - - [05/May/2026:07:05:56 -0500] "GET /wp-content/themes/Divi/core/admin/fonts/modules.ttf HTTP/1.1" 304 - "https://www.ensad.edu.pe/wp-content/themes/Divi/style.css?ver=5.5.3" "Mozilla/5.0 (Windows NT 10.0; Win64; x64) AppleWebKit/537.36 (KHTML, like Gecko) Chrome/147.0.0.0 Safari/537.36"
190.238.242.64 - - [05/May/2026:07:05:56 -0500] "GET /wp-content/themes/Divi/core/admin/fonts/modules.ttf HTTP/1.1" 304 - "https://www.ensad.edu.pe/wp-content/themes/Divi/style.css?ver=5.5.3" "Mozilla/5.0 (Windows NT 10.0; Win64; x64) AppleWebKit/537.36 (KHTML, like Gecko) Chrome/147.0.0.0 Safari/537.36"
190.238.242.64 - - [05/May/2026:07:05:56 -0500] "GET /wp-content/plugins/wow-divi-carousel/assets/fonts/icowdc.ttf?sqw28v HTTP/1.1" 304 - "https://www.ensad.edu.pe/wp-content/plugins/wow-divi-carousel/assets/css/module-core.css?ver=5.5.3" "Mozilla/5.0 (Windows NT 10.0; Win64; x64) AppleWebKit/537.36 (KHTML, like Gecko) Chrome/147.0.0.0 Safari/537.36"
190.238.242.64 - - [05/May/2026:07:05:56 -0500] "GET /wp-content/uploads/2024/03/quienes_somos.jpg HTTP/1.1" 206 1 "https://www.ensad.edu.pe/" "Mozilla/5.0 (Windows NT 10.0; Win64; x64) AppleWebKit/537.36 (KHTML, like Gecko) Chrome/147.0.0.0 Safari/537.36"
190.238.242.64 - - [05/May/2026:07:05:56 -0500] "GET /wp-content/uploads/2024/03/quienes_somos.jpg HTTP/1.1" 206 102400 "https://www.ensad.edu.pe/" "Mozilla/5.0 (Windows NT 10.0; Win64; x64) AppleWebKit/537.36 (KHTML, like Gecko) Chrome/147.0.0.0 Safari/537.36"
38.25.15.56 - - [05/May/2026:07:06:00 -0500] "GET /serv-academicos/ HTTP/1.1" 200 35897 "https://www.ensad.edu.pe/serv-academicos/admision/" "Mozilla/5.0 (Windows NT 10.0; Win64; x64) AppleWebKit/537.36 (KHTML, like Gecko) Chrome/147.0.0.0 Safari/537.36"
38.25.15.56 - - [05/May/2026:07:06:02 -0500] "GET /wp-content/uploads/2025/07/header_cartelera_web_.jpg HTTP/1.1" 200 105713 "https://www.ensad.edu.pe/serv-academicos/" "Mozilla/5.0 (Windows NT 10.0; Win64; x64) AppleWebKit/537.36 (KHTML, like Gecko) Chrome/147.0.0.0 Safari/537.36"
167.86.88.122 - - [05/May/2026:07:05:35 -0500] "GET /wp-admin/admin-ajax.php?action=wordfence_doScan&isFork=1&scanMode=custom&cronKey=330059b19c0d2d1412cc3661970ca3da&signature=ef1b892de14047719a95e6c7ccc8b888ad2523940c3029e853a76379213cf899 HTTP/1.1" 404 24278 "-" "WordPress/5.5.3; https://www.ensad.edu.pe"
107.174.232.172 - - [05/May/2026:07:06:09 -0500] "GET / HTTP/1.1" 200 38690 "-" "Mozilla/5.0 (Windows NT 10.0; Win64; x64; rv:144.0) Gecko/20100101 Firefox/144.0"
38.25.15.56 - - [05/May/2026:07:06:13 -0500] "GET /serv-academicos/guia-de-solicitudes-ensad/ HTTP/1.1" 200 41684 "https://www.ensad.edu.pe/serv-academicos/" "Mozilla/5.0 (Windows NT 10.0; Win64; x64) AppleWebKit/537.36 (KHTML, like Gecko) Chrome/147.0.0.0 Safari/537.36"
38.25.15.56 - - [05/May/2026:07:06:13 -0500] "GET /serv-academicos/guia-de-solicitudes-ensad/ HTTP/1.1" 200 41684 "https://www.ensad.edu.pe/serv-academicos/" "Mozilla/5.0 (Windows NT 10.0; Win64; x64) AppleWebKit/537.36 (KHTML, like Gecko) Chrome/147.0.0.0 Safari/537.36"
38.25.15.56 - - [05/May/2026:07:06:15 -0500] "GET /wp-content/uploads/2023/04/TOP_solicitudes.jpg HTTP/1.1" 200 71194 "https://www.ensad.edu.pe/serv-academicos/guia-de-solicitudes-ensad/" "Mozilla/5.0 (Windows NT 10.0; Win64; x64) AppleWebKit/537.36 (KHTML, like Gecko) Chrome/147.0.0.0 Safari/537.36"
167.86.88.122 - - [05/May/2026:07:06:21 -0500] "POST /wp-cron.php?doing_wp_cron=1777982781.3848500251770019531250 HTTP/1.1" 200 20 "https://www.ensad.edu.pe/wp-cron.php?doing_wp_cron=1777982781.3848500251770019531250" "WordPress/5.5.3; https://www.ensad.edu.pe"
107.174.232.172 - - [05/May/2026:07:06:21 -0500] "GET /wp-login.php?action=register HTTP/1.1" 302 20 "https://www.ensad.edu.pe/" "Mozilla/5.0 (Windows NT 6.3; Win64; x64) AppleWebKit/537.36 (KHTML, like Gecko) Chrome/103.0.0.0 Safari/537.36"
107.174.232.172 - - [05/May/2026:07:06:22 -0500] "GET /wp-login.php?registration=disabled HTTP/1.1" 200 2997 "https://www.ensad.edu.pe/wp-login.php?action=register" "Mozilla/5.0 (Windows NT 6.3; Win64; x64) AppleWebKit/537.36 (KHTML, like Gecko) Chrome/103.0.0.0 Safari/537.36"
40.77.167.131 - - [05/May/2026:07:06:36 -0500] "GET /wp-content/uploads/2021/07/5-Paola-Correa-Abrazo-de-gol-1.2-211x300.jpg HTTP/1.1" 200 27076 "-" "Mozilla/5.0 AppleWebKit/537.36 (KHTML, like Gecko; compatible; bingbot/2.0; +http://www.bing.com/bingbot.htm) Chrome/116.0.1938.76 Safari/537.36"
167.86.88.122 - - [05/May/2026:07:06:42 -0500] "POST /wp-cron.php?doing_wp_cron=1777982802.5321259498596191406250 HTTP/1.1" 200 20 "https://www.ensad.edu.pe/wp-cron.php?doing_wp_cron=1777982802.5321259498596191406250" "WordPress/5.5.3; https://www.ensad.edu.pe"
162.55.165.86 - - [05/May/2026:07:06:42 -0500] "GET / HTTP/1.1" 200 38690 "-" "Better Uptime Bot Mozilla/5.0 (Windows NT 10.0; Win64; x64) AppleWebKit/537.36 (KHTML, like Gecko) Chrome/74.0.3729.169 Safari/537.36"
167.86.88.122 - - [05/May/2026:07:06:22 -0500] "GET /wp-admin/admin-ajax.php?action=wordfence_doScan&isFork=1&scanMode=custom&cronKey=14cd77e6bbdbaead87d9309e4234ed49&signature=a3ea85a542f98e2babe85fee5b73777713e2b14114abc38cfcaa7c5da1d2ec27 HTTP/1.1" 200 20 "-" "WordPress/5.5.3; https://www.ensad.edu.pe"
38.25.15.56 - - [05/May/2026:07:07:05 -0500] "GET /wp-content/uploads/2024/04/fut_202x.docx HTTP/1.1" 200 59218 "https://www.ensad.edu.pe/serv-academicos/guia-de-solicitudes-ensad/" "Mozilla/5.0 (Windows NT 10.0; Win64; x64) AppleWebKit/537.36 (KHTML, like Gecko) Chrome/147.0.0.0 Safari/537.36"
103.59.160.219 - - [05/May/2026:07:07:07 -0500] "POST /xmlrpc.php HTTP/1.1" 503 7304 "-" "python-httpx/0.22.0"
167.86.88.122 - - [05/May/2026:07:07:15 -0500] "POST /wp-cron.php?doing_wp_cron=1777982835.7895119190216064453125 HTTP/1.1" 200 20 "https://www.ensad.edu.pe/wp-cron.php?doing_wp_cron=1777982835.7895119190216064453125" "WordPress/5.5.3; https://www.ensad.edu.pe"
167.86.88.122 - - [05/May/2026:07:06:45 -0500] "GET /wp-admin/admin-ajax.php?action=wordfence_doScan&isFork=1&scanMode=custom&cronKey=1b3c3eb849d6b6dc3ac5bd2c292d174e&signature=601c37b55c46131f214d12e2f670c096e2c47f4f1beee32b2ba519cb00a1f0ff HTTP/1.1" 404 24278 "-" "WordPress/5.5.3; https://www.ensad.edu.pe"
167.86.88.122 - - [05/May/2026:07:07:31 -0500] "GET /wp-admin/admin-ajax.php?action=wordfence_doScan&isFork=1&scanMode=custom&cronKey=1c46b22c2b6007bcaba749076cf2aff3&signature=738cd0302b4f7fd7b4b3ce9319d0e10c78143d9c1f2df7bbc803e10f4d534d63 HTTP/1.1" 200 20 "-" "WordPress/5.5.3; https://www.ensad.edu.pe"
103.59.160.219 - - [05/May/2026:07:08:16 -0500] "POST /xmlrpc.php HTTP/1.1" 503 7120 "-" "python-httpx/0.22.0"
167.86.88.122 - - [05/May/2026:07:08:24 -0500] "POST /wp-cron.php?doing_wp_cron=1777982904.8065850734710693359375 HTTP/1.1" 200 20 "https://www.ensad.edu.pe/wp-cron.php?doing_wp_cron=1777982904.8065850734710693359375" "WordPress/5.5.3; https://www.ensad.edu.pe"
167.86.88.122 - - [05/May/2026:07:08:24 -0500] "POST /?wordfence_syncAttackData=1777982904.6166 HTTP/1.1" 200 20 "https://www.ensad.edu.pe/?wordfence_syncAttackData=1777982904.6166" "WordPress/5.5.3; https://www.ensad.edu.pe"
167.86.88.122 - - [05/May/2026:07:07:54 -0500] "GET /wp-admin/admin-ajax.php?action=wordfence_doScan&isFork=1&scanMode=custom&cronKey=8e35f11cf2445b82e8268113ede9e89d&signature=2b6012e20e1fadb2c12703e72e1b685906c0c3dedc580fa2e2b2cfc43a5c166c HTTP/1.1" 404 24278 "-" "WordPress/5.5.3; https://www.ensad.edu.pe"
167.86.88.122 - - [05/May/2026:07:08:40 -0500] "POST /wp-cron.php?doing_wp_cron=1777982920.2861480712890625000000 HTTP/1.1" 200 20 "https://www.ensad.edu.pe/wp-cron.php?doing_wp_cron=1777982920.2861480712890625000000" "WordPress/5.5.3; https://www.ensad.edu.pe"
17.241.227.55 - - [05/May/2026:07:08:45 -0500] "GET /wp-content/uploads/2026/04/minedu_logo_300px.png HTTP/1.1" 200 15114 "-" "Mozilla/5.0 (Macintosh; Intel Mac OS X 10_15_7) AppleWebKit/605.1.15 (KHTML, like Gecko) Version/17.4 Safari/605.1.15 (Applebot/0.1; +http://www.apple.com/go/applebot)"
167.86.88.122 - - [05/May/2026:07:09:03 -0500] "POST /wp-cron.php?doing_wp_cron=1777982943.7417490482330322265625 HTTP/1.1" 200 20 "https://www.ensad.edu.pe/wp-cron.php?doing_wp_cron=1777982943.7417490482330322265625" "WordPress/5.5.3; https://www.ensad.edu.pe"
167.86.88.122 - - [05/May/2026:07:08:40 -0500] "GET /wp-admin/admin-ajax.php?action=wordfence_doScan&isFork=1&scanMode=custom&cronKey=904d98c55d10d4c3977b6fb18a765393&signature=73cd249e21c133d34a7f37f222d39365a087c894de65d52a3c989c8d8cfc48b8 HTTP/1.1" 200 20 "-" "WordPress/5.5.3; https://www.ensad.edu.pe"
103.59.160.219 - - [05/May/2026:07:09:09 -0500] "POST /xmlrpc.php HTTP/1.1" 503 7117 "-" "python-httpx/0.22.0"
167.86.88.122 - - [05/May/2026:07:09:33 -0500] "POST /?wordfence_syncAttackData=1777982973.6925 HTTP/1.1" 200 20 "https://www.ensad.edu.pe/?wordfence_syncAttackData=1777982973.6925" "WordPress/5.5.3; https://www.ensad.edu.pe"
167.86.88.122 - - [05/May/2026:07:09:03 -0500] "GET /wp-admin/admin-ajax.php?action=wordfence_doScan&isFork=1&scanMode=custom&cronKey=b27d26b910aa3c57e67b31d3a87ba805&signature=8d84c96c1da8102ff5bc47e7a06fad4a11c3295b409d29b71f9b5887c8eb68c6 HTTP/1.1" 404 24278 "-" "WordPress/5.5.3; https://www.ensad.edu.pe"
40.77.167.241 - - [05/May/2026:07:09:37 -0500] "GET /wp-content/uploads/2021/07/5-Paola-Correa-Abrazo-de-gol-1.2-510x382.jpg HTTP/1.1" 200 71603 "-" "Mozilla/5.0 AppleWebKit/537.36 (KHTML, like Gecko; compatible; bingbot/2.0; +http://www.bing.com/bingbot.htm) Chrome/116.0.1938.76 Safari/537.36"
66.249.73.233 - - [05/May/2026:07:09:39 -0500] "GET /descargas/comunicado_preensad2121.pdf HTTP/1.1" 304 - "-" "Mozilla/5.0 (Linux; Android 6.0.1; Nexus 5X Build/MMB29P) AppleWebKit/537.36 (KHTML, like Gecko) Chrome/147.0.7727.137 Mobile Safari/537.36 (compatible; Googlebot/2.1; +http://www.google.com/bot.html)"
103.59.160.219 - - [05/May/2026:07:10:06 -0500] "POST /xmlrpc.php HTTP/1.1" 503 7117 "-" "python-httpx/0.22.0"
167.86.88.122 - - [05/May/2026:07:10:12 -0500] "POST /wp-cron.php?doing_wp_cron=1777983012.7667479515075683593750 HTTP/1.1" 200 20 "https://www.ensad.edu.pe/wp-cron.php?doing_wp_cron=1777983012.7667479515075683593750" "WordPress/5.5.3; https://www.ensad.edu.pe"
167.86.88.122 - - [05/May/2026:07:10:12 -0500] "POST /?wordfence_syncAttackData=1777983012.6343 HTTP/1.1" 200 20 "https://www.ensad.edu.pe/?wordfence_syncAttackData=1777983012.6343" "WordPress/5.5.3; https://www.ensad.edu.pe"
167.86.88.122 - - [05/May/2026:07:10:12 -0500] "POST /wp-cron.php?doing_wp_cron=1777983012.9823091030120849609375 HTTP/1.1" 200 20 "https://www.ensad.edu.pe/wp-cron.php?doing_wp_cron=1777983012.9823091030120849609375" "WordPress/5.5.3; https://www.ensad.edu.pe"
167.86.88.122 - - [05/May/2026:07:09:49 -0500] "GET /wp-admin/admin-ajax.php?action=wordfence_doScan&isFork=1&scanMode=custom&cronKey=d4b421a300be7acce5012e5ddcb2c065&signature=c498ca5917c767dfc8ee259010a54f1c0ee56b64985cd51f65cf0ebeebb680fa HTTP/1.1" 200 20 "-" "WordPress/5.5.3; https://www.ensad.edu.pe"
91.92.243.236 - - [05/May/2026:07:10:28 -0500] "POST /wp-login.php HTTP/1.1" 503 18034 "-" "Mozilla/5.0"
91.92.243.236 - - [05/May/2026:07:10:28 -0500] "POST /wp-login.php HTTP/1.1" 503 18034 "-" "Mozilla/5.0"
167.86.88.122 - - [05/May/2026:07:10:42 -0500] "POST /wp-cron.php?doing_wp_cron=1777983042.8180210590362548828125 HTTP/1.1" 200 20 "https://www.ensad.edu.pe/wp-cron.php?doing_wp_cron=1777983042.8180210590362548828125" "WordPress/5.5.3; https://www.ensad.edu.pe"
167.86.88.122 - - [05/May/2026:07:10:42 -0500] "POST /?wordfence_syncAttackData=1777983042.6832 HTTP/1.1" 200 20 "https://www.ensad.edu.pe/?wordfence_syncAttackData=1777983042.6832" "WordPress/5.5.3; https://www.ensad.edu.pe"
167.86.88.122 - - [05/May/2026:07:10:12 -0500] "GET /wp-admin/admin-ajax.php?action=wordfence_doScan&isFork=1&scanMode=custom&cronKey=af9e73f6db91ff2f67cc9fb9e5373b2e&signature=efcbc253142fae0331fb24d1fc61ddb0a1da3aaa5aa2748e7050d883678111fe HTTP/1.1" 404 24278 "-" "WordPress/5.5.3; https://www.ensad.edu.pe"
40.77.167.155 - - [05/May/2026:07:11:14 -0500] "GET /wp-content/themes/Divi/includes/builder/frontend-builder/assets/vendors/plugins/importcss/plugin.min.js HTTP/1.1" 200 1708 "-" "Mozilla/5.0 AppleWebKit/537.36 (KHTML, like Gecko; compatible; bingbot/2.0; +http://www.bing.com/bingbot.htm) Chrome/116.0.1938.76 Safari/537.36"
167.86.88.122 - - [05/May/2026:07:11:22 -0500] "POST /wp-cron.php?doing_wp_cron=1777983082.6708159446716308593750 HTTP/1.1" 200 20 "https://www.ensad.edu.pe/wp-cron.php?doing_wp_cron=1777983082.6708159446716308593750" "WordPress/5.5.3; https://www.ensad.edu.pe"
167.86.88.122 - - [05/May/2026:07:10:59 -0500] "GET /wp-admin/admin-ajax.php?action=wordfence_doScan&isFork=1&scanMode=custom&cronKey=e2cd8443b3f07e346bd138893f965493&signature=2e67bf1d37a47a0c8a715e07c36e67d9ff9a3feb586e1c941ceaa1fc60b70912 HTTP/1.1" 200 20 "-" "WordPress/5.5.3; https://www.ensad.edu.pe"
167.86.88.122 - - [05/May/2026:07:11:40 -0500] "POST /wp-cron.php?doing_wp_cron=1777983100.8118119239807128906250 HTTP/1.1" 200 20 "https://www.ensad.edu.pe/wp-cron.php?doing_wp_cron=1777983100.8118119239807128906250" "WordPress/5.5.3; https://www.ensad.edu.pe"
178.156.154.250 - - [05/May/2026:07:11:40 -0500] "GET / HTTP/1.1" 200 38690 "-" "Better Uptime Bot Mozilla/5.0 (Windows NT 10.0; Win64; x64) AppleWebKit/537.36 (KHTML, like Gecko) Chrome/74.0.3729.169 Safari/537.36"
167.86.88.122 - - [05/May/2026:07:11:22 -0500] "GET /wp-admin/admin-ajax.php?action=wordfence_doScan&isFork=1&scanMode=custom&cronKey=7085a85fec52530acae18c4582186cba&signature=d75220212fff758cdfb45679b11d58855db2b7640ba614326ab57b037001df15 HTTP/1.1" 404 24278 "-" "WordPress/5.5.3; https://www.ensad.edu.pe"
103.59.160.219 - - [05/May/2026:07:12:07 -0500] "POST /xmlrpc.php HTTP/1.1" 503 7116 "-" "python-httpx/0.22.0"
167.86.88.122 - - [05/May/2026:07:12:08 -0500] "POST /?wordfence_syncAttackData=1777983128.248 HTTP/1.1" 200 20 "https://www.ensad.edu.pe/?wordfence_syncAttackData=1777983128.248" "WordPress/5.5.3; https://www.ensad.edu.pe"
167.86.88.122 - - [05/May/2026:07:12:27 -0500] "POST /wp-cron.php?doing_wp_cron=1777983147.2025458812713623046875 HTTP/1.1" 200 20 "https://www.ensad.edu.pe/wp-cron.php?doing_wp_cron=1777983147.2025458812713623046875" "WordPress/5.5.3; https://www.ensad.edu.pe"
116.179.32.17 - - [05/May/2026:07:12:27 -0500] "GET /wp-json/oembed/1.0/embed?url=https%3A%2F%2Fwww.ensad.edu.pe%2Festudioteatro%2Festudio-teatro-no-6%2Farticulo-guadalupe-estofanero%2F HTTP/1.1" 200 1155 "-" "Mozilla/5.0 (compatible; Baiduspider/2.0; +http://www.baidu.com/search/spider.html)"
103.59.160.219 - - [05/May/2026:07:12:28 -0500] "POST /xmlrpc.php HTTP/1.1" 503 7116 "-" "python-httpx/0.22.0"
167.86.88.122 - - [05/May/2026:07:12:31 -0500] "POST /?wordfence_syncAttackData=1777983151.6745 HTTP/1.1" 200 20 "https://www.ensad.edu.pe/?wordfence_syncAttackData=1777983151.6745" "WordPress/5.5.3; https://www.ensad.edu.pe"
167.86.88.122 - - [05/May/2026:07:12:08 -0500] "GET /wp-admin/admin-ajax.php?action=wordfence_doScan&isFork=1&scanMode=custom&cronKey=d26f5e6afe8bad1a04bb62bcac13f760&signature=173624ae5ce3d4654d6a18d72be4fea092230e7a89897c43090a3226809ad427 HTTP/1.1" 200 20 "-" "WordPress/5.5.3; https://www.ensad.edu.pe"
103.59.160.219 - - [05/May/2026:07:12:51 -0500] "POST /xmlrpc.php HTTP/1.1" 503 7116 "-" "python-httpx/0.22.0"
167.86.88.122 - - [05/May/2026:07:13:01 -0500] "POST /wp-cron.php?doing_wp_cron=1777983181.9811019897460937500000 HTTP/1.1" 200 20 "https://www.ensad.edu.pe/wp-cron.php?doing_wp_cron=1777983181.9811019897460937500000" "WordPress/5.5.3; https://www.ensad.edu.pe"
167.86.88.122 - - [05/May/2026:07:13:01 -0500] "POST /?wordfence_syncAttackData=1777983181.7128 HTTP/1.1" 200 20 "https://www.ensad.edu.pe/?wordfence_syncAttackData=1777983181.7128" "WordPress/5.5.3; https://www.ensad.edu.pe"
167.86.88.122 - - [05/May/2026:07:12:31 -0500] "GET /wp-admin/admin-ajax.php?action=wordfence_doScan&isFork=1&scanMode=custom&cronKey=8a4993cc72f6fdbf10947359d96f6eb3&signature=d12ddbf296ca42aec94851375df72531b2f7e8965bf42e3bf128ad3fd9b97cd9 HTTP/1.1" 404 24278 "-" "WordPress/5.5.3; https://www.ensad.edu.pe"
103.59.160.219 - - [05/May/2026:07:13:13 -0500] "POST /xmlrpc.php HTTP/1.1" 503 7117 "-" "python-httpx/0.22.0"
167.86.88.122 - - [05/May/2026:07:13:17 -0500] "POST /wp-cron.php?doing_wp_cron=1777983197.3090929985046386718750 HTTP/1.1" 200 20 "https://www.ensad.edu.pe/wp-cron.php?doing_wp_cron=1777983197.3090929985046386718750" "WordPress/5.5.3; https://www.ensad.edu.pe"
167.86.88.122 - - [05/May/2026:07:13:17 -0500] "POST /?wordfence_syncAttackData=1777983197.2276 HTTP/1.1" 200 20 "https://www.ensad.edu.pe/?wordfence_syncAttackData=1777983197.2276" "WordPress/5.5.3; https://www.ensad.edu.pe"
103.59.160.219 - - [05/May/2026:07:13:29 -0500] "POST /xmlrpc.php HTTP/1.1" 503 7117 "-" "python-httpx/0.22.0"
167.86.88.122 - - [05/May/2026:07:13:40 -0500] "POST /wp-cron.php?doing_wp_cron=1777983220.9283978939056396484375 HTTP/1.1" 200 20 "https://www.ensad.edu.pe/wp-cron.php?doing_wp_cron=1777983220.9283978939056396484375" "WordPress/5.5.3; https://www.ensad.edu.pe"
167.86.88.122 - - [05/May/2026:07:13:40 -0500] "POST /?wordfence_syncAttackData=1777983220.8392 HTTP/1.1" 200 20 "https://www.ensad.edu.pe/?wordfence_syncAttackData=1777983220.8392" "WordPress/5.5.3; https://www.ensad.edu.pe"
167.86.88.122 - - [05/May/2026:07:13:17 -0500] "GET /wp-admin/admin-ajax.php?action=wordfence_doScan&isFork=1&scanMode=custom&cronKey=3cd5fd8e08523c5d6b7e86ce5edeee66&signature=0e94bd49a1e730bdf835b9141378228ca0958ca1408536d87e3cd0e02277b7bb HTTP/1.1" 200 20 "-" "WordPress/5.5.3; https://www.ensad.edu.pe"
181.66.151.224 - - [05/May/2026:07:13:46 -0500] "GET /descargas/logoensad.png HTTP/1.1" 200 79901 "https://ensadperu.sharepoint.com/" "Mozilla/5.0 (Macintosh; Intel Mac OS X 10_15_7) AppleWebKit/605.1.15 (KHTML, like Gecko) Version/26.4 Safari/605.1.15"
103.59.160.219 - - [05/May/2026:07:13:51 -0500] "POST /xmlrpc.php HTTP/1.1" 503 7117 "-" "python-httpx/0.22.0"
167.86.88.122 - - [05/May/2026:07:14:11 -0500] "POST /wp-cron.php?doing_wp_cron=1777983251.0900850296020507812500 HTTP/1.1" 200 20 "https://www.ensad.edu.pe/wp-cron.php?doing_wp_cron=1777983251.0900850296020507812500" "WordPress/5.5.3; https://www.ensad.edu.pe"
167.86.88.122 - - [05/May/2026:07:14:10 -0500] "POST /?wordfence_syncAttackData=1777983250.8984 HTTP/1.1" 200 20 "https://www.ensad.edu.pe/?wordfence_syncAttackData=1777983250.8984" "WordPress/5.5.3; https://www.ensad.edu.pe"
103.59.160.219 - - [05/May/2026:07:14:11 -0500] "POST /xmlrpc.php HTTP/1.1" 503 7117 "-" "python-httpx/0.22.0"
167.86.88.122 - - [05/May/2026:07:13:40 -0500] "GET /wp-admin/admin-ajax.php?action=wordfence_doScan&isFork=1&scanMode=custom&cronKey=090b2f9aaab06540cc93a289f990472a&signature=8261bf8a35bdd85c4cc495ae556bce98dbeaf3dc28546c59310571a31f303968 HTTP/1.1" 404 24278 "-" "WordPress/5.5.3; https://www.ensad.edu.pe"
167.86.88.122 - - [05/May/2026:07:14:27 -0500] "POST /?wordfence_syncAttackData=1777983267.2409 HTTP/1.1" 200 20 "https://www.ensad.edu.pe/?wordfence_syncAttackData=1777983267.2409" "WordPress/5.5.3; https://www.ensad.edu.pe"
103.59.160.219 - - [05/May/2026:07:14:33 -0500] "POST /xmlrpc.php HTTP/1.1" 503 7117 "-" "python-httpx/0.22.0"
167.86.88.122 - - [05/May/2026:07:14:42 -0500] "POST /?wordfence_syncAttackData=1777983282.0487 HTTP/1.1" 200 20 "https://www.ensad.edu.pe/?wordfence_syncAttackData=1777983282.0487" "WordPress/5.5.3; https://www.ensad.edu.pe"
167.86.88.122 - - [05/May/2026:07:14:27 -0500] "GET /wp-admin/admin-ajax.php?action=wordfence_doScan&isFork=1&scanMode=custom&cronKey=69645286d6c9999d59330465af0f83f3&signature=4bb6414a675030a71e1bc415c93e15a212a74777fed323c475c8f118a9ab7142 HTTP/1.1" 200 20 "-" "WordPress/5.5.3; https://www.ensad.edu.pe"
91.92.243.236 - - [05/May/2026:07:14:59 -0500] "POST /wp-login.php HTTP/1.1" 503 18947 "-" "Mozilla/5.0"
91.92.243.236 - - [05/May/2026:07:14:59 -0500] "POST /wp-login.php HTTP/1.1" 503 18947 "-" "Mozilla/5.0"
103.59.160.219 - - [05/May/2026:07:15:04 -0500] "POST /xmlrpc.php HTTP/1.1" 503 7117 "-" "python-httpx/0.22.0"
167.86.88.122 - - [05/May/2026:07:15:20 -0500] "POST /wp-cron.php?doing_wp_cron=1777983320.9086430072784423828125 HTTP/1.1" 200 20 "https://www.ensad.edu.pe/wp-cron.php?doing_wp_cron=1777983320.9086430072784423828125" "WordPress/5.5.3; https://www.ensad.edu.pe"
167.86.88.122 - - [05/May/2026:07:15:20 -0500] "POST /?wordfence_syncAttackData=1777983320.7114 HTTP/1.1" 200 20 "https://www.ensad.edu.pe/?wordfence_syncAttackData=1777983320.7114" "WordPress/5.5.3; https://www.ensad.edu.pe"
167.86.88.122 - - [05/May/2026:07:15:21 -0500] "POST /wp-cron.php?doing_wp_cron=1777983321.0952401161193847656250 HTTP/1.1" 200 20 "https://www.ensad.edu.pe/wp-cron.php?doing_wp_cron=1777983321.0952401161193847656250" "WordPress/5.5.3; https://www.ensad.edu.pe"
167.86.88.122 - - [05/May/2026:07:14:50 -0500] "GET /wp-admin/admin-ajax.php?action=wordfence_doScan&isFork=1&scanMode=custom&cronKey=47a4910ad2899b2565a6f8a182d48ce4&signature=2a6b1beacca15d450a20b3fea1419deb9af54a6516947aa8f5f6df9066719ed9 HTTP/1.1" 404 24278 "-" "WordPress/5.5.3; https://www.ensad.edu.pe"
23.98.142.177 - - [05/May/2026:07:15:24 -0500] "GET /wp-content/uploads/2025/12/FE_AIPDE_V.pdf HTTP/1.1" 200 18575707 "-" "Mozilla/5.0 AppleWebKit/537.36 (KHTML, like Gecko); compatible; ChatGPT-User/1.0; +https://openai.com/bot"
202.28.17.8 - - [05/May/2026:07:15:25 -0500] "POST /owa/auth.owa HTTP/1.1" 404 31360 "https://mail.ensad.edu.pe/owa/auth/logon.aspx?replaceCurrent=1&url=https%3a%2f%2fmail.ensad.edu.pe%2fowa%2f" "Mozilla/5.0 (Windows NT 10.0; Win64; x64) AppleWebKit/537.36 (KHTML, like Gecko) Chrome/96.0.4664.110 Safari/537.36"
202.28.17.8 - - [05/May/2026:07:15:30 -0500] "POST /owa/auth.owa HTTP/1.1" 200 12283 "https://webmail.ensad.edu.pe/owa/auth/logon.aspx?replaceCurrent=1&url=https%3a%2f%2fwebmail.ensad.edu.pe%2fowa%2f" "Mozilla/5.0 (Windows NT 10.0; Win64; x64) AppleWebKit/537.36 (KHTML, like Gecko) Chrome/96.0.4664.110 Safari/537.36"
167.86.88.122 - - [05/May/2026:07:15:36 -0500] "POST /wp-cron.php?doing_wp_cron=1777983336.3014280796051025390625 HTTP/1.1" 200 20 "https://www.ensad.edu.pe/wp-cron.php?doing_wp_cron=1777983336.3014280796051025390625" "WordPress/5.5.3; https://www.ensad.edu.pe"
167.86.88.122 - - [05/May/2026:07:15:41 -0500] "POST /wp-cron.php?doing_wp_cron=1777983341.5181660652160644531250 HTTP/1.1" 200 20 "https://www.ensad.edu.pe/wp-cron.php?doing_wp_cron=1777983341.5181660652160644531250" "WordPress/5.5.3; https://www.ensad.edu.pe"
202.28.17.8 - - [05/May/2026:07:15:41 -0500] "POST /owa/auth.owa HTTP/1.1" 404 31360 "https://ensad.edu.pe/owa/auth/logon.aspx?replaceCurrent=1&url=https%3a%2f%2fensad.edu.pe%2fowa%2f" "Mozilla/5.0 (Windows NT 10.0; Win64; x64) AppleWebKit/537.36 (KHTML, like Gecko) Chrome/96.0.4664.110 Safari/537.36"
51.91.208.97 - - [05/May/2026:07:15:42 -0500] "GET / HTTP/1.1" 200 38690 "http://www.ensad.edu.pe" "Mozilla/5.0 (Windows NT 10.0; Win64; x64) AppleWebKit/537.36 (KHTML, like Gecko) Chrome/143.0.0.0 Safari/537.36"
54.38.1.92 - - [05/May/2026:07:15:47 -0500] "GET /wp-content/uploads/2026/04/cropped-unae_favico-32x32.png HTTP/1.1" 200 272 "http://www.ensad.edu.pe" "Mozilla/5.0 (Windows NT 10.0; Win64; x64) AppleWebKit/537.36 (KHTML, like Gecko) Chrome/143.0.0.0 Safari/537.36"
40.77.167.131 - - [05/May/2026:07:15:48 -0500] "GET /descargas/convocatorias/cas_2020/criterio_cas_001_educacion.pdf HTTP/1.1" 200 262797 "-" "Mozilla/5.0 AppleWebKit/537.36 (KHTML, like Gecko; compatible; bingbot/2.0; +http://www.bing.com/bingbot.htm) Chrome/116.0.1938.76 Safari/537.36"
167.86.88.122 - - [05/May/2026:07:15:36 -0500] "GET /wp-admin/admin-ajax.php?action=wordfence_doScan&isFork=1&scanMode=custom&cronKey=51cb05715f51583dd0aea6808e8d50c6&signature=327f75d08f43c6208de06d1d221f70b79f357827e35d21f0e998adcf106d95ff HTTP/1.1" 200 20 "-" "WordPress/5.5.3; https://www.ensad.edu.pe"
44.223.116.180 - - [05/May/2026:07:16:11 -0500] "GET /?locale=uk HTTP/1.1" 200 12684 "-" "Mozilla/5.0 AppleWebKit/537.36 (KHTML, like Gecko; compatible; Amazonbot/0.1; +https://developer.amazon.com/support/amazonbot) Chrome/119.0.6045.214 Safari/537.36"
54.84.250.51 - - [05/May/2026:07:16:13 -0500] "GET /wp-content/uploads/cache/wpml/twig/62/?C=D;O%3DA HTTP/1.1" 200 507 "-" "Mozilla/5.0 AppleWebKit/537.36 (KHTML, like Gecko; compatible; Amazonbot/0.1; +https://developer.amazon.com/support/amazonbot) Chrome/119.0.6045.214 Safari/537.36"
54.84.102.81 - - [05/May/2026:07:16:18 -0500] "GET /wp-content/uploads/cache/wpml/twig/ad/?C=D;O%3DA HTTP/1.1" 200 448 "-" "Mozilla/5.0 AppleWebKit/537.36 (KHTML, like Gecko; compatible; Amazonbot/0.1; +https://developer.amazon.com/support/amazonbot) Chrome/119.0.6045.214 Safari/537.36"
40.77.167.155 - - [05/May/2026:07:16:20 -0500] "GET /descargas/transparencia/Resolucion-directoral-025-2025-UE-ENSAD.pdf HTTP/1.1" 200 639981 "-" "Mozilla/5.0 AppleWebKit/537.36 (KHTML, like Gecko; compatible; bingbot/2.0; +http://www.bing.com/bingbot.htm) Chrome/116.0.1938.76 Safari/537.36"
98.82.40.168 - - [05/May/2026:07:16:21 -0500] "GET /wp-content/uploads/cache/wpml/twig/6b/?C=S;O%3DA HTTP/1.1" 200 450 "-" "Mozilla/5.0 AppleWebKit/537.36 (KHTML, like Gecko; compatible; Amazonbot/0.1; +https://developer.amazon.com/support/amazonbot) Chrome/119.0.6045.214 Safari/537.36"
103.59.160.219 - - [05/May/2026:07:16:22 -0500] "POST /xmlrpc.php HTTP/1.1" 503 7118 "-" "python-httpx/0.22.0"
34.235.239.240 - - [05/May/2026:07:16:25 -0500] "GET /wp-content/uploads/2024/12/?C=D;O%3DD HTTP/1.1" 200 1973 "-" "Mozilla/5.0 AppleWebKit/537.36 (KHTML, like Gecko; compatible; Amazonbot/0.1; +https://developer.amazon.com/support/amazonbot) Chrome/119.0.6045.214 Safari/537.36"
167.86.88.122 - - [05/May/2026:07:16:26 -0500] "POST /wp-cron.php?doing_wp_cron=1777983386.2300291061401367187500 HTTP/1.1" 200 20 "https://www.ensad.edu.pe/wp-cron.php?doing_wp_cron=1777983386.2300291061401367187500" "WordPress/5.5.3; https://www.ensad.edu.pe"
167.86.88.122 - - [05/May/2026:07:16:26 -0500] "POST /?wordfence_syncAttackData=1777983386.0502 HTTP/1.1" 200 20 "https://www.ensad.edu.pe/?wordfence_syncAttackData=1777983386.0502" "WordPress/5.5.3; https://www.ensad.edu.pe"
44.207.69.106 - - [05/May/2026:07:16:30 -0500] "GET /wp-content/uploads/cache/wpml/twig/60/603aabe85b256de303dc92495d064fec7ab21048a428de6569c62234c94dff94.php HTTP/1.1" 500 20 "-" "Mozilla/5.0 AppleWebKit/537.36 (KHTML, like Gecko; compatible; Amazonbot/0.1; +https://developer.amazon.com/support/amazonbot) Chrome/119.0.6045.214 Safari/537.36"
167.86.88.122 - - [05/May/2026:07:15:59 -0500] "GET /wp-admin/admin-ajax.php?action=wordfence_doScan&isFork=1&scanMode=custom&cronKey=a22ae214b289dff2aed7f90327b9fee4&signature=1d88c4e01398af30b0d803b18cd304458c23379faa3f667d6200cc0a1375d8fc HTTP/1.1" 404 24278 "-" "WordPress/5.5.3; https://www.ensad.edu.pe"
52.4.229.9 - - [05/May/2026:07:16:34 -0500] "GET /wp-content/uploads/cache/wpml/twig/47/?C=M;O%3DA HTTP/1.1" 200 450 "-" "Mozilla/5.0 AppleWebKit/537.36 (KHTML, like Gecko; compatible; Amazonbot/0.1; +https://developer.amazon.com/support/amazonbot) Chrome/119.0.6045.214 Safari/537.36"
66.249.73.233 - - [05/May/2026:07:16:35 -0500] "GET /category/novedades/page/5/ HTTP/1.1" 200 33014 "-" "Mozilla/5.0 (Linux; Android 6.0.1; Nexus 5X Build/MMB29P) AppleWebKit/537.36 (KHTML, like Gecko) Chrome/147.0.7727.137 Mobile Safari/537.36 (compatible; Googlebot/2.1; +http://www.google.com/bot.html)"
103.59.160.219 - - [05/May/2026:07:16:36 -0500] "POST /xmlrpc.php HTTP/1.1" 503 7117 "-" "python-httpx/0.22.0"
44.220.2.97 - - [05/May/2026:07:16:37 -0500] "GET /wp-content/uploads/cache/wpml/twig/d5/d5150e212801efc2e2a51ee4b7ac5e636bfd33ec584dcb02069ef1c593cf8146.php HTTP/1.1" 500 20 "-" "Mozilla/5.0 AppleWebKit/537.36 (KHTML, like Gecko; compatible; Amazonbot/0.1; +https://developer.amazon.com/support/amazonbot) Chrome/119.0.6045.214 Safari/537.36"
167.86.88.122 - - [05/May/2026:07:16:39 -0500] "POST /?wordfence_syncAttackData=1777983399.3793 HTTP/1.1" 200 20 "https://www.ensad.edu.pe/?wordfence_syncAttackData=1777983399.3793" "WordPress/5.5.3; https://www.ensad.edu.pe"
91.98.38.26 - - [05/May/2026:07:16:39 -0500] "GET / HTTP/1.1" 200 38690 "-" "Better Uptime Bot Mozilla/5.0 (Windows NT 10.0; Win64; x64) AppleWebKit/537.36 (KHTML, like Gecko) Chrome/74.0.3729.169 Safari/537.36"
34.205.170.13 - - [05/May/2026:07:16:41 -0500] "GET /wp-content/uploads/cache/wpml/twig/b8/?C=S;O%3DA HTTP/1.1" 200 450 "-" "Mozilla/5.0 AppleWebKit/537.36 (KHTML, like Gecko; compatible; Amazonbot/0.1; +https://developer.amazon.com/support/amazonbot) Chrome/119.0.6045.214 Safari/537.36"
52.2.83.227 - - [05/May/2026:07:16:45 -0500] "GET /wp-content/uploads/cache/wpml/twig/8c/?C=D;O%3DA HTTP/1.1" 200 449 "-" "Mozilla/5.0 AppleWebKit/537.36 (KHTML, like Gecko; compatible; Amazonbot/0.1; +https://developer.amazon.com/support/amazonbot) Chrome/119.0.6045.214 Safari/537.36"
34.227.156.153 - - [05/May/2026:07:16:50 -0500] "GET /wp-content/uploads/cache/wpml/twig/cd/?C=M;O%3DA HTTP/1.1" 200 449 "-" "Mozilla/5.0 AppleWebKit/537.36 (KHTML, like Gecko; compatible; Amazonbot/0.1; +https://developer.amazon.com/support/amazonbot) Chrome/119.0.6045.214 Safari/537.36"
103.59.160.219 - - [05/May/2026:07:16:51 -0500] "POST /xmlrpc.php HTTP/1.1" 503 7117 "-" "python-httpx/0.22.0"
52.2.4.213 - - [05/May/2026:07:16:55 -0500] "GET /wp-content/uploads/2024/07/?C=S;O%3DD HTTP/1.1" 200 430 "-" "Mozilla/5.0 AppleWebKit/537.36 (KHTML, like Gecko; compatible; Amazonbot/0.1; +https://developer.amazon.com/support/amazonbot) Chrome/119.0.6045.214 Safari/537.36"
54.197.114.76 - - [05/May/2026:07:16:57 -0500] "GET /wp-content/uploads/cache/wpml/twig/75/?C=D;O%3DA HTTP/1.1" 200 450 "-" "Mozilla/5.0 AppleWebKit/537.36 (KHTML, like Gecko; compatible; Amazonbot/0.1; +https://developer.amazon.com/support/amazonbot) Chrome/119.0.6045.214 Safari/537.36"
3.226.34.98 - - [05/May/2026:07:17:01 -0500] "GET /wp-content/uploads/cache/wpml/twig/f6/f6a2cdafed373862ed389c2b63256d7e2f65e2803c0c27c94b170f8e82192dfe.php HTTP/1.1" 500 20 "-" "Mozilla/5.0 AppleWebKit/537.36 (KHTML, like Gecko; compatible; Amazonbot/0.1; +https://developer.amazon.com/support/amazonbot) Chrome/119.0.6045.214 Safari/537.36"
3.213.106.226 - - [05/May/2026:07:17:05 -0500] "GET /wp-content/uploads/cache/wpml/twig/2b/2b465a97d6cfa0158dd54f5118286ca79d48405f99773786db5affdcc2806e23.php HTTP/1.1" 500 20 "-" "Mozilla/5.0 AppleWebKit/537.36 (KHTML, like Gecko; compatible; Amazonbot/0.1; +https://developer.amazon.com/support/amazonbot) Chrome/119.0.6045.214 Safari/537.36"
66.249.73.231 - - [05/May/2026:07:17:06 -0500] "GET /wp-content/uploads/2022/10/image019.png HTTP/1.1" 200 21702 "-" "Googlebot-Image/1.0"
103.59.160.219 - - [05/May/2026:07:17:08 -0500] "POST /xmlrpc.php HTTP/1.1" 503 7117 "-" "python-httpx/0.22.0"
66.249.73.231 - - [05/May/2026:07:17:13 -0500] "GET /wp-content/plugins/eventON/assets/css/eventon_dynamic_styles.css?ver=3.0.2 HTTP/1.1" 200 2255 "https://www.ensad.edu.pe/category/novedades/page/5/" "Mozilla/5.0 (Linux; Android 6.0.1; Nexus 5X Build/MMB29P) AppleWebKit/537.36 (KHTML, like Gecko) Chrome/147.0.7727.137 Mobile Safari/537.36 (compatible; Googlebot/2.1; +http://www.google.com/bot.html)"
167.86.88.122 - - [05/May/2026:07:17:33 -0500] "POST /wp-cron.php?doing_wp_cron=1777983453.1875810623168945312500 HTTP/1.1" 200 20 "https://www.ensad.edu.pe/wp-cron.php?doing_wp_cron=1777983453.1875810623168945312500" "WordPress/5.5.3; https://www.ensad.edu.pe"
167.86.88.122 - - [05/May/2026:07:17:33 -0500] "POST /?wordfence_syncAttackData=1777983453.0456 HTTP/1.1" 200 20 "https://www.ensad.edu.pe/?wordfence_syncAttackData=1777983453.0456" "WordPress/5.5.3; https://www.ensad.edu.pe"
103.59.160.219 - - [05/May/2026:07:17:32 -0500] "POST /xmlrpc.php HTTP/1.1" 503 7304 "-" "python-httpx/0.22.0"
197.155.176.66 - - [05/May/2026:07:17:51 -0500] "GET /wp-content/uploads/cache/wpml/twig/af/af0e9a942a5e1fad960e598a76de142744ce18ee219a12b3f313ab34c68b163f.php HTTP/1.1" 500 20 "https://www.ensad.edu.pe/" "Mozilla/5.0 (Macintosh; Intel Mac OS X 10_15_7) AppleWebKit/537.36 (KHTML, like Gecko) Chrome/134.0.0.0 Safari/537.36"
103.59.160.219 - - [05/May/2026:07:17:53 -0500] "POST /xmlrpc.php HTTP/1.1" 503 7117 "-" "python-httpx/0.22.0"
103.59.160.219 - - [05/May/2026:07:18:07 -0500] "POST /xmlrpc.php HTTP/1.1" 503 7117 "-" "python-httpx/0.22.0"
167.86.88.122 - - [05/May/2026:07:18:16 -0500] "POST /wp-cron.php?doing_wp_cron=1777983496.7094790935516357421875 HTTP/1.1" 200 20 "https://www.ensad.edu.pe/wp-cron.php?doing_wp_cron=1777983496.7094790935516357421875" "WordPress/5.5.3; https://www.ensad.edu.pe"
167.86.88.122 - - [05/May/2026:07:18:16 -0500] "POST /?wordfence_syncAttackData=1777983496.6181 HTTP/1.1" 200 20 "https://www.ensad.edu.pe/?wordfence_syncAttackData=1777983496.6181" "WordPress/5.5.3; https://www.ensad.edu.pe"
85.208.96.209 - - [05/May/2026:07:18:16 -0500] "GET /robots.txt HTTP/1.1" 200 112 "-" "Mozilla/5.0 (compatible; SemrushBot/7~bl; +http://www.semrush.com/bot.html)"
85.208.96.210 - - [05/May/2026:07:18:17 -0500] "GET /search/%D8%B1%DA%A9%D9%86%DB%8C%D8%AA%20Skout%20%D8%A7%DA%A9%D8%A7%D8%A4%D9%86%D9%B9%20%D8%AE%D8%B1%DB%8C%D8%AF%DB%8C%DA%BA%20%E2%98%9E%20acc6.top HTTP/1.1" 200 31533 "-" "Mozilla/5.0 (compatible; SemrushBot/7~bl; +http://www.semrush.com/bot.html)"
103.59.160.219 - - [05/May/2026:07:18:23 -0500] "POST /xmlrpc.php HTTP/1.1" 503 7117 "-" "python-httpx/0.22.0"
103.59.160.219 - - [05/May/2026:07:18:33 -0500] "POST /xmlrpc.php HTTP/1.1" 503 7117 "-" "python-httpx/0.22.0"
167.86.88.122 - - [05/May/2026:07:18:34 -0500] "POST /?wordfence_syncAttackData=1777983514.1817 HTTP/1.1" 200 20 "https://www.ensad.edu.pe/?wordfence_syncAttackData=1777983514.1817" "WordPress/5.5.3; https://www.ensad.edu.pe"
74.7.228.31 - - [05/May/2026:07:18:34 -0500] "GET /robots.txt HTTP/1.1" 200 112 "-" "Mozilla/5.0 (Macintosh; Intel Mac OS X 10_15_7) AppleWebKit/537.36 (KHTML, like Gecko) Chrome/131.0.0.0 Safari/537.36; compatible; OAI-SearchBot/1.3; robots.txt; +https://openai.com/searchbot"
103.59.160.219 - - [05/May/2026:07:18:43 -0500] "POST /xmlrpc.php HTTP/1.1" 503 7117 "-" "python-httpx/0.22.0"
167.86.88.122 - - [05/May/2026:07:18:49 -0500] "POST /wp-cron.php?doing_wp_cron=1777983529.1748518943786621093750 HTTP/1.1" 200 20 "https://www.ensad.edu.pe/wp-cron.php?doing_wp_cron=1777983529.1748518943786621093750" "WordPress/5.5.3; https://www.ensad.edu.pe"
167.86.88.122 - - [05/May/2026:07:18:49 -0500] "POST /?wordfence_syncAttackData=1777983529.0599 HTTP/1.1" 200 20 "https://www.ensad.edu.pe/?wordfence_syncAttackData=1777983529.0599" "WordPress/5.5.3; https://www.ensad.edu.pe"
20.226.32.85 - - [05/May/2026:07:18:49 -0500] "GET / HTTP/1.1" 301 20 "-" "Mozilla/5.0 AppleWebKit/537.36 (KHTML, like Gecko); compatible; ChatGPT-User/1.0; +https://openai.com/bot"
20.226.32.90 - - [05/May/2026:07:18:50 -0500] "GET / HTTP/1.1" 200 38687 "-" "Mozilla/5.0 AppleWebKit/537.36 (KHTML, like Gecko); compatible; ChatGPT-User/1.0; +https://openai.com/bot"
103.59.160.219 - - [05/May/2026:07:18:56 -0500] "POST /xmlrpc.php HTTP/1.1" 503 7117 "-" "python-httpx/0.22.0"
103.59.160.219 - - [05/May/2026:07:19:14 -0500] "POST /xmlrpc.php HTTP/1.1" 503 7117 "-" "python-httpx/0.22.0"
91.92.243.236 - - [05/May/2026:07:19:38 -0500] "POST /wp-login.php HTTP/1.1" 503 18034 "-" "Mozilla/5.0"
91.92.243.236 - - [05/May/2026:07:19:38 -0500] "POST /wp-login.php HTTP/1.1" 503 18034 "-" "Mozilla/5.0"
103.59.160.219 - - [05/May/2026:07:19:42 -0500] "POST /xmlrpc.php HTTP/1.1" 503 7117 "-" "python-httpx/0.22.0"
103.59.160.219 - - [05/May/2026:07:19:52 -0500] "POST /xmlrpc.php HTTP/1.1" 503 7117 "-" "python-httpx/0.22.0"
167.86.88.122 - - [05/May/2026:07:19:59 -0500] "POST /wp-cron.php?doing_wp_cron=1777983599.7643339633941650390625 HTTP/1.1" 200 20 "https://www.ensad.edu.pe/wp-cron.php?doing_wp_cron=1777983599.7643339633941650390625" "WordPress/5.5.3; https://www.ensad.edu.pe"
