40.77.167.156 - - [05/May/2026:08:44:32 -0500] "GET /wp-json/wp/v2/posts/13802 HTTP/1.1" 200 3947 "-" "Mozilla/5.0 AppleWebKit/537.36 (KHTML, like Gecko; compatible; bingbot/2.0; +http://www.bing.com/bingbot.htm) Chrome/116.0.1938.76 Safari/537.36"
103.59.160.219 - - [05/May/2026:08:44:34 -0500] "POST /xmlrpc.php HTTP/1.1" 503 7303 "-" "python-httpx/0.22.0"
66.249.74.135 - - [05/May/2026:08:44:39 -0500] "GET /robots.txt HTTP/1.1" 301 20 "-" "Mozilla/5.0 (compatible; Googlebot/2.1; +http://www.google.com/bot.html)"
66.249.73.232 - - [05/May/2026:08:44:40 -0500] "GET /robots.txt HTTP/1.1" 200 112 "-" "Mozilla/5.0 (compatible; Googlebot/2.1; +http://www.google.com/bot.html)"
66.249.74.137 - - [05/May/2026:08:44:40 -0500] "GET /descargas/transparencia/estandar/anexo04_cmn_bienes_servicios_obras_2025.pdf HTTP/1.1" 304 - "-" "Mozilla/5.0 (Linux; Android 6.0.1; Nexus 5X Build/MMB29P) AppleWebKit/537.36 (KHTML, like Gecko) Chrome/147.0.7727.137 Mobile Safari/537.36 (compatible; Googlebot/2.1; +http://www.google.com/bot.html)"
17.22.237.64 - - [05/May/2026:08:44:46 -0500] "GET /wp-content/uploads/2026/04/logo-portal-transparencia-1.png HTTP/1.1" 200 63169 "-" "Mozilla/5.0 (Macintosh; Intel Mac OS X 10_15_7) AppleWebKit/605.1.15 (KHTML, like Gecko) Version/17.4 Safari/605.1.15 (Applebot/0.1; +http://www.apple.com/go/applebot)"
92.222.104.194 - - [05/May/2026:08:44:45 -0500] "GET /05-elio-leturia/ HTTP/1.1" 200 43634 "-" "Mozilla/5.0 (compatible; AhrefsBot/7.0; +http://ahrefs.com/robot/)"
103.59.160.219 - - [05/May/2026:08:44:47 -0500] "POST /xmlrpc.php HTTP/1.1" 503 7118 "-" "python-httpx/0.22.0"
91.92.243.236 - - [05/May/2026:08:44:58 -0500] "POST /wp-login.php HTTP/1.1" 503 18034 "-" "Mozilla/5.0"
91.92.243.236 - - [05/May/2026:08:44:58 -0500] "POST /wp-login.php HTTP/1.1" 503 18034 "-" "Mozilla/5.0"
167.86.88.122 - - [05/May/2026:08:44:59 -0500] "POST /?wordfence_syncAttackData=1777988699.1999 HTTP/1.1" 200 20 "https://www.ensad.edu.pe/?wordfence_syncAttackData=1777988699.1999" "WordPress/5.5.3; https://www.ensad.edu.pe"
103.59.160.219 - - [05/May/2026:08:44:59 -0500] "POST /xmlrpc.php HTTP/1.1" 503 7118 "-" "python-httpx/0.22.0"
103.59.160.219 - - [05/May/2026:08:45:10 -0500] "POST /xmlrpc.php HTTP/1.1" 503 7118 "-" "python-httpx/0.22.0"
167.86.88.122 - - [05/May/2026:08:45:11 -0500] "POST /?wordfence_syncAttackData=1777988711.0973 HTTP/1.1" 200 20 "https://www.ensad.edu.pe/?wordfence_syncAttackData=1777988711.0973" "WordPress/5.5.3; https://www.ensad.edu.pe"
85.208.98.18 - - [05/May/2026:08:45:10 -0500] "HEAD / HTTP/1.1" 200 - "-" "Mozilla/5.0 (compatible; SemrushBot; +http://www.semrush.com/bot.html)"
85.208.98.18 - - [05/May/2026:08:45:10 -0500] "HEAD / HTTP/1.1" 200 - "-" "Mozilla/5.0 (compatible; SemrushBot; +http://www.semrush.com/bot.html)"
167.86.88.122 - - [05/May/2026:08:45:11 -0500] "POST /?wordfence_syncAttackData=1777988711.107 HTTP/1.1" 200 24242 "https://www.ensad.edu.pe/?wordfence_syncAttackData=1777988711.107" "WordPress/5.5.3; https://www.ensad.edu.pe"
14.191.20.174 - - [05/May/2026:08:45:17 -0500] "GET /wp-sitemap-taxonomies-category-1.xml HTTP/1.1" 200 372 "-" "Mozilla/5.0 (Macintosh; Intel Mac OS X 12_6_0) AppleWebKit/537.36 (KHTML, like Gecko) Chrome/129.0.6668.58 Safari/537.36"
103.59.160.219 - - [05/May/2026:08:45:24 -0500] "POST /xmlrpc.php HTTP/1.1" 503 7117 "-" "python-httpx/0.22.0"
167.86.88.122 - - [05/May/2026:08:45:24 -0500] "POST /wp-cron.php?doing_wp_cron=1777988724.5273730754852294921875 HTTP/1.1" 200 20 "https://www.ensad.edu.pe/wp-cron.php?doing_wp_cron=1777988724.5273730754852294921875" "WordPress/5.5.3; https://www.ensad.edu.pe"
167.86.88.122 - - [05/May/2026:08:45:24 -0500] "POST /?wordfence_syncAttackData=1777988724.4289 HTTP/1.1" 200 20 "https://www.ensad.edu.pe/?wordfence_syncAttackData=1777988724.4289" "WordPress/5.5.3; https://www.ensad.edu.pe"
167.86.88.122 - - [05/May/2026:08:45:24 -0500] "POST /wp-cron.php?doing_wp_cron=1777988724.6905679702758789062500 HTTP/1.1" 200 20 "https://www.ensad.edu.pe/wp-cron.php?doing_wp_cron=1777988724.6905679702758789062500" "WordPress/5.5.3; https://www.ensad.edu.pe"
94.23.188.218 - - [05/May/2026:08:45:24 -0500] "GET /ppp2025/ HTTP/1.1" 200 25969 "-" "Mozilla/5.0 (compatible; AhrefsBot/7.0; +http://ahrefs.com/robot/)"
9.160.164.143 - - [05/May/2026:08:45:34 -0500] "GET /wp-content/uploads/2025/11/FE_AIPDE_VI.pdf HTTP/1.1" 200 30801890 "-" "Mozilla/5.0 AppleWebKit/537.36 (KHTML, like Gecko); compatible; ChatGPT-User/1.0; +https://openai.com/bot"
103.59.160.219 - - [05/May/2026:08:45:39 -0500] "POST /xmlrpc.php HTTP/1.1" 503 7118 "-" "python-httpx/0.22.0"
167.86.88.122 - - [05/May/2026:08:45:42 -0500] "POST /wp-cron.php?doing_wp_cron=1777988742.3571739196777343750000 HTTP/1.1" 200 20 "https://www.ensad.edu.pe/wp-cron.php?doing_wp_cron=1777988742.3571739196777343750000" "WordPress/5.5.3; https://www.ensad.edu.pe"
167.86.88.122 - - [05/May/2026:08:45:42 -0500] "POST /?wordfence_syncAttackData=1777988742.2569 HTTP/1.1" 200 20 "https://www.ensad.edu.pe/?wordfence_syncAttackData=1777988742.2569" "WordPress/5.5.3; https://www.ensad.edu.pe"
92.222.108.112 - - [05/May/2026:08:45:42 -0500] "GET /arte-resiliencia-pandemia-rocio-cancion/ HTTP/1.1" 200 33470 "-" "Mozilla/5.0 (compatible; AhrefsBot/7.0; +http://ahrefs.com/robot/)"
136.158.39.110 - - [05/May/2026:08:45:56 -0500] "GET /wp-sitemap-taxonomies-post_tag-1.xml HTTP/1.1" 200 271 "-" "Mozilla/5.0 (Macintosh; Intel Mac OS X 11.5; rv:136.0) Gecko/20100101 Firefox/136.0"
73.13.4.81 - - [05/May/2026:08:45:58 -0500] "GET /wp-sitemap-posts-post-1.xml HTTP/1.1" 200 2426 "-" "Mozilla/5.0 (Macintosh; Intel Mac OS X 15_1_0) AppleWebKit/537.36 (KHTML, like Gecko) Chrome/131.0.6778.265 Safari/537.36"
103.59.160.219 - - [05/May/2026:08:46:03 -0500] "POST /xmlrpc.php HTTP/1.1" 503 7118 "-" "python-httpx/0.22.0"
167.86.88.122 - - [05/May/2026:08:46:23 -0500] "POST /?wordfence_syncAttackData=1777988783.9351 HTTP/1.1" 200 20 "https://www.ensad.edu.pe/?wordfence_syncAttackData=1777988783.9351" "WordPress/5.5.3; https://www.ensad.edu.pe"
94.23.188.213 - - [05/May/2026:08:46:23 -0500] "GET /ppp-2025-c2011/ HTTP/1.1" 200 26148 "-" "Mozilla/5.0 (compatible; AhrefsBot/7.0; +http://ahrefs.com/robot/)"
103.59.160.219 - - [05/May/2026:08:46:32 -0500] "POST /xmlrpc.php HTTP/1.1" 503 7117 "-" "python-httpx/0.22.0"
186.143.195.63 - - [05/May/2026:08:46:31 -0500] "GET /wp-content/uploads/2025/12/FE_AIPDE_V.pdf HTTP/1.1" 206 12383805 "https://www.google.com/" "Mozilla/5.0 (Linux; Android 10; K) AppleWebKit/537.36 (KHTML, like Gecko) Chrome/147.0.0.0 Mobile Safari/537.36"
186.143.195.63 - - [05/May/2026:08:46:31 -0500] "GET /wp-content/uploads/2025/12/FE_AIPDE_V.pdf HTTP/1.1" 206 6191903 "https://www.google.com/" "Mozilla/5.0 (Linux; Android 10; K) AppleWebKit/537.36 (KHTML, like Gecko) Chrome/147.0.0.0 Mobile Safari/537.36"
186.143.195.63 - - [05/May/2026:08:46:30 -0500] "GET /wp-content/uploads/2025/12/FE_AIPDE_V.pdf HTTP/1.1" 200 18575707 "https://www.google.com/" "Mozilla/5.0 (Linux; Android 10; K) AppleWebKit/537.36 (KHTML, like Gecko) Chrome/147.0.0.0 Mobile Safari/537.36"
167.86.88.122 - - [05/May/2026:08:46:39 -0500] "POST /?wordfence_syncAttackData=1777988799.3818 HTTP/1.1" 200 20 "https://www.ensad.edu.pe/?wordfence_syncAttackData=1777988799.3818" "WordPress/5.5.3; https://www.ensad.edu.pe"
91.98.38.26 - - [05/May/2026:08:46:39 -0500] "GET / HTTP/1.1" 200 38422 "-" "Better Uptime Bot Mozilla/5.0 (Windows NT 10.0; Win64; x64) AppleWebKit/537.36 (KHTML, like Gecko) Chrome/74.0.3729.169 Safari/537.36"
167.86.88.122 - - [05/May/2026:08:46:45 -0500] "POST /wp-cron.php?doing_wp_cron=1777988805.2270019054412841796875 HTTP/1.1" 200 20 "https://www.ensad.edu.pe/wp-cron.php?doing_wp_cron=1777988805.2270019054412841796875" "WordPress/5.5.3; https://www.ensad.edu.pe"
57.141.20.44 - - [05/May/2026:08:46:45 -0500] "GET /becas-por-vulnerabilidad/ HTTP/1.1" 200 196536 "-" "meta-externalagent/1.1 (+https://developers.facebook.com/docs/sharing/webmasters/crawler)"
103.59.160.219 - - [05/May/2026:08:47:03 -0500] "POST /xmlrpc.php HTTP/1.1" 503 7118 "-" "python-httpx/0.22.0"
167.86.88.122 - - [05/May/2026:08:47:03 -0500] "POST /wp-cron.php?doing_wp_cron=1777988823.2410991191864013671875 HTTP/1.1" 200 20 "https://www.ensad.edu.pe/wp-cron.php?doing_wp_cron=1777988823.2410991191864013671875" "WordPress/5.5.3; https://www.ensad.edu.pe"
167.86.88.122 - - [05/May/2026:08:47:03 -0500] "POST /?wordfence_syncAttackData=1777988823.4094 HTTP/1.1" 200 20 "https://www.ensad.edu.pe/?wordfence_syncAttackData=1777988823.4094" "WordPress/5.5.3; https://www.ensad.edu.pe"
51.75.236.144 - - [05/May/2026:08:47:03 -0500] "GET /artistas_investigadoras_2/ HTTP/1.1" 200 32063 "-" "Mozilla/5.0 (compatible; AhrefsBot/7.0; +http://ahrefs.com/robot/)"
103.59.160.219 - - [05/May/2026:08:47:20 -0500] "POST /xmlrpc.php HTTP/1.1" 503 7118 "-" "python-httpx/0.22.0"
103.59.160.219 - - [05/May/2026:08:47:32 -0500] "POST /xmlrpc.php HTTP/1.1" 503 7117 "-" "python-httpx/0.22.0"
167.86.88.122 - - [05/May/2026:08:47:33 -0500] "POST /?wordfence_syncAttackData=1777988853.0294 HTTP/1.1" 200 20 "https://www.ensad.edu.pe/?wordfence_syncAttackData=1777988853.0294" "WordPress/5.5.3; https://www.ensad.edu.pe"
176.31.139.13 - - [05/May/2026:08:47:32 -0500] "GET /presentacion-dramaturgia-joven-ii/ HTTP/1.1" 200 32569 "-" "Mozilla/5.0 (compatible; AhrefsBot/7.0; +http://ahrefs.com/robot/)"
103.59.160.219 - - [05/May/2026:08:47:41 -0500] "POST /xmlrpc.php HTTP/1.1" 503 7118 "-" "python-httpx/0.22.0"
167.86.88.122 - - [05/May/2026:08:47:43 -0500] "POST /wp-cron.php?doing_wp_cron=1777988863.9770720005035400390625 HTTP/1.1" 200 20 "https://www.ensad.edu.pe/wp-cron.php?doing_wp_cron=1777988863.9770720005035400390625" "WordPress/5.5.3; https://www.ensad.edu.pe"
167.86.88.122 - - [05/May/2026:08:47:43 -0500] "POST /?wordfence_syncAttackData=1777988863.8529 HTTP/1.1" 200 20 "https://www.ensad.edu.pe/?wordfence_syncAttackData=1777988863.8529" "WordPress/5.5.3; https://www.ensad.edu.pe"
38.43.132.234 - - [05/May/2026:08:47:43 -0500] "POST /AutoDiscover/autodiscover.xml HTTP/1.1" 404 29915 "-" "Microsoft Office/16.0 (Windows NT 10.0; Microsoft PowerPoint 16.0.19929; Pro)"
103.59.160.219 - - [05/May/2026:08:48:00 -0500] "POST /xmlrpc.php HTTP/1.1" 503 7117 "-" "python-httpx/0.22.0"
167.86.88.122 - - [05/May/2026:08:48:06 -0500] "POST /?wordfence_syncAttackData=1777988886.4098 HTTP/1.1" 200 20 "https://www.ensad.edu.pe/?wordfence_syncAttackData=1777988886.4098" "WordPress/5.5.3; https://www.ensad.edu.pe"
37.59.204.151 - - [05/May/2026:08:48:06 -0500] "GET /ferialibroteatral2022/ HTTP/1.1" 200 34856 "-" "Mozilla/5.0 (compatible; AhrefsBot/7.0; +http://ahrefs.com/robot/)"
103.59.160.219 - - [05/May/2026:08:48:19 -0500] "POST /xmlrpc.php HTTP/1.1" 503 7118 "-" "python-httpx/0.22.0"
167.86.88.122 - - [05/May/2026:08:48:27 -0500] "POST /wp-cron.php?doing_wp_cron=1777988907.3233170509338378906250 HTTP/1.1" 200 20 "https://www.ensad.edu.pe/wp-cron.php?doing_wp_cron=1777988907.3233170509338378906250" "WordPress/5.5.3; https://www.ensad.edu.pe"
167.86.88.122 - - [05/May/2026:08:48:27 -0500] "POST /?wordfence_syncAttackData=1777988907.2246 HTTP/1.1" 200 20 "https://www.ensad.edu.pe/?wordfence_syncAttackData=1777988907.2246" "WordPress/5.5.3; https://www.ensad.edu.pe"
181.66.137.49 - - [05/May/2026:08:48:27 -0500] "GET /institucional/oportunidades-laborales/ HTTP/1.1" 200 49508 "https://www.google.com/url?q=https://www.ensad.edu.pe/institucional/oportunidades-laborales/&sa=U&sqi=2&ved=2ahUKEwii7PHnpKKUAxV-LrkGHSzuKxEQFnoECA8QAQ&usg=AOvVaw3acqjn7JqTXdLgt3K25ISt" "Mozilla/5.0 (iPhone; CPU iPhone OS 26_3_1 like Mac OS X) AppleWebKit/605.1.15 (KHTML, like Gecko) GSA/418.3.902016201 Mobile/15E148 Safari/604.1"
181.66.137.49 - - [05/May/2026:08:48:28 -0500] "GET /wp-content/uploads/pum/pum-site-styles.css?generated=1747710144&ver=1.15.0 HTTP/1.1" 200 3468 "https://www.ensad.edu.pe/institucional/oportunidades-laborales/" "Mozilla/5.0 (iPhone; CPU iPhone OS 26_3_1 like Mac OS X) AppleWebKit/605.1.15 (KHTML, like Gecko) GSA/418.3.902016201 Mobile/15E148 Safari/604.1"
181.66.137.49 - - [05/May/2026:08:48:28 -0500] "GET /wp-content/plugins/eventON/assets/css/eventon_dynamic_styles.css?ver=3.0.2 HTTP/1.1" 200 2255 "https://www.ensad.edu.pe/institucional/oportunidades-laborales/" "Mozilla/5.0 (iPhone; CPU iPhone OS 26_3_1 like Mac OS X) AppleWebKit/605.1.15 (KHTML, like Gecko) GSA/418.3.902016201 Mobile/15E148 Safari/604.1"
181.66.137.49 - - [05/May/2026:08:48:28 -0500] "GET /wp-content/themes/Divi-Child-Theme/style.css?ver=4.7.3 HTTP/1.1" 200 297 "https://www.ensad.edu.pe/institucional/oportunidades-laborales/" "Mozilla/5.0 (iPhone; CPU iPhone OS 26_3_1 like Mac OS X) AppleWebKit/605.1.15 (KHTML, like Gecko) GSA/418.3.902016201 Mobile/15E148 Safari/604.1"
181.66.137.49 - - [05/May/2026:08:48:28 -0500] "GET /wp-content/plugins/popups-for-divi/styles/front.min.css?ver=3.0.5 HTTP/1.1" 200 1641 "https://www.ensad.edu.pe/institucional/oportunidades-laborales/" "Mozilla/5.0 (iPhone; CPU iPhone OS 26_3_1 like Mac OS X) AppleWebKit/605.1.15 (KHTML, like Gecko) GSA/418.3.902016201 Mobile/15E148 Safari/604.1"
181.66.137.49 - - [05/May/2026:08:48:28 -0500] "GET /wp-includes/css/dist/block-library/style.min.css?ver=5.5.3 HTTP/1.1" 200 7907 "https://www.ensad.edu.pe/institucional/oportunidades-laborales/" "Mozilla/5.0 (iPhone; CPU iPhone OS 26_3_1 like Mac OS X) AppleWebKit/605.1.15 (KHTML, like Gecko) GSA/418.3.902016201 Mobile/15E148 Safari/604.1"
181.66.137.49 - - [05/May/2026:08:48:28 -0500] "GET /wp-content/plugins/wow-divi-carousel/styles/style.min.css?ver=1.0.0 HTTP/1.1" 200 4449 "https://www.ensad.edu.pe/institucional/oportunidades-laborales/" "Mozilla/5.0 (iPhone; CPU iPhone OS 26_3_1 like Mac OS X) AppleWebKit/605.1.15 (KHTML, like Gecko) GSA/418.3.902016201 Mobile/15E148 Safari/604.1"
181.66.137.49 - - [05/May/2026:08:48:28 -0500] "GET /wp-includes/css/dashicons.min.css?ver=5.5.3 HTTP/1.1" 200 35722 "https://www.ensad.edu.pe/institucional/oportunidades-laborales/" "Mozilla/5.0 (iPhone; CPU iPhone OS 26_3_1 like Mac OS X) AppleWebKit/605.1.15 (KHTML, like Gecko) GSA/418.3.902016201 Mobile/15E148 Safari/604.1"
181.66.137.49 - - [05/May/2026:08:48:28 -0500] "GET /wp-content/plugins/wow-divi-carousel/assets/js/wow-divi-carousel.js?ver=1.4.2 HTTP/1.1" 200 45 "https://www.ensad.edu.pe/institucional/oportunidades-laborales/" "Mozilla/5.0 (iPhone; CPU iPhone OS 26_3_1 like Mac OS X) AppleWebKit/605.1.15 (KHTML, like Gecko) GSA/418.3.902016201 Mobile/15E148 Safari/604.1"
181.66.137.49 - - [05/May/2026:08:48:28 -0500] "GET /wp-content/plugins/wow-divi-carousel/assets/vendor/slick/slick.min.js?ver=1.4.2 HTTP/1.1" 200 10519 "https://www.ensad.edu.pe/institucional/oportunidades-laborales/" "Mozilla/5.0 (iPhone; CPU iPhone OS 26_3_1 like Mac OS X) AppleWebKit/605.1.15 (KHTML, like Gecko) GSA/418.3.902016201 Mobile/15E148 Safari/604.1"
181.66.137.49 - - [05/May/2026:08:48:28 -0500] "GET /wp-content/plugins/wow-divi-carousel/scripts/frontend-bundle.min.js?ver=1.0.0 HTTP/1.1" 200 1694 "https://www.ensad.edu.pe/institucional/oportunidades-laborales/" "Mozilla/5.0 (iPhone; CPU iPhone OS 26_3_1 like Mac OS X) AppleWebKit/605.1.15 (KHTML, like Gecko) GSA/418.3.902016201 Mobile/15E148 Safari/604.1"
181.66.137.49 - - [05/May/2026:08:48:28 -0500] "GET /wp-content/plugins/eventON/assets/js/eventon_script.js?ver=3.0.2 HTTP/1.1" 200 13449 "https://www.ensad.edu.pe/institucional/oportunidades-laborales/" "Mozilla/5.0 (iPhone; CPU iPhone OS 26_3_1 like Mac OS X) AppleWebKit/605.1.15 (KHTML, like Gecko) GSA/418.3.902016201 Mobile/15E148 Safari/604.1"
181.66.137.49 - - [05/May/2026:08:48:29 -0500] "GET /wp-content/plugins/wpdatatables/integrations/starter/page-builders/divi-wpdt/scripts/frontend-bundle.min.js?ver=1.0.0 HTTP/1.1" 200 327 "https://www.ensad.edu.pe/institucional/oportunidades-laborales/" "Mozilla/5.0 (iPhone; CPU iPhone OS 26_3_1 like Mac OS X) AppleWebKit/605.1.15 (KHTML, like Gecko) GSA/418.3.902016201 Mobile/15E148 Safari/604.1"
181.66.137.49 - - [05/May/2026:08:48:29 -0500] "GET /wp-includes/js/jquery/ui/core.min.js?ver=1.11.4 HTTP/1.1" 200 1813 "https://www.ensad.edu.pe/institucional/oportunidades-laborales/" "Mozilla/5.0 (iPhone; CPU iPhone OS 26_3_1 like Mac OS X) AppleWebKit/605.1.15 (KHTML, like Gecko) GSA/418.3.902016201 Mobile/15E148 Safari/604.1"
181.66.137.49 - - [05/May/2026:08:48:29 -0500] "GET /wp-includes/js/jquery/ui/position.min.js?ver=1.11.4 HTTP/1.1" 200 2507 "https://www.ensad.edu.pe/institucional/oportunidades-laborales/" "Mozilla/5.0 (iPhone; CPU iPhone OS 26_3_1 like Mac OS X) AppleWebKit/605.1.15 (KHTML, like Gecko) GSA/418.3.902016201 Mobile/15E148 Safari/604.1"
181.66.137.49 - - [05/May/2026:08:48:29 -0500] "GET /wp-content/themes/Divi/core/admin/fonts/modules.ttf HTTP/1.1" 304 - "https://www.ensad.edu.pe/institucional/oportunidades-laborales/" "Mozilla/5.0 (iPhone; CPU iPhone OS 26_3_1 like Mac OS X) AppleWebKit/605.1.15 (KHTML, like Gecko) GSA/418.3.902016201 Mobile/15E148 Safari/604.1"
181.66.137.49 - - [05/May/2026:08:48:28 -0500] "GET /wp-content/themes/Divi/js/custom.unified.js?ver=4.7.3 HTTP/1.1" 200 135984 "https://www.ensad.edu.pe/institucional/oportunidades-laborales/" "Mozilla/5.0 (iPhone; CPU iPhone OS 26_3_1 like Mac OS X) AppleWebKit/605.1.15 (KHTML, like Gecko) GSA/418.3.902016201 Mobile/15E148 Safari/604.1"
181.66.137.49 - - [05/May/2026:08:48:29 -0500] "GET /images/word-icon.png HTTP/1.1" 404 29912 "https://www.ensad.edu.pe/institucional/oportunidades-laborales/" "Mozilla/5.0 (iPhone; CPU iPhone OS 26_3_1 like Mac OS X) AppleWebKit/605.1.15 (KHTML, like Gecko) GSA/418.3.902016201 Mobile/15E148 Safari/604.1"
181.66.137.49 - - [05/May/2026:08:48:29 -0500] "GET /descargas/convocatorias/cap_2020/ensad-2convocatoria-docentes-2020-cap.png HTTP/1.1" 200 502947 "https://www.ensad.edu.pe/institucional/oportunidades-laborales/" "Mozilla/5.0 (iPhone; CPU iPhone OS 26_3_1 like Mac OS X) AppleWebKit/605.1.15 (KHTML, like Gecko) GSA/418.3.902016201 Mobile/15E148 Safari/604.1"
181.66.137.49 - - [05/May/2026:08:48:30 -0500] "GET /descargas/convocatorias/cap-2019-2/ensad-convocatoria-docentes-cap-2019-2.png HTTP/1.1" 200 512140 "https://www.ensad.edu.pe/institucional/oportunidades-laborales/" "Mozilla/5.0 (iPhone; CPU iPhone OS 26_3_1 like Mac OS X) AppleWebKit/605.1.15 (KHTML, like Gecko) GSA/418.3.902016201 Mobile/15E148 Safari/604.1"
181.66.137.49 - - [05/May/2026:08:48:30 -0500] "GET /descargas/convocatorias/cap_2020/ensad-convocatoria-docentes-2020-cap.png HTTP/1.1" 200 546759 "https://www.ensad.edu.pe/institucional/oportunidades-laborales/" "Mozilla/5.0 (iPhone; CPU iPhone OS 26_3_1 like Mac OS X) AppleWebKit/605.1.15 (KHTML, like Gecko) GSA/418.3.902016201 Mobile/15E148 Safari/604.1"
181.66.137.49 - - [05/May/2026:08:48:30 -0500] "GET /images/ensad-convocatoria-seleccion-docentes-2019.jpg HTTP/1.1" 404 29912 "https://www.ensad.edu.pe/institucional/oportunidades-laborales/" "Mozilla/5.0 (iPhone; CPU iPhone OS 26_3_1 like Mac OS X) AppleWebKit/605.1.15 (KHTML, like Gecko) GSA/418.3.902016201 Mobile/15E148 Safari/604.1"
181.66.137.49 - - [05/May/2026:08:48:30 -0500] "GET /images/ensad-convocatoria-seleccion-docentes-2018-ok.jpg HTTP/1.1" 404 29912 "https://www.ensad.edu.pe/institucional/oportunidades-laborales/" "Mozilla/5.0 (iPhone; CPU iPhone OS 26_3_1 like Mac OS X) AppleWebKit/605.1.15 (KHTML, like Gecko) GSA/418.3.902016201 Mobile/15E148 Safari/604.1"
181.66.137.49 - - [05/May/2026:08:48:30 -0500] "GET /images/excel-icon.png HTTP/1.1" 404 29912 "https://www.ensad.edu.pe/institucional/oportunidades-laborales/" "Mozilla/5.0 (iPhone; CPU iPhone OS 26_3_1 like Mac OS X) AppleWebKit/605.1.15 (KHTML, like Gecko) GSA/418.3.902016201 Mobile/15E148 Safari/604.1"
181.66.137.49 - - [05/May/2026:08:48:30 -0500] "GET /images/excel.png HTTP/1.1" 404 29912 "https://www.ensad.edu.pe/institucional/oportunidades-laborales/" "Mozilla/5.0 (iPhone; CPU iPhone OS 26_3_1 like Mac OS X) AppleWebKit/605.1.15 (KHTML, like Gecko) GSA/418.3.902016201 Mobile/15E148 Safari/604.1"
181.66.137.49 - - [05/May/2026:08:48:31 -0500] "GET /images/word-icon.png HTTP/1.1" 404 29912 "https://www.ensad.edu.pe/institucional/oportunidades-laborales/" "Mozilla/5.0 (iPhone; CPU iPhone OS 26_3_1 like Mac OS X) AppleWebKit/605.1.15 (KHTML, like Gecko) GSA/418.3.902016201 Mobile/15E148 Safari/604.1"
181.66.137.49 - - [05/May/2026:08:48:31 -0500] "GET /images/word-icon.png HTTP/1.1" 404 29912 "https://www.ensad.edu.pe/institucional/oportunidades-laborales/" "Mozilla/5.0 (iPhone; CPU iPhone OS 26_3_1 like Mac OS X) AppleWebKit/605.1.15 (KHTML, like Gecko) GSA/418.3.902016201 Mobile/15E148 Safari/604.1"
181.66.137.49 - - [05/May/2026:08:48:44 -0500] "GET /wp-content/uploads/2026/04/ACTA-DE-EVALUACION-CURRICULAR.pdf HTTP/1.1" 200 1813572 "-" "Mozilla/5.0 (iPhone; CPU iPhone OS 26_3_1 like Mac OS X) AppleWebKit/605.1.15 (KHTML, like Gecko) GSA/418.3.902016201 Mobile/15E148 Safari/604.1"
167.86.88.122 - - [05/May/2026:08:48:48 -0500] "POST /wp-cron.php?doing_wp_cron=1777988928.6764049530029296875000 HTTP/1.1" 200 20 "https://www.ensad.edu.pe/wp-cron.php?doing_wp_cron=1777988928.6764049530029296875000" "WordPress/5.5.3; https://www.ensad.edu.pe"
103.59.160.219 - - [05/May/2026:08:48:49 -0500] "POST /xmlrpc.php HTTP/1.1" 503 7118 "-" "python-httpx/0.22.0"
51.68.247.211 - - [05/May/2026:08:48:48 -0500] "GET /mas-acceso-a-las-artes-escenicas-ensad-dona-libros-de-su-fondo-editorial-a-la-universidad-de-piura/ HTTP/1.1" 200 36721 "-" "Mozilla/5.0 (compatible; AhrefsBot/7.0; +http://ahrefs.com/robot/)"
167.86.88.122 - - [05/May/2026:08:48:58 -0500] "POST /wp-cron.php?doing_wp_cron=1777988938.0735359191894531250000 HTTP/1.1" 200 20 "https://www.ensad.edu.pe/wp-cron.php?doing_wp_cron=1777988938.0735359191894531250000" "WordPress/5.5.3; https://www.ensad.edu.pe"
167.86.88.122 - - [05/May/2026:08:48:57 -0500] "POST /?wordfence_syncAttackData=1777988937.9629 HTTP/1.1" 200 20 "https://www.ensad.edu.pe/?wordfence_syncAttackData=1777988937.9629" "WordPress/5.5.3; https://www.ensad.edu.pe"
191.239.245.27 - - [05/May/2026:08:48:57 -0500] "GET / HTTP/1.1" 301 20 "-" "Mozilla/5.0 AppleWebKit/537.36 (KHTML, like Gecko); compatible; ChatGPT-User/1.0; +https://openai.com/bot"
191.239.245.30 - - [05/May/2026:08:48:59 -0500] "GET / HTTP/1.1" 200 38419 "-" "Mozilla/5.0 AppleWebKit/537.36 (KHTML, like Gecko); compatible; ChatGPT-User/1.0; +https://openai.com/bot"
72.14.201.220 - - [05/May/2026:08:49:07 -0500] "GET /serv-academicos/admision/ HTTP/1.1" 200 42480 "https://www.google.com/" "Mozilla/5.0 (Windows NT 10.0; Win64; x64) AppleWebKit/537.36 (KHTML, like Gecko) Chrome/147.0.0.0 Safari/537.36"
193.186.4.220 - - [05/May/2026:08:49:10 -0500] "GET /serv-academicos/ HTTP/1.1" 200 35627 "https://www.google.com/" "Mozilla/5.0 (Windows NT 10.0; Win64; x64) AppleWebKit/537.36 (KHTML, like Gecko) Chrome/147.0.0.0 Safari/537.36"
103.59.160.219 - - [05/May/2026:08:49:12 -0500] "POST /xmlrpc.php HTTP/1.1" 503 7117 "-" "python-httpx/0.22.0"
167.86.88.122 - - [05/May/2026:08:49:13 -0500] "POST /?wordfence_syncAttackData=1777988953.3794 HTTP/1.1" 200 20 "https://www.ensad.edu.pe/?wordfence_syncAttackData=1777988953.3794" "WordPress/5.5.3; https://www.ensad.edu.pe"
181.224.228.186 - - [05/May/2026:08:49:14 -0500] "GET /wp-content/plugins/gtranslate/gtranslate-style24.css?ver=5.5.3 HTTP/1.1" 200 299 "https://www.ensad.edu.pe/serv-academicos/admision/" "Mozilla/5.0 (Windows NT 10.0; Win64; x64) AppleWebKit/537.36 (KHTML, like Gecko) Chrome/147.0.0.0 Safari/537.36"
181.224.228.186 - - [05/May/2026:08:49:14 -0500] "GET /wp-content/plugins/superb-social-share-and-follow-buttons//assets/css/frontend.css?ver=101.0.0 HTTP/1.1" 200 2157 "https://www.ensad.edu.pe/serv-academicos/admision/" "Mozilla/5.0 (Windows NT 10.0; Win64; x64) AppleWebKit/537.36 (KHTML, like Gecko) Chrome/147.0.0.0 Safari/537.36"
181.224.228.186 - - [05/May/2026:08:49:14 -0500] "GET /wp-content/plugins/popups-for-divi/styles/front.min.css?ver=3.0.5 HTTP/1.1" 200 1641 "https://www.ensad.edu.pe/serv-academicos/admision/" "Mozilla/5.0 (Windows NT 10.0; Win64; x64) AppleWebKit/537.36 (KHTML, like Gecko) Chrome/147.0.0.0 Safari/537.36"
181.224.228.186 - - [05/May/2026:08:49:14 -0500] "GET /wp-content/plugins/formidable/css/formidableforms.css?ver=5181606 HTTP/1.1" 200 8581 "https://www.ensad.edu.pe/serv-academicos/admision/" "Mozilla/5.0 (Windows NT 10.0; Win64; x64) AppleWebKit/537.36 (KHTML, like Gecko) Chrome/147.0.0.0 Safari/537.36"
181.224.228.186 - - [05/May/2026:08:49:14 -0500] "GET /wp-includes/css/dist/block-library/style.min.css?ver=5.5.3 HTTP/1.1" 200 7907 "https://www.ensad.edu.pe/serv-academicos/admision/" "Mozilla/5.0 (Windows NT 10.0; Win64; x64) AppleWebKit/537.36 (KHTML, like Gecko) Chrome/147.0.0.0 Safari/537.36"
181.224.228.186 - - [05/May/2026:08:49:14 -0500] "GET /wp-content/plugins/wpdatatables/integrations/starter/page-builders/divi-wpdt/styles/divi-wpdt.css?ver=7.3.5 HTTP/1.1" 200 225 "https://www.ensad.edu.pe/serv-academicos/admision/" "Mozilla/5.0 (Windows NT 10.0; Win64; x64) AppleWebKit/537.36 (KHTML, like Gecko) Chrome/147.0.0.0 Safari/537.36"
54.37.118.92 - - [05/May/2026:08:49:13 -0500] "GET /01-trupia-agustina/ HTTP/1.1" 200 46748 "-" "Mozilla/5.0 (compatible; AhrefsBot/7.0; +http://ahrefs.com/robot/)"
181.224.228.186 - - [05/May/2026:08:49:14 -0500] "GET /wp-content/plugins/wow-divi-carousel/assets/css/module-core.css?ver=5.5.3 HTTP/1.1" 200 3834 "https://www.ensad.edu.pe/serv-academicos/admision/" "Mozilla/5.0 (Windows NT 10.0; Win64; x64) AppleWebKit/537.36 (KHTML, like Gecko) Chrome/147.0.0.0 Safari/537.36"
181.224.228.186 - - [05/May/2026:08:49:14 -0500] "GET /wp-content/plugins/wow-divi-carousel/assets/vendor/slick/slick.css?ver=1.4.2 HTTP/1.1" 200 569 "https://www.ensad.edu.pe/serv-academicos/admision/" "Mozilla/5.0 (Windows NT 10.0; Win64; x64) AppleWebKit/537.36 (KHTML, like Gecko) Chrome/147.0.0.0 Safari/537.36"
181.224.228.186 - - [05/May/2026:08:49:14 -0500] "GET /wp-content/plugins/wow-divi-carousel/assets/vendor/slick/slick-theme.css?ver=1.4.2 HTTP/1.1" 200 866 "https://www.ensad.edu.pe/serv-academicos/admision/" "Mozilla/5.0 (Windows NT 10.0; Win64; x64) AppleWebKit/537.36 (KHTML, like Gecko) Chrome/147.0.0.0 Safari/537.36"
181.224.228.186 - - [05/May/2026:08:49:14 -0500] "GET /wp-content/themes/Divi-Child-Theme/style.css?ver=4.7.3 HTTP/1.1" 200 297 "https://www.ensad.edu.pe/serv-academicos/admision/" "Mozilla/5.0 (Windows NT 10.0; Win64; x64) AppleWebKit/537.36 (KHTML, like Gecko) Chrome/147.0.0.0 Safari/537.36"
181.224.228.186 - - [05/May/2026:08:49:14 -0500] "GET /wp-content/plugins/dflip/assets/css/themify-icons.min.css?ver=1.6.6 HTTP/1.1" 200 2814 "https://www.ensad.edu.pe/serv-academicos/admision/" "Mozilla/5.0 (Windows NT 10.0; Win64; x64) AppleWebKit/537.36 (KHTML, like Gecko) Chrome/147.0.0.0 Safari/537.36"
181.224.228.186 - - [05/May/2026:08:49:14 -0500] "GET /wp-content/plugins/dflip/assets/css/dflip.min.css?ver=1.6.6 HTTP/1.1" 200 5343 "https://www.ensad.edu.pe/serv-academicos/admision/" "Mozilla/5.0 (Windows NT 10.0; Win64; x64) AppleWebKit/537.36 (KHTML, like Gecko) Chrome/147.0.0.0 Safari/537.36"
181.224.228.186 - - [05/May/2026:08:49:14 -0500] "GET /wp-content/plugins/eventON/assets/css/eventon_dynamic_styles.css?ver=3.0.2 HTTP/1.1" 200 2255 "https://www.ensad.edu.pe/serv-academicos/admision/" "Mozilla/5.0 (Windows NT 10.0; Win64; x64) AppleWebKit/537.36 (KHTML, like Gecko) Chrome/147.0.0.0 Safari/537.36"
181.224.228.186 - - [05/May/2026:08:49:14 -0500] "GET /wp-content/plugins/eventON/assets/css/eventon_styles.css?ver=3.0.2 HTTP/1.1" 200 21261 "https://www.ensad.edu.pe/serv-academicos/admision/" "Mozilla/5.0 (Windows NT 10.0; Win64; x64) AppleWebKit/537.36 (KHTML, like Gecko) Chrome/147.0.0.0 Safari/537.36"
181.224.228.186 - - [05/May/2026:08:49:14 -0500] "GET /wp-content/plugins/eventON/assets/fonts/all.css?ver=3.0.2 HTTP/1.1" 200 13456 "https://www.ensad.edu.pe/serv-academicos/admision/" "Mozilla/5.0 (Windows NT 10.0; Win64; x64) AppleWebKit/537.36 (KHTML, like Gecko) Chrome/147.0.0.0 Safari/537.36"
181.224.228.186 - - [05/May/2026:08:49:14 -0500] "GET /wp-content/plugins/supreme-modules-pro-for-divi/styles/style.min.css?ver=3.9.92 HTTP/1.1" 200 29914 "https://www.ensad.edu.pe/serv-academicos/admision/" "Mozilla/5.0 (Windows NT 10.0; Win64; x64) AppleWebKit/537.36 (KHTML, like Gecko) Chrome/147.0.0.0 Safari/537.36"
181.224.228.186 - - [05/May/2026:08:49:14 -0500] "GET /wp-content/plugins/wow-divi-carousel/styles/style.min.css?ver=1.0.0 HTTP/1.1" 200 4449 "https://www.ensad.edu.pe/serv-academicos/admision/" "Mozilla/5.0 (Windows NT 10.0; Win64; x64) AppleWebKit/537.36 (KHTML, like Gecko) Chrome/147.0.0.0 Safari/537.36"
181.224.228.186 - - [05/May/2026:08:49:14 -0500] "GET /wp-content/themes/Divi/style.css?ver=5.5.3 HTTP/1.1" 200 81311 "https://www.ensad.edu.pe/serv-academicos/admision/" "Mozilla/5.0 (Windows NT 10.0; Win64; x64) AppleWebKit/537.36 (KHTML, like Gecko) Chrome/147.0.0.0 Safari/537.36"
181.224.228.186 - - [05/May/2026:08:49:14 -0500] "GET /wp-content/plugins/wpdatatables/integrations/starter/page-builders/divi-wpdt/styles/style.min.css?ver=1.0.0 HTTP/1.1" 200 1797 "https://www.ensad.edu.pe/serv-academicos/admision/" "Mozilla/5.0 (Windows NT 10.0; Win64; x64) AppleWebKit/537.36 (KHTML, like Gecko) Chrome/147.0.0.0 Safari/537.36"
181.224.228.186 - - [05/May/2026:08:49:14 -0500] "GET /wp-content/uploads/pum/pum-site-styles.css?generated=1747710144&ver=1.15.0 HTTP/1.1" 200 3468 "https://www.ensad.edu.pe/serv-academicos/admision/" "Mozilla/5.0 (Windows NT 10.0; Win64; x64) AppleWebKit/537.36 (KHTML, like Gecko) Chrome/147.0.0.0 Safari/537.36"
181.224.228.186 - - [05/May/2026:08:49:14 -0500] "GET /wp-includes/css/dashicons.min.css?ver=5.5.3 HTTP/1.1" 200 35722 "https://www.ensad.edu.pe/serv-academicos/admision/" "Mozilla/5.0 (Windows NT 10.0; Win64; x64) AppleWebKit/537.36 (KHTML, like Gecko) Chrome/147.0.0.0 Safari/537.36"
181.224.228.186 - - [05/May/2026:08:49:14 -0500] "GET /wp-includes/js/jquery/jquery.js?ver=1.12.4-wp HTTP/1.1" 200 33776 "https://www.ensad.edu.pe/serv-academicos/admision/" "Mozilla/5.0 (Windows NT 10.0; Win64; x64) AppleWebKit/537.36 (KHTML, like Gecko) Chrome/147.0.0.0 Safari/537.36"
181.224.228.186 - - [05/May/2026:08:49:14 -0500] "GET /wp-content/plugins/popups-for-divi/scripts/ie-compat.min.js?ver=3.0.5 HTTP/1.1" 200 3695 "https://www.ensad.edu.pe/serv-academicos/admision/" "Mozilla/5.0 (Windows NT 10.0; Win64; x64) AppleWebKit/537.36 (KHTML, like Gecko) Chrome/147.0.0.0 Safari/537.36"
181.224.228.186 - - [05/May/2026:08:49:14 -0500] "GET /wp-content/uploads/2026/04/LOGOFINALENSAD-300x91-1.png HTTP/1.1" 200 14654 "https://www.ensad.edu.pe/serv-academicos/admision/" "Mozilla/5.0 (Windows NT 10.0; Win64; x64) AppleWebKit/537.36 (KHTML, like Gecko) Chrome/147.0.0.0 Safari/537.36"
181.224.228.186 - - [05/May/2026:08:49:14 -0500] "GET /wp-content/plugins/popups-for-divi/scripts/front.min.js?ver=3.0.5 HTTP/1.1" 200 21335 "https://www.ensad.edu.pe/serv-academicos/admision/" "Mozilla/5.0 (Windows NT 10.0; Win64; x64) AppleWebKit/537.36 (KHTML, like Gecko) Chrome/147.0.0.0 Safari/537.36"
181.224.228.186 - - [05/May/2026:08:49:15 -0500] "GET /wp-content/plugins/wow-divi-carousel/assets/vendor/slick/slick.min.js?ver=1.4.2 HTTP/1.1" 200 10519 "https://www.ensad.edu.pe/serv-academicos/admision/" "Mozilla/5.0 (Windows NT 10.0; Win64; x64) AppleWebKit/537.36 (KHTML, like Gecko) Chrome/147.0.0.0 Safari/537.36"
181.224.228.186 - - [05/May/2026:08:49:15 -0500] "GET /wp-content/plugins/wow-divi-carousel/assets/js/wow-divi-carousel.js?ver=1.4.2 HTTP/1.1" 200 45 "https://www.ensad.edu.pe/serv-academicos/admision/" "Mozilla/5.0 (Windows NT 10.0; Win64; x64) AppleWebKit/537.36 (KHTML, like Gecko) Chrome/147.0.0.0 Safari/537.36"
181.224.228.186 - - [05/May/2026:08:49:15 -0500] "GET /wp-content/themes/Divi/core/admin/js/es6-promise.auto.min.js?ver=4.7.3 HTTP/1.1" 200 2684 "https://www.ensad.edu.pe/serv-academicos/admision/" "Mozilla/5.0 (Windows NT 10.0; Win64; x64) AppleWebKit/537.36 (KHTML, like Gecko) Chrome/147.0.0.0 Safari/537.36"
181.224.228.186 - - [05/May/2026:08:49:15 -0500] "GET /wp-content/themes/Divi/core/admin/js/recaptcha.js?ver=4.7.3 HTTP/1.1" 200 712 "https://www.ensad.edu.pe/serv-academicos/admision/" "Mozilla/5.0 (Windows NT 10.0; Win64; x64) AppleWebKit/537.36 (KHTML, like Gecko) Chrome/147.0.0.0 Safari/537.36"
181.224.228.186 - - [05/May/2026:08:49:15 -0500] "GET /wp-content/plugins/eventON/assets/js/lib/jquery.easing.1.3.js?ver=1.0 HTTP/1.1" 200 1986 "https://www.ensad.edu.pe/serv-academicos/admision/" "Mozilla/5.0 (Windows NT 10.0; Win64; x64) AppleWebKit/537.36 (KHTML, like Gecko) Chrome/147.0.0.0 Safari/537.36"
181.224.228.186 - - [05/May/2026:08:49:15 -0500] "GET /wp-content/plugins/eventON/assets/js/eventon_functions.js?ver=3.0.2 HTTP/1.1" 200 3768 "https://www.ensad.edu.pe/serv-academicos/admision/" "Mozilla/5.0 (Windows NT 10.0; Win64; x64) AppleWebKit/537.36 (KHTML, like Gecko) Chrome/147.0.0.0 Safari/537.36"
181.224.228.186 - - [05/May/2026:08:49:15 -0500] "GET /wp-content/plugins/dflip/assets/js/dflip.min.js?ver=1.6.6 HTTP/1.1" 200 40479 "https://www.ensad.edu.pe/serv-academicos/admision/" "Mozilla/5.0 (Windows NT 10.0; Win64; x64) AppleWebKit/537.36 (KHTML, like Gecko) Chrome/147.0.0.0 Safari/537.36"
181.224.228.186 - - [05/May/2026:08:49:15 -0500] "GET /wp-content/themes/Divi/core/admin/fonts/modules.ttf HTTP/1.1" 304 - "https://www.ensad.edu.pe/wp-content/themes/Divi/style.css?ver=5.5.3" "Mozilla/5.0 (Windows NT 10.0; Win64; x64) AppleWebKit/537.36 (KHTML, like Gecko) Chrome/147.0.0.0 Safari/537.36"
181.224.228.186 - - [05/May/2026:08:49:15 -0500] "GET /wp-content/themes/Divi/js/custom.unified.js?ver=4.7.3 HTTP/1.1" 200 135984 "https://www.ensad.edu.pe/serv-academicos/admision/" "Mozilla/5.0 (Windows NT 10.0; Win64; x64) AppleWebKit/537.36 (KHTML, like Gecko) Chrome/147.0.0.0 Safari/537.36"
181.224.228.186 - - [05/May/2026:08:49:15 -0500] "GET /wp-content/plugins/eventON/assets/js/lib/jquery.mobile.min.js?ver=3.0.2 HTTP/1.1" 200 2743 "https://www.ensad.edu.pe/serv-academicos/admision/" "Mozilla/5.0 (Windows NT 10.0; Win64; x64) AppleWebKit/537.36 (KHTML, like Gecko) Chrome/147.0.0.0 Safari/537.36"
181.224.228.186 - - [05/May/2026:08:49:15 -0500] "GET /wp-content/plugins/eventON/assets/js/lib/moment.min.js?ver=3.0.2 HTTP/1.1" 200 17113 "https://www.ensad.edu.pe/serv-academicos/admision/" "Mozilla/5.0 (Windows NT 10.0; Win64; x64) AppleWebKit/537.36 (KHTML, like Gecko) Chrome/147.0.0.0 Safari/537.36"
181.224.228.186 - - [05/May/2026:08:49:15 -0500] "GET /wp-content/plugins/eventON/assets/js/lib/handlebars.js?ver=3.0.2 HTTP/1.1" 200 38247 "https://www.ensad.edu.pe/serv-academicos/admision/" "Mozilla/5.0 (Windows NT 10.0; Win64; x64) AppleWebKit/537.36 (KHTML, like Gecko) Chrome/147.0.0.0 Safari/537.36"
181.224.228.186 - - [05/May/2026:08:49:15 -0500] "GET /wp-content/plugins/eventON/assets/js/lib/jquery.mousewheel.min.js?ver=3.0.2 HTTP/1.1" 200 716 "https://www.ensad.edu.pe/serv-academicos/admision/" "Mozilla/5.0 (Windows NT 10.0; Win64; x64) AppleWebKit/537.36 (KHTML, like Gecko) Chrome/147.0.0.0 Safari/537.36"
181.224.228.186 - - [05/May/2026:08:49:15 -0500] "GET /wp-content/plugins/eventON/assets/js/eventon_script.js?ver=3.0.2 HTTP/1.1" 200 13449 "https://www.ensad.edu.pe/serv-academicos/admision/" "Mozilla/5.0 (Windows NT 10.0; Win64; x64) AppleWebKit/537.36 (KHTML, like Gecko) Chrome/147.0.0.0 Safari/537.36"
181.224.228.186 - - [05/May/2026:08:49:15 -0500] "GET /wp-content/plugins/supreme-modules-pro-for-divi/scripts/frontend-bundle.min.js?ver=3.9.92 HTTP/1.1" 200 619 "https://www.ensad.edu.pe/serv-academicos/admision/" "Mozilla/5.0 (Windows NT 10.0; Win64; x64) AppleWebKit/537.36 (KHTML, like Gecko) Chrome/147.0.0.0 Safari/537.36"
181.224.228.186 - - [05/May/2026:08:49:15 -0500] "GET /wp-content/plugins/wow-divi-carousel/scripts/frontend-bundle.min.js?ver=1.0.0 HTTP/1.1" 200 1694 "https://www.ensad.edu.pe/serv-academicos/admision/" "Mozilla/5.0 (Windows NT 10.0; Win64; x64) AppleWebKit/537.36 (KHTML, like Gecko) Chrome/147.0.0.0 Safari/537.36"
181.224.228.186 - - [05/May/2026:08:49:15 -0500] "GET /wp-content/plugins/wpdatatables/integrations/starter/page-builders/divi-wpdt/scripts/frontend-bundle.min.js?ver=1.0.0 HTTP/1.1" 200 327 "https://www.ensad.edu.pe/serv-academicos/admision/" "Mozilla/5.0 (Windows NT 10.0; Win64; x64) AppleWebKit/537.36 (KHTML, like Gecko) Chrome/147.0.0.0 Safari/537.36"
181.224.228.186 - - [05/May/2026:08:49:15 -0500] "GET /wp-includes/js/jquery/ui/core.min.js?ver=1.11.4 HTTP/1.1" 200 1813 "https://www.ensad.edu.pe/serv-academicos/admision/" "Mozilla/5.0 (Windows NT 10.0; Win64; x64) AppleWebKit/537.36 (KHTML, like Gecko) Chrome/147.0.0.0 Safari/537.36"
181.224.228.186 - - [05/May/2026:08:49:15 -0500] "GET /wp-includes/js/jquery/ui/position.min.js?ver=1.11.4 HTTP/1.1" 200 2507 "https://www.ensad.edu.pe/serv-academicos/admision/" "Mozilla/5.0 (Windows NT 10.0; Win64; x64) AppleWebKit/537.36 (KHTML, like Gecko) Chrome/147.0.0.0 Safari/537.36"
181.224.228.186 - - [05/May/2026:08:49:15 -0500] "GET /wp-content/uploads/pum/pum-site-scripts.js?defer&generated=1747710144&ver=1.15.0 HTTP/1.1" 200 17645 "https://www.ensad.edu.pe/serv-academicos/admision/" "Mozilla/5.0 (Windows NT 10.0; Win64; x64) AppleWebKit/537.36 (KHTML, like Gecko) Chrome/147.0.0.0 Safari/537.36"
181.224.228.186 - - [05/May/2026:08:49:15 -0500] "GET /wp-content/plugins/popup-maker/assets/js/vendor/mobile-detect.min.js?ver=1.3.3 HTTP/1.1" 200 16296 "https://www.ensad.edu.pe/serv-academicos/admision/" "Mozilla/5.0 (Windows NT 10.0; Win64; x64) AppleWebKit/537.36 (KHTML, like Gecko) Chrome/147.0.0.0 Safari/537.36"
181.224.228.186 - - [05/May/2026:08:49:15 -0500] "GET /wp-content/themes/Divi/core/admin/js/common.js?ver=4.7.3 HTTP/1.1" 200 577 "https://www.ensad.edu.pe/serv-academicos/admision/" "Mozilla/5.0 (Windows NT 10.0; Win64; x64) AppleWebKit/537.36 (KHTML, like Gecko) Chrome/147.0.0.0 Safari/537.36"
181.224.228.186 - - [05/May/2026:08:49:15 -0500] "GET /wp-includes/js/wp-embed.min.js?ver=5.5.3 HTTP/1.1" 200 769 "https://www.ensad.edu.pe/serv-academicos/admision/" "Mozilla/5.0 (Windows NT 10.0; Win64; x64) AppleWebKit/537.36 (KHTML, like Gecko) Chrome/147.0.0.0 Safari/537.36"
181.224.228.186 - - [05/May/2026:08:49:15 -0500] "GET /wp-content/plugins/eventON/assets/js/maps/eventon_gen_maps.js?ver=3.0.2 HTTP/1.1" 200 1907 "https://www.ensad.edu.pe/serv-academicos/admision/" "Mozilla/5.0 (Windows NT 10.0; Win64; x64) AppleWebKit/537.36 (KHTML, like Gecko) Chrome/147.0.0.0 Safari/537.36"
181.224.228.186 - - [05/May/2026:08:49:16 -0500] "GET /wp-content/plugins/eventON/assets/js/maps/eventon_init_gmap.js?ver=1.0 HTTP/1.1" 200 153 "https://www.ensad.edu.pe/serv-academicos/admision/" "Mozilla/5.0 (Windows NT 10.0; Win64; x64) AppleWebKit/537.36 (KHTML, like Gecko) Chrome/147.0.0.0 Safari/537.36"
181.224.228.186 - - [05/May/2026:08:49:16 -0500] "GET /wp-content/uploads/2025/11/admin2026.jpg HTTP/1.1" 200 80639 "https://www.ensad.edu.pe/serv-academicos/admision/" "Mozilla/5.0 (Windows NT 10.0; Win64; x64) AppleWebKit/537.36 (KHTML, like Gecko) Chrome/147.0.0.0 Safari/537.36"
181.224.228.186 - - [05/May/2026:08:49:18 -0500] "GET /favicon.ico HTTP/1.1" 302 20 "https://www.ensad.edu.pe/serv-academicos/admision/" "Mozilla/5.0 (Windows NT 10.0; Win64; x64) AppleWebKit/537.36 (KHTML, like Gecko) Chrome/147.0.0.0 Safari/537.36"
181.224.228.186 - - [05/May/2026:08:49:19 -0500] "GET /wp-content/uploads/2026/04/cropped-unae_favico-32x32.png HTTP/1.1" 200 272 "https://www.ensad.edu.pe/serv-academicos/admision/" "Mozilla/5.0 (Windows NT 10.0; Win64; x64) AppleWebKit/537.36 (KHTML, like Gecko) Chrome/147.0.0.0 Safari/537.36"
181.66.137.49 - - [05/May/2026:08:49:25 -0500] "GET /wp-content/uploads/2026/04/REQUISITOS-Y-CRONOGRAMA-CAS-003_2026FPFPFPFPFP.pdf HTTP/1.1" 200 2210210 "-" "Mozilla/5.0 (iPhone; CPU iPhone OS 26_3_1 like Mac OS X) AppleWebKit/605.1.15 (KHTML, like Gecko) GSA/418.3.902016201 Mobile/15E148 Safari/604.1"
103.59.160.219 - - [05/May/2026:08:49:33 -0500] "POST /xmlrpc.php HTTP/1.1" 503 7118 "-" "python-httpx/0.22.0"
91.92.243.236 - - [05/May/2026:08:49:34 -0500] "POST /wp-login.php HTTP/1.1" 503 18034 "-" "Mozilla/5.0"
91.92.243.236 - - [05/May/2026:08:49:35 -0500] "POST /wp-login.php HTTP/1.1" 503 18034 "-" "Mozilla/5.0"
103.59.160.219 - - [05/May/2026:08:49:49 -0500] "POST /xmlrpc.php HTTP/1.1" 503 7117 "-" "python-httpx/0.22.0"
40.67.183.189 - - [05/May/2026:08:49:51 -0500] "GET /wp-content/uploads/2025/11/FE_AIPDE_VI.pdf HTTP/1.1" 200 30801890 "-" "Mozilla/5.0 AppleWebKit/537.36 (KHTML, like Gecko); compatible; ChatGPT-User/1.0; +https://openai.com/bot"
167.86.88.122 - - [05/May/2026:08:50:25 -0500] "POST /wp-cron.php?doing_wp_cron=1777989025.3639929294586181640625 HTTP/1.1" 200 20 "https://www.ensad.edu.pe/wp-cron.php?doing_wp_cron=1777989025.3639929294586181640625" "WordPress/5.5.3; https://www.ensad.edu.pe"
167.86.88.122 - - [05/May/2026:08:50:25 -0500] "POST /?wordfence_syncAttackData=1777989025.2148 HTTP/1.1" 200 20 "https://www.ensad.edu.pe/?wordfence_syncAttackData=1777989025.2148" "WordPress/5.5.3; https://www.ensad.edu.pe"
167.86.88.122 - - [05/May/2026:08:50:25 -0500] "POST /wp-cron.php?doing_wp_cron=1777989025.4965360164642333984375 HTTP/1.1" 200 20 "https://www.ensad.edu.pe/wp-cron.php?doing_wp_cron=1777989025.4965360164642333984375" "WordPress/5.5.3; https://www.ensad.edu.pe"
103.59.160.219 - - [05/May/2026:08:50:26 -0500] "POST /xmlrpc.php HTTP/1.1" 503 7117 "-" "python-httpx/0.22.0"
92.222.108.122 - - [05/May/2026:08:50:25 -0500] "GET /concurso-dramaturgia-2021/ HTTP/1.1" 200 32632 "-" "Mozilla/5.0 (compatible; AhrefsBot/7.0; +http://ahrefs.com/robot/)"
167.86.88.122 - - [05/May/2026:08:50:27 -0500] "POST /wp-cron.php?doing_wp_cron=1777989027.0169000625610351562500 HTTP/1.1" 200 20 "https://www.ensad.edu.pe/wp-cron.php?doing_wp_cron=1777989027.0169000625610351562500" "WordPress/5.5.3; https://www.ensad.edu.pe"
5.39.109.174 - - [05/May/2026:08:50:26 -0500] "GET /nuestro-pequeno-fin-del-mundo-adriana-munoz/ HTTP/1.1" 200 34213 "-" "Mozilla/5.0 (compatible; AhrefsBot/7.0; +http://ahrefs.com/robot/)"
185.191.171.3 - - [05/May/2026:08:50:27 -0500] "GET /robots.txt HTTP/1.1" 200 112 "-" "Mozilla/5.0 (compatible; SemrushBot/7~bl; +http://www.semrush.com/bot.html)"
185.191.171.18 - - [05/May/2026:08:50:28 -0500] "GET /institucional/cifhs/ HTTP/1.1" 200 33533 "-" "Mozilla/5.0 (compatible; SemrushBot/7~bl; +http://www.semrush.com/bot.html)"
167.86.88.122 - - [05/May/2026:08:50:52 -0500] "POST /wp-cron.php?doing_wp_cron=1777989052.2886838912963867187500 HTTP/1.1" 200 20 "https://www.ensad.edu.pe/wp-cron.php?doing_wp_cron=1777989052.2886838912963867187500" "WordPress/5.5.3; https://www.ensad.edu.pe"
167.86.88.122 - - [05/May/2026:08:50:52 -0500] "POST /?wordfence_syncAttackData=1777989052.1695 HTTP/1.1" 200 20 "https://www.ensad.edu.pe/?wordfence_syncAttackData=1777989052.1695" "WordPress/5.5.3; https://www.ensad.edu.pe"
37.59.204.146 - - [05/May/2026:08:50:52 -0500] "GET /ensad-recibe-reconocimiento-por-su-excelente-cumplimiento-de-compromisos-de-desempeno-2023/ HTTP/1.1" 200 36880 "-" "Mozilla/5.0 (compatible; AhrefsBot/7.0; +http://ahrefs.com/robot/)"
103.59.160.219 - - [05/May/2026:08:51:19 -0500] "POST /xmlrpc.php HTTP/1.1" 503 7117 "-" "python-httpx/0.22.0"
167.86.88.122 - - [05/May/2026:08:51:23 -0500] "POST /wp-cron.php?doing_wp_cron=1777989083.5952210426330566406250 HTTP/1.1" 200 20 "https://www.ensad.edu.pe/wp-cron.php?doing_wp_cron=1777989083.5952210426330566406250" "WordPress/5.5.3; https://www.ensad.edu.pe"
167.86.88.122 - - [05/May/2026:08:51:23 -0500] "POST /?wordfence_syncAttackData=1777989083.4716 HTTP/1.1" 200 20 "https://www.ensad.edu.pe/?wordfence_syncAttackData=1777989083.4716" "WordPress/5.5.3; https://www.ensad.edu.pe"
51.75.236.133 - - [05/May/2026:08:51:23 -0500] "GET /arte-cinematografico-peruano-jorge-luis-villacorta/ HTTP/1.1" 200 34175 "-" "Mozilla/5.0 (compatible; AhrefsBot/7.0; +http://ahrefs.com/robot/)"
167.86.88.122 - - [05/May/2026:08:51:39 -0500] "POST /wp-cron.php?doing_wp_cron=1777989099.7015190124511718750000 HTTP/1.1" 200 20 "https://www.ensad.edu.pe/wp-cron.php?doing_wp_cron=1777989099.7015190124511718750000" "WordPress/5.5.3; https://www.ensad.edu.pe"
167.86.88.122 - - [05/May/2026:08:51:40 -0500] "POST /wp-cron.php?doing_wp_cron=1777989100.8046510219573974609375 HTTP/1.1" 200 20 "https://www.ensad.edu.pe/wp-cron.php?doing_wp_cron=1777989100.8046510219573974609375" "WordPress/5.5.3; https://www.ensad.edu.pe"
178.156.217.188 - - [05/May/2026:08:51:39 -0500] "GET / HTTP/1.1" 200 38422 "-" "Better Uptime Bot Mozilla/5.0 (Windows NT 10.0; Win64; x64) AppleWebKit/537.36 (KHTML, like Gecko) Chrome/74.0.3729.169 Safari/537.36"
92.222.104.207 - - [05/May/2026:08:51:40 -0500] "GET /docente-ensad-conforma-comite-academico-del-2do-congreso-latinoamericano-de-diseno-escenico-en-chile/ HTTP/1.1" 200 37051 "-" "Mozilla/5.0 (compatible; AhrefsBot/7.0; +http://ahrefs.com/robot/)"
103.59.160.219 - - [05/May/2026:08:51:43 -0500] "POST /xmlrpc.php HTTP/1.1" 503 7117 "-" "python-httpx/0.22.0"
167.86.88.122 - - [05/May/2026:08:52:09 -0500] "POST /wp-cron.php?doing_wp_cron=1777989129.6151800155639648437500 HTTP/1.1" 200 20 "https://www.ensad.edu.pe/wp-cron.php?doing_wp_cron=1777989129.6151800155639648437500" "WordPress/5.5.3; https://www.ensad.edu.pe"
167.86.88.122 - - [05/May/2026:08:52:09 -0500] "POST /?wordfence_syncAttackData=1777989129.5129 HTTP/1.1" 200 20 "https://www.ensad.edu.pe/?wordfence_syncAttackData=1777989129.5129" "WordPress/5.5.3; https://www.ensad.edu.pe"
176.31.139.29 - - [05/May/2026:08:52:09 -0500] "GET /diego-la-hoz/ HTTP/1.1" 200 46395 "-" "Mozilla/5.0 (compatible; AhrefsBot/7.0; +http://ahrefs.com/robot/)"
103.59.160.219 - - [05/May/2026:08:52:25 -0500] "POST /xmlrpc.php HTTP/1.1" 503 7117 "-" "python-httpx/0.22.0"
103.59.160.219 - - [05/May/2026:08:52:31 -0500] "POST /xmlrpc.php HTTP/1.1" 503 7118 "-" "python-httpx/0.22.0"
167.86.88.122 - - [05/May/2026:08:52:39 -0500] "POST /?wordfence_syncAttackData=1777989159.8054 HTTP/1.1" 200 20 "https://www.ensad.edu.pe/?wordfence_syncAttackData=1777989159.8054" "WordPress/5.5.3; https://www.ensad.edu.pe"
51.75.236.148 - - [05/May/2026:08:52:39 -0500] "GET /10-sharon-reategui/ HTTP/1.1" 200 42186 "-" "Mozilla/5.0 (compatible; AhrefsBot/7.0; +http://ahrefs.com/robot/)"
103.59.160.219 - - [05/May/2026:08:52:40 -0500] "POST /xmlrpc.php HTTP/1.1" 503 7117 "-" "python-httpx/0.22.0"
167.86.88.122 - - [05/May/2026:08:52:48 -0500] "POST /wp-cron.php?doing_wp_cron=1777989168.8282740116119384765625 HTTP/1.1" 200 20 "https://www.ensad.edu.pe/wp-cron.php?doing_wp_cron=1777989168.8282740116119384765625" "WordPress/5.5.3; https://www.ensad.edu.pe"
167.86.88.122 - - [05/May/2026:08:52:48 -0500] "POST /?wordfence_syncAttackData=1777989168.7338 HTTP/1.1" 200 20 "https://www.ensad.edu.pe/?wordfence_syncAttackData=1777989168.7338" "WordPress/5.5.3; https://www.ensad.edu.pe"
57.141.20.8 - - [05/May/2026:08:52:48 -0500] "GET /mas-acceso-a-las-artes-escenicas-ensad-dona-libros-de-su-fondo-editorial-a-la-universidad-de-piura/ HTTP/1.1" 200 227023 "-" "meta-externalagent/1.1 (+https://developers.facebook.com/docs/sharing/webmasters/crawler)"
103.59.160.219 - - [05/May/2026:08:52:53 -0500] "POST /xmlrpc.php HTTP/1.1" 503 7117 "-" "python-httpx/0.22.0"
103.59.160.219 - - [05/May/2026:08:53:13 -0500] "POST /xmlrpc.php HTTP/1.1" 503 7117 "-" "python-httpx/0.22.0"
167.86.88.122 - - [05/May/2026:08:53:21 -0500] "POST /wp-cron.php?doing_wp_cron=1777989200.9954900741577148437500 HTTP/1.1" 200 20 "https://www.ensad.edu.pe/wp-cron.php?doing_wp_cron=1777989200.9954900741577148437500" "WordPress/5.5.3; https://www.ensad.edu.pe"
167.86.88.122 - - [05/May/2026:08:53:20 -0500] "POST /?wordfence_syncAttackData=1777989200.8859 HTTP/1.1" 200 20 "https://www.ensad.edu.pe/?wordfence_syncAttackData=1777989200.8859" "WordPress/5.5.3; https://www.ensad.edu.pe"
92.222.108.123 - - [05/May/2026:08:53:20 -0500] "GET /sexta-edicion-del-encuentro-teorico-teatral-internacional-ettien-2024-se-expandio-a-diferentes-espacios-culturales/ HTTP/1.1" 200 38687 "-" "Mozilla/5.0 (compatible; AhrefsBot/7.0; +http://ahrefs.com/robot/)"
103.59.160.219 - - [05/May/2026:08:53:30 -0500] "POST /xmlrpc.php HTTP/1.1" 503 7117 "-" "python-httpx/0.22.0"
167.86.88.122 - - [05/May/2026:08:53:35 -0500] "POST /?wordfence_syncAttackData=1777989215.258 HTTP/1.1" 200 20 "https://www.ensad.edu.pe/?wordfence_syncAttackData=1777989215.258" "WordPress/5.5.3; https://www.ensad.edu.pe"
194.99.24.33 - - [05/May/2026:08:53:35 -0500] "GET /wp-json/wp/v2/users HTTP/1.1" 401 110 "https://www.google.com" "Mozilla/5.0 (X11; Linux x86_64) AppleWebKit/537.36 (KHTML, like Gecko) Chrome/119.0.0.0 Safari/537.36"
194.99.24.33 - - [05/May/2026:08:53:35 -0500] "GET /?author=1 HTTP/1.1" 404 6379 "https://www.google.com" "Mozilla/5.0 (X11; Linux x86_64) AppleWebKit/537.36 (KHTML, like Gecko) Chrome/119.0.0.0 Safari/537.36"
194.99.24.33 - - [05/May/2026:08:53:36 -0500] "POST /xmlrpc.php HTTP/1.1" 200 132 "-" "Apache-HttpClient/4.5.13 (Java/11.0.30)"
194.99.24.33 - - [05/May/2026:08:53:36 -0500] "POST /xmlrpc.php HTTP/1.1" 503 7442 "-" "Apache-HttpClient/4.5.13 (Java/11.0.30)"
194.99.24.33 - - [05/May/2026:08:53:37 -0500] "POST /xmlrpc.php HTTP/1.1" 503 7227 "-" "Apache-HttpClient/4.5.13 (Java/11.0.30)"
194.99.24.33 - - [05/May/2026:08:53:38 -0500] "POST /xmlrpc.php HTTP/1.1" 503 7227 "-" "Apache-HttpClient/4.5.13 (Java/11.0.30)"
167.86.88.122 - - [05/May/2026:08:53:41 -0500] "POST /wp-cron.php?doing_wp_cron=1777989221.3004500865936279296875 HTTP/1.1" 200 20 "https://www.ensad.edu.pe/wp-cron.php?doing_wp_cron=1777989221.3004500865936279296875" "WordPress/5.5.3; https://www.ensad.edu.pe"
