110.224.93.55 - - [05/May/2026:08:01:38 -0500] "GET /wp-content/plugins/wpdatatables/integrations/starter/page-builders/divi-wpdt/styles/divi-wpdt.css?ver=7.3.5 HTTP/1.1" 200 225 "-" "Mozilla/5.0 (Linux; Android 10; K) AppleWebKit/537.36 (KHTML, like Gecko) Chrome/147.0.0.0 Mobile Safari/537.36"
110.224.93.55 - - [05/May/2026:08:01:39 -0500] "GET /wp-includes/css/dist/block-library/style.min.css?ver=5.5.3 HTTP/1.1" 200 7907 "-" "Mozilla/5.0 (Linux; Android 10; K) AppleWebKit/537.36 (KHTML, like Gecko) Chrome/147.0.0.0 Mobile Safari/537.36"
110.224.93.55 - - [05/May/2026:08:01:39 -0500] "GET /wp-content/plugins/superb-social-share-and-follow-buttons//assets/css/frontend.css?ver=101.0.0 HTTP/1.1" 200 2157 "-" "Mozilla/5.0 (Linux; Android 10; K) AppleWebKit/537.36 (KHTML, like Gecko) Chrome/147.0.0.0 Mobile Safari/537.36"
110.224.93.55 - - [05/May/2026:08:01:39 -0500] "GET /wp-content/plugins/popups-for-divi/styles/front.min.css?ver=3.0.5 HTTP/1.1" 200 1641 "-" "Mozilla/5.0 (Linux; Android 10; K) AppleWebKit/537.36 (KHTML, like Gecko) Chrome/147.0.0.0 Mobile Safari/537.36"
110.224.93.55 - - [05/May/2026:08:01:39 -0500] "GET /wp-content/plugins/wow-divi-carousel/assets/css/module-core.css?ver=5.5.3 HTTP/1.1" 200 3834 "-" "Mozilla/5.0 (Linux; Android 10; K) AppleWebKit/537.36 (KHTML, like Gecko) Chrome/147.0.0.0 Mobile Safari/537.36"
110.224.93.55 - - [05/May/2026:08:01:39 -0500] "GET /wp-content/plugins/wow-divi-carousel/assets/vendor/slick/slick.css?ver=1.4.2 HTTP/1.1" 200 569 "-" "Mozilla/5.0 (Linux; Android 10; K) AppleWebKit/537.36 (KHTML, like Gecko) Chrome/147.0.0.0 Mobile Safari/537.36"
110.224.93.55 - - [05/May/2026:08:01:39 -0500] "GET /wp-content/plugins/wow-divi-carousel/assets/vendor/slick/slick-theme.css?ver=1.4.2 HTTP/1.1" 200 866 "-" "Mozilla/5.0 (Linux; Android 10; K) AppleWebKit/537.36 (KHTML, like Gecko) Chrome/147.0.0.0 Mobile Safari/537.36"
167.86.88.122 - - [05/May/2026:08:01:30 -0500] "POST /?wordfence_syncAttackData=1777986090.2126 HTTP/1.1" 200 24242 "https://www.ensad.edu.pe/?wordfence_syncAttackData=1777986090.2126" "WordPress/5.5.3; https://www.ensad.edu.pe"
178.233.65.80 - - [05/May/2026:08:01:42 -0500] "GET /wp-content/plugins/wpdatatables/integrations/starter/page-builders/divi-wpdt/styles/divi-wpdt.css?ver=7.3.5 HTTP/1.1" 200 225 "https://www.ensad.edu.pe/" "Mozilla/5.0 (iPhone; CPU iPhone OS 18_7 like Mac OS X) AppleWebKit/605.1.15 (KHTML, like Gecko) Version/26.4 Mobile/15E148 Safari/604.1"
178.233.65.80 - - [05/May/2026:08:01:42 -0500] "GET /wp-content/plugins/wow-divi-carousel/assets/css/module-core.css?ver=5.5.3 HTTP/1.1" 200 3834 "https://www.ensad.edu.pe/" "Mozilla/5.0 (iPhone; CPU iPhone OS 18_7 like Mac OS X) AppleWebKit/605.1.15 (KHTML, like Gecko) Version/26.4 Mobile/15E148 Safari/604.1"
178.233.65.80 - - [05/May/2026:08:01:42 -0500] "GET /wp-content/plugins/wow-divi-carousel/assets/vendor/slick/slick.css?ver=1.4.2 HTTP/1.1" 200 569 "https://www.ensad.edu.pe/" "Mozilla/5.0 (iPhone; CPU iPhone OS 18_7 like Mac OS X) AppleWebKit/605.1.15 (KHTML, like Gecko) Version/26.4 Mobile/15E148 Safari/604.1"
178.233.65.80 - - [05/May/2026:08:01:42 -0500] "GET /wp-content/plugins/superb-social-share-and-follow-buttons//assets/css/frontend.css?ver=101.0.0 HTTP/1.1" 200 2157 "https://www.ensad.edu.pe/" "Mozilla/5.0 (iPhone; CPU iPhone OS 18_7 like Mac OS X) AppleWebKit/605.1.15 (KHTML, like Gecko) Version/26.4 Mobile/15E148 Safari/604.1"
178.233.65.80 - - [05/May/2026:08:01:42 -0500] "GET /wp-content/plugins/popups-for-divi/styles/front.min.css?ver=3.0.5 HTTP/1.1" 200 1641 "https://www.ensad.edu.pe/" "Mozilla/5.0 (iPhone; CPU iPhone OS 18_7 like Mac OS X) AppleWebKit/605.1.15 (KHTML, like Gecko) Version/26.4 Mobile/15E148 Safari/604.1"
178.233.65.80 - - [05/May/2026:08:01:42 -0500] "GET /wp-includes/css/dist/block-library/style.min.css?ver=5.5.3 HTTP/1.1" 200 7907 "https://www.ensad.edu.pe/" "Mozilla/5.0 (iPhone; CPU iPhone OS 18_7 like Mac OS X) AppleWebKit/605.1.15 (KHTML, like Gecko) Version/26.4 Mobile/15E148 Safari/604.1"
178.233.65.80 - - [05/May/2026:08:01:42 -0500] "GET /wp-content/plugins/gtranslate/gtranslate-style24.css?ver=5.5.3 HTTP/1.1" 200 299 "https://www.ensad.edu.pe/" "Mozilla/5.0 (iPhone; CPU iPhone OS 18_7 like Mac OS X) AppleWebKit/605.1.15 (KHTML, like Gecko) Version/26.4 Mobile/15E148 Safari/604.1"
178.233.65.80 - - [05/May/2026:08:01:42 -0500] "GET /wp-content/plugins/formidable/css/formidableforms.css?ver=5181606 HTTP/1.1" 200 8581 "https://www.ensad.edu.pe/" "Mozilla/5.0 (iPhone; CPU iPhone OS 18_7 like Mac OS X) AppleWebKit/605.1.15 (KHTML, like Gecko) Version/26.4 Mobile/15E148 Safari/604.1"
178.233.65.80 - - [05/May/2026:08:01:42 -0500] "GET /wp-content/plugins/wow-divi-carousel/assets/vendor/slick/slick-theme.css?ver=1.4.2 HTTP/1.1" 200 866 "https://www.ensad.edu.pe/" "Mozilla/5.0 (iPhone; CPU iPhone OS 18_7 like Mac OS X) AppleWebKit/605.1.15 (KHTML, like Gecko) Version/26.4 Mobile/15E148 Safari/604.1"
178.233.65.80 - - [05/May/2026:08:01:42 -0500] "GET /wp-content/themes/Divi-Child-Theme/style.css?ver=4.7.3 HTTP/1.1" 200 297 "https://www.ensad.edu.pe/" "Mozilla/5.0 (iPhone; CPU iPhone OS 18_7 like Mac OS X) AppleWebKit/605.1.15 (KHTML, like Gecko) Version/26.4 Mobile/15E148 Safari/604.1"
178.233.65.80 - - [05/May/2026:08:01:42 -0500] "GET /wp-content/plugins/dflip/assets/css/themify-icons.min.css?ver=1.6.6 HTTP/1.1" 200 2814 "https://www.ensad.edu.pe/" "Mozilla/5.0 (iPhone; CPU iPhone OS 18_7 like Mac OS X) AppleWebKit/605.1.15 (KHTML, like Gecko) Version/26.4 Mobile/15E148 Safari/604.1"
178.233.65.80 - - [05/May/2026:08:01:42 -0500] "GET /wp-content/plugins/dflip/assets/css/dflip.min.css?ver=1.6.6 HTTP/1.1" 200 5343 "https://www.ensad.edu.pe/" "Mozilla/5.0 (iPhone; CPU iPhone OS 18_7 like Mac OS X) AppleWebKit/605.1.15 (KHTML, like Gecko) Version/26.4 Mobile/15E148 Safari/604.1"
178.233.65.80 - - [05/May/2026:08:01:42 -0500] "GET /wp-content/plugins/eventON/assets/css/eventon_styles.css?ver=3.0.2 HTTP/1.1" 200 21261 "https://www.ensad.edu.pe/" "Mozilla/5.0 (iPhone; CPU iPhone OS 18_7 like Mac OS X) AppleWebKit/605.1.15 (KHTML, like Gecko) Version/26.4 Mobile/15E148 Safari/604.1"
178.233.65.80 - - [05/May/2026:08:01:42 -0500] "GET /wp-content/themes/Divi/style.css?ver=5.5.3 HTTP/1.1" 200 81311 "https://www.ensad.edu.pe/" "Mozilla/5.0 (iPhone; CPU iPhone OS 18_7 like Mac OS X) AppleWebKit/605.1.15 (KHTML, like Gecko) Version/26.4 Mobile/15E148 Safari/604.1"
178.233.65.80 - - [05/May/2026:08:01:42 -0500] "GET /wp-content/plugins/eventON/assets/fonts/all.css?ver=3.0.2 HTTP/1.1" 200 13456 "https://www.ensad.edu.pe/" "Mozilla/5.0 (iPhone; CPU iPhone OS 18_7 like Mac OS X) AppleWebKit/605.1.15 (KHTML, like Gecko) Version/26.4 Mobile/15E148 Safari/604.1"
178.233.65.80 - - [05/May/2026:08:01:42 -0500] "GET /wp-content/plugins/eventON/assets/css/eventon_dynamic_styles.css?ver=3.0.2 HTTP/1.1" 200 2255 "https://www.ensad.edu.pe/" "Mozilla/5.0 (iPhone; CPU iPhone OS 18_7 like Mac OS X) AppleWebKit/605.1.15 (KHTML, like Gecko) Version/26.4 Mobile/15E148 Safari/604.1"
178.233.65.80 - - [05/May/2026:08:01:42 -0500] "GET /wp-content/plugins/supreme-modules-pro-for-divi/styles/style.min.css?ver=3.9.92 HTTP/1.1" 200 29914 "https://www.ensad.edu.pe/" "Mozilla/5.0 (iPhone; CPU iPhone OS 18_7 like Mac OS X) AppleWebKit/605.1.15 (KHTML, like Gecko) Version/26.4 Mobile/15E148 Safari/604.1"
178.233.65.80 - - [05/May/2026:08:01:42 -0500] "GET /wp-content/plugins/wpdatatables/integrations/starter/page-builders/divi-wpdt/styles/style.min.css?ver=1.0.0 HTTP/1.1" 200 1797 "https://www.ensad.edu.pe/" "Mozilla/5.0 (iPhone; CPU iPhone OS 18_7 like Mac OS X) AppleWebKit/605.1.15 (KHTML, like Gecko) Version/26.4 Mobile/15E148 Safari/604.1"
178.233.65.80 - - [05/May/2026:08:01:42 -0500] "GET /wp-content/plugins/wow-divi-carousel/styles/style.min.css?ver=1.0.0 HTTP/1.1" 200 4449 "https://www.ensad.edu.pe/" "Mozilla/5.0 (iPhone; CPU iPhone OS 18_7 like Mac OS X) AppleWebKit/605.1.15 (KHTML, like Gecko) Version/26.4 Mobile/15E148 Safari/604.1"
178.233.65.80 - - [05/May/2026:08:01:42 -0500] "GET /wp-content/uploads/pum/pum-site-styles.css?generated=1747710144&ver=1.15.0 HTTP/1.1" 200 3468 "https://www.ensad.edu.pe/" "Mozilla/5.0 (iPhone; CPU iPhone OS 18_7 like Mac OS X) AppleWebKit/605.1.15 (KHTML, like Gecko) Version/26.4 Mobile/15E148 Safari/604.1"
178.233.65.80 - - [05/May/2026:08:01:42 -0500] "GET /wp-includes/css/dashicons.min.css?ver=5.5.3 HTTP/1.1" 200 35722 "https://www.ensad.edu.pe/" "Mozilla/5.0 (iPhone; CPU iPhone OS 18_7 like Mac OS X) AppleWebKit/605.1.15 (KHTML, like Gecko) Version/26.4 Mobile/15E148 Safari/604.1"
178.233.65.80 - - [05/May/2026:08:01:42 -0500] "GET /wp-includes/js/jquery/jquery.js?ver=1.12.4-wp HTTP/1.1" 200 33776 "https://www.ensad.edu.pe/" "Mozilla/5.0 (iPhone; CPU iPhone OS 18_7 like Mac OS X) AppleWebKit/605.1.15 (KHTML, like Gecko) Version/26.4 Mobile/15E148 Safari/604.1"
178.233.65.80 - - [05/May/2026:08:01:42 -0500] "GET /wp-content/plugins/popups-for-divi/scripts/ie-compat.min.js?ver=3.0.5 HTTP/1.1" 200 3695 "https://www.ensad.edu.pe/" "Mozilla/5.0 (iPhone; CPU iPhone OS 18_7 like Mac OS X) AppleWebKit/605.1.15 (KHTML, like Gecko) Version/26.4 Mobile/15E148 Safari/604.1"
150.228.225.76 - - [05/May/2026:08:01:43 -0500] "GET /wp-content/plugins/gtranslate/gtranslate-style24.css?ver=5.5.3 HTTP/1.1" 200 299 "-" "Mozilla/5.0 (Linux; Android 10; K) AppleWebKit/537.36 (KHTML, like Gecko) Chrome/130.0.0.0 Mobile Safari/537.36"
178.233.65.80 - - [05/May/2026:08:01:43 -0500] "GET /wp-content/plugins/popups-for-divi/scripts/front.min.js?ver=3.0.5 HTTP/1.1" 200 21335 "https://www.ensad.edu.pe/" "Mozilla/5.0 (iPhone; CPU iPhone OS 18_7 like Mac OS X) AppleWebKit/605.1.15 (KHTML, like Gecko) Version/26.4 Mobile/15E148 Safari/604.1"
178.233.65.80 - - [05/May/2026:08:01:43 -0500] "GET /wp-content/plugins/wow-divi-carousel/assets/vendor/slick/slick.min.js?ver=1.4.2 HTTP/1.1" 200 10519 "https://www.ensad.edu.pe/" "Mozilla/5.0 (iPhone; CPU iPhone OS 18_7 like Mac OS X) AppleWebKit/605.1.15 (KHTML, like Gecko) Version/26.4 Mobile/15E148 Safari/604.1"
178.233.65.80 - - [05/May/2026:08:01:43 -0500] "GET /wp-content/plugins/wow-divi-carousel/assets/js/wow-divi-carousel.js?ver=1.4.2 HTTP/1.1" 200 45 "https://www.ensad.edu.pe/" "Mozilla/5.0 (iPhone; CPU iPhone OS 18_7 like Mac OS X) AppleWebKit/605.1.15 (KHTML, like Gecko) Version/26.4 Mobile/15E148 Safari/604.1"
150.228.225.76 - - [05/May/2026:08:01:43 -0500] "GET /wp-content/plugins/wpdatatables/integrations/starter/page-builders/divi-wpdt/styles/divi-wpdt.css?ver=7.3.5 HTTP/1.1" 200 225 "-" "Mozilla/5.0 (Linux; Android 10; K) AppleWebKit/537.36 (KHTML, like Gecko) Chrome/130.0.0.0 Mobile Safari/537.36"
178.233.65.80 - - [05/May/2026:08:01:43 -0500] "GET /wp-content/uploads/2026/03/DJ_IV_IMG.jpg HTTP/1.1" 200 373493 "https://www.ensad.edu.pe/" "Mozilla/5.0 (iPhone; CPU iPhone OS 18_7 like Mac OS X) AppleWebKit/605.1.15 (KHTML, like Gecko) Version/26.4 Mobile/15E148 Safari/604.1"
178.233.65.80 - - [05/May/2026:08:01:43 -0500] "GET /wp-content/themes/Divi/core/admin/js/es6-promise.auto.min.js?ver=4.7.3 HTTP/1.1" 200 2684 "https://www.ensad.edu.pe/" "Mozilla/5.0 (iPhone; CPU iPhone OS 18_7 like Mac OS X) AppleWebKit/605.1.15 (KHTML, like Gecko) Version/26.4 Mobile/15E148 Safari/604.1"
178.233.65.80 - - [05/May/2026:08:01:43 -0500] "GET /wp-content/themes/Divi/core/admin/js/recaptcha.js?ver=4.7.3 HTTP/1.1" 200 712 "https://www.ensad.edu.pe/" "Mozilla/5.0 (iPhone; CPU iPhone OS 18_7 like Mac OS X) AppleWebKit/605.1.15 (KHTML, like Gecko) Version/26.4 Mobile/15E148 Safari/604.1"
178.233.65.80 - - [05/May/2026:08:01:43 -0500] "GET /wp-content/themes/Divi/js/custom.unified.js?ver=4.7.3 HTTP/1.1" 200 135984 "https://www.ensad.edu.pe/" "Mozilla/5.0 (iPhone; CPU iPhone OS 18_7 like Mac OS X) AppleWebKit/605.1.15 (KHTML, like Gecko) Version/26.4 Mobile/15E148 Safari/604.1"
178.233.65.80 - - [05/May/2026:08:01:43 -0500] "GET /wp-content/plugins/dflip/assets/js/dflip.min.js?ver=1.6.6 HTTP/1.1" 200 40479 "https://www.ensad.edu.pe/" "Mozilla/5.0 (iPhone; CPU iPhone OS 18_7 like Mac OS X) AppleWebKit/605.1.15 (KHTML, like Gecko) Version/26.4 Mobile/15E148 Safari/604.1"
150.228.225.76 - - [05/May/2026:08:01:43 -0500] "GET /wp-includes/css/dist/block-library/style.min.css?ver=5.5.3 HTTP/1.1" 200 7907 "-" "Mozilla/5.0 (Linux; Android 10; K) AppleWebKit/537.36 (KHTML, like Gecko) Chrome/130.0.0.0 Mobile Safari/537.36"
150.228.225.76 - - [05/May/2026:08:01:43 -0500] "GET /wp-content/plugins/formidable/css/formidableforms.css?ver=5181606 HTTP/1.1" 200 8581 "-" "Mozilla/5.0 (Linux; Android 10; K) AppleWebKit/537.36 (KHTML, like Gecko) Chrome/130.0.0.0 Mobile Safari/537.36"
178.233.65.80 - - [05/May/2026:08:01:43 -0500] "GET /wp-content/plugins/eventON/assets/js/eventon_functions.js?ver=3.0.2 HTTP/1.1" 200 3768 "https://www.ensad.edu.pe/" "Mozilla/5.0 (iPhone; CPU iPhone OS 18_7 like Mac OS X) AppleWebKit/605.1.15 (KHTML, like Gecko) Version/26.4 Mobile/15E148 Safari/604.1"
178.233.65.80 - - [05/May/2026:08:01:43 -0500] "GET /wp-content/plugins/eventON/assets/js/lib/jquery.easing.1.3.js?ver=1.0 HTTP/1.1" 200 1986 "https://www.ensad.edu.pe/" "Mozilla/5.0 (iPhone; CPU iPhone OS 18_7 like Mac OS X) AppleWebKit/605.1.15 (KHTML, like Gecko) Version/26.4 Mobile/15E148 Safari/604.1"
178.233.65.80 - - [05/May/2026:08:01:43 -0500] "GET /wp-content/plugins/eventON/assets/js/lib/handlebars.js?ver=3.0.2 HTTP/1.1" 200 38247 "https://www.ensad.edu.pe/" "Mozilla/5.0 (iPhone; CPU iPhone OS 18_7 like Mac OS X) AppleWebKit/605.1.15 (KHTML, like Gecko) Version/26.4 Mobile/15E148 Safari/604.1"
178.233.65.80 - - [05/May/2026:08:01:43 -0500] "GET /wp-content/plugins/eventON/assets/js/lib/jquery.mobile.min.js?ver=3.0.2 HTTP/1.1" 200 2743 "https://www.ensad.edu.pe/" "Mozilla/5.0 (iPhone; CPU iPhone OS 18_7 like Mac OS X) AppleWebKit/605.1.15 (KHTML, like Gecko) Version/26.4 Mobile/15E148 Safari/604.1"
178.233.65.80 - - [05/May/2026:08:01:43 -0500] "GET /wp-content/uploads/2026/03/IMG_destacada_1203.jpg HTTP/1.1" 200 477716 "https://www.ensad.edu.pe/" "Mozilla/5.0 (iPhone; CPU iPhone OS 18_7 like Mac OS X) AppleWebKit/605.1.15 (KHTML, like Gecko) Version/26.4 Mobile/15E148 Safari/604.1"
178.233.65.80 - - [05/May/2026:08:01:43 -0500] "GET /wp-content/plugins/eventON/assets/js/lib/moment.min.js?ver=3.0.2 HTTP/1.1" 200 17113 "https://www.ensad.edu.pe/" "Mozilla/5.0 (iPhone; CPU iPhone OS 18_7 like Mac OS X) AppleWebKit/605.1.15 (KHTML, like Gecko) Version/26.4 Mobile/15E148 Safari/604.1"
178.233.65.80 - - [05/May/2026:08:01:43 -0500] "GET /wp-content/plugins/eventON/assets/js/lib/jquery.mousewheel.min.js?ver=3.0.2 HTTP/1.1" 200 716 "https://www.ensad.edu.pe/" "Mozilla/5.0 (iPhone; CPU iPhone OS 18_7 like Mac OS X) AppleWebKit/605.1.15 (KHTML, like Gecko) Version/26.4 Mobile/15E148 Safari/604.1"
178.233.65.80 - - [05/May/2026:08:01:43 -0500] "GET /wp-content/plugins/eventON/assets/js/eventon_script.js?ver=3.0.2 HTTP/1.1" 200 13449 "https://www.ensad.edu.pe/" "Mozilla/5.0 (iPhone; CPU iPhone OS 18_7 like Mac OS X) AppleWebKit/605.1.15 (KHTML, like Gecko) Version/26.4 Mobile/15E148 Safari/604.1"
178.233.65.80 - - [05/May/2026:08:01:43 -0500] "GET /wp-content/plugins/wow-divi-carousel/scripts/frontend-bundle.min.js?ver=1.0.0 HTTP/1.1" 200 1694 "https://www.ensad.edu.pe/" "Mozilla/5.0 (iPhone; CPU iPhone OS 18_7 like Mac OS X) AppleWebKit/605.1.15 (KHTML, like Gecko) Version/26.4 Mobile/15E148 Safari/604.1"
178.233.65.80 - - [05/May/2026:08:01:43 -0500] "GET /wp-content/plugins/supreme-modules-pro-for-divi/scripts/frontend-bundle.min.js?ver=3.9.92 HTTP/1.1" 200 619 "https://www.ensad.edu.pe/" "Mozilla/5.0 (iPhone; CPU iPhone OS 18_7 like Mac OS X) AppleWebKit/605.1.15 (KHTML, like Gecko) Version/26.4 Mobile/15E148 Safari/604.1"
150.228.225.76 - - [05/May/2026:08:01:43 -0500] "GET /wp-content/plugins/superb-social-share-and-follow-buttons//assets/css/frontend.css?ver=101.0.0 HTTP/1.1" 200 2157 "-" "Mozilla/5.0 (Linux; Android 10; K) AppleWebKit/537.36 (KHTML, like Gecko) Chrome/130.0.0.0 Mobile Safari/537.36"
178.233.65.80 - - [05/May/2026:08:01:30 -0500] "GET / HTTP/1.1" 200 38690 "https://cdnx445.com/" "Mozilla/5.0 (iPhone; CPU iPhone OS 18_7 like Mac OS X) AppleWebKit/605.1.15 (KHTML, like Gecko) Version/26.4 Mobile/15E148 Safari/604.1"
178.233.65.80 - - [05/May/2026:08:01:43 -0500] "GET /wp-includes/js/jquery/ui/position.min.js?ver=1.11.4 HTTP/1.1" 200 2507 "https://www.ensad.edu.pe/" "Mozilla/5.0 (iPhone; CPU iPhone OS 18_7 like Mac OS X) AppleWebKit/605.1.15 (KHTML, like Gecko) Version/26.4 Mobile/15E148 Safari/604.1"
178.233.65.80 - - [05/May/2026:08:01:43 -0500] "GET /wp-content/plugins/wpdatatables/integrations/starter/page-builders/divi-wpdt/scripts/frontend-bundle.min.js?ver=1.0.0 HTTP/1.1" 200 327 "https://www.ensad.edu.pe/" "Mozilla/5.0 (iPhone; CPU iPhone OS 18_7 like Mac OS X) AppleWebKit/605.1.15 (KHTML, like Gecko) Version/26.4 Mobile/15E148 Safari/604.1"
178.233.65.80 - - [05/May/2026:08:01:43 -0500] "GET /wp-includes/js/jquery/ui/core.min.js?ver=1.11.4 HTTP/1.1" 200 1813 "https://www.ensad.edu.pe/" "Mozilla/5.0 (iPhone; CPU iPhone OS 18_7 like Mac OS X) AppleWebKit/605.1.15 (KHTML, like Gecko) Version/26.4 Mobile/15E148 Safari/604.1"
178.233.65.80 - - [05/May/2026:08:01:43 -0500] "GET /wp-content/plugins/wow-divi-carousel/assets/fonts/icowdc.ttf?sqw28v HTTP/1.1" 200 4382 "https://www.ensad.edu.pe/" "Mozilla/5.0 (iPhone; CPU iPhone OS 18_7 like Mac OS X) AppleWebKit/605.1.15 (KHTML, like Gecko) Version/26.4 Mobile/15E148 Safari/604.1"
178.233.65.80 - - [05/May/2026:08:01:43 -0500] "GET /wp-content/themes/Divi/core/admin/fonts/modules.ttf HTTP/1.1" 200 37445 "https://www.ensad.edu.pe/" "Mozilla/5.0 (iPhone; CPU iPhone OS 18_7 like Mac OS X) AppleWebKit/605.1.15 (KHTML, like Gecko) Version/26.4 Mobile/15E148 Safari/604.1"
150.228.225.76 - - [05/May/2026:08:01:43 -0500] "GET /wp-content/plugins/popups-for-divi/styles/front.min.css?ver=3.0.5 HTTP/1.1" 200 1641 "-" "Mozilla/5.0 (Linux; Android 10; K) AppleWebKit/537.36 (KHTML, like Gecko) Chrome/130.0.0.0 Mobile Safari/537.36"
178.233.65.80 - - [05/May/2026:08:01:43 -0500] "GET /wp-content/uploads/2026/03/img_110326.jpg HTTP/1.1" 200 443659 "https://www.ensad.edu.pe/" "Mozilla/5.0 (iPhone; CPU iPhone OS 18_7 like Mac OS X) AppleWebKit/605.1.15 (KHTML, like Gecko) Version/26.4 Mobile/15E148 Safari/604.1"
178.233.65.80 - - [05/May/2026:08:01:43 -0500] "GET /wp-content/uploads/2026/01/nota2201.jpg.jpeg HTTP/1.1" 200 352140 "https://www.ensad.edu.pe/" "Mozilla/5.0 (iPhone; CPU iPhone OS 18_7 like Mac OS X) AppleWebKit/605.1.15 (KHTML, like Gecko) Version/26.4 Mobile/15E148 Safari/604.1"
178.233.65.80 - - [05/May/2026:08:01:43 -0500] "GET /wp-content/plugins/popup-maker/assets/js/vendor/mobile-detect.min.js?ver=1.3.3 HTTP/1.1" 200 16296 "https://www.ensad.edu.pe/" "Mozilla/5.0 (iPhone; CPU iPhone OS 18_7 like Mac OS X) AppleWebKit/605.1.15 (KHTML, like Gecko) Version/26.4 Mobile/15E148 Safari/604.1"
178.233.65.80 - - [05/May/2026:08:01:43 -0500] "GET /wp-content/themes/Divi/core/admin/js/common.js?ver=4.7.3 HTTP/1.1" 200 577 "https://www.ensad.edu.pe/" "Mozilla/5.0 (iPhone; CPU iPhone OS 18_7 like Mac OS X) AppleWebKit/605.1.15 (KHTML, like Gecko) Version/26.4 Mobile/15E148 Safari/604.1"
178.233.65.80 - - [05/May/2026:08:01:43 -0500] "GET /wp-includes/js/wp-embed.min.js?ver=5.5.3 HTTP/1.1" 200 769 "https://www.ensad.edu.pe/" "Mozilla/5.0 (iPhone; CPU iPhone OS 18_7 like Mac OS X) AppleWebKit/605.1.15 (KHTML, like Gecko) Version/26.4 Mobile/15E148 Safari/604.1"
178.233.65.80 - - [05/May/2026:08:01:43 -0500] "GET /wp-content/uploads/pum/pum-site-scripts.js?defer&generated=1747710144&ver=1.15.0 HTTP/1.1" 200 17645 "https://www.ensad.edu.pe/" "Mozilla/5.0 (iPhone; CPU iPhone OS 18_7 like Mac OS X) AppleWebKit/605.1.15 (KHTML, like Gecko) Version/26.4 Mobile/15E148 Safari/604.1"
150.228.225.76 - - [05/May/2026:08:01:43 -0500] "GET /wp-content/plugins/wow-divi-carousel/assets/css/module-core.css?ver=5.5.3 HTTP/1.1" 200 3834 "-" "Mozilla/5.0 (Linux; Android 10; K) AppleWebKit/537.36 (KHTML, like Gecko) Chrome/130.0.0.0 Mobile Safari/537.36"
178.233.65.80 - - [05/May/2026:08:01:43 -0500] "GET /wp-content/plugins/eventON/assets/js/maps/eventon_gen_maps.js?ver=3.0.2 HTTP/1.1" 200 1907 "https://www.ensad.edu.pe/" "Mozilla/5.0 (iPhone; CPU iPhone OS 18_7 like Mac OS X) AppleWebKit/605.1.15 (KHTML, like Gecko) Version/26.4 Mobile/15E148 Safari/604.1"
178.233.65.80 - - [05/May/2026:08:01:43 -0500] "GET /wp-content/plugins/eventON/assets/js/maps/eventon_init_gmap.js?ver=1.0 HTTP/1.1" 200 153 "https://www.ensad.edu.pe/" "Mozilla/5.0 (iPhone; CPU iPhone OS 18_7 like Mac OS X) AppleWebKit/605.1.15 (KHTML, like Gecko) Version/26.4 Mobile/15E148 Safari/604.1"
150.228.225.76 - - [05/May/2026:08:01:43 -0500] "GET /wp-content/plugins/wow-divi-carousel/assets/vendor/slick/slick.css?ver=1.4.2 HTTP/1.1" 200 569 "-" "Mozilla/5.0 (Linux; Android 10; K) AppleWebKit/537.36 (KHTML, like Gecko) Chrome/130.0.0.0 Mobile Safari/537.36"
178.233.65.80 - - [05/May/2026:08:01:43 -0500] "GET /wp-content/uploads/2025/12/IMG_2511_01.jpg HTTP/1.1" 200 230503 "https://www.ensad.edu.pe/" "Mozilla/5.0 (iPhone; CPU iPhone OS 18_7 like Mac OS X) AppleWebKit/605.1.15 (KHTML, like Gecko) Version/26.4 Mobile/15E148 Safari/604.1"
178.233.65.80 - - [05/May/2026:08:01:43 -0500] "GET /wp-content/uploads/2025/07/directora-over.jpg HTTP/1.1" 200 115748 "https://www.ensad.edu.pe/" "Mozilla/5.0 (iPhone; CPU iPhone OS 18_7 like Mac OS X) AppleWebKit/605.1.15 (KHTML, like Gecko) Version/26.4 Mobile/15E148 Safari/604.1"
178.233.65.80 - - [05/May/2026:08:01:44 -0500] "GET /wp-content/uploads/2026/04/LOGOFINALENSAD-300x91-1.png HTTP/1.1" 200 14654 "https://www.ensad.edu.pe/" "Mozilla/5.0 (iPhone; CPU iPhone OS 18_7 like Mac OS X) AppleWebKit/605.1.15 (KHTML, like Gecko) Version/26.4 Mobile/15E148 Safari/604.1"
178.233.65.80 - - [05/May/2026:08:01:44 -0500] "GET /wp-content/uploads/2026/04/01.jpeg HTTP/1.1" 200 3132 "https://www.ensad.edu.pe/" "Mozilla/5.0 (iPhone; CPU iPhone OS 18_7 like Mac OS X) AppleWebKit/605.1.15 (KHTML, like Gecko) Version/26.4 Mobile/15E148 Safari/604.1"
150.228.225.76 - - [05/May/2026:08:01:44 -0500] "GET /wp-content/plugins/wow-divi-carousel/assets/vendor/slick/slick-theme.css?ver=1.4.2 HTTP/1.1" 200 866 "-" "Mozilla/5.0 (Linux; Android 10; K) AppleWebKit/537.36 (KHTML, like Gecko) Chrome/130.0.0.0 Mobile Safari/537.36"
178.233.65.80 - - [05/May/2026:08:01:44 -0500] "GET /wp-content/uploads/2026/04/E-12-1.png HTTP/1.1" 200 4596 "https://www.ensad.edu.pe/" "Mozilla/5.0 (iPhone; CPU iPhone OS 18_7 like Mac OS X) AppleWebKit/605.1.15 (KHTML, like Gecko) Version/26.4 Mobile/15E148 Safari/604.1"
178.233.65.80 - - [05/May/2026:08:01:44 -0500] "GET /wp-content/uploads/2026/04/N-13-1.png HTTP/1.1" 200 6646 "https://www.ensad.edu.pe/" "Mozilla/5.0 (iPhone; CPU iPhone OS 18_7 like Mac OS X) AppleWebKit/605.1.15 (KHTML, like Gecko) Version/26.4 Mobile/15E148 Safari/604.1"
178.233.65.80 - - [05/May/2026:08:01:44 -0500] "GET /wp-content/uploads/2026/04/S-14-1.png HTTP/1.1" 200 5173 "https://www.ensad.edu.pe/" "Mozilla/5.0 (iPhone; CPU iPhone OS 18_7 like Mac OS X) AppleWebKit/605.1.15 (KHTML, like Gecko) Version/26.4 Mobile/15E148 Safari/604.1"
178.233.65.80 - - [05/May/2026:08:01:44 -0500] "GET /wp-content/uploads/2026/04/A-15-1.png HTTP/1.1" 200 4561 "https://www.ensad.edu.pe/" "Mozilla/5.0 (iPhone; CPU iPhone OS 18_7 like Mac OS X) AppleWebKit/605.1.15 (KHTML, like Gecko) Version/26.4 Mobile/15E148 Safari/604.1"
178.233.65.80 - - [05/May/2026:08:01:44 -0500] "GET /wp-content/uploads/2026/04/D-16-1.png HTTP/1.1" 200 4727 "https://www.ensad.edu.pe/" "Mozilla/5.0 (iPhone; CPU iPhone OS 18_7 like Mac OS X) AppleWebKit/605.1.15 (KHTML, like Gecko) Version/26.4 Mobile/15E148 Safari/604.1"
178.233.65.80 - - [05/May/2026:08:01:44 -0500] "GET /wp-content/uploads/2026/04/Slider_Admision2026.jpg HTTP/1.1" 200 411734 "https://www.ensad.edu.pe/" "Mozilla/5.0 (iPhone; CPU iPhone OS 18_7 like Mac OS X) AppleWebKit/605.1.15 (KHTML, like Gecko) Version/26.4 Mobile/15E148 Safari/604.1"
181.119.107.114 - - [05/May/2026:08:01:30 -0500] "GET / HTTP/1.1" 200 38691 "https://pagesonyou.my.id/" "Mozilla/5.0 (Linux; Android 13; SM-J610G) AppleWebKit/537.36 (KHTML, like Gecko) SamsungBrowser/28.0 Chrome/143.0.7499.34 Mobile Safari/537.36"
178.233.65.80 - - [05/May/2026:08:01:45 -0500] "GET /wp-content/uploads/2025/03/b_unae_web.jpg HTTP/1.1" 200 163513 "https://www.ensad.edu.pe/" "Mozilla/5.0 (iPhone; CPU iPhone OS 18_7 like Mac OS X) AppleWebKit/605.1.15 (KHTML, like Gecko) Version/26.4 Mobile/15E148 Safari/604.1"
178.233.65.80 - - [05/May/2026:08:01:45 -0500] "GET /wp-content/uploads/2024/10/BannerWeb.png HTTP/1.1" 200 237474 "https://www.ensad.edu.pe/" "Mozilla/5.0 (iPhone; CPU iPhone OS 18_7 like Mac OS X) AppleWebKit/605.1.15 (KHTML, like Gecko) Version/26.4 Mobile/15E148 Safari/604.1"
86.183.58.155 - - [05/May/2026:08:01:31 -0500] "GET / HTTP/1.1" 200 38691 "https://29633101-35418-36448.tentedienat.com/hy1GBoAzNAnjZtczvQOYbhxKk9RS5tiAZvlSX8ufEJoUPJ6cyYOz9h9i-ScTboKCmPxzihg?_=87f00199-4882-11f1-8b3f-668e4c3ce9ab&d=BQ5qQHPe7ZWurjmZEA4R5dcqEgAkJFssxhAhyPu5SbV_GqYhG5LOLMg990Voe8N2QClYG51lkyzrgjWFtwoAzdkzazwbTOm5PABf9iijhkyZUVF9MsO3WqIlizb-GMklfD7hhBKUcFIPpAiNTgRJfRaPEyo3w77BLtyAwLPKmLfWJorJt8bK9EgLVDbm_tMuK6Jy6RZ2ugFNvJXsmlE91RmEy5p41cjTgPTpITY5Y31k8OiOqlZcAdDi9iSvm0VnXjiMBOFTm3FE_uaVtGBm8IpyAneZ2QRTMm-wgR1K5EvDXQITgCrJgqIQsQkkXkucVrwouRu2xrRlCpLdQIsLcam_uuhL_GYJF5oLA_Wo7RQA6TM0DI-NJvU1MoJstRvFTHWu6Zzx-qMGQJrOyUeQT0vv86KZWa33xUweH3oHnT3VRPyQUFSTOfjZ3XCCSiHxACVwO-db3-8TGo5rUizRIn9mKnYS1sJ1I2XgYvAyMHbES9ibaRpbNcPPnL5Hps_Or60b4PckjTdg1r1zw9UhURhmhgpck0tix0QcbUB_j2WIgJrWA3pq14th6jUynCbgDz42JSPTPR7i5h6JtUrGv13XbDbgZehjEf5GrBLcKk1Eo_woMqHORtx2urIBvmlbi2qzqj7oCa029t3aWNLrLHT0MDFjFF7It-kVDgsn8-ebQkjl8t0ONFulPJ8CNKRGGJlb5154jmoiSybCtLI8fWRSXJ8qTTq_C_y2CSoiMZC7yJ7SCLuizgIPfgKzzXlTRU4OlCLe_j_ot8FMSxfk-mXcCZK4tjnuwEUOYopl9LjihLPDrZ72Bk0dNPL1qgeee2qTW0Xg9pGeLUegzYxCSCp-Nw-O7XEZyEe5uSqnn4QCkb8UcBDekWuzA2WP-YvvncAkq3WNlwfO_JiyjuKsMizrGmPwZESJDGYYGk4nqK9TKoPV-i92eyGiUj2gkEwBLjqrETOJO5-6OM4gY0MZ7FIqmxYgMSRoaEibSNnBK1uiYGQHaHSJsVPB1tyD4T0_4tGgdSiRt-Ljv073-DZCYtp_qI_pEYPBUZVm-IkDMeRIKqh11-PEp1AT8u9A2tATzb1cdgxU0WkEzlGp6Elb3GosMjn25JgWn6HXBrHTx0TTLquzGvK-rivErUOt7r-i7maCbkggmzUIfnPKwuFP-MMeDrTGx1YEF-5jnBmAiEb-0A&_bbr=1" "Mozilla/5.0 (Linux; Android 10; K) AppleWebKit/537.36 (KHTML, like Gecko) Chrome/146.0.0.0 Mobile Safari/537.36"
178.233.65.80 - - [05/May/2026:08:01:45 -0500] "GET /wp-content/uploads/2024/10/banner_revista_liminal.jpg HTTP/1.1" 200 162885 "https://www.ensad.edu.pe/" "Mozilla/5.0 (iPhone; CPU iPhone OS 18_7 like Mac OS X) AppleWebKit/605.1.15 (KHTML, like Gecko) Version/26.4 Mobile/15E148 Safari/604.1"
178.233.65.80 - - [05/May/2026:08:01:45 -0500] "GET /wp-content/uploads/2024/01/banner_fondo.jpg HTTP/1.1" 200 188152 "https://www.ensad.edu.pe/" "Mozilla/5.0 (iPhone; CPU iPhone OS 18_7 like Mac OS X) AppleWebKit/605.1.15 (KHTML, like Gecko) Version/26.4 Mobile/15E148 Safari/604.1"
178.233.65.80 - - [05/May/2026:08:01:45 -0500] "GET /wp-content/uploads/2024/03/quienes_somos.jpg HTTP/1.1" 200 131381 "https://www.ensad.edu.pe/" "Mozilla/5.0 (iPhone; CPU iPhone OS 18_7 like Mac OS X) AppleWebKit/605.1.15 (KHTML, like Gecko) Version/26.4 Mobile/15E148 Safari/604.1"
178.233.65.80 - - [05/May/2026:08:01:45 -0500] "GET /wp-content/plugins/wow-divi-carousel/assets/vendor/slick/ajax-loader.gif HTTP/1.1" 200 4178 "https://www.ensad.edu.pe/" "Mozilla/5.0 (iPhone; CPU iPhone OS 18_7 like Mac OS X) AppleWebKit/605.1.15 (KHTML, like Gecko) Version/26.4 Mobile/15E148 Safari/604.1"
178.233.65.80 - - [05/May/2026:08:01:45 -0500] "GET /wp-content/uploads/2023/02/educacion_icon.png HTTP/1.1" 200 2370 "https://www.ensad.edu.pe/" "Mozilla/5.0 (iPhone; CPU iPhone OS 18_7 like Mac OS X) AppleWebKit/605.1.15 (KHTML, like Gecko) Version/26.4 Mobile/15E148 Safari/604.1"
178.233.65.80 - - [05/May/2026:08:01:45 -0500] "GET /wp-content/uploads/2023/02/diseno_logo-300x300.png HTTP/1.1" 200 1201 "https://www.ensad.edu.pe/" "Mozilla/5.0 (iPhone; CPU iPhone OS 18_7 like Mac OS X) AppleWebKit/605.1.15 (KHTML, like Gecko) Version/26.4 Mobile/15E148 Safari/604.1"
90.244.101.163 - - [05/May/2026:08:01:32 -0500] "GET / HTTP/1.1" 200 33101 "https://29633101-33181-36448.squitoiages.com/hyBFCY01Og_lZtczvQOYbhxKk9RS5tiAZvlSX8ufEJoUPJ6cyVI671SrM6BxyB9wTS9S4XM?_=87eaf005-4882-11f1-a95c-0767f6f6b856&d=BQ5qQHPeI5QuqTlpVBIR1TUsEnBiQx8CnOxMjNeE-2WOes8gRobwgf2NGuOUe4dc7mQ1x5bp8L1ZysNbqxHDrtrOi705lXYBWbJHYrdsNACTemVwhH_wlrPkfgkRYhSBqvADo_ewUlh5Tw7zLbQQiCD8xb4EOpBacguNseblouEZy2f5OtH6lNWpija9xjj7CsVliQTyw4R677r4Tcz7-tmCFib0GkStMpJEIhn8O0c9d-Z_1-YhzUPAGBrDxugs7psoY68NIeKC_U34emlW1l_AWEexGFa03t_I306dtjt0VwjHbaYmgcedXy2BAFE_9GDZLO4SERAF1ivRdehhZyd7JNm4Ypbhy_CtsOOp9ddH6iWgEpSAjAVHNJ_LyFOM4FEjSotP9Yxi7VXwRs9T3NS8iiGfOVy700VwAfHV2q0VzIeFtVvGlkIQkqv1LYx3M1vgYtv2-G77lskf_wwiyMT-kyU0ug_M2rwIKwjB_C0_gvNCiQejmnGkFRkhF5mk8Y7wBk5zKfLhfhhGEFE2W7AgVK2bjE9yDtl9sj-8P75soKeo41RFXTiGgIu_WJJtniDMntxM_HE_RZloO9_SLCzekUijhOqB55uL6nWDLekhhtLTxK2SiWaWO4KM0FqQY9mIH0hhSvh7e1NPUD4NTGZun8FRdxdUm-MWr1zzF1OaAfBd8ih3ldaLwfaJ9APq8eYSHuafTph4brhQjngL5pwQAE5PmuM6QpC0YQA29AB9alCiL6r2eDf3zHpAbLXhDoxRqUhU2jAOQmUJE77UvkjkDiA0H23U1d_8hBIznr3iE5a11Al-a6LZHzCJtMetr8dpPXfwzZ3QFxN8kSODGmoPdgS0V7qyRWktRT1m9C_o39BP8rWYuB4oK-XqmkO3ATAId5AmA2v5aKT0-rZgVtaJ8NpJCv5rQLjSr901Q126oD0P5tHaNg3aB3TRDcpS8nlEqb69DiosGhK_cHLr7VU8iLtEyRGFIWb9iA7Ym5m5gGnNuzOX2Q8LO9-SQ9N8gznVvnt3BCPUaB0ejJuX5f8SWSJ9a_4kMFRUaR9LR9dgH7D8HbIrDw00bELzFPFXdSK6UOAPdjwvleMRloZUwpaYRVutBAZ7sWB480YiKEL5AXJDsAyohVEXjbV2EavUBIyD8Kv_gnTyrlJBmwA_-F8SPJLnSjg0-8FjnhwCQP68ZpEE1t-SR7VlRUiKzUXKzVU9TolE0aGxYWVY3vxJwcEWYWMV4x0S9sgpMytIvkc2gQ&_bbr=1" "Mozilla/5.0 (Macintosh; Intel Mac OS X 10_15_7) AppleWebKit/537.36 (KHTML, like Gecko) Chrome/147.0.0.0 Safari/537.36 Edg/147.0.0.0"
154.176.140.56 - - [05/May/2026:08:01:31 -0500] "GET / HTTP/1.1" 200 38691 "https://pagesonyou.my.id/" "Mozilla/5.0 (Linux; Android 12; SAMSUNG SM-G991B) AppleWebKit/537.36 (KHTML, like Gecko) SamsungBrowser/22.0 Chrome/111.0.5563.116 Mobile Safari/537.36"
37.25.86.209 - - [05/May/2026:08:01:47 -0500] "GET /wp-content/plugins/formidable/css/formidableforms.css?ver=5181606 HTTP/1.1" 200 8581 "-" "Mozilla/5.0 (Linux; Android 10; K) AppleWebKit/537.36 (KHTML, like Gecko) Chrome/147.0.0.0 Mobile Safari/537.36"
37.25.86.209 - - [05/May/2026:08:01:47 -0500] "GET /wp-content/plugins/wpdatatables/integrations/starter/page-builders/divi-wpdt/styles/divi-wpdt.css?ver=7.3.5 HTTP/1.1" 200 225 "-" "Mozilla/5.0 (Linux; Android 10; K) AppleWebKit/537.36 (KHTML, like Gecko) Chrome/147.0.0.0 Mobile Safari/537.36"
41.102.255.120 - - [05/May/2026:08:01:30 -0500] "GET / HTTP/1.1" 200 38691 "https://29633101-6849-36448.tentedienat.com/hyZCD4M2PQbjZtczvQOYbhxKk9RS5tiAZvlSX8ufEJoUPJ6cydveYMSCqnk4IIoCN-dGBkw?_=ZPxcPmyXgrkIjyWojTVTZo1hR5PdhDWE&d=BQ5qQHPeSpQeqDlhKms8NweLyfyDxmLKMgP8V-E2_0UBNasieWU-a2YRF_w4XhAYPll-SqX7mFvjqJkECmVmPj52qfPWKkzSfRoe7YXUxKnHOV_m7xvaIaQJYT93HWJPM-_5vEyaVY8hyqCAqT81iu92muACQ4_pUi7i9PkBlSqHA83LtbAkJWNyrRkjAN478hsockSvKC8eNBiSOHnAeJ515SSuukuGgvZ07wI6M96gobL5JCY1BVewkimy018dv7oU_bOJaYx4-5aPOHGwgoVK27tUAw0nA8szVu0vW7kws9v7PW8o527VvFGOfZ9YXEc4oEgS3NL9ApjjMywTEGNknhgbUILNbritpyvz0U31ZI69et_1WREpFa8IkFwDNHEUd73G9vNWTRw_Ept2m_gskZoB-sa0Hh5feDjCyotPTbENmlp1GI0sK95BR84EajIqNrh91WnxOZ6NX9SBPYcQePWCG182ko_tArmMAzU5dhD2RC_bBXoBGArNnJFCFHkGmGB1_CndaVF_efh8dy-U1kY6Ffe3Dga2lw0J2g24Dv9MFIHuKq56vLR5PdlAPelO1xbif2aXzJWGSNLh8Av6LQjdzjNFBpjnMs1NpSiVBosJ1cZYQ5KtLGVnRnENiKOqAcN9Pxl9DKj4l8XFoKu66C7U2sPxKXwr2E9JebuRmd1HtXclMapBYe8b84SPyGqrXNwF51HMZY1vF29J-BnhpGiiRHJvP75nIfYrICQDs4uZ00O_kahkNs-myFxltVJ_KrxK3adUiISRSNiJk018xRhRSsoLRr3rIt6NJJbjMcsJcXEmyeZSiBf7ry2poL5IR8wqHqleISbnnH28glaOxMZ2yPxvg7b9XUIGQ6-iIewYN7VJFnIfZjMsYF6nTlvhkJCqGbhpEv9Gq3jz8ZuyX8-Vawu8Jr5w_2uLfRSh3XYjayYpO-ql9-wAlD8sTMVokzJykcRFNQkK7xSdgFXzAPYJM-mndi8Et9X2LBTAtVu2GiQWsp6HP3c4mL_ZGqNtWCfjnercPJva8sG0cNOX-vc6kJvivT1TYKWlHh3CHAcBF7km5zrFaIVL1psZTUzjxNONwpsvq6yfOdxH_P8vTmIP9-j1ihAJZdlXXnube5lJqQiDvShLpSbgbHpKIquy8EAzZCywXL4WM7VB83IgI-8wAlsFiCysuFXF4b5riSOyy-8RSJVDCisa7EF0_r5fxmW-RgbHAOREhP1E-7pPNthYUdW7uJr12VyKktrHzboRhXQ14yMI-ASvrn36Lyn92O2eLWplsL4S4VifXMCibq4&_bbr=1" "Mozilla/5.0 (Linux; Android 10; K) AppleWebKit/537.36 (KHTML, like Gecko) Chrome/147.0.0.0 Mobile Safari/537.36"
37.25.86.209 - - [05/May/2026:08:01:47 -0500] "GET /wp-content/plugins/gtranslate/gtranslate-style24.css?ver=5.5.3 HTTP/1.1" 200 299 "-" "Mozilla/5.0 (Linux; Android 10; K) AppleWebKit/537.36 (KHTML, like Gecko) Chrome/147.0.0.0 Mobile Safari/537.36"
37.25.86.209 - - [05/May/2026:08:01:47 -0500] "GET /wp-includes/css/dist/block-library/style.min.css?ver=5.5.3 HTTP/1.1" 200 7907 "-" "Mozilla/5.0 (Linux; Android 10; K) AppleWebKit/537.36 (KHTML, like Gecko) Chrome/147.0.0.0 Mobile Safari/537.36"
88.235.226.72 - - [05/May/2026:08:01:30 -0500] "GET / HTTP/1.1" 200 24242 "https://cdnx445.com/eee/1157729?vhash=eGhhbXN0ZXIvdmlkZW9zL3NoZS13b2tlLW1lLXVwLWVhcmx5LWluLXRoZS1tb3JuaW5nLWFuZC1pLWRpZG50LXJlZ3JldC14aEM2MFdw&vid=1157729&qt=1080,720&subs=0&main=aHR0cHM6Ly83ZGFrLmNvbS92aWRlby8xMTU3NzI5L2NhbsSxbS3DvHZleS1rxLF6LWthcmRlxZ9pbS1iZW5pLcO2cGVyZWstdXlhbmTEsXLEsXlvcg" "Mozilla/5.0 (Linux; Android 10; K) AppleWebKit/537.36 (KHTML, like Gecko) Chrome/147.0.0.0 Mobile Safari/537.36"
37.25.86.209 - - [05/May/2026:08:01:47 -0500] "GET /wp-content/plugins/superb-social-share-and-follow-buttons//assets/css/frontend.css?ver=101.0.0 HTTP/1.1" 200 2157 "-" "Mozilla/5.0 (Linux; Android 10; K) AppleWebKit/537.36 (KHTML, like Gecko) Chrome/147.0.0.0 Mobile Safari/537.36"
41.102.255.120 - - [05/May/2026:08:01:47 -0500] "GET /wp-content/plugins/wpdatatables/integrations/starter/page-builders/divi-wpdt/styles/divi-wpdt.css?ver=7.3.5 HTTP/1.1" 200 225 "https://www.ensad.edu.pe/" "Mozilla/5.0 (Linux; Android 10; K) AppleWebKit/537.36 (KHTML, like Gecko) Chrome/147.0.0.0 Mobile Safari/537.36"
37.25.86.209 - - [05/May/2026:08:01:47 -0500] "GET /wp-content/plugins/popups-for-divi/styles/front.min.css?ver=3.0.5 HTTP/1.1" 200 1641 "-" "Mozilla/5.0 (Linux; Android 10; K) AppleWebKit/537.36 (KHTML, like Gecko) Chrome/147.0.0.0 Mobile Safari/537.36"
41.102.255.120 - - [05/May/2026:08:01:47 -0500] "GET /wp-content/plugins/gtranslate/gtranslate-style24.css?ver=5.5.3 HTTP/1.1" 200 299 "https://www.ensad.edu.pe/" "Mozilla/5.0 (Linux; Android 10; K) AppleWebKit/537.36 (KHTML, like Gecko) Chrome/147.0.0.0 Mobile Safari/537.36"
37.25.86.209 - - [05/May/2026:08:01:47 -0500] "GET /wp-content/plugins/wow-divi-carousel/assets/css/module-core.css?ver=5.5.3 HTTP/1.1" 200 3834 "-" "Mozilla/5.0 (Linux; Android 10; K) AppleWebKit/537.36 (KHTML, like Gecko) Chrome/147.0.0.0 Mobile Safari/537.36"
37.25.86.209 - - [05/May/2026:08:01:47 -0500] "GET /wp-content/plugins/wow-divi-carousel/assets/vendor/slick/slick.css?ver=1.4.2 HTTP/1.1" 200 569 "-" "Mozilla/5.0 (Linux; Android 10; K) AppleWebKit/537.36 (KHTML, like Gecko) Chrome/147.0.0.0 Mobile Safari/537.36"
37.25.86.209 - - [05/May/2026:08:01:48 -0500] "GET /wp-content/plugins/wow-divi-carousel/assets/vendor/slick/slick-theme.css?ver=1.4.2 HTTP/1.1" 200 866 "-" "Mozilla/5.0 (Linux; Android 10; K) AppleWebKit/537.36 (KHTML, like Gecko) Chrome/147.0.0.0 Mobile Safari/537.36"
41.102.255.120 - - [05/May/2026:08:01:48 -0500] "GET /wp-content/plugins/formidable/css/formidableforms.css?ver=5181606 HTTP/1.1" 200 8581 "https://www.ensad.edu.pe/" "Mozilla/5.0 (Linux; Android 10; K) AppleWebKit/537.36 (KHTML, like Gecko) Chrome/147.0.0.0 Mobile Safari/537.36"
102.182.46.114 - - [05/May/2026:08:01:30 -0500] "GET / HTTP/1.1" 200 24242 "https://156.uncterilitasory.com/4/273468?subid=5188&_bbr=1" "Mozilla/5.0 (Windows NT 10.0; Win64; x64; rv:150.0) Gecko/20100101 Firefox/150.0"
41.102.255.120 - - [05/May/2026:08:01:48 -0500] "GET /wp-includes/css/dist/block-library/style.min.css?ver=5.5.3 HTTP/1.1" 200 7907 "https://www.ensad.edu.pe/" "Mozilla/5.0 (Linux; Android 10; K) AppleWebKit/537.36 (KHTML, like Gecko) Chrome/147.0.0.0 Mobile Safari/537.36"
41.102.255.120 - - [05/May/2026:08:01:48 -0500] "GET /wp-content/plugins/superb-social-share-and-follow-buttons//assets/css/frontend.css?ver=101.0.0 HTTP/1.1" 200 2157 "https://www.ensad.edu.pe/" "Mozilla/5.0 (Linux; Android 10; K) AppleWebKit/537.36 (KHTML, like Gecko) Chrome/147.0.0.0 Mobile Safari/537.36"
185.117.149.229 - - [05/May/2026:08:01:30 -0500] "GET / HTTP/1.1" 200 7874 "https://38870.whireclogomod.com/4/276316?eclkid=019df83a-a781-7597-9f20-467775e08eed__gKG&subid=4048457&_bbr=1" "Mozilla/5.0 (iPhone; CPU iPhone OS 18_6_2 like Mac OS X) AppleWebKit/605.1.15 (KHTML, like Gecko) GSA/405.0.859829126 Mobile/15E148 Safari/604.1"
41.102.255.120 - - [05/May/2026:08:01:48 -0500] "GET /wp-content/plugins/popups-for-divi/styles/front.min.css?ver=3.0.5 HTTP/1.1" 200 1641 "https://www.ensad.edu.pe/" "Mozilla/5.0 (Linux; Android 10; K) AppleWebKit/537.36 (KHTML, like Gecko) Chrome/147.0.0.0 Mobile Safari/537.36"
157.49.104.34 - - [05/May/2026:08:01:48 -0500] "GET /wp-content/plugins/wpdatatables/integrations/starter/page-builders/divi-wpdt/styles/divi-wpdt.css?ver=7.3.5 HTTP/1.1" 200 225 "https://www.ensad.edu.pe/" "Mozilla/5.0 (Linux; Android 9; Redmi 6A) AppleWebKit/537.36 (KHTML, like Gecko) Chrome/80.0.3987.99 Mobile Safari/537.36"
41.102.255.120 - - [05/May/2026:08:01:48 -0500] "GET /wp-content/plugins/wow-divi-carousel/assets/css/module-core.css?ver=5.5.3 HTTP/1.1" 200 3834 "https://www.ensad.edu.pe/" "Mozilla/5.0 (Linux; Android 10; K) AppleWebKit/537.36 (KHTML, like Gecko) Chrome/147.0.0.0 Mobile Safari/537.36"
41.102.255.120 - - [05/May/2026:08:01:48 -0500] "GET /wp-content/plugins/wow-divi-carousel/assets/vendor/slick/slick.css?ver=1.4.2 HTTP/1.1" 200 569 "https://www.ensad.edu.pe/" "Mozilla/5.0 (Linux; Android 10; K) AppleWebKit/537.36 (KHTML, like Gecko) Chrome/147.0.0.0 Mobile Safari/537.36"
212.237.122.122 - - [05/May/2026:08:01:31 -0500] "GET / HTTP/1.1" 200 38690 "https://hentaibux.com/" "Mozilla/5.0 (Macintosh; Intel Mac OS X 10_2_0) AppleWebKit/537.36 (KHTML, like Gecko) Chrome/128.0.6613.138 Safari/537.36"
41.102.255.120 - - [05/May/2026:08:01:48 -0500] "GET /wp-content/plugins/wow-divi-carousel/assets/vendor/slick/slick-theme.css?ver=1.4.2 HTTP/1.1" 200 866 "https://www.ensad.edu.pe/" "Mozilla/5.0 (Linux; Android 10; K) AppleWebKit/537.36 (KHTML, like Gecko) Chrome/147.0.0.0 Mobile Safari/537.36"
102.208.49.150 - - [05/May/2026:08:01:31 -0500] "GET / HTTP/1.1" 200 38691 "https://29633101-31143-36448.squitoiages.com/iCxEBoI4PgjnZtczvQOYbhxKk9RS5tiAZvlSX8ufEJoUPJ6cyQjjEeC34rlBD6N_RHeIuk0?_=ba38587c5f1a1db7fe8c831030f73533&d=BQ5qQHPeU5RmqTkpVRIR9ckqEnAbQPYaH7JfSxevvtSm53BBlry6iagmajikU6OeYoeoiOlpsyyLgnVlt6tgde4jCr6VHDt--8cCGBilhicW_WYQDH_0N3p5oRy0kZ7JYp16Y80MAfrqO5i7WbFxPYU4SBd7GQ_FD2rzulzjY1gyO61Ji9fPGN1TFi5Z9vBdKmGaqQFR0lJ89wk5J8Mb50f4SjbJpMmXIvuwVOn1FC4mtrPnSHoE5IpZL_902PhGOhMavfSMsOF0FY4-2_rnpXNafAe7eGfYa-S-yr9syDkJwoE7PrE3J361-ecLkQ2j-xDT4DYE40bUkbsHMsQRt8YXbUlwPPfJZBNKTxwz6PyPdz7InPCJSM4W4ga8_HUse6sV5zFqc1X9j048PsF5R4LLofZhjT2fqEyyscWGvz4VuNpFpNpsC_KCxZIy3rp1BeWT06y4jwogiLm_o__sZE8qaqv1tfLXXqUeTSticwENlWUT7pgS1Tpg6P01TRylLRjqU5q-blw6KRbXriqIiuzKDr-B8RS3MbHc9JGHWeM7HuHARb3y0HnQPIte6W0Xn_xp23C-jxw15bJL598IrBu8UkXvyAJMxZ0wuBsmJ2kiaQ_vDJ2o6rgtE3n1Qwi59HewnEeY5HAi8cMsWw1BNrRP7DGdaRJcCTejMRcjMFnQv65TMTRJtDzwToKbMje6e_-TAHjPfRExHcVLp65_LlM1j9hiYvuJlTbhN5TE_yTpGF23UmDI22U-mwwlcMdajii9IcGSKTafF1RGRrF4Gtx_galR14mjDg4nbPgusOH63LIAJYx3VPddSnKeVUGgiuCOjdbUZpjbYxp-z0H7llHsdDhNLC5D6AF9P2N9IPRYGsRtwiTmQgiiU8zLHgJWM6KFu2CFerKTQL_pDb8gMig41UemnlpmaMmCWQ3HKbK0rvFiJFGCdMu6RJh0tvQ7tBd_U0r7zduWH6jsmMdkiYQvjrtEyREFvgbPuI5vJ-HgnqB3FFLd-dPg43_huuKRV9NAEr2MSPqznSSASIIQTaTkH0TtC1oDV6tZjWyhR4ZztAvCEZyVyHFmpaKj5-2mPdnU0nhfbzwgGZ-m_ONLFZaMxiF3i1Bx7da_9DdfjB1PyNa5OoRdfCFdydi7mHK_sXEvxbzj2GWk42ojl0oEgfo2vlYc3-3s1c4JJ1lfgA-wjNY8IWmHGIPrd2_rZO6GN-GEzEIO0zz7219smplBxJt0ySgkMhlAjTLCVUkGBkbkrZQtAEy_4O8&_bbr=1" "Mozilla/5.0 (Linux; Android 10; K) AppleWebKit/537.36 (KHTML, like Gecko) Chrome/147.0.0.0 Mobile Safari/537.36"
157.49.104.34 - - [05/May/2026:08:01:48 -0500] "GET /wp-content/plugins/gtranslate/gtranslate-style24.css?ver=5.5.3 HTTP/1.1" 200 299 "https://www.ensad.edu.pe/" "Mozilla/5.0 (Linux; Android 9; Redmi 6A) AppleWebKit/537.36 (KHTML, like Gecko) Chrome/80.0.3987.99 Mobile Safari/537.36"
41.102.255.120 - - [05/May/2026:08:01:48 -0500] "GET /wp-content/themes/Divi/style.css?ver=5.5.3 HTTP/1.1" 200 81311 "https://www.ensad.edu.pe/" "Mozilla/5.0 (Linux; Android 10; K) AppleWebKit/537.36 (KHTML, like Gecko) Chrome/147.0.0.0 Mobile Safari/537.36"
157.49.104.34 - - [05/May/2026:08:01:49 -0500] "GET /wp-content/plugins/formidable/css/formidableforms.css?ver=5181606 HTTP/1.1" 200 8581 "https://www.ensad.edu.pe/" "Mozilla/5.0 (Linux; Android 9; Redmi 6A) AppleWebKit/537.36 (KHTML, like Gecko) Chrome/80.0.3987.99 Mobile Safari/537.36"
41.102.255.120 - - [05/May/2026:08:01:49 -0500] "GET /wp-content/themes/Divi-Child-Theme/style.css?ver=4.7.3 HTTP/1.1" 200 297 "https://www.ensad.edu.pe/" "Mozilla/5.0 (Linux; Android 10; K) AppleWebKit/537.36 (KHTML, like Gecko) Chrome/147.0.0.0 Mobile Safari/537.36"
41.102.255.120 - - [05/May/2026:08:01:49 -0500] "GET /wp-content/plugins/dflip/assets/css/themify-icons.min.css?ver=1.6.6 HTTP/1.1" 200 2814 "https://www.ensad.edu.pe/" "Mozilla/5.0 (Linux; Android 10; K) AppleWebKit/537.36 (KHTML, like Gecko) Chrome/147.0.0.0 Mobile Safari/537.36"
197.252.194.184 - - [05/May/2026:08:01:32 -0500] "GET / HTTP/1.1" 200 38691 "https://29633101-30436-36448.squitoiages.com/iSxDDoY0Pg3hZtczvQOYbhxKk9RS5tiAZvlSX8ufEJoUPJ6cycVxofPEKRpA6ge8Zwriqlo?_=87d36421-4882-11f1-86cc-8099a89a14a8&d=BQ5qQHPe7pVWrznJUA4R9dfYEpzy129TS46WZm0ye1pf2X5pNofQe29kW7aZOqE_Oqe-YARlnLFSXT25ilMVmtY3fOeqR6OGltdavu-FDLxoQxL_YAH6AsGyJZVyTN63kl_3BSkqDHK41VQeI9XDXmoNlsiA125DK6OlPjJpdYQCukSNJLUY2qWsdqnTULZQo7mBJ4_lNYMRApW-NxIiZ8GDVUxvQ3WPT3glFQvKpkPk70hyYbHWjrDImZz6TDe5xJ3Tx79BX5626_7ndnn4MSuj-lcrZR9kw88cymajKDxh5E7dpZWg6tKjqM0lwqITvPSnMfYPppmVOvtdsiPx9bdz3BxClHIPAivqLbi2INpMupoDjeGjybrJamF5gF1gzr4cIukAXeNjf0UYrUu5XwnP5U6fMaEnB24mZzcc0T0bezFJVm7YeXWlpVPwYCJx5RN9SXLirYmGGGO44w_rTGNTUj7d8Lp9ymTfczoYsvwZ1vJHY6a4I4c4PIxofOM-OIuvPizaUoOOKV-HFlUAwBlIduwX0HrFXj1hW8kC7vcOJJwYDrRU0_xKf8SP_itLTY1WNu-XXmNrJ33aoRhhcLw8bZS54RDE_hwBmAGeFPwCA-FTzsWigr7-KYKX8gPo9IPuy3VjS_aYok_YAjLDR0qmjoEslVW9iwiu_kP2eOYc4YvBtLVJ8YHMTIkxmIAsb7NAI6Nl7YO41fNgKI3qkli9KrI0M9LfYkHARcl4Ue7eHf6NKC4KyAbTm2IuZZtOlq6ooFOThQKJj1XPwITLwicssKktpz_-2_7IQPm9HopmGuEV7SnAyTS6LEapN921hmsPUFu7Hzilumvrgy73nRoUqf7SxZt6vBXDDaSNZ3conGPlJa_-kXA2jGrDp_JMA43AndgX1f6uR82dTHhIcfMYVgngJsbRv_CjG1q81CaFq40pAwmq_vE0WWJhrRRNRiF11easbZZGcrMgYRWejtal2vtmDBcwc7Xu-gMUYbVGCV8occXZC8IE_haymZwyoLENGF60S_FEgjH10MVdX_A7R9Mdp0ljqp7zuKexASBehQi16R_DO1ZIBCvjhYNjKDheajzrbwqa0bJZc_aAXNQUv3KuiN5bz0aKEcmZ4qe6kUEt_AIYTq5DXCKF9j2t1Ukdc1I6R27YQqMHkK7BRe2d3P-J9ciNHz-K&_bbr=1" "Mozilla/5.0 (Linux; Android 10; K) AppleWebKit/537.36 (KHTML, like Gecko) Chrome/147.0.0.0 Mobile Safari/537.36"
213.139.49.252 - - [05/May/2026:08:01:32 -0500] "GET / HTTP/1.1" 200 24242 "https://29633101-34894-36448.tentedienat.com/iCxHBoEzOQ3hZtczvQOYbhxKk9RS5tiAZvlSX8ufEJoUPJ6cyd_dCXYoAw59jGa3tN8sf1k?_=9128815425578970659&d=BQ5qQHPeDpTmqDlhKmc8IqfyuPwXTMOoFwOEqlf17GB_7Sz3-6BldazW3H2f99SlKtK1FEd4CWbHoy62X-jsGElRhJgKHb-BVf2f7pIsRV9IN9JPxBBXaUQtmyU05KOJ1weBix8uIKCJig7Gt62DRwfWMPY7r3xJL-29LRBs89NF-qoKfnI2DYIaqgJFhXHfRDEjO-mUcCbGQXY6xLe5n4KHlCpEcPzIVikLI_U986d1x0K31i-dr9biUCIBtJ5r2a2RhPBHvIEmYuPCI8PakFyCPR2Vvxpu4WgWpgxlV4cHDLW7KxWfywR25WWXCS2I35-jBpKBc7NEQmlQ6g0DByylIi2XOQT7GeD2h9wzc8Ib2G3tDlYFy3u2Y7J5H1NWS3gkDc0k1D6y6aOKu--hmigw2vwCcZRGEl3h0gab3pUP3X1N7F54rY6gHyqNoufH3-4AZr52lSeDd-yzm53Cxe7H46k8X9mCydP-Y9NpOrzLuzBEpNEc0wbgdnjvms-sZQyogpmbjlw3jOqaazx2f2V1VApIPGDo4C1Jjldwl4JllE0lgvMUSVgBXpnkvefRpu0wXKullfLBrgh52M3ZmQy7jBbWP_Y29EAaLbPmAUDg4dHa2GWtZ-9eMm-1icQUUYbVJbSXzuN7gNsiqumVGqRJl8NEYQaV1S152hltWuy7hOk2IZ0W5HoGhOZFmx2f6GJpuwYQYEPBe494IPVBba-wHwwW0BriE7U7alP-t-KBxczdBeGSg3I2Ung74Sf8AJTOi5r5Gxj714NQewY0PlgE5wZyFp_ZVPeZUyexIPBUEB8Hg7RPYCSxFN_XPQ71aTnVZMTAn8l76-JTQ5lL654M1BeI_EIJjnO3T8WFuyurOhYbF-vqE7FH4mX1z6p3i5SEK2k3Gn5kW_7PNzQTCGKB3F4RIWnTNmYdg4Kv7RU0i-CixY72wKxWFC6MIuboYel47zIvV01NCaw8UheWh0Ds2Ms04O2KXgsZQLLZtQnfLfKVCwkxfWd-eTTWW4AaSqFkmnO3cIrPj83XOAHZctBxYVOoTbHtSpaxEqAx9a0fYO81bfG46MSISIqGP4r1SmsCZQtYQ9eWGLjsWWC3Ce-7fJ3ilVGwcvxzsJyXyORwD47NQTyguQiJbsVo5MKeRef_F9Ek5h74grkU4zcG67rn6DUco02AH3S6ELK1PihN6RNPyRe3ugnUbQnoRLsROHlyGEdL44IraYOoGRAQw0xyUbyzl6WruBp2MNtX5awf5jCkRmXfxlSGsNDURJx0pjlhMfAVHSqX&_bbr=1" "Mozilla/5.0 (iPhone; CPU iPhone OS 26_3_1 like Mac OS X) AppleWebKit/605.1.15 (KHTML, like Gecko) GSA/419.4.905781065 Mobile/15E148 Safari/604.1"
157.49.104.34 - - [05/May/2026:08:01:49 -0500] "GET /wp-includes/css/dist/block-library/style.min.css?ver=5.5.3 HTTP/1.1" 200 7907 "https://www.ensad.edu.pe/" "Mozilla/5.0 (Linux; Android 9; Redmi 6A) AppleWebKit/537.36 (KHTML, like Gecko) Chrome/80.0.3987.99 Mobile Safari/537.36"
41.102.255.120 - - [05/May/2026:08:01:49 -0500] "GET /wp-content/plugins/dflip/assets/css/dflip.min.css?ver=1.6.6 HTTP/1.1" 200 5343 "https://www.ensad.edu.pe/" "Mozilla/5.0 (Linux; Android 10; K) AppleWebKit/537.36 (KHTML, like Gecko) Chrome/147.0.0.0 Mobile Safari/537.36"
103.59.160.219 - - [05/May/2026:08:01:32 -0500] "POST /xmlrpc.php HTTP/1.1" 503 7117 "-" "python-httpx/0.22.0"
197.252.194.184 - - [05/May/2026:08:01:49 -0500] "GET /wp-content/plugins/wpdatatables/integrations/starter/page-builders/divi-wpdt/styles/divi-wpdt.css?ver=7.3.5 HTTP/1.1" 200 225 "https://www.ensad.edu.pe/" "Mozilla/5.0 (Linux; Android 10; K) AppleWebKit/537.36 (KHTML, like Gecko) Chrome/147.0.0.0 Mobile Safari/537.36"
41.102.255.120 - - [05/May/2026:08:01:49 -0500] "GET /wp-content/plugins/eventON/assets/css/eventon_styles.css?ver=3.0.2 HTTP/1.1" 200 21261 "https://www.ensad.edu.pe/" "Mozilla/5.0 (Linux; Android 10; K) AppleWebKit/537.36 (KHTML, like Gecko) Chrome/147.0.0.0 Mobile Safari/537.36"
179.42.220.138 - - [05/May/2026:08:01:31 -0500] "GET / HTTP/1.1" 200 38691 "https://wowhot.pages.dev/" "Mozilla/5.0 (Linux; Android 12; SAMSUNG SM-N975F) AppleWebKit/537.36 (KHTML, like Gecko) SamsungBrowser/23.0 Chrome/115.0.0.0 Mobile Safari/537.36"
169.224.97.234 - - [05/May/2026:08:01:32 -0500] "GET / HTTP/1.1" 200 38690 "https://xn--mgbkt9eckr.net/" "Mozilla/5.0 (iPhone; CPU iPhone OS 18_7 like Mac OS X) AppleWebKit/605.1.15 (KHTML, like Gecko) Version/26.4 Mobile/15E148 Safari/604.1"
190.6.12.102 - - [05/May/2026:08:01:31 -0500] "GET / HTTP/1.1" 200 24242 "https://pagesonyou.my.id/" "Mozilla/5.0 (Linux; Android 8.0.0; SAMSUNG SM-G930F) AppleWebKit/537.36 (KHTML, like Gecko) SamsungBrowser/22.0 Chrome/111.0.5563.116 Mobile Safari/537.36"
129.222.59.125 - - [05/May/2026:08:01:31 -0500] "GET / HTTP/1.1" 200 24242 "https://pagesonyou.my.id/" "Mozilla/5.0 (Linux; Android 9; SM-G970F) AppleWebKit/537.36 (KHTML, like Gecko) SamsungBrowser/28.0 Chrome/143.0.7499.109 Mobile Safari/537.36"
197.252.194.184 - - [05/May/2026:08:01:49 -0500] "GET /wp-content/plugins/gtranslate/gtranslate-style24.css?ver=5.5.3 HTTP/1.1" 200 299 "https://www.ensad.edu.pe/" "Mozilla/5.0 (Linux; Android 10; K) AppleWebKit/537.36 (KHTML, like Gecko) Chrome/147.0.0.0 Mobile Safari/537.36"
157.49.104.34 - - [05/May/2026:08:01:49 -0500] "GET /wp-content/plugins/superb-social-share-and-follow-buttons//assets/css/frontend.css?ver=101.0.0 HTTP/1.1" 200 2157 "https://www.ensad.edu.pe/" "Mozilla/5.0 (Linux; Android 9; Redmi 6A) AppleWebKit/537.36 (KHTML, like Gecko) Chrome/80.0.3987.99 Mobile Safari/537.36"
157.49.104.34 - - [05/May/2026:08:01:31 -0500] "GET / HTTP/1.1" 200 38691 "https://3645.clamindforaline.com/4/259836?subId=3-22-87&tbminbid=0.06&tburl=https%3A%2F%2Ftsyndicate.com%2Fapi%2Fv1%2Fdirect%2F73c0748c67484051901089a03d72c416%3Fsubid%3D3-22-87&_bbr=1" "Mozilla/5.0 (Linux; Android 9; Redmi 6A) AppleWebKit/537.36 (KHTML, like Gecko) Chrome/80.0.3987.99 Mobile Safari/537.36"
102.208.49.150 - - [05/May/2026:08:01:49 -0500] "GET /wp-content/plugins/wpdatatables/integrations/starter/page-builders/divi-wpdt/styles/divi-wpdt.css?ver=7.3.5 HTTP/1.1" 200 225 "https://www.ensad.edu.pe/" "Mozilla/5.0 (Linux; Android 10; K) AppleWebKit/537.36 (KHTML, like Gecko) Chrome/147.0.0.0 Mobile Safari/537.36"
41.102.255.120 - - [05/May/2026:08:01:49 -0500] "GET /wp-content/plugins/eventON/assets/fonts/all.css?ver=3.0.2 HTTP/1.1" 200 13456 "https://www.ensad.edu.pe/" "Mozilla/5.0 (Linux; Android 10; K) AppleWebKit/537.36 (KHTML, like Gecko) Chrome/147.0.0.0 Mobile Safari/537.36"
197.252.194.184 - - [05/May/2026:08:01:49 -0500] "GET /wp-content/plugins/formidable/css/formidableforms.css?ver=5181606 HTTP/1.1" 200 8581 "https://www.ensad.edu.pe/" "Mozilla/5.0 (Linux; Android 10; K) AppleWebKit/537.36 (KHTML, like Gecko) Chrome/147.0.0.0 Mobile Safari/537.36"
41.102.255.120 - - [05/May/2026:08:01:50 -0500] "GET /wp-content/plugins/eventON/assets/css/eventon_dynamic_styles.css?ver=3.0.2 HTTP/1.1" 200 2255 "https://www.ensad.edu.pe/" "Mozilla/5.0 (Linux; Android 10; K) AppleWebKit/537.36 (KHTML, like Gecko) Chrome/147.0.0.0 Mobile Safari/537.36"
157.49.104.34 - - [05/May/2026:08:01:50 -0500] "GET /wp-content/plugins/popups-for-divi/styles/front.min.css?ver=3.0.5 HTTP/1.1" 200 1641 "https://www.ensad.edu.pe/" "Mozilla/5.0 (Linux; Android 9; Redmi 6A) AppleWebKit/537.36 (KHTML, like Gecko) Chrome/80.0.3987.99 Mobile Safari/537.36"
157.49.104.34 - - [05/May/2026:08:01:50 -0500] "GET /wp-content/plugins/wow-divi-carousel/assets/css/module-core.css?ver=5.5.3 HTTP/1.1" 200 3834 "https://www.ensad.edu.pe/" "Mozilla/5.0 (Linux; Android 9; Redmi 6A) AppleWebKit/537.36 (KHTML, like Gecko) Chrome/80.0.3987.99 Mobile Safari/537.36"
197.252.194.184 - - [05/May/2026:08:01:50 -0500] "GET /wp-includes/css/dist/block-library/style.min.css?ver=5.5.3 HTTP/1.1" 200 7907 "https://www.ensad.edu.pe/" "Mozilla/5.0 (Linux; Android 10; K) AppleWebKit/537.36 (KHTML, like Gecko) Chrome/147.0.0.0 Mobile Safari/537.36"
