181.224.228.186 - - [05/May/2026:09:12:32 -0500] "POST /AutoDiscover/autodiscover.xml HTTP/1.1" 404 29915 "-" "Microsoft Office/16.0 (Windows NT 10.0; Microsoft Word 16.0.19929; Pro)"
66.249.73.231 - - [05/May/2026:09:12:34 -0500] "GET /descargas/transparencia/Resolucion-directoral-064-2024-UE-ENSAD.pdf HTTP/1.1" 304 - "-" "Mozilla/5.0 (Linux; Android 6.0.1; Nexus 5X Build/MMB29P) AppleWebKit/537.36 (KHTML, like Gecko) Chrome/147.0.7727.137 Mobile Safari/537.36 (compatible; Googlebot/2.1; +http://www.google.com/bot.html)"
103.59.160.219 - - [05/May/2026:09:12:42 -0500] "POST /xmlrpc.php HTTP/1.1" 503 7117 "-" "python-httpx/0.22.0"
103.59.160.219 - - [05/May/2026:09:12:54 -0500] "POST /xmlrpc.php HTTP/1.1" 503 7117 "-" "python-httpx/0.22.0"
167.86.88.122 - - [05/May/2026:09:12:59 -0500] "POST /wp-cron.php?doing_wp_cron=1777990379.1820468902587890625000 HTTP/1.1" 200 20 "https://www.ensad.edu.pe/wp-cron.php?doing_wp_cron=1777990379.1820468902587890625000" "WordPress/5.5.3; https://www.ensad.edu.pe"
167.86.88.122 - - [05/May/2026:09:12:59 -0500] "POST /?wordfence_syncAttackData=1777990379.0832 HTTP/1.1" 200 20 "https://www.ensad.edu.pe/?wordfence_syncAttackData=1777990379.0832" "WordPress/5.5.3; https://www.ensad.edu.pe"
51.75.236.139 - - [05/May/2026:09:12:59 -0500] "GET /dia-mundial-del-teatro/ HTTP/1.1" 200 31763 "-" "Mozilla/5.0 (compatible; AhrefsBot/7.0; +http://ahrefs.com/robot/)"
202.8.41.245 - - [05/May/2026:09:13:01 -0500] "GET /wp-content/themes/Divi/core/admin/fonts/modules.ttf HTTP/1.1" 200 37445 "https://www.ensad.edu.pe/wp-content/themes/Divi/style.css?ver=5.5.3" "Mozilla/5.0 (compatible; AhrefsBot/7.0; +http://ahrefs.com/robot/)"
103.59.160.219 - - [05/May/2026:09:13:07 -0500] "POST /xmlrpc.php HTTP/1.1" 503 7117 "-" "python-httpx/0.22.0"
167.86.88.122 - - [05/May/2026:09:13:12 -0500] "POST /?wordfence_syncAttackData=1777990392.3635 HTTP/1.1" 200 20 "https://www.ensad.edu.pe/?wordfence_syncAttackData=1777990392.3635" "WordPress/5.5.3; https://www.ensad.edu.pe"
5.39.109.177 - - [05/May/2026:09:13:12 -0500] "GET /unae-ensad-y-escuela-de-folklore-jose-maria-arguedas-firman-convenio-para-fortalecer-la-formacion-artistica-y-cultural/ HTTP/1.1" 200 36936 "-" "Mozilla/5.0 (compatible; AhrefsBot/7.0; +http://ahrefs.com/robot/)"
103.59.160.219 - - [05/May/2026:09:13:24 -0500] "POST /xmlrpc.php HTTP/1.1" 503 7117 "-" "python-httpx/0.22.0"
167.86.88.122 - - [05/May/2026:09:13:28 -0500] "POST /?wordfence_syncAttackData=1777990408.5209 HTTP/1.1" 200 20 "https://www.ensad.edu.pe/?wordfence_syncAttackData=1777990408.5209" "WordPress/5.5.3; https://www.ensad.edu.pe"
51.75.236.137 - - [05/May/2026:09:13:28 -0500] "GET /unae-abre-convocatoria-al-examen-de-admision-2026-para-sus-tres-carreras-profesionales/ HTTP/1.1" 200 36655 "-" "Mozilla/5.0 (compatible; AhrefsBot/7.0; +http://ahrefs.com/robot/)"
38.43.132.234 - - [05/May/2026:09:13:29 -0500] "POST /AutoDiscover/autodiscover.xml HTTP/1.1" 404 29915 "-" "Microsoft Office/16.0 (Windows NT 10.0; Microsoft Word 16.0.19929; Pro)"
20.66.80.126 - - [05/May/2026:09:13:32 -0500] "GET /wp-content/uploads/2023/07/Catalogo_FIL.pdf HTTP/1.1" 200 7174320 "-" "Mozilla/5.0 (Windows NT 10.0; Win64; x64) AppleWebKit/537.36 (KHTML, like Gecko) Chrome/133.0.0.0 Safari/537.36"
103.59.160.219 - - [05/May/2026:09:13:38 -0500] "POST /xmlrpc.php HTTP/1.1" 503 7117 "-" "python-httpx/0.22.0"
167.86.88.122 - - [05/May/2026:09:13:48 -0500] "POST /wp-cron.php?doing_wp_cron=1777990428.8045260906219482421875 HTTP/1.1" 200 20 "https://www.ensad.edu.pe/wp-cron.php?doing_wp_cron=1777990428.8045260906219482421875" "WordPress/5.5.3; https://www.ensad.edu.pe"
167.86.88.122 - - [05/May/2026:09:13:48 -0500] "POST /?wordfence_syncAttackData=1777990428.6207 HTTP/1.1" 200 20 "https://www.ensad.edu.pe/?wordfence_syncAttackData=1777990428.6207" "WordPress/5.5.3; https://www.ensad.edu.pe"
51.79.137.110 - - [05/May/2026:09:13:50 -0500] "GET / HTTP/1.1" 200 266450 "-" "Mozilla/5.0 (Windows NT 10.0; Win64; x64) AppleWebKit/537.36 (KHTML, like Gecko) Chrome/79.0 Safari/537.36"
51.79.137.110 - - [05/May/2026:09:13:52 -0500] "GET //wp-includes/wlwmanifest.xml HTTP/1.1" 200 1045 "-" "Mozilla/5.0 (Windows NT 10.0; Win64; x64) AppleWebKit/537.36 (KHTML, like Gecko) Chrome/79.0 Safari/537.36"
51.79.137.110 - - [05/May/2026:09:13:52 -0500] "GET //wp-login.php HTTP/1.1" 200 9540 "-" "Mozilla/5.0 (Windows NT 10.0; Win64; x64) AppleWebKit/537.36 (KHTML, like Gecko) Chrome/79.0 Safari/537.36"
51.79.137.110 - - [05/May/2026:09:13:50 -0500] "GET / HTTP/1.1" 200 266450 "-" "Mozilla/5.0 (Windows NT 10.0; Win64; x64) AppleWebKit/537.36 (KHTML, like Gecko) Chrome/79.0 Safari/537.36"
51.79.137.110 - - [05/May/2026:09:13:52 -0500] "GET //?author=1 HTTP/1.1" 404 20104 "-" "Mozilla/5.0 (Windows NT 10.0; Win64; x64) AppleWebKit/537.36 (KHTML, like Gecko) Chrome/79.0 Safari/537.36"
51.79.137.110 - - [05/May/2026:09:13:52 -0500] "GET //?author=2 HTTP/1.1" 404 20104 "-" "Mozilla/5.0 (Windows NT 10.0; Win64; x64) AppleWebKit/537.36 (KHTML, like Gecko) Chrome/79.0 Safari/537.36"
51.79.137.110 - - [05/May/2026:09:13:53 -0500] "GET //wp-json/wp/v2/users/ HTTP/1.1" 401 108 "-" "Mozilla/5.0 (Windows NT 10.0; Win64; x64) AppleWebKit/537.36 (KHTML, like Gecko) Chrome/79.0 Safari/537.36"
51.79.137.110 - - [05/May/2026:09:13:53 -0500] "GET //wp-includes/wlwmanifest.xml HTTP/1.1" 200 1045 "-" "Mozilla/5.0 (Windows NT 10.0; Win64; x64) AppleWebKit/537.36 (KHTML, like Gecko) Chrome/79.0 Safari/537.36"
51.79.137.110 - - [05/May/2026:09:13:53 -0500] "GET //wp-login.php HTTP/1.1" 200 9540 "-" "Mozilla/5.0 (Windows NT 10.0; Win64; x64) AppleWebKit/537.36 (KHTML, like Gecko) Chrome/79.0 Safari/537.36"
51.79.137.110 - - [05/May/2026:09:13:53 -0500] "GET //wp-json/oembed/1.0/embed?url=https://www.ensad.edu.pe/ HTTP/1.1" 200 2293 "-" "Mozilla/5.0 (Windows NT 10.0; Win64; x64) AppleWebKit/537.36 (KHTML, like Gecko) Chrome/79.0 Safari/537.36"
51.79.137.110 - - [05/May/2026:09:13:53 -0500] "GET //?author=1 HTTP/1.1" 404 20104 "-" "Mozilla/5.0 (Windows NT 10.0; Win64; x64) AppleWebKit/537.36 (KHTML, like Gecko) Chrome/79.0 Safari/537.36"
51.79.137.110 - - [05/May/2026:09:13:53 -0500] "POST //xmlrpc.php HTTP/1.1" 200 414 "-" "Mozilla/5.0 (Windows NT 10.0; Win64; x64) AppleWebKit/537.36 (KHTML, like Gecko) Chrome/79.0 Safari/537.36"
51.79.137.110 - - [05/May/2026:09:13:54 -0500] "GET //?author=2 HTTP/1.1" 404 20104 "-" "Mozilla/5.0 (Windows NT 10.0; Win64; x64) AppleWebKit/537.36 (KHTML, like Gecko) Chrome/79.0 Safari/537.36"
103.59.160.219 - - [05/May/2026:09:13:54 -0500] "POST /xmlrpc.php HTTP/1.1" 503 7117 "-" "python-httpx/0.22.0"
51.79.137.110 - - [05/May/2026:09:13:54 -0500] "GET //wp-json/wp/v2/users/ HTTP/1.1" 401 108 "-" "Mozilla/5.0 (Windows NT 10.0; Win64; x64) AppleWebKit/537.36 (KHTML, like Gecko) Chrome/79.0 Safari/537.36"
51.79.137.110 - - [05/May/2026:09:13:55 -0500] "GET //wp-json/oembed/1.0/embed?url=https://www.ensad.edu.pe/ HTTP/1.1" 200 2293 "-" "Mozilla/5.0 (Windows NT 10.0; Win64; x64) AppleWebKit/537.36 (KHTML, like Gecko) Chrome/79.0 Safari/537.36"
51.79.137.110 - - [05/May/2026:09:13:55 -0500] "POST //xmlrpc.php HTTP/1.1" 200 414 "-" "Mozilla/5.0 (Windows NT 10.0; Win64; x64) AppleWebKit/537.36 (KHTML, like Gecko) Chrome/79.0 Safari/537.36"
51.79.137.110 - - [05/May/2026:09:13:55 -0500] "POST //xmlrpc.php HTTP/1.1" 503 18947 "-" "Mozilla/5.0 (Windows NT 10.0; Win64; x64) AppleWebKit/537.36 (KHTML, like Gecko) Chrome/79.0 Safari/537.36"
51.79.137.110 - - [05/May/2026:09:13:56 -0500] "POST //xmlrpc.php HTTP/1.1" 503 18034 "-" "Mozilla/5.0 (Windows NT 10.0; Win64; x64) AppleWebKit/537.36 (KHTML, like Gecko) Chrome/79.0 Safari/537.36"
51.79.137.110 - - [05/May/2026:09:13:57 -0500] "POST //wp-login.php HTTP/1.1" 503 18034 "https://www.ensad.edu.pe//wp-login.php" "Mozilla/5.0 (Windows NT 10.0; Win64; x64) AppleWebKit/537.36 (KHTML, like Gecko) Chrome/79.0 Safari/537.36"
51.79.137.110 - - [05/May/2026:09:13:57 -0500] "POST //wp-login.php HTTP/1.1" 503 18034 "https://www.ensad.edu.pe//wp-login.php" "Mozilla/5.0 (Windows NT 10.0; Win64; x64) AppleWebKit/537.36 (KHTML, like Gecko) Chrome/79.0 Safari/537.36"
167.86.88.122 - - [05/May/2026:09:13:58 -0500] "POST /wp-cron.php?doing_wp_cron=1777990438.5228149890899658203125 HTTP/1.1" 200 20 "https://www.ensad.edu.pe/wp-cron.php?doing_wp_cron=1777990438.5228149890899658203125" "WordPress/5.5.3; https://www.ensad.edu.pe"
167.86.88.122 - - [05/May/2026:09:13:58 -0500] "POST /?wordfence_syncAttackData=1777990438.4219 HTTP/1.1" 200 20 "https://www.ensad.edu.pe/?wordfence_syncAttackData=1777990438.4219" "WordPress/5.5.3; https://www.ensad.edu.pe"
5.39.1.248 - - [05/May/2026:09:13:58 -0500] "GET /la-unae-ensad-inaugura-su-ciclo-de-conversatorios-sobre-la-memoria-escenografica-del-peru/ HTTP/1.1" 200 36292 "-" "Mozilla/5.0 (compatible; AhrefsBot/7.0; +http://ahrefs.com/robot/)"
103.59.160.219 - - [05/May/2026:09:14:12 -0500] "POST /xmlrpc.php HTTP/1.1" 503 7116 "-" "python-httpx/0.22.0"
167.86.88.122 - - [05/May/2026:09:14:25 -0500] "POST /?wordfence_syncAttackData=1777990465.5302 HTTP/1.1" 200 20 "https://www.ensad.edu.pe/?wordfence_syncAttackData=1777990465.5302" "WordPress/5.5.3; https://www.ensad.edu.pe"
37.59.204.134 - - [05/May/2026:09:14:25 -0500] "GET /dia-mundial-del-teatro-viaja-al-corazon-de-las-artes-escenicas/ HTTP/1.1" 200 36621 "-" "Mozilla/5.0 (compatible; AhrefsBot/7.0; +http://ahrefs.com/robot/)"
103.59.160.219 - - [05/May/2026:09:14:27 -0500] "POST /xmlrpc.php HTTP/1.1" 503 7116 "-" "python-httpx/0.22.0"
38.25.50.80 - - [05/May/2026:09:14:34 -0500] "GET /wp-content/uploads/2026/03/2003_HORARIO-ACT_TARDE_2026-I.pdf HTTP/1.1" 200 471513 "-" "Mozilla/5.0 (Macintosh; Intel Mac OS X 10_15_7) AppleWebKit/537.36 (KHTML, like Gecko) Chrome/147.0.0.0 Safari/537.36"
167.86.88.122 - - [05/May/2026:09:14:41 -0500] "POST /?wordfence_syncAttackData=1777990481.2883 HTTP/1.1" 200 20 "https://www.ensad.edu.pe/?wordfence_syncAttackData=1777990481.2883" "WordPress/5.5.3; https://www.ensad.edu.pe"
8.242.229.20 - - [05/May/2026:09:14:41 -0500] "GET /serv-academicos/carreras/educacion-artistica/ HTTP/1.1" 301 20 "https://www.ensad.edu.pe/" "Mozilla/5.0 (Linux; Android 10; K) AppleWebKit/537.36 (KHTML, like Gecko) Chrome/147.0.0.0 Mobile Safari/537.36"
103.59.160.219 - - [05/May/2026:09:14:41 -0500] "POST /xmlrpc.php HTTP/1.1" 503 7116 "-" "python-httpx/0.22.0"
8.242.229.20 - - [05/May/2026:09:14:42 -0500] "GET /solicitudes-aulas/educacion-artistica/ HTTP/1.1" 200 33911 "https://www.ensad.edu.pe/" "Mozilla/5.0 (Linux; Android 10; K) AppleWebKit/537.36 (KHTML, like Gecko) Chrome/147.0.0.0 Mobile Safari/537.36"
8.242.229.20 - - [05/May/2026:09:14:43 -0500] "GET /wp-content/themes/Divi/core/admin/fonts/modules.ttf HTTP/1.1" 304 - "https://www.ensad.edu.pe/wp-content/themes/Divi/style.css?ver=5.5.3" "Mozilla/5.0 (Linux; Android 10; K) AppleWebKit/537.36 (KHTML, like Gecko) Chrome/147.0.0.0 Mobile Safari/537.36"
167.86.88.122 - - [05/May/2026:09:14:57 -0500] "POST /?wordfence_syncAttackData=1777990497.7419 HTTP/1.1" 200 20 "https://www.ensad.edu.pe/?wordfence_syncAttackData=1777990497.7419" "WordPress/5.5.3; https://www.ensad.edu.pe"
72.14.201.220 - - [05/May/2026:09:14:57 -0500] "GET / HTTP/1.1" 200 38423 "https://www.google.com/" "Mozilla/5.0 (Linux; Android 10; K) AppleWebKit/537.36 (KHTML, like Gecko) Chrome/147.0.0.0 Mobile Safari/537.36"
167.86.88.122 - - [05/May/2026:09:15:00 -0500] "POST /wp-cron.php?doing_wp_cron=1777990500.4186789989471435546875 HTTP/1.1" 200 20 "https://www.ensad.edu.pe/wp-cron.php?doing_wp_cron=1777990500.4186789989471435546875" "WordPress/5.5.3; https://www.ensad.edu.pe"
193.186.4.249 - - [05/May/2026:09:15:00 -0500] "GET /somos-unae-se-promulgo-la-ley/ HTTP/1.1" 200 37056 "https://www.google.com/" "Mozilla/5.0 (Linux; Android 10; K) AppleWebKit/537.36 (KHTML, like Gecko) Chrome/147.0.0.0 Mobile Safari/537.36"
103.59.160.219 - - [05/May/2026:09:15:03 -0500] "POST /xmlrpc.php HTTP/1.1" 503 7304 "-" "python-httpx/0.22.0"
72.14.201.220 - - [05/May/2026:09:15:09 -0500] "GET /solicitudes-aulas/educacion-artistica/ HTTP/1.1" 200 33911 "https://www.google.com/" "Mozilla/5.0 (Linux; Android 10; K) AppleWebKit/537.36 (KHTML, like Gecko) Chrome/147.0.0.0 Mobile Safari/537.36"
8.242.229.20 - - [05/May/2026:09:15:11 -0500] "GET /wp-content/uploads/2021/05/planestudios_educacion_2021.pdf HTTP/1.1" 200 254216 "https://www.google.com/" "Mozilla/5.0 (Linux; Android 10; K) AppleWebKit/537.36 (KHTML, like Gecko) Chrome/147.0.0.0 Mobile Safari/537.36"
193.186.4.249 - - [05/May/2026:09:15:11 -0500] "GET /inicioo/ HTTP/1.1" 200 38721 "https://www.google.com/" "Mozilla/5.0 (Linux; Android 10; K) AppleWebKit/537.36 (KHTML, like Gecko) Chrome/147.0.0.0 Mobile Safari/537.36"
103.59.160.219 - - [05/May/2026:09:15:22 -0500] "POST /xmlrpc.php HTTP/1.1" 503 7117 "-" "python-httpx/0.22.0"
167.86.88.122 - - [05/May/2026:09:15:22 -0500] "POST /?wordfence_syncAttackData=1777990522.8953 HTTP/1.1" 200 20 "https://www.ensad.edu.pe/?wordfence_syncAttackData=1777990522.8953" "WordPress/5.5.3; https://www.ensad.edu.pe"
92.222.108.119 - - [05/May/2026:09:15:22 -0500] "GET /unae-ensad-y-escuela-de-folklore-jose-maria-arguedas-firman-convenio-para-fortalecer-la-formacion-artistica-y-cultural/serv-academicos/admision/ HTTP/1.1" 404 31111 "-" "Mozilla/5.0 (compatible; AhrefsBot/7.0; +http://ahrefs.com/robot/)"
92.222.108.124 - - [05/May/2026:09:15:25 -0500] "GET /quienes-somos/ HTTP/1.1" 200 32279 "-" "Mozilla/5.0 (compatible; AhrefsBot/7.0; +http://ahrefs.com/robot/)"
202.8.41.49 - - [05/May/2026:09:15:28 -0500] "GET /wp-content/themes/Divi/core/admin/fonts/modules.ttf HTTP/1.1" 200 37445 "https://www.ensad.edu.pe/wp-content/themes/Divi/style.css?ver=5.5.3" "Mozilla/5.0 (compatible; AhrefsBot/7.0; +http://ahrefs.com/robot/)"
103.59.160.219 - - [05/May/2026:09:15:45 -0500] "POST /xmlrpc.php HTTP/1.1" 503 7117 "-" "python-httpx/0.22.0"
167.86.88.122 - - [05/May/2026:09:16:01 -0500] "POST /wp-cron.php?doing_wp_cron=1777990561.6183350086212158203125 HTTP/1.1" 200 20 "https://www.ensad.edu.pe/wp-cron.php?doing_wp_cron=1777990561.6183350086212158203125" "WordPress/5.5.3; https://www.ensad.edu.pe"
167.86.88.122 - - [05/May/2026:09:16:01 -0500] "POST /?wordfence_syncAttackData=1777990561.4554 HTTP/1.1" 200 20 "https://www.ensad.edu.pe/?wordfence_syncAttackData=1777990561.4554" "WordPress/5.5.3; https://www.ensad.edu.pe"
72.14.201.220 - - [05/May/2026:09:16:01 -0500] "GET /serv-academicos/admision/ HTTP/1.1" 200 42480 "https://www.google.com/" "Mozilla/5.0 (Windows NT 10.0; Win64; x64) AppleWebKit/537.36 (KHTML, like Gecko) Chrome/147.0.0.0 Safari/537.36"
38.43.132.234 - - [05/May/2026:09:16:03 -0500] "GET /serv-academicos/admision/ HTTP/1.1" 200 42480 "https://www.google.com/" "Mozilla/5.0 (Windows NT 10.0; Win64; x64) AppleWebKit/537.36 (KHTML, like Gecko) Chrome/147.0.0.0 Safari/537.36"
162.120.186.125 - - [05/May/2026:09:16:03 -0500] "GET /serv-academicos/ HTTP/1.1" 200 35627 "https://www.google.com/" "Mozilla/5.0 (Windows NT 10.0; Win64; x64) AppleWebKit/537.36 (KHTML, like Gecko) Chrome/147.0.0.0 Safari/537.36"
51.75.236.148 - - [05/May/2026:09:16:05 -0500] "GET /institucional/ HTTP/1.1" 200 32087 "-" "Mozilla/5.0 (compatible; AhrefsBot/7.0; +http://ahrefs.com/robot/)"
38.43.132.234 - - [05/May/2026:09:16:06 -0500] "GET /wp-content/themes/Divi/core/admin/fonts/modules.ttf HTTP/1.1" 304 - "https://www.ensad.edu.pe/wp-content/themes/Divi/style.css?ver=5.5.3" "Mozilla/5.0 (Windows NT 10.0; Win64; x64) AppleWebKit/537.36 (KHTML, like Gecko) Chrome/147.0.0.0 Safari/537.36"
38.43.132.234 - - [05/May/2026:09:16:06 -0500] "GET /wp-content/uploads/2025/11/admin2026.jpg HTTP/1.1" 200 80639 "https://www.ensad.edu.pe/serv-academicos/admision/" "Mozilla/5.0 (Windows NT 10.0; Win64; x64) AppleWebKit/537.36 (KHTML, like Gecko) Chrome/147.0.0.0 Safari/537.36"
202.8.42.188 - - [05/May/2026:09:16:07 -0500] "GET /wp-content/themes/Divi/core/admin/fonts/modules.ttf HTTP/1.1" 200 37445 "https://www.ensad.edu.pe/wp-content/themes/Divi/style.css?ver=5.5.3" "Mozilla/5.0 (compatible; AhrefsBot/7.0; +http://ahrefs.com/robot/)"
103.59.160.219 - - [05/May/2026:09:16:08 -0500] "POST /xmlrpc.php HTTP/1.1" 503 7117 "-" "python-httpx/0.22.0"
167.86.88.122 - - [05/May/2026:09:16:10 -0500] "POST /?wordfence_syncAttackData=1777990570.9623 HTTP/1.1" 200 20 "https://www.ensad.edu.pe/?wordfence_syncAttackData=1777990570.9623" "WordPress/5.5.3; https://www.ensad.edu.pe"
38.43.132.234 - - [05/May/2026:09:16:10 -0500] "GET /favicon.ico HTTP/1.1" 302 20 "https://www.ensad.edu.pe/serv-academicos/admision/" "Mozilla/5.0 (Windows NT 10.0; Win64; x64) AppleWebKit/537.36 (KHTML, like Gecko) Chrome/147.0.0.0 Safari/537.36"
91.92.243.236 - - [05/May/2026:09:16:13 -0500] "POST /wp-login.php HTTP/1.1" 503 18034 "-" "Mozilla/5.0"
91.92.243.236 - - [05/May/2026:09:16:13 -0500] "POST /wp-login.php HTTP/1.1" 503 18034 "-" "Mozilla/5.0"
5.39.1.239 - - [05/May/2026:09:16:25 -0500] "GET /wp-content/uploads/2026/04/ICONO-PDF-32X32-01.png HTTP/1.1" 200 2016 "-" "Mozilla/5.0 (compatible; AhrefsBot/7.0; +http://ahrefs.com/robot/)"
167.86.88.122 - - [05/May/2026:09:16:26 -0500] "POST /?wordfence_syncAttackData=1777990586.4775 HTTP/1.1" 200 20 "https://www.ensad.edu.pe/?wordfence_syncAttackData=1777990586.4775" "WordPress/5.5.3; https://www.ensad.edu.pe"
51.68.247.206 - - [05/May/2026:09:16:26 -0500] "GET /galeria/ HTTP/1.1" 200 31331 "-" "Mozilla/5.0 (compatible; AhrefsBot/7.0; +http://ahrefs.com/robot/)"
202.8.42.191 - - [05/May/2026:09:16:28 -0500] "GET /wp-content/themes/Divi/core/admin/fonts/modules.ttf HTTP/1.1" 200 37445 "https://www.ensad.edu.pe/wp-content/themes/Divi/style.css?ver=5.5.3" "Mozilla/5.0 (compatible; AhrefsBot/7.0; +http://ahrefs.com/robot/)"
91.98.38.26 - - [05/May/2026:09:16:39 -0500] "GET / HTTP/1.1" 200 38422 "-" "Better Uptime Bot Mozilla/5.0 (Windows NT 10.0; Win64; x64) AppleWebKit/537.36 (KHTML, like Gecko) Chrome/74.0.3729.169 Safari/537.36"
181.66.177.49 - - [05/May/2026:09:16:53 -0500] "GET /descargas/logoensad.png HTTP/1.1" 200 79901 "-" "Mozilla/5.0 (Windows NT 10.0; Win64; x64) AppleWebKit/537.36 (KHTML, like Gecko) Chrome/147.0.0.0 Safari/537.36"
103.59.160.219 - - [05/May/2026:09:16:57 -0500] "POST /xmlrpc.php HTTP/1.1" 503 7117 "-" "python-httpx/0.22.0"
167.86.88.122 - - [05/May/2026:09:17:00 -0500] "POST /wp-cron.php?doing_wp_cron=1777990620.2381839752197265625000 HTTP/1.1" 200 20 "https://www.ensad.edu.pe/wp-cron.php?doing_wp_cron=1777990620.2381839752197265625000" "WordPress/5.5.3; https://www.ensad.edu.pe"
167.86.88.122 - - [05/May/2026:09:17:00 -0500] "POST /?wordfence_syncAttackData=1777990620.1331 HTTP/1.1" 200 20 "https://www.ensad.edu.pe/?wordfence_syncAttackData=1777990620.1331" "WordPress/5.5.3; https://www.ensad.edu.pe"
176.31.139.24 - - [05/May/2026:09:17:00 -0500] "GET /transparencia/ HTTP/1.1" 200 32312 "-" "Mozilla/5.0 (compatible; AhrefsBot/7.0; +http://ahrefs.com/robot/)"
202.8.41.174 - - [05/May/2026:09:17:02 -0500] "GET /wp-content/themes/Divi/core/admin/fonts/modules.ttf HTTP/1.1" 200 37445 "https://www.ensad.edu.pe/wp-content/themes/Divi/style.css?ver=5.5.3" "Mozilla/5.0 (compatible; AhrefsBot/7.0; +http://ahrefs.com/robot/)"
103.59.160.219 - - [05/May/2026:09:17:14 -0500] "POST /xmlrpc.php HTTP/1.1" 503 7118 "-" "python-httpx/0.22.0"
103.59.160.219 - - [05/May/2026:09:17:31 -0500] "POST /xmlrpc.php HTTP/1.1" 503 7118 "-" "python-httpx/0.22.0"
167.86.88.122 - - [05/May/2026:09:17:31 -0500] "POST /?wordfence_syncAttackData=1777990651.7008 HTTP/1.1" 200 20 "https://www.ensad.edu.pe/?wordfence_syncAttackData=1777990651.7008" "WordPress/5.5.3; https://www.ensad.edu.pe"
176.31.139.11 - - [05/May/2026:09:17:31 -0500] "GET /libro-de-reclamaciones/ HTTP/1.1" 200 32558 "-" "Mozilla/5.0 (compatible; AhrefsBot/7.0; +http://ahrefs.com/robot/)"
202.8.41.228 - - [05/May/2026:09:17:33 -0500] "GET /wp-content/themes/Divi/core/admin/fonts/modules.ttf HTTP/1.1" 200 37445 "https://www.ensad.edu.pe/wp-content/themes/Divi/style.css?ver=5.5.3" "Mozilla/5.0 (compatible; AhrefsBot/7.0; +http://ahrefs.com/robot/)"
103.59.160.219 - - [05/May/2026:09:17:43 -0500] "POST /xmlrpc.php HTTP/1.1" 503 7117 "-" "python-httpx/0.22.0"
103.59.160.219 - - [05/May/2026:09:17:57 -0500] "POST /xmlrpc.php HTTP/1.1" 503 7117 "-" "python-httpx/0.22.0"
103.59.160.219 - - [05/May/2026:09:18:05 -0500] "POST /xmlrpc.php HTTP/1.1" 503 7117 "-" "python-httpx/0.22.0"
167.86.88.122 - - [05/May/2026:09:18:07 -0500] "POST /wp-cron.php?doing_wp_cron=1777990687.9509389400482177734375 HTTP/1.1" 200 20 "https://www.ensad.edu.pe/wp-cron.php?doing_wp_cron=1777990687.9509389400482177734375" "WordPress/5.5.3; https://www.ensad.edu.pe"
167.86.88.122 - - [05/May/2026:09:18:07 -0500] "POST /?wordfence_syncAttackData=1777990687.8167 HTTP/1.1" 200 20 "https://www.ensad.edu.pe/?wordfence_syncAttackData=1777990687.8167" "WordPress/5.5.3; https://www.ensad.edu.pe"
200.62.241.4 - - [05/May/2026:09:18:07 -0500] "GET /inicioo/ HTTP/1.1" 200 38719 "https://www.google.com/" "Mozilla/5.0 (Windows NT 10.0; Win64; x64) AppleWebKit/537.36 (KHTML, like Gecko) Chrome/135.0.0.0 Safari/537.36"
200.62.241.4 - - [05/May/2026:09:18:08 -0500] "GET /inicioo/ HTTP/1.1" 200 38719 "https://www.google.com/" "Mozilla/5.0 (Windows NT 10.0; Win64; x64) AppleWebKit/537.36 (KHTML, like Gecko) Chrome/135.0.0.0 Safari/537.36"
100.28.118.16 - - [05/May/2026:09:18:09 -0500] "GET /wp-content/uploads/cache/wpml/twig/43/?C=S;O%3DA HTTP/1.1" 200 509 "-" "Mozilla/5.0 AppleWebKit/537.36 (KHTML, like Gecko; compatible; Amazonbot/0.1; +https://developer.amazon.com/support/amazonbot) Chrome/119.0.6045.214 Safari/537.36"
200.62.241.4 - - [05/May/2026:09:18:10 -0500] "GET /wp-content/plugins/gtranslate/gtranslate-style24.css?ver=5.5.3 HTTP/1.1" 200 299 "https://www.ensad.edu.pe/inicioo/" "Mozilla/5.0 (Windows NT 10.0; Win64; x64) AppleWebKit/537.36 (KHTML, like Gecko) Chrome/135.0.0.0 Safari/537.36"
200.62.241.4 - - [05/May/2026:09:18:10 -0500] "GET /wp-content/plugins/wpdatatables/integrations/starter/page-builders/divi-wpdt/styles/divi-wpdt.css?ver=7.3.5 HTTP/1.1" 200 225 "https://www.ensad.edu.pe/inicioo/" "Mozilla/5.0 (Windows NT 10.0; Win64; x64) AppleWebKit/537.36 (KHTML, like Gecko) Chrome/135.0.0.0 Safari/537.36"
200.62.241.4 - - [05/May/2026:09:18:10 -0500] "GET /wp-content/plugins/formidable/css/formidableforms.css?ver=5181606 HTTP/1.1" 200 8581 "https://www.ensad.edu.pe/inicioo/" "Mozilla/5.0 (Windows NT 10.0; Win64; x64) AppleWebKit/537.36 (KHTML, like Gecko) Chrome/135.0.0.0 Safari/537.36"
200.62.241.4 - - [05/May/2026:09:18:10 -0500] "GET /wp-includes/css/dist/block-library/style.min.css?ver=5.5.3 HTTP/1.1" 200 7907 "https://www.ensad.edu.pe/inicioo/" "Mozilla/5.0 (Windows NT 10.0; Win64; x64) AppleWebKit/537.36 (KHTML, like Gecko) Chrome/135.0.0.0 Safari/537.36"
200.62.241.4 - - [05/May/2026:09:18:11 -0500] "GET /wp-content/plugins/superb-social-share-and-follow-buttons//assets/css/frontend.css?ver=101.0.0 HTTP/1.1" 200 2157 "https://www.ensad.edu.pe/inicioo/" "Mozilla/5.0 (Windows NT 10.0; Win64; x64) AppleWebKit/537.36 (KHTML, like Gecko) Chrome/135.0.0.0 Safari/537.36"
200.62.241.4 - - [05/May/2026:09:18:11 -0500] "GET /wp-content/plugins/popups-for-divi/styles/front.min.css?ver=3.0.5 HTTP/1.1" 200 1641 "https://www.ensad.edu.pe/inicioo/" "Mozilla/5.0 (Windows NT 10.0; Win64; x64) AppleWebKit/537.36 (KHTML, like Gecko) Chrome/135.0.0.0 Safari/537.36"
200.62.241.4 - - [05/May/2026:09:18:11 -0500] "GET /wp-content/plugins/wow-divi-carousel/assets/vendor/slick/slick.css?ver=1.4.2 HTTP/1.1" 200 569 "https://www.ensad.edu.pe/inicioo/" "Mozilla/5.0 (Windows NT 10.0; Win64; x64) AppleWebKit/537.36 (KHTML, like Gecko) Chrome/135.0.0.0 Safari/537.36"
200.62.241.4 - - [05/May/2026:09:18:11 -0500] "GET /wp-content/plugins/wow-divi-carousel/assets/css/module-core.css?ver=5.5.3 HTTP/1.1" 200 3834 "https://www.ensad.edu.pe/inicioo/" "Mozilla/5.0 (Windows NT 10.0; Win64; x64) AppleWebKit/537.36 (KHTML, like Gecko) Chrome/135.0.0.0 Safari/537.36"
200.62.241.4 - - [05/May/2026:09:18:11 -0500] "GET /wp-content/plugins/wow-divi-carousel/assets/vendor/slick/slick-theme.css?ver=1.4.2 HTTP/1.1" 200 866 "https://www.ensad.edu.pe/inicioo/" "Mozilla/5.0 (Windows NT 10.0; Win64; x64) AppleWebKit/537.36 (KHTML, like Gecko) Chrome/135.0.0.0 Safari/537.36"
200.62.241.4 - - [05/May/2026:09:18:11 -0500] "GET /wp-content/themes/Divi/style.css?ver=5.5.3 HTTP/1.1" 200 81311 "https://www.ensad.edu.pe/inicioo/" "Mozilla/5.0 (Windows NT 10.0; Win64; x64) AppleWebKit/537.36 (KHTML, like Gecko) Chrome/135.0.0.0 Safari/537.36"
200.62.241.4 - - [05/May/2026:09:18:11 -0500] "GET /wp-content/themes/Divi-Child-Theme/style.css?ver=4.7.3 HTTP/1.1" 200 297 "https://www.ensad.edu.pe/inicioo/" "Mozilla/5.0 (Windows NT 10.0; Win64; x64) AppleWebKit/537.36 (KHTML, like Gecko) Chrome/135.0.0.0 Safari/537.36"
200.62.241.4 - - [05/May/2026:09:18:11 -0500] "GET /wp-content/plugins/dflip/assets/css/themify-icons.min.css?ver=1.6.6 HTTP/1.1" 200 2814 "https://www.ensad.edu.pe/inicioo/" "Mozilla/5.0 (Windows NT 10.0; Win64; x64) AppleWebKit/537.36 (KHTML, like Gecko) Chrome/135.0.0.0 Safari/537.36"
200.62.241.4 - - [05/May/2026:09:18:11 -0500] "GET /wp-content/plugins/dflip/assets/css/dflip.min.css?ver=1.6.6 HTTP/1.1" 200 5343 "https://www.ensad.edu.pe/inicioo/" "Mozilla/5.0 (Windows NT 10.0; Win64; x64) AppleWebKit/537.36 (KHTML, like Gecko) Chrome/135.0.0.0 Safari/537.36"
200.62.241.4 - - [05/May/2026:09:18:11 -0500] "GET /wp-content/plugins/eventON/assets/css/eventon_styles.css?ver=3.0.2 HTTP/1.1" 200 21261 "https://www.ensad.edu.pe/inicioo/" "Mozilla/5.0 (Windows NT 10.0; Win64; x64) AppleWebKit/537.36 (KHTML, like Gecko) Chrome/135.0.0.0 Safari/537.36"
200.62.241.4 - - [05/May/2026:09:18:11 -0500] "GET /wp-content/plugins/eventON/assets/fonts/all.css?ver=3.0.2 HTTP/1.1" 200 13456 "https://www.ensad.edu.pe/inicioo/" "Mozilla/5.0 (Windows NT 10.0; Win64; x64) AppleWebKit/537.36 (KHTML, like Gecko) Chrome/135.0.0.0 Safari/537.36"
200.62.241.4 - - [05/May/2026:09:18:11 -0500] "GET /wp-content/plugins/eventON/assets/css/eventon_dynamic_styles.css?ver=3.0.2 HTTP/1.1" 200 2255 "https://www.ensad.edu.pe/inicioo/" "Mozilla/5.0 (Windows NT 10.0; Win64; x64) AppleWebKit/537.36 (KHTML, like Gecko) Chrome/135.0.0.0 Safari/537.36"
200.62.241.4 - - [05/May/2026:09:18:11 -0500] "GET /wp-content/plugins/wow-divi-carousel/styles/style.min.css?ver=1.0.0 HTTP/1.1" 200 4449 "https://www.ensad.edu.pe/inicioo/" "Mozilla/5.0 (Windows NT 10.0; Win64; x64) AppleWebKit/537.36 (KHTML, like Gecko) Chrome/135.0.0.0 Safari/537.36"
200.62.241.4 - - [05/May/2026:09:18:11 -0500] "GET /wp-content/plugins/supreme-modules-pro-for-divi/styles/style.min.css?ver=3.9.92 HTTP/1.1" 200 29914 "https://www.ensad.edu.pe/inicioo/" "Mozilla/5.0 (Windows NT 10.0; Win64; x64) AppleWebKit/537.36 (KHTML, like Gecko) Chrome/135.0.0.0 Safari/537.36"
200.62.241.4 - - [05/May/2026:09:18:11 -0500] "GET /wp-content/uploads/pum/pum-site-styles.css?generated=1747710144&ver=1.15.0 HTTP/1.1" 200 3468 "https://www.ensad.edu.pe/inicioo/" "Mozilla/5.0 (Windows NT 10.0; Win64; x64) AppleWebKit/537.36 (KHTML, like Gecko) Chrome/135.0.0.0 Safari/537.36"
200.62.241.4 - - [05/May/2026:09:18:11 -0500] "GET /wp-content/plugins/wpdatatables/integrations/starter/page-builders/divi-wpdt/styles/style.min.css?ver=1.0.0 HTTP/1.1" 200 1797 "https://www.ensad.edu.pe/inicioo/" "Mozilla/5.0 (Windows NT 10.0; Win64; x64) AppleWebKit/537.36 (KHTML, like Gecko) Chrome/135.0.0.0 Safari/537.36"
200.62.241.4 - - [05/May/2026:09:18:11 -0500] "GET /wp-includes/css/dashicons.min.css?ver=5.5.3 HTTP/1.1" 200 35722 "https://www.ensad.edu.pe/inicioo/" "Mozilla/5.0 (Windows NT 10.0; Win64; x64) AppleWebKit/537.36 (KHTML, like Gecko) Chrome/135.0.0.0 Safari/537.36"
200.62.241.4 - - [05/May/2026:09:18:11 -0500] "GET /wp-includes/js/jquery/jquery.js?ver=1.12.4-wp HTTP/1.1" 200 33776 "https://www.ensad.edu.pe/inicioo/" "Mozilla/5.0 (Windows NT 10.0; Win64; x64) AppleWebKit/537.36 (KHTML, like Gecko) Chrome/135.0.0.0 Safari/537.36"
200.62.241.4 - - [05/May/2026:09:18:11 -0500] "GET /wp-content/plugins/popups-for-divi/scripts/ie-compat.min.js?ver=3.0.5 HTTP/1.1" 200 3695 "https://www.ensad.edu.pe/inicioo/" "Mozilla/5.0 (Windows NT 10.0; Win64; x64) AppleWebKit/537.36 (KHTML, like Gecko) Chrome/135.0.0.0 Safari/537.36"
200.62.241.4 - - [05/May/2026:09:18:11 -0500] "GET /wp-content/plugins/popups-for-divi/scripts/front.min.js?ver=3.0.5 HTTP/1.1" 200 21335 "https://www.ensad.edu.pe/inicioo/" "Mozilla/5.0 (Windows NT 10.0; Win64; x64) AppleWebKit/537.36 (KHTML, like Gecko) Chrome/135.0.0.0 Safari/537.36"
200.62.241.4 - - [05/May/2026:09:18:11 -0500] "GET /wp-content/plugins/wow-divi-carousel/assets/vendor/slick/slick.min.js?ver=1.4.2 HTTP/1.1" 200 10519 "https://www.ensad.edu.pe/inicioo/" "Mozilla/5.0 (Windows NT 10.0; Win64; x64) AppleWebKit/537.36 (KHTML, like Gecko) Chrome/135.0.0.0 Safari/537.36"
200.62.241.4 - - [05/May/2026:09:18:11 -0500] "GET /wp-content/plugins/wow-divi-carousel/assets/js/wow-divi-carousel.js?ver=1.4.2 HTTP/1.1" 200 45 "https://www.ensad.edu.pe/inicioo/" "Mozilla/5.0 (Windows NT 10.0; Win64; x64) AppleWebKit/537.36 (KHTML, like Gecko) Chrome/135.0.0.0 Safari/537.36"
103.59.160.219 - - [05/May/2026:09:18:11 -0500] "POST /xmlrpc.php HTTP/1.1" 503 7117 "-" "python-httpx/0.22.0"
200.62.241.4 - - [05/May/2026:09:18:12 -0500] "GET /wp-content/themes/Divi/core/admin/js/es6-promise.auto.min.js?ver=4.7.3 HTTP/1.1" 200 2684 "https://www.ensad.edu.pe/inicioo/" "Mozilla/5.0 (Windows NT 10.0; Win64; x64) AppleWebKit/537.36 (KHTML, like Gecko) Chrome/135.0.0.0 Safari/537.36"
200.62.241.4 - - [05/May/2026:09:18:12 -0500] "GET /wp-content/plugins/eventON/assets/js/eventon_functions.js?ver=3.0.2 HTTP/1.1" 200 3768 "https://www.ensad.edu.pe/inicioo/" "Mozilla/5.0 (Windows NT 10.0; Win64; x64) AppleWebKit/537.36 (KHTML, like Gecko) Chrome/135.0.0.0 Safari/537.36"
200.62.241.4 - - [05/May/2026:09:18:12 -0500] "GET /wp-content/themes/Divi/core/admin/js/recaptcha.js?ver=4.7.3 HTTP/1.1" 200 712 "https://www.ensad.edu.pe/inicioo/" "Mozilla/5.0 (Windows NT 10.0; Win64; x64) AppleWebKit/537.36 (KHTML, like Gecko) Chrome/135.0.0.0 Safari/537.36"
200.62.241.4 - - [05/May/2026:09:18:12 -0500] "GET /wp-content/plugins/dflip/assets/js/dflip.min.js?ver=1.6.6 HTTP/1.1" 200 40479 "https://www.ensad.edu.pe/inicioo/" "Mozilla/5.0 (Windows NT 10.0; Win64; x64) AppleWebKit/537.36 (KHTML, like Gecko) Chrome/135.0.0.0 Safari/537.36"
200.62.241.4 - - [05/May/2026:09:18:12 -0500] "GET /wp-content/plugins/eventON/assets/js/lib/jquery.easing.1.3.js?ver=1.0 HTTP/1.1" 200 1986 "https://www.ensad.edu.pe/inicioo/" "Mozilla/5.0 (Windows NT 10.0; Win64; x64) AppleWebKit/537.36 (KHTML, like Gecko) Chrome/135.0.0.0 Safari/537.36"
200.62.241.4 - - [05/May/2026:09:18:12 -0500] "GET /wp-content/themes/Divi/js/custom.unified.js?ver=4.7.3 HTTP/1.1" 200 135984 "https://www.ensad.edu.pe/inicioo/" "Mozilla/5.0 (Windows NT 10.0; Win64; x64) AppleWebKit/537.36 (KHTML, like Gecko) Chrome/135.0.0.0 Safari/537.36"
200.62.241.4 - - [05/May/2026:09:18:12 -0500] "GET /wp-content/plugins/eventON/assets/js/lib/handlebars.js?ver=3.0.2 HTTP/1.1" 200 38247 "https://www.ensad.edu.pe/inicioo/" "Mozilla/5.0 (Windows NT 10.0; Win64; x64) AppleWebKit/537.36 (KHTML, like Gecko) Chrome/135.0.0.0 Safari/537.36"
200.62.241.4 - - [05/May/2026:09:18:12 -0500] "GET /wp-content/plugins/eventON/assets/js/lib/jquery.mobile.min.js?ver=3.0.2 HTTP/1.1" 200 2743 "https://www.ensad.edu.pe/inicioo/" "Mozilla/5.0 (Windows NT 10.0; Win64; x64) AppleWebKit/537.36 (KHTML, like Gecko) Chrome/135.0.0.0 Safari/537.36"
200.62.241.4 - - [05/May/2026:09:18:12 -0500] "GET /wp-content/plugins/eventON/assets/js/lib/moment.min.js?ver=3.0.2 HTTP/1.1" 200 17113 "https://www.ensad.edu.pe/inicioo/" "Mozilla/5.0 (Windows NT 10.0; Win64; x64) AppleWebKit/537.36 (KHTML, like Gecko) Chrome/135.0.0.0 Safari/537.36"
94.23.188.198 - - [05/May/2026:09:18:11 -0500] "GET /examen-de-admision-2024-i-nuevos-valores-en-las-artes-escenicas/ HTTP/1.1" 200 36566 "-" "Mozilla/5.0 (compatible; AhrefsBot/7.0; +http://ahrefs.com/robot/)"
200.62.241.4 - - [05/May/2026:09:18:12 -0500] "GET /wp-content/themes/Divi/core/admin/fonts/modules.ttf HTTP/1.1" 200 37445 "https://www.ensad.edu.pe/wp-content/themes/Divi/style.css?ver=5.5.3" "Mozilla/5.0 (Windows NT 10.0; Win64; x64) AppleWebKit/537.36 (KHTML, like Gecko) Chrome/135.0.0.0 Safari/537.36"
200.62.241.4 - - [05/May/2026:09:18:12 -0500] "GET /wp-content/plugins/eventON/assets/js/lib/jquery.mousewheel.min.js?ver=3.0.2 HTTP/1.1" 200 716 "https://www.ensad.edu.pe/inicioo/" "Mozilla/5.0 (Windows NT 10.0; Win64; x64) AppleWebKit/537.36 (KHTML, like Gecko) Chrome/135.0.0.0 Safari/537.36"
200.62.241.4 - - [05/May/2026:09:18:12 -0500] "GET /wp-content/plugins/eventON/assets/js/eventon_script.js?ver=3.0.2 HTTP/1.1" 200 13449 "https://www.ensad.edu.pe/inicioo/" "Mozilla/5.0 (Windows NT 10.0; Win64; x64) AppleWebKit/537.36 (KHTML, like Gecko) Chrome/135.0.0.0 Safari/537.36"
200.62.241.4 - - [05/May/2026:09:18:12 -0500] "GET /wp-content/plugins/supreme-modules-pro-for-divi/scripts/frontend-bundle.min.js?ver=3.9.92 HTTP/1.1" 200 619 "https://www.ensad.edu.pe/inicioo/" "Mozilla/5.0 (Windows NT 10.0; Win64; x64) AppleWebKit/537.36 (KHTML, like Gecko) Chrome/135.0.0.0 Safari/537.36"
200.62.241.4 - - [05/May/2026:09:18:12 -0500] "GET /wp-content/plugins/wow-divi-carousel/scripts/frontend-bundle.min.js?ver=1.0.0 HTTP/1.1" 200 1694 "https://www.ensad.edu.pe/inicioo/" "Mozilla/5.0 (Windows NT 10.0; Win64; x64) AppleWebKit/537.36 (KHTML, like Gecko) Chrome/135.0.0.0 Safari/537.36"
200.62.241.4 - - [05/May/2026:09:18:12 -0500] "GET /wp-content/plugins/wpdatatables/integrations/starter/page-builders/divi-wpdt/scripts/frontend-bundle.min.js?ver=1.0.0 HTTP/1.1" 200 327 "https://www.ensad.edu.pe/inicioo/" "Mozilla/5.0 (Windows NT 10.0; Win64; x64) AppleWebKit/537.36 (KHTML, like Gecko) Chrome/135.0.0.0 Safari/537.36"
200.62.241.4 - - [05/May/2026:09:18:12 -0500] "GET /wp-includes/js/jquery/ui/core.min.js?ver=1.11.4 HTTP/1.1" 200 1813 "https://www.ensad.edu.pe/inicioo/" "Mozilla/5.0 (Windows NT 10.0; Win64; x64) AppleWebKit/537.36 (KHTML, like Gecko) Chrome/135.0.0.0 Safari/537.36"
200.62.241.4 - - [05/May/2026:09:18:12 -0500] "GET /wp-includes/js/jquery/ui/position.min.js?ver=1.11.4 HTTP/1.1" 200 2507 "https://www.ensad.edu.pe/inicioo/" "Mozilla/5.0 (Windows NT 10.0; Win64; x64) AppleWebKit/537.36 (KHTML, like Gecko) Chrome/135.0.0.0 Safari/537.36"
200.62.241.4 - - [05/May/2026:09:18:12 -0500] "GET /wp-content/uploads/pum/pum-site-scripts.js?defer&generated=1747710144&ver=1.15.0 HTTP/1.1" 200 17645 "https://www.ensad.edu.pe/inicioo/" "Mozilla/5.0 (Windows NT 10.0; Win64; x64) AppleWebKit/537.36 (KHTML, like Gecko) Chrome/135.0.0.0 Safari/537.36"
200.62.241.4 - - [05/May/2026:09:18:12 -0500] "GET /wp-content/plugins/popup-maker/assets/js/vendor/mobile-detect.min.js?ver=1.3.3 HTTP/1.1" 200 16296 "https://www.ensad.edu.pe/inicioo/" "Mozilla/5.0 (Windows NT 10.0; Win64; x64) AppleWebKit/537.36 (KHTML, like Gecko) Chrome/135.0.0.0 Safari/537.36"
200.62.241.4 - - [05/May/2026:09:18:12 -0500] "GET /wp-content/themes/Divi/core/admin/js/common.js?ver=4.7.3 HTTP/1.1" 200 577 "https://www.ensad.edu.pe/inicioo/" "Mozilla/5.0 (Windows NT 10.0; Win64; x64) AppleWebKit/537.36 (KHTML, like Gecko) Chrome/135.0.0.0 Safari/537.36"
200.62.241.4 - - [05/May/2026:09:18:12 -0500] "GET /wp-includes/js/wp-embed.min.js?ver=5.5.3 HTTP/1.1" 200 769 "https://www.ensad.edu.pe/inicioo/" "Mozilla/5.0 (Windows NT 10.0; Win64; x64) AppleWebKit/537.36 (KHTML, like Gecko) Chrome/135.0.0.0 Safari/537.36"
200.62.241.4 - - [05/May/2026:09:18:12 -0500] "GET /wp-content/plugins/eventON/assets/js/maps/eventon_gen_maps.js?ver=3.0.2 HTTP/1.1" 200 1907 "https://www.ensad.edu.pe/inicioo/" "Mozilla/5.0 (Windows NT 10.0; Win64; x64) AppleWebKit/537.36 (KHTML, like Gecko) Chrome/135.0.0.0 Safari/537.36"
200.62.241.4 - - [05/May/2026:09:18:13 -0500] "GET /wp-content/plugins/eventON/assets/js/maps/eventon_init_gmap.js?ver=1.0 HTTP/1.1" 200 153 "https://www.ensad.edu.pe/inicioo/" "Mozilla/5.0 (Windows NT 10.0; Win64; x64) AppleWebKit/537.36 (KHTML, like Gecko) Chrome/135.0.0.0 Safari/537.36"
200.62.241.4 - - [05/May/2026:09:18:13 -0500] "GET /wp-content/uploads/2026/04/LOGOFINALENSAD-300x91-1.png HTTP/1.1" 200 14654 "https://www.ensad.edu.pe/inicioo/" "Mozilla/5.0 (Windows NT 10.0; Win64; x64) AppleWebKit/537.36 (KHTML, like Gecko) Chrome/135.0.0.0 Safari/537.36"
200.62.241.4 - - [05/May/2026:09:18:13 -0500] "GET /wp-content/plugins/wow-divi-carousel/assets/imgs/loading.png HTTP/1.1" 200 325 "https://www.ensad.edu.pe/wp-content/plugins/wow-divi-carousel/assets/css/module-core.css?ver=5.5.3" "Mozilla/5.0 (Windows NT 10.0; Win64; x64) AppleWebKit/537.36 (KHTML, like Gecko) Chrome/135.0.0.0 Safari/537.36"
3.223.134.5 - - [05/May/2026:09:18:14 -0500] "GET /wp-content/uploads/cache/wpml/twig/51/?C=N;O%3DD HTTP/1.1" 200 506 "-" "Mozilla/5.0 AppleWebKit/537.36 (KHTML, like Gecko; compatible; Amazonbot/0.1; +https://developer.amazon.com/support/amazonbot) Chrome/119.0.6045.214 Safari/537.36"
200.62.241.4 - - [05/May/2026:09:18:13 -0500] "GET /wp-content/uploads/2020/11/WhatsApp-Image-2020-11-21-at-1.19.01-PM.jpeg HTTP/1.1" 404 29934 "https://www.ensad.edu.pe/inicioo/" "Mozilla/5.0 (Windows NT 10.0; Win64; x64) AppleWebKit/537.36 (KHTML, like Gecko) Chrome/135.0.0.0 Safari/537.36"
200.62.241.4 - - [05/May/2026:09:18:13 -0500] "GET /wp-content/uploads/2020/11/A-15-1.png HTTP/1.1" 404 29934 "https://www.ensad.edu.pe/inicioo/" "Mozilla/5.0 (Windows NT 10.0; Win64; x64) AppleWebKit/537.36 (KHTML, like Gecko) Chrome/135.0.0.0 Safari/537.36"
200.62.241.4 - - [05/May/2026:09:18:13 -0500] "GET /wp-content/uploads/2020/11/N-13-1.png HTTP/1.1" 404 29934 "https://www.ensad.edu.pe/inicioo/" "Mozilla/5.0 (Windows NT 10.0; Win64; x64) AppleWebKit/537.36 (KHTML, like Gecko) Chrome/135.0.0.0 Safari/537.36"
200.62.241.4 - - [05/May/2026:09:18:13 -0500] "GET /wp-content/uploads/2020/11/E-12-1.png HTTP/1.1" 404 29934 "https://www.ensad.edu.pe/inicioo/" "Mozilla/5.0 (Windows NT 10.0; Win64; x64) AppleWebKit/537.36 (KHTML, like Gecko) Chrome/135.0.0.0 Safari/537.36"
200.62.241.4 - - [05/May/2026:09:18:16 -0500] "GET /wp-content/uploads/2021/07/art3-300x219.jpg HTTP/1.1" 200 20380 "https://www.ensad.edu.pe/inicioo/" "Mozilla/5.0 (Windows NT 10.0; Win64; x64) AppleWebKit/537.36 (KHTML, like Gecko) Chrome/135.0.0.0 Safari/537.36"
200.62.241.4 - - [05/May/2026:09:18:13 -0500] "GET /wp-content/uploads/2020/11/S-14-1.png HTTP/1.1" 404 29934 "https://www.ensad.edu.pe/inicioo/" "Mozilla/5.0 (Windows NT 10.0; Win64; x64) AppleWebKit/537.36 (KHTML, like Gecko) Chrome/135.0.0.0 Safari/537.36"
54.225.181.161 - - [05/May/2026:09:18:17 -0500] "GET /wp-content/uploads/2024/04/?C=N;O%3DA HTTP/1.1" 200 4232 "-" "Mozilla/5.0 AppleWebKit/537.36 (KHTML, like Gecko; compatible; Amazonbot/0.1; +https://developer.amazon.com/support/amazonbot) Chrome/119.0.6045.214 Safari/537.36"
200.62.241.4 - - [05/May/2026:09:18:13 -0500] "GET /wp-content/uploads/2020/11/D-16-1.png HTTP/1.1" 404 29934 "https://www.ensad.edu.pe/inicioo/" "Mozilla/5.0 (Windows NT 10.0; Win64; x64) AppleWebKit/537.36 (KHTML, like Gecko) Chrome/135.0.0.0 Safari/537.36"
200.62.241.4 - - [05/May/2026:09:18:17 -0500] "GET /wp-content/uploads/2021/07/art1-300x215.jpg HTTP/1.1" 200 14326 "https://www.ensad.edu.pe/inicioo/" "Mozilla/5.0 (Windows NT 10.0; Win64; x64) AppleWebKit/537.36 (KHTML, like Gecko) Chrome/135.0.0.0 Safari/537.36"
200.62.241.4 - - [05/May/2026:09:18:16 -0500] "GET /wp-content/uploads/2023/02/diseno_portada.jpg HTTP/1.1" 200 235060 "https://www.ensad.edu.pe/inicioo/" "Mozilla/5.0 (Windows NT 10.0; Win64; x64) AppleWebKit/537.36 (KHTML, like Gecko) Chrome/135.0.0.0 Safari/537.36"
200.62.241.4 - - [05/May/2026:09:18:17 -0500] "GET /wp-content/uploads/2021/07/Alondra-300x215.jpg HTTP/1.1" 200 18423 "https://www.ensad.edu.pe/inicioo/" "Mozilla/5.0 (Windows NT 10.0; Win64; x64) AppleWebKit/537.36 (KHTML, like Gecko) Chrome/135.0.0.0 Safari/537.36"
200.62.241.4 - - [05/May/2026:09:18:17 -0500] "GET /wp-content/uploads/2023/02/ed_art_portada.jpg HTTP/1.1" 200 101360 "https://www.ensad.edu.pe/inicioo/" "Mozilla/5.0 (Windows NT 10.0; Win64; x64) AppleWebKit/537.36 (KHTML, like Gecko) Chrome/135.0.0.0 Safari/537.36"
200.62.241.4 - - [05/May/2026:09:18:17 -0500] "GET /wp-content/uploads/2023/02/logo_actuacion_-300x300.png HTTP/1.1" 200 6318 "https://www.ensad.edu.pe/inicioo/" "Mozilla/5.0 (Windows NT 10.0; Win64; x64) AppleWebKit/537.36 (KHTML, like Gecko) Chrome/135.0.0.0 Safari/537.36"
167.86.88.122 - - [05/May/2026:09:18:17 -0500] "POST /?wordfence_syncAttackData=1777990697.6816 HTTP/1.1" 200 20 "https://www.ensad.edu.pe/?wordfence_syncAttackData=1777990697.6816" "WordPress/5.5.3; https://www.ensad.edu.pe"
200.62.241.4 - - [05/May/2026:09:18:17 -0500] "GET /wp-content/uploads/2023/02/porque_seccion.jpg HTTP/1.1" 200 57435 "https://www.ensad.edu.pe/inicioo/" "Mozilla/5.0 (Windows NT 10.0; Win64; x64) AppleWebKit/537.36 (KHTML, like Gecko) Chrome/135.0.0.0 Safari/537.36"
200.62.241.4 - - [05/May/2026:09:18:17 -0500] "GET /wp-content/uploads/2021/05/banner20.jpg HTTP/1.1" 200 313619 "https://www.ensad.edu.pe/inicioo/" "Mozilla/5.0 (Windows NT 10.0; Win64; x64) AppleWebKit/537.36 (KHTML, like Gecko) Chrome/135.0.0.0 Safari/537.36"
200.62.241.4 - - [05/May/2026:09:18:18 -0500] "GET /wp-content/plugins/wow-divi-carousel/assets/vendor/slick/ajax-loader.gif HTTP/1.1" 200 4178 "https://www.ensad.edu.pe/wp-content/plugins/wow-divi-carousel/assets/vendor/slick/slick-theme.css?ver=1.4.2" "Mozilla/5.0 (Windows NT 10.0; Win64; x64) AppleWebKit/537.36 (KHTML, like Gecko) Chrome/135.0.0.0 Safari/537.36"
200.62.241.4 - - [05/May/2026:09:18:17 -0500] "GET /wp-content/uploads/2020/11/LOGO-EDUCACION-ARTISTICA-LINEA-BLANCA-10-300x300.png HTTP/1.1" 404 29934 "https://www.ensad.edu.pe/inicioo/" "Mozilla/5.0 (Windows NT 10.0; Win64; x64) AppleWebKit/537.36 (KHTML, like Gecko) Chrome/135.0.0.0 Safari/537.36"
200.62.241.4 - - [05/May/2026:09:18:17 -0500] "GET /wp-content/uploads/2020/11/LOGO-DISENO-ESCENOGRAFICO-LINEA-BLANCA-08-150x150.png HTTP/1.1" 404 29934 "https://www.ensad.edu.pe/inicioo/" "Mozilla/5.0 (Windows NT 10.0; Win64; x64) AppleWebKit/537.36 (KHTML, like Gecko) Chrome/135.0.0.0 Safari/537.36"
103.59.160.219 - - [05/May/2026:09:18:20 -0500] "POST /xmlrpc.php HTTP/1.1" 503 7117 "-" "python-httpx/0.22.0"
3.221.156.96 - - [05/May/2026:09:18:21 -0500] "GET /wp-content/uploads/cache/wpml/twig/a7/?C=D;O%3DA HTTP/1.1" 200 449 "-" "Mozilla/5.0 AppleWebKit/537.36 (KHTML, like Gecko; compatible; Amazonbot/0.1; +https://developer.amazon.com/support/amazonbot) Chrome/119.0.6045.214 Safari/537.36"
200.62.241.4 - - [05/May/2026:09:18:18 -0500] "GET /wp-content/uploads/2021/02/presentacion-dramaturgia-joven-ii-01.jpg HTTP/1.1" 200 1824755 "https://www.ensad.edu.pe/inicioo/" "Mozilla/5.0 (Windows NT 10.0; Win64; x64) AppleWebKit/537.36 (KHTML, like Gecko) Chrome/135.0.0.0 Safari/537.36"
3.217.82.254 - - [05/May/2026:09:18:24 -0500] "GET /wp-content/uploads/cache/wpml/twig/0f/?C=S;O%3DA HTTP/1.1" 200 556 "-" "Mozilla/5.0 AppleWebKit/537.36 (KHTML, like Gecko; compatible; Amazonbot/0.1; +https://developer.amazon.com/support/amazonbot) Chrome/119.0.6045.214 Safari/537.36"
200.62.241.4 - - [05/May/2026:09:18:29 -0500] "GET /wp-content/uploads/2021/01/Becas-de-vulnerabilidad-scaled.jpg HTTP/1.1" 200 310304 "https://www.ensad.edu.pe/inicioo/" "Mozilla/5.0 (Windows NT 10.0; Win64; x64) AppleWebKit/537.36 (KHTML, like Gecko) Chrome/135.0.0.0 Safari/537.36"
98.82.38.120 - - [05/May/2026:09:18:30 -0500] "GET /wp-content/uploads/cache/wpml/twig/49/?C=N;O%3DD HTTP/1.1" 200 451 "-" "Mozilla/5.0 AppleWebKit/537.36 (KHTML, like Gecko; compatible; Amazonbot/0.1; +https://developer.amazon.com/support/amazonbot) Chrome/119.0.6045.214 Safari/537.36"
167.86.88.122 - - [05/May/2026:09:18:30 -0500] "POST /?wordfence_syncAttackData=1777990710.7743 HTTP/1.1" 200 20 "https://www.ensad.edu.pe/?wordfence_syncAttackData=1777990710.7743" "WordPress/5.5.3; https://www.ensad.edu.pe"
103.59.160.219 - - [05/May/2026:09:18:31 -0500] "POST /xmlrpc.php HTTP/1.1" 503 7118 "-" "python-httpx/0.22.0"
200.62.241.4 - - [05/May/2026:09:18:31 -0500] "GET /wp-content/uploads/2022/04/Afiche_Square.jpg HTTP/1.1" 200 1138907 "https://www.ensad.edu.pe/inicioo/" "Mozilla/5.0 (Windows NT 10.0; Win64; x64) AppleWebKit/537.36 (KHTML, like Gecko) Chrome/135.0.0.0 Safari/537.36"
176.31.139.16 - - [05/May/2026:09:18:30 -0500] "GET /ensad-y-la-mml-se-comprometen-con-la-difusion-de-las-artes-escenicos-y-el-fortalecimiento-de-la-lectura/ HTTP/1.1" 200 36401 "-" "Mozilla/5.0 (compatible; AhrefsBot/7.0; +http://ahrefs.com/robot/)"
200.62.241.4 - - [05/May/2026:09:18:31 -0500] "GET /wp-content/uploads/2021/07/icpna-300x72.png HTTP/1.1" 200 8763 "https://www.ensad.edu.pe/inicioo/" "Mozilla/5.0 (Windows NT 10.0; Win64; x64) AppleWebKit/537.36 (KHTML, like Gecko) Chrome/135.0.0.0 Safari/537.36"
200.62.241.4 - - [05/May/2026:09:18:31 -0500] "GET /wp-content/uploads/2026/04/LOGO-ACCESO-A-LA-INFORMACION-PUBLICA-01.png HTTP/1.1" 200 19287 "https://www.ensad.edu.pe/inicioo/" "Mozilla/5.0 (Windows NT 10.0; Win64; x64) AppleWebKit/537.36 (KHTML, like Gecko) Chrome/135.0.0.0 Safari/537.36"
200.62.241.4 - - [05/May/2026:09:18:31 -0500] "GET /wp-content/uploads/2026/04/libro_unae0101.png HTTP/1.1" 200 54207 "https://www.ensad.edu.pe/inicioo/" "Mozilla/5.0 (Windows NT 10.0; Win64; x64) AppleWebKit/537.36 (KHTML, like Gecko) Chrome/135.0.0.0 Safari/537.36"
200.62.241.4 - - [05/May/2026:09:18:31 -0500] "GET /wp-content/uploads/2026/04/logo-portal-transparencia-1.png HTTP/1.1" 200 63169 "https://www.ensad.edu.pe/inicioo/" "Mozilla/5.0 (Windows NT 10.0; Win64; x64) AppleWebKit/537.36 (KHTML, like Gecko) Chrome/135.0.0.0 Safari/537.36"
200.62.241.4 - - [05/May/2026:09:18:32 -0500] "GET /wp-content/uploads/2026/04/minedu_logo_300px.png HTTP/1.1" 200 15114 "https://www.ensad.edu.pe/inicioo/" "Mozilla/5.0 (Windows NT 10.0; Win64; x64) AppleWebKit/537.36 (KHTML, like Gecko) Chrome/135.0.0.0 Safari/537.36"
3.225.9.97 - - [05/May/2026:09:18:33 -0500] "GET /wp-content/uploads/cache/wpml/twig/d4/?C=S;O%3DA HTTP/1.1" 200 448 "-" "Mozilla/5.0 AppleWebKit/537.36 (KHTML, like Gecko; compatible; Amazonbot/0.1; +https://developer.amazon.com/support/amazonbot) Chrome/119.0.6045.214 Safari/537.36"
66.249.73.233 - - [05/May/2026:09:18:35 -0500] "GET /wp-content/uploads/2023/03/RESULTADOS-FINALES-DISEN%CC%83O-ESCENOGRA%CC%81FICORR.pdf HTTP/1.1" 200 341903 "-" "Mozilla/5.0 (Linux; Android 6.0.1; Nexus 5X Build/MMB29P) AppleWebKit/537.36 (KHTML, like Gecko) Chrome/147.0.7727.137 Mobile Safari/537.36 (compatible; Googlebot/2.1; +http://www.google.com/bot.html)"
3.210.223.61 - - [05/May/2026:09:18:37 -0500] "GET /wp-content/uploads/cache/wpml/twig/47/?C=N;O%3DD HTTP/1.1" 200 450 "-" "Mozilla/5.0 AppleWebKit/537.36 (KHTML, like Gecko; compatible; Amazonbot/0.1; +https://developer.amazon.com/support/amazonbot) Chrome/119.0.6045.214 Safari/537.36"
200.62.241.4 - - [05/May/2026:09:18:34 -0500] "GET /wp-content/uploads/2021/08/El-Misantropo_06-1.png HTTP/1.1" 200 3614357 "https://www.ensad.edu.pe/inicioo/" "Mozilla/5.0 (Windows NT 10.0; Win64; x64) AppleWebKit/537.36 (KHTML, like Gecko) Chrome/135.0.0.0 Safari/537.36"
200.62.241.4 - - [05/May/2026:09:18:40 -0500] "GET /wp-content/uploads/2021/03/banner-presentacion-Estela-Luna.jpg HTTP/1.1" 200 999490 "https://www.ensad.edu.pe/inicioo/" "Mozilla/5.0 (Windows NT 10.0; Win64; x64) AppleWebKit/537.36 (KHTML, like Gecko) Chrome/135.0.0.0 Safari/537.36"
54.85.7.119 - - [05/May/2026:09:18:41 -0500] "GET /wp-content/uploads/2024/07/?C=D;O%3DD HTTP/1.1" 200 430 "-" "Mozilla/5.0 AppleWebKit/537.36 (KHTML, like Gecko; compatible; Amazonbot/0.1; +https://developer.amazon.com/support/amazonbot) Chrome/119.0.6045.214 Safari/537.36"
167.86.88.122 - - [05/May/2026:09:18:41 -0500] "POST /wp-cron.php?doing_wp_cron=1777990721.6265480518341064453125 HTTP/1.1" 200 20 "https://www.ensad.edu.pe/wp-cron.php?doing_wp_cron=1777990721.6265480518341064453125" "WordPress/5.5.3; https://www.ensad.edu.pe"
167.86.88.122 - - [05/May/2026:09:18:41 -0500] "POST /?wordfence_syncAttackData=1777990721.5184 HTTP/1.1" 200 20 "https://www.ensad.edu.pe/?wordfence_syncAttackData=1777990721.5184" "WordPress/5.5.3; https://www.ensad.edu.pe"
200.62.241.4 - - [05/May/2026:09:18:41 -0500] "GET /favicon.ico HTTP/1.1" 302 20 "https://www.ensad.edu.pe/inicioo/" "Mozilla/5.0 (Windows NT 10.0; Win64; x64) AppleWebKit/537.36 (KHTML, like Gecko) Chrome/135.0.0.0 Safari/537.36"
200.62.241.4 - - [05/May/2026:09:18:42 -0500] "GET /wp-content/uploads/2026/04/cropped-unae_favico-32x32.png HTTP/1.1" 200 272 "https://www.ensad.edu.pe/inicioo/" "Mozilla/5.0 (Windows NT 10.0; Win64; x64) AppleWebKit/537.36 (KHTML, like Gecko) Chrome/135.0.0.0 Safari/537.36"
103.59.160.219 - - [05/May/2026:09:18:45 -0500] "POST /xmlrpc.php HTTP/1.1" 503 7117 "-" "python-httpx/0.22.0"
3.210.114.189 - - [05/May/2026:09:18:45 -0500] "GET /wp-content/uploads/cache/wpml/twig/53/?C=D;O%3DA HTTP/1.1" 200 450 "-" "Mozilla/5.0 AppleWebKit/537.36 (KHTML, like Gecko; compatible; Amazonbot/0.1; +https://developer.amazon.com/support/amazonbot) Chrome/119.0.6045.214 Safari/537.36"
18.232.11.247 - - [05/May/2026:09:18:50 -0500] "GET /wp-content/uploads/cache/wpml/twig/10/?C=N;O%3DD HTTP/1.1" 200 450 "-" "Mozilla/5.0 AppleWebKit/537.36 (KHTML, like Gecko; compatible; Amazonbot/0.1; +https://developer.amazon.com/support/amazonbot) Chrome/119.0.6045.214 Safari/537.36"
3.89.170.186 - - [05/May/2026:09:18:53 -0500] "GET /wp-content/uploads/cache/wpml/twig/31/31de5bc09ac42a281220a6b7adf81fc3e136c370269630cd3c67f730619e39a9.php HTTP/1.1" 500 20 "-" "Mozilla/5.0 AppleWebKit/537.36 (KHTML, like Gecko; compatible; Amazonbot/0.1; +https://developer.amazon.com/support/amazonbot) Chrome/119.0.6045.214 Safari/537.36"
