200.37.205.138 - - [05/May/2026:09:30:15 -0500] "GET /wp-content/plugins/popups-for-divi/styles/front.min.css?ver=3.0.5 HTTP/1.1" 200 1641 "https://www.ensad.edu.pe/" "Mozilla/5.0 (Windows NT 10.0; Win64; x64) AppleWebKit/537.36 (KHTML, like Gecko) Chrome/144.0.0.0 Safari/537.36"
200.37.205.138 - - [05/May/2026:09:30:15 -0500] "GET /wp-content/plugins/wow-divi-carousel/assets/css/module-core.css?ver=5.5.3 HTTP/1.1" 200 3834 "https://www.ensad.edu.pe/" "Mozilla/5.0 (Windows NT 10.0; Win64; x64) AppleWebKit/537.36 (KHTML, like Gecko) Chrome/144.0.0.0 Safari/537.36"
200.37.205.138 - - [05/May/2026:09:30:15 -0500] "GET /wp-content/plugins/wow-divi-carousel/assets/vendor/slick/slick.css?ver=1.4.2 HTTP/1.1" 200 569 "https://www.ensad.edu.pe/" "Mozilla/5.0 (Windows NT 10.0; Win64; x64) AppleWebKit/537.36 (KHTML, like Gecko) Chrome/144.0.0.0 Safari/537.36"
200.37.136.18 - - [05/May/2026:09:30:15 -0500] "GET /wp-content/plugins/wow-divi-carousel/assets/vendor/slick/slick-theme.css?ver=1.4.2 HTTP/1.1" 200 866 "https://www.ensad.edu.pe/" "Mozilla/5.0 (Windows NT 10.0; Win64; x64) AppleWebKit/537.36 (KHTML, like Gecko) Chrome/144.0.0.0 Safari/537.36"
200.37.136.18 - - [05/May/2026:09:30:15 -0500] "GET /wp-content/themes/Divi-Child-Theme/style.css?ver=4.7.3 HTTP/1.1" 200 297 "https://www.ensad.edu.pe/" "Mozilla/5.0 (Windows NT 10.0; Win64; x64) AppleWebKit/537.36 (KHTML, like Gecko) Chrome/144.0.0.0 Safari/537.36"
200.37.136.18 - - [05/May/2026:09:30:15 -0500] "GET /wp-content/themes/Divi/style.css?ver=5.5.3 HTTP/1.1" 200 81311 "https://www.ensad.edu.pe/" "Mozilla/5.0 (Windows NT 10.0; Win64; x64) AppleWebKit/537.36 (KHTML, like Gecko) Chrome/144.0.0.0 Safari/537.36"
200.37.205.138 - - [05/May/2026:09:30:15 -0500] "GET /wp-content/plugins/dflip/assets/css/themify-icons.min.css?ver=1.6.6 HTTP/1.1" 200 2814 "https://www.ensad.edu.pe/" "Mozilla/5.0 (Windows NT 10.0; Win64; x64) AppleWebKit/537.36 (KHTML, like Gecko) Chrome/144.0.0.0 Safari/537.36"
200.37.205.138 - - [05/May/2026:09:30:15 -0500] "GET /wp-content/plugins/dflip/assets/css/dflip.min.css?ver=1.6.6 HTTP/1.1" 200 5343 "https://www.ensad.edu.pe/" "Mozilla/5.0 (Windows NT 10.0; Win64; x64) AppleWebKit/537.36 (KHTML, like Gecko) Chrome/144.0.0.0 Safari/537.36"
200.37.205.138 - - [05/May/2026:09:30:15 -0500] "GET /wp-content/plugins/eventON/assets/css/eventon_styles.css?ver=3.0.2 HTTP/1.1" 200 21261 "https://www.ensad.edu.pe/" "Mozilla/5.0 (Windows NT 10.0; Win64; x64) AppleWebKit/537.36 (KHTML, like Gecko) Chrome/144.0.0.0 Safari/537.36"
200.37.136.18 - - [05/May/2026:09:30:15 -0500] "GET /wp-content/plugins/eventON/assets/fonts/all.css?ver=3.0.2 HTTP/1.1" 200 13456 "https://www.ensad.edu.pe/" "Mozilla/5.0 (Windows NT 10.0; Win64; x64) AppleWebKit/537.36 (KHTML, like Gecko) Chrome/144.0.0.0 Safari/537.36"
200.37.136.18 - - [05/May/2026:09:30:15 -0500] "GET /wp-content/plugins/eventON/assets/css/eventon_dynamic_styles.css?ver=3.0.2 HTTP/1.1" 200 2255 "https://www.ensad.edu.pe/" "Mozilla/5.0 (Windows NT 10.0; Win64; x64) AppleWebKit/537.36 (KHTML, like Gecko) Chrome/144.0.0.0 Safari/537.36"
200.37.205.138 - - [05/May/2026:09:30:15 -0500] "GET /wp-content/plugins/supreme-modules-pro-for-divi/styles/style.min.css?ver=3.9.92 HTTP/1.1" 200 29914 "https://www.ensad.edu.pe/" "Mozilla/5.0 (Windows NT 10.0; Win64; x64) AppleWebKit/537.36 (KHTML, like Gecko) Chrome/144.0.0.0 Safari/537.36"
200.37.205.138 - - [05/May/2026:09:30:15 -0500] "GET /wp-content/plugins/wow-divi-carousel/styles/style.min.css?ver=1.0.0 HTTP/1.1" 200 4449 "https://www.ensad.edu.pe/" "Mozilla/5.0 (Windows NT 10.0; Win64; x64) AppleWebKit/537.36 (KHTML, like Gecko) Chrome/144.0.0.0 Safari/537.36"
200.37.136.18 - - [05/May/2026:09:30:15 -0500] "GET /wp-content/plugins/wpdatatables/integrations/starter/page-builders/divi-wpdt/styles/style.min.css?ver=1.0.0 HTTP/1.1" 200 1797 "https://www.ensad.edu.pe/" "Mozilla/5.0 (Windows NT 10.0; Win64; x64) AppleWebKit/537.36 (KHTML, like Gecko) Chrome/144.0.0.0 Safari/537.36"
200.37.136.18 - - [05/May/2026:09:30:15 -0500] "GET /wp-content/uploads/pum/pum-site-styles.css?generated=1747710144&ver=1.15.0 HTTP/1.1" 200 3468 "https://www.ensad.edu.pe/" "Mozilla/5.0 (Windows NT 10.0; Win64; x64) AppleWebKit/537.36 (KHTML, like Gecko) Chrome/144.0.0.0 Safari/537.36"
200.37.205.138 - - [05/May/2026:09:30:15 -0500] "GET /wp-includes/css/dashicons.min.css?ver=5.5.3 HTTP/1.1" 200 35722 "https://www.ensad.edu.pe/" "Mozilla/5.0 (Windows NT 10.0; Win64; x64) AppleWebKit/537.36 (KHTML, like Gecko) Chrome/144.0.0.0 Safari/537.36"
200.37.205.138 - - [05/May/2026:09:30:15 -0500] "GET /wp-includes/js/jquery/jquery.js?ver=1.12.4-wp HTTP/1.1" 200 33776 "https://www.ensad.edu.pe/" "Mozilla/5.0 (Windows NT 10.0; Win64; x64) AppleWebKit/537.36 (KHTML, like Gecko) Chrome/144.0.0.0 Safari/537.36"
200.37.136.18 - - [05/May/2026:09:30:15 -0500] "GET /wp-content/plugins/popups-for-divi/scripts/ie-compat.min.js?ver=3.0.5 HTTP/1.1" 200 3695 "https://www.ensad.edu.pe/" "Mozilla/5.0 (Windows NT 10.0; Win64; x64) AppleWebKit/537.36 (KHTML, like Gecko) Chrome/144.0.0.0 Safari/537.36"
200.37.136.18 - - [05/May/2026:09:30:15 -0500] "GET /wp-content/uploads/2026/03/DJ_IV_IMG.jpg HTTP/1.1" 200 373493 "https://www.ensad.edu.pe/" "Mozilla/5.0 (Windows NT 10.0; Win64; x64) AppleWebKit/537.36 (KHTML, like Gecko) Chrome/144.0.0.0 Safari/537.36"
200.37.136.18 - - [05/May/2026:09:30:15 -0500] "GET /wp-content/uploads/2026/03/IMG_destacada_1203.jpg HTTP/1.1" 200 477716 "https://www.ensad.edu.pe/" "Mozilla/5.0 (Windows NT 10.0; Win64; x64) AppleWebKit/537.36 (KHTML, like Gecko) Chrome/144.0.0.0 Safari/537.36"
200.37.205.138 - - [05/May/2026:09:30:16 -0500] "GET /wp-content/plugins/popups-for-divi/scripts/front.min.js?ver=3.0.5 HTTP/1.1" 200 21335 "https://www.ensad.edu.pe/" "Mozilla/5.0 (Windows NT 10.0; Win64; x64) AppleWebKit/537.36 (KHTML, like Gecko) Chrome/144.0.0.0 Safari/537.36"
200.37.136.18 - - [05/May/2026:09:30:16 -0500] "GET /wp-content/uploads/2025/12/IMG_2511_01.jpg HTTP/1.1" 200 230503 "https://www.ensad.edu.pe/" "Mozilla/5.0 (Windows NT 10.0; Win64; x64) AppleWebKit/537.36 (KHTML, like Gecko) Chrome/144.0.0.0 Safari/537.36"
200.37.205.138 - - [05/May/2026:09:30:16 -0500] "GET /wp-content/themes/Divi/core/admin/fonts/modules.ttf HTTP/1.1" 200 37445 "https://www.ensad.edu.pe/wp-content/themes/Divi/style.css?ver=5.5.3" "Mozilla/5.0 (Windows NT 10.0; Win64; x64) AppleWebKit/537.36 (KHTML, like Gecko) Chrome/144.0.0.0 Safari/537.36"
200.37.136.18 - - [05/May/2026:09:30:16 -0500] "GET /wp-content/plugins/wow-divi-carousel/assets/fonts/icowdc.ttf?sqw28v HTTP/1.1" 200 4382 "https://www.ensad.edu.pe/wp-content/plugins/wow-divi-carousel/assets/css/module-core.css?ver=5.5.3" "Mozilla/5.0 (Windows NT 10.0; Win64; x64) AppleWebKit/537.36 (KHTML, like Gecko) Chrome/144.0.0.0 Safari/537.36"
200.37.205.138 - - [05/May/2026:09:30:16 -0500] "GET /wp-content/plugins/wow-divi-carousel/assets/vendor/slick/slick.min.js?ver=1.4.2 HTTP/1.1" 200 10519 "https://www.ensad.edu.pe/" "Mozilla/5.0 (Windows NT 10.0; Win64; x64) AppleWebKit/537.36 (KHTML, like Gecko) Chrome/144.0.0.0 Safari/537.36"
200.37.136.18 - - [05/May/2026:09:30:16 -0500] "GET /wp-content/plugins/wow-divi-carousel/assets/js/wow-divi-carousel.js?ver=1.4.2 HTTP/1.1" 200 45 "https://www.ensad.edu.pe/" "Mozilla/5.0 (Windows NT 10.0; Win64; x64) AppleWebKit/537.36 (KHTML, like Gecko) Chrome/144.0.0.0 Safari/537.36"
200.37.136.18 - - [05/May/2026:09:30:16 -0500] "GET /wp-content/themes/Divi/js/custom.unified.js?ver=4.7.3 HTTP/1.1" 200 135984 "https://www.ensad.edu.pe/" "Mozilla/5.0 (Windows NT 10.0; Win64; x64) AppleWebKit/537.36 (KHTML, like Gecko) Chrome/144.0.0.0 Safari/537.36"
200.37.136.18 - - [05/May/2026:09:30:16 -0500] "GET /wp-content/themes/Divi/core/admin/js/es6-promise.auto.min.js?ver=4.7.3 HTTP/1.1" 200 2684 "https://www.ensad.edu.pe/" "Mozilla/5.0 (Windows NT 10.0; Win64; x64) AppleWebKit/537.36 (KHTML, like Gecko) Chrome/144.0.0.0 Safari/537.36"
200.37.205.138 - - [05/May/2026:09:30:17 -0500] "GET /wp-content/themes/Divi/core/admin/js/recaptcha.js?ver=4.7.3 HTTP/1.1" 200 712 "https://www.ensad.edu.pe/" "Mozilla/5.0 (Windows NT 10.0; Win64; x64) AppleWebKit/537.36 (KHTML, like Gecko) Chrome/144.0.0.0 Safari/537.36"
200.37.136.18 - - [05/May/2026:09:30:17 -0500] "GET /wp-content/plugins/dflip/assets/js/dflip.min.js?ver=1.6.6 HTTP/1.1" 200 40479 "https://www.ensad.edu.pe/" "Mozilla/5.0 (Windows NT 10.0; Win64; x64) AppleWebKit/537.36 (KHTML, like Gecko) Chrome/144.0.0.0 Safari/537.36"
200.37.205.138 - - [05/May/2026:09:30:17 -0500] "GET /wp-content/plugins/eventON/assets/js/eventon_functions.js?ver=3.0.2 HTTP/1.1" 200 3768 "https://www.ensad.edu.pe/" "Mozilla/5.0 (Windows NT 10.0; Win64; x64) AppleWebKit/537.36 (KHTML, like Gecko) Chrome/144.0.0.0 Safari/537.36"
200.37.205.138 - - [05/May/2026:09:30:16 -0500] "GET /wp-content/uploads/2026/03/img_110326.jpg HTTP/1.1" 200 443659 "https://www.ensad.edu.pe/" "Mozilla/5.0 (Windows NT 10.0; Win64; x64) AppleWebKit/537.36 (KHTML, like Gecko) Chrome/144.0.0.0 Safari/537.36"
200.37.136.18 - - [05/May/2026:09:30:17 -0500] "GET /wp-content/plugins/eventON/assets/js/lib/jquery.easing.1.3.js?ver=1.0 HTTP/1.1" 200 1986 "https://www.ensad.edu.pe/" "Mozilla/5.0 (Windows NT 10.0; Win64; x64) AppleWebKit/537.36 (KHTML, like Gecko) Chrome/144.0.0.0 Safari/537.36"
200.37.205.138 - - [05/May/2026:09:30:17 -0500] "GET /wp-content/plugins/eventON/assets/js/lib/handlebars.js?ver=3.0.2 HTTP/1.1" 200 38247 "https://www.ensad.edu.pe/" "Mozilla/5.0 (Windows NT 10.0; Win64; x64) AppleWebKit/537.36 (KHTML, like Gecko) Chrome/144.0.0.0 Safari/537.36"
200.37.136.18 - - [05/May/2026:09:30:17 -0500] "GET /wp-content/plugins/eventON/assets/js/lib/jquery.mobile.min.js?ver=3.0.2 HTTP/1.1" 200 2743 "https://www.ensad.edu.pe/" "Mozilla/5.0 (Windows NT 10.0; Win64; x64) AppleWebKit/537.36 (KHTML, like Gecko) Chrome/144.0.0.0 Safari/537.36"
200.37.136.18 - - [05/May/2026:09:30:17 -0500] "GET /wp-content/plugins/eventON/assets/js/lib/moment.min.js?ver=3.0.2 HTTP/1.1" 200 17113 "https://www.ensad.edu.pe/" "Mozilla/5.0 (Windows NT 10.0; Win64; x64) AppleWebKit/537.36 (KHTML, like Gecko) Chrome/144.0.0.0 Safari/537.36"
200.37.136.18 - - [05/May/2026:09:30:17 -0500] "GET /wp-content/plugins/eventON/assets/js/lib/jquery.mousewheel.min.js?ver=3.0.2 HTTP/1.1" 200 716 "https://www.ensad.edu.pe/" "Mozilla/5.0 (Windows NT 10.0; Win64; x64) AppleWebKit/537.36 (KHTML, like Gecko) Chrome/144.0.0.0 Safari/537.36"
200.37.136.18 - - [05/May/2026:09:30:17 -0500] "GET /wp-content/plugins/eventON/assets/js/eventon_script.js?ver=3.0.2 HTTP/1.1" 200 13449 "https://www.ensad.edu.pe/" "Mozilla/5.0 (Windows NT 10.0; Win64; x64) AppleWebKit/537.36 (KHTML, like Gecko) Chrome/144.0.0.0 Safari/537.36"
200.37.205.138 - - [05/May/2026:09:30:17 -0500] "GET /wp-content/plugins/supreme-modules-pro-for-divi/scripts/frontend-bundle.min.js?ver=3.9.92 HTTP/1.1" 200 619 "https://www.ensad.edu.pe/" "Mozilla/5.0 (Windows NT 10.0; Win64; x64) AppleWebKit/537.36 (KHTML, like Gecko) Chrome/144.0.0.0 Safari/537.36"
200.37.136.18 - - [05/May/2026:09:30:17 -0500] "GET /wp-content/plugins/wow-divi-carousel/scripts/frontend-bundle.min.js?ver=1.0.0 HTTP/1.1" 200 1694 "https://www.ensad.edu.pe/" "Mozilla/5.0 (Windows NT 10.0; Win64; x64) AppleWebKit/537.36 (KHTML, like Gecko) Chrome/144.0.0.0 Safari/537.36"
200.37.136.18 - - [05/May/2026:09:30:17 -0500] "GET /wp-content/plugins/wpdatatables/integrations/starter/page-builders/divi-wpdt/scripts/frontend-bundle.min.js?ver=1.0.0 HTTP/1.1" 200 327 "https://www.ensad.edu.pe/" "Mozilla/5.0 (Windows NT 10.0; Win64; x64) AppleWebKit/537.36 (KHTML, like Gecko) Chrome/144.0.0.0 Safari/537.36"
200.37.205.138 - - [05/May/2026:09:30:17 -0500] "GET /wp-includes/js/jquery/ui/core.min.js?ver=1.11.4 HTTP/1.1" 200 1813 "https://www.ensad.edu.pe/" "Mozilla/5.0 (Windows NT 10.0; Win64; x64) AppleWebKit/537.36 (KHTML, like Gecko) Chrome/144.0.0.0 Safari/537.36"
200.37.136.18 - - [05/May/2026:09:30:18 -0500] "GET /wp-includes/js/jquery/ui/position.min.js?ver=1.11.4 HTTP/1.1" 200 2507 "https://www.ensad.edu.pe/" "Mozilla/5.0 (Windows NT 10.0; Win64; x64) AppleWebKit/537.36 (KHTML, like Gecko) Chrome/144.0.0.0 Safari/537.36"
200.37.136.18 - - [05/May/2026:09:30:18 -0500] "GET /wp-content/uploads/pum/pum-site-scripts.js?defer&generated=1747710144&ver=1.15.0 HTTP/1.1" 200 17645 "https://www.ensad.edu.pe/" "Mozilla/5.0 (Windows NT 10.0; Win64; x64) AppleWebKit/537.36 (KHTML, like Gecko) Chrome/144.0.0.0 Safari/537.36"
200.37.136.18 - - [05/May/2026:09:30:18 -0500] "GET /wp-content/plugins/popup-maker/assets/js/vendor/mobile-detect.min.js?ver=1.3.3 HTTP/1.1" 200 16296 "https://www.ensad.edu.pe/" "Mozilla/5.0 (Windows NT 10.0; Win64; x64) AppleWebKit/537.36 (KHTML, like Gecko) Chrome/144.0.0.0 Safari/537.36"
200.37.205.138 - - [05/May/2026:09:30:16 -0500] "GET /wp-content/uploads/2026/01/nota2201.jpg.jpeg HTTP/1.1" 200 352140 "https://www.ensad.edu.pe/" "Mozilla/5.0 (Windows NT 10.0; Win64; x64) AppleWebKit/537.36 (KHTML, like Gecko) Chrome/144.0.0.0 Safari/537.36"
200.37.205.138 - - [05/May/2026:09:30:18 -0500] "GET /wp-content/themes/Divi/core/admin/js/common.js?ver=4.7.3 HTTP/1.1" 200 577 "https://www.ensad.edu.pe/" "Mozilla/5.0 (Windows NT 10.0; Win64; x64) AppleWebKit/537.36 (KHTML, like Gecko) Chrome/144.0.0.0 Safari/537.36"
200.37.136.18 - - [05/May/2026:09:30:18 -0500] "GET /wp-includes/js/wp-embed.min.js?ver=5.5.3 HTTP/1.1" 200 769 "https://www.ensad.edu.pe/" "Mozilla/5.0 (Windows NT 10.0; Win64; x64) AppleWebKit/537.36 (KHTML, like Gecko) Chrome/144.0.0.0 Safari/537.36"
200.37.136.18 - - [05/May/2026:09:30:18 -0500] "GET /wp-content/plugins/eventON/assets/js/maps/eventon_gen_maps.js?ver=3.0.2 HTTP/1.1" 200 1907 "https://www.ensad.edu.pe/" "Mozilla/5.0 (Windows NT 10.0; Win64; x64) AppleWebKit/537.36 (KHTML, like Gecko) Chrome/144.0.0.0 Safari/537.36"
200.37.136.18 - - [05/May/2026:09:30:18 -0500] "GET /wp-content/plugins/eventON/assets/js/maps/eventon_init_gmap.js?ver=1.0 HTTP/1.1" 200 153 "https://www.ensad.edu.pe/" "Mozilla/5.0 (Windows NT 10.0; Win64; x64) AppleWebKit/537.36 (KHTML, like Gecko) Chrome/144.0.0.0 Safari/537.36"
200.37.205.138 - - [05/May/2026:09:30:18 -0500] "GET /wp-content/uploads/2025/07/directora-over.jpg HTTP/1.1" 200 115748 "https://www.ensad.edu.pe/" "Mozilla/5.0 (Windows NT 10.0; Win64; x64) AppleWebKit/537.36 (KHTML, like Gecko) Chrome/144.0.0.0 Safari/537.36"
200.37.136.18 - - [05/May/2026:09:30:18 -0500] "GET /wp-content/uploads/2026/04/LOGOFINALENSAD-300x91-1.png HTTP/1.1" 200 14654 "https://www.ensad.edu.pe/" "Mozilla/5.0 (Windows NT 10.0; Win64; x64) AppleWebKit/537.36 (KHTML, like Gecko) Chrome/144.0.0.0 Safari/537.36"
200.37.136.18 - - [05/May/2026:09:30:18 -0500] "GET /wp-content/uploads/2026/04/01.jpeg HTTP/1.1" 200 3132 "https://www.ensad.edu.pe/" "Mozilla/5.0 (Windows NT 10.0; Win64; x64) AppleWebKit/537.36 (KHTML, like Gecko) Chrome/144.0.0.0 Safari/537.36"
200.37.136.18 - - [05/May/2026:09:30:18 -0500] "GET /wp-content/uploads/2026/04/E-12-1.png HTTP/1.1" 200 4596 "https://www.ensad.edu.pe/" "Mozilla/5.0 (Windows NT 10.0; Win64; x64) AppleWebKit/537.36 (KHTML, like Gecko) Chrome/144.0.0.0 Safari/537.36"
200.37.136.18 - - [05/May/2026:09:30:18 -0500] "GET /wp-content/uploads/2024/01/banner_fondo.jpg HTTP/1.1" 200 188152 "https://www.ensad.edu.pe/" "Mozilla/5.0 (Windows NT 10.0; Win64; x64) AppleWebKit/537.36 (KHTML, like Gecko) Chrome/144.0.0.0 Safari/537.36"
200.37.136.18 - - [05/May/2026:09:30:18 -0500] "GET /wp-content/uploads/2024/10/banner_revista_liminal.jpg HTTP/1.1" 200 162885 "https://www.ensad.edu.pe/" "Mozilla/5.0 (Windows NT 10.0; Win64; x64) AppleWebKit/537.36 (KHTML, like Gecko) Chrome/144.0.0.0 Safari/537.36"
200.37.136.18 - - [05/May/2026:09:30:18 -0500] "GET /wp-content/uploads/2025/03/b_unae_web.jpg HTTP/1.1" 200 163513 "https://www.ensad.edu.pe/" "Mozilla/5.0 (Windows NT 10.0; Win64; x64) AppleWebKit/537.36 (KHTML, like Gecko) Chrome/144.0.0.0 Safari/537.36"
200.37.205.138 - - [05/May/2026:09:30:18 -0500] "GET /wp-content/uploads/2024/10/BannerWeb.png HTTP/1.1" 200 237474 "https://www.ensad.edu.pe/" "Mozilla/5.0 (Windows NT 10.0; Win64; x64) AppleWebKit/537.36 (KHTML, like Gecko) Chrome/144.0.0.0 Safari/537.36"
200.37.136.18 - - [05/May/2026:09:30:19 -0500] "GET /wp-content/uploads/2026/04/N-13-1.png HTTP/1.1" 200 6646 "https://www.ensad.edu.pe/" "Mozilla/5.0 (Windows NT 10.0; Win64; x64) AppleWebKit/537.36 (KHTML, like Gecko) Chrome/144.0.0.0 Safari/537.36"
200.37.205.138 - - [05/May/2026:09:30:19 -0500] "GET /wp-content/uploads/2026/04/S-14-1.png HTTP/1.1" 200 5173 "https://www.ensad.edu.pe/" "Mozilla/5.0 (Windows NT 10.0; Win64; x64) AppleWebKit/537.36 (KHTML, like Gecko) Chrome/144.0.0.0 Safari/537.36"
200.37.136.18 - - [05/May/2026:09:30:19 -0500] "GET /wp-content/uploads/2026/04/A-15-1.png HTTP/1.1" 200 4561 "https://www.ensad.edu.pe/" "Mozilla/5.0 (Windows NT 10.0; Win64; x64) AppleWebKit/537.36 (KHTML, like Gecko) Chrome/144.0.0.0 Safari/537.36"
200.37.205.138 - - [05/May/2026:09:30:19 -0500] "GET /wp-content/uploads/2026/04/D-16-1.png HTTP/1.1" 200 4727 "https://www.ensad.edu.pe/" "Mozilla/5.0 (Windows NT 10.0; Win64; x64) AppleWebKit/537.36 (KHTML, like Gecko) Chrome/144.0.0.0 Safari/537.36"
200.37.136.18 - - [05/May/2026:09:30:19 -0500] "GET /wp-content/uploads/2024/03/quienes_somos.jpg HTTP/1.1" 200 131381 "https://www.ensad.edu.pe/" "Mozilla/5.0 (Windows NT 10.0; Win64; x64) AppleWebKit/537.36 (KHTML, like Gecko) Chrome/144.0.0.0 Safari/537.36"
200.37.205.138 - - [05/May/2026:09:30:19 -0500] "GET /wp-content/plugins/wow-divi-carousel/assets/vendor/slick/ajax-loader.gif HTTP/1.1" 200 4178 "https://www.ensad.edu.pe/wp-content/plugins/wow-divi-carousel/assets/vendor/slick/slick-theme.css?ver=1.4.2" "Mozilla/5.0 (Windows NT 10.0; Win64; x64) AppleWebKit/537.36 (KHTML, like Gecko) Chrome/144.0.0.0 Safari/537.36"
200.37.205.138 - - [05/May/2026:09:30:18 -0500] "GET /wp-content/uploads/2026/04/Slider_Admision2026.jpg HTTP/1.1" 200 411734 "https://www.ensad.edu.pe/" "Mozilla/5.0 (Windows NT 10.0; Win64; x64) AppleWebKit/537.36 (KHTML, like Gecko) Chrome/144.0.0.0 Safari/537.36"
200.37.136.18 - - [05/May/2026:09:30:19 -0500] "GET /wp-content/uploads/2023/02/educacion_icon.png HTTP/1.1" 200 2370 "https://www.ensad.edu.pe/" "Mozilla/5.0 (Windows NT 10.0; Win64; x64) AppleWebKit/537.36 (KHTML, like Gecko) Chrome/144.0.0.0 Safari/537.36"
200.37.205.138 - - [05/May/2026:09:30:19 -0500] "GET /wp-content/uploads/2023/02/diseno_logo-300x300.png HTTP/1.1" 200 1201 "https://www.ensad.edu.pe/" "Mozilla/5.0 (Windows NT 10.0; Win64; x64) AppleWebKit/537.36 (KHTML, like Gecko) Chrome/144.0.0.0 Safari/537.36"
200.37.136.18 - - [05/May/2026:09:30:19 -0500] "GET /wp-content/uploads/2023/02/actuacion_icon.png HTTP/1.1" 200 6083 "https://www.ensad.edu.pe/" "Mozilla/5.0 (Windows NT 10.0; Win64; x64) AppleWebKit/537.36 (KHTML, like Gecko) Chrome/144.0.0.0 Safari/537.36"
103.59.160.219 - - [05/May/2026:09:30:23 -0500] "POST /xmlrpc.php HTTP/1.1" 503 7117 "-" "python-httpx/0.22.0"
167.86.88.122 - - [05/May/2026:09:30:33 -0500] "POST /?wordfence_syncAttackData=1777991433.2079 HTTP/1.1" 200 20 "https://www.ensad.edu.pe/?wordfence_syncAttackData=1777991433.2079" "WordPress/5.5.3; https://www.ensad.edu.pe"
51.68.247.216 - - [05/May/2026:09:30:33 -0500] "GET /ensad-abre-convocatoria-al-examen-de-admision-2025/ HTTP/1.1" 200 36668 "-" "Mozilla/5.0 (compatible; AhrefsBot/7.0; +http://ahrefs.com/robot/)"
103.59.160.219 - - [05/May/2026:09:30:36 -0500] "POST /xmlrpc.php HTTP/1.1" 503 7117 "-" "python-httpx/0.22.0"
103.59.160.219 - - [05/May/2026:09:30:48 -0500] "POST /xmlrpc.php HTTP/1.1" 503 7117 "-" "python-httpx/0.22.0"
47.79.192.62 - - [05/May/2026:09:30:48 -0500] "GET /wp-content/uploads/2024/10/21574_AEI_V.pdf HTTP/1.1" 200 7300346 "https://www.google.com/" "Mozilla/5.0 (Linux; Android 10; K) AppleWebKit/537.36 (KHTML, like Gecko) Chrome/133.0.0.0 Mobile Safari/537.36"
167.86.88.122 - - [05/May/2026:09:30:55 -0500] "POST /wp-cron.php?doing_wp_cron=1777991455.2489840984344482421875 HTTP/1.1" 200 20 "https://www.ensad.edu.pe/wp-cron.php?doing_wp_cron=1777991455.2489840984344482421875" "WordPress/5.5.3; https://www.ensad.edu.pe"
167.86.88.122 - - [05/May/2026:09:30:55 -0500] "POST /?wordfence_syncAttackData=1777991455.1508 HTTP/1.1" 200 20 "https://www.ensad.edu.pe/?wordfence_syncAttackData=1777991455.1508" "WordPress/5.5.3; https://www.ensad.edu.pe"
200.37.205.138 - - [05/May/2026:09:30:55 -0500] "GET /favicon.ico HTTP/1.1" 302 20 "https://www.ensad.edu.pe/" "Mozilla/5.0 (Windows NT 10.0; Win64; x64) AppleWebKit/537.36 (KHTML, like Gecko) Chrome/144.0.0.0 Safari/537.36"
200.37.205.138 - - [05/May/2026:09:30:55 -0500] "GET /wp-content/uploads/2026/04/cropped-unae_favico-32x32.png HTTP/1.1" 200 272 "https://www.ensad.edu.pe/" "Mozilla/5.0 (Windows NT 10.0; Win64; x64) AppleWebKit/537.36 (KHTML, like Gecko) Chrome/144.0.0.0 Safari/537.36"
66.249.73.232 - - [05/May/2026:09:30:56 -0500] "GET /wp-content/uploads/2026/03/2003_HORARIO-ACT_MANANA_2026-I.pdf HTTP/1.1" 200 488174 "-" "Mozilla/5.0 (Linux; Android 6.0.1; Nexus 5X Build/MMB29P) AppleWebKit/537.36 (KHTML, like Gecko) Chrome/147.0.7727.137 Mobile Safari/537.36 (compatible; Googlebot/2.1; +http://www.google.com/bot.html)"
103.59.160.219 - - [05/May/2026:09:30:58 -0500] "POST /xmlrpc.php HTTP/1.1" 503 7117 "-" "python-httpx/0.22.0"
167.86.88.122 - - [05/May/2026:09:31:04 -0500] "POST /?wordfence_syncAttackData=1777991464.8143 HTTP/1.1" 200 20 "https://www.ensad.edu.pe/?wordfence_syncAttackData=1777991464.8143" "WordPress/5.5.3; https://www.ensad.edu.pe"
54.37.118.65 - - [05/May/2026:09:31:04 -0500] "GET /danza-afroperuana-yuyachkani-ana-marko/ HTTP/1.1" 200 33342 "-" "Mozilla/5.0 (compatible; AhrefsBot/7.0; +http://ahrefs.com/robot/)"
103.59.160.219 - - [05/May/2026:09:31:10 -0500] "POST /xmlrpc.php HTTP/1.1" 503 7117 "-" "python-httpx/0.22.0"
167.86.88.122 - - [05/May/2026:09:31:22 -0500] "POST /?wordfence_syncAttackData=1777991482.4305 HTTP/1.1" 200 20 "https://www.ensad.edu.pe/?wordfence_syncAttackData=1777991482.4305" "WordPress/5.5.3; https://www.ensad.edu.pe"
51.79.151.214 - - [05/May/2026:09:31:23 -0500] "GET / HTTP/1.1" 200 38423 "-" "Mozilla/5.0 (Linux; Android 11; CPH2185) AppleWebKit/537.36 (KHTML, like Gecko) Chrome/91.0.4472.101 Mobile Safari/537.36"
167.86.88.122 - - [05/May/2026:09:31:30 -0500] "POST /wp-cron.php?doing_wp_cron=1777991490.8075990676879882812500 HTTP/1.1" 200 20 "https://www.ensad.edu.pe/wp-cron.php?doing_wp_cron=1777991490.8075990676879882812500" "WordPress/5.5.3; https://www.ensad.edu.pe"
51.68.247.221 - - [05/May/2026:09:31:30 -0500] "GET /estudioteatro/ HTTP/1.1" 200 33324 "-" "Mozilla/5.0 (compatible; AhrefsBot/7.0; +http://ahrefs.com/robot/)"
202.8.43.196 - - [05/May/2026:09:31:32 -0500] "GET /wp-content/plugins/eventON/assets/fonts/fa-brands-400.woff2 HTTP/1.1" 200 76548 "https://www.ensad.edu.pe/wp-content/plugins/eventON/assets/fonts/all.css?ver=3.0.2" "Mozilla/5.0 (compatible; AhrefsBot/7.0; +http://ahrefs.com/robot/)"
202.8.43.196 - - [05/May/2026:09:31:32 -0500] "GET /wp-content/plugins/supreme-modules-pro-for-divi/public/js/revealFX.js?ver=3.9.92 HTTP/1.1" 200 1080 "https://www.ensad.edu.pe/estudioteatro/" "Mozilla/5.0 (compatible; AhrefsBot/7.0; +http://ahrefs.com/robot/)"
202.8.43.196 - - [05/May/2026:09:31:32 -0500] "GET /wp-content/themes/Divi/core/admin/fonts/modules.ttf HTTP/1.1" 200 37445 "https://www.ensad.edu.pe/wp-content/themes/Divi/style.css?ver=5.5.3" "Mozilla/5.0 (compatible; AhrefsBot/7.0; +http://ahrefs.com/robot/)"
202.8.43.196 - - [05/May/2026:09:31:32 -0500] "GET /wp-content/plugins/supreme-modules-pro-for-divi/public/js/gsap.min.js?ver=3.9.92 HTTP/1.1" 200 23618 "https://www.ensad.edu.pe/estudioteatro/" "Mozilla/5.0 (compatible; AhrefsBot/7.0; +http://ahrefs.com/robot/)"
202.8.43.196 - - [05/May/2026:09:31:32 -0500] "GET /wp-content/plugins/supreme-modules-pro-for-divi/includes/modules/BlockRevealText/frontend.min.js?ver=3.9.92 HTTP/1.1" 200 365 "https://www.ensad.edu.pe/estudioteatro/" "Mozilla/5.0 (compatible; AhrefsBot/7.0; +http://ahrefs.com/robot/)"
5.161.118.194 - - [05/May/2026:09:31:32 -0500] "GET / HTTP/1.1" 200 38422 "-" "Better Uptime Bot Mozilla/5.0 (Windows NT 10.0; Win64; x64) AppleWebKit/537.36 (KHTML, like Gecko) Chrome/74.0.3729.169 Safari/537.36"
167.86.88.122 - - [05/May/2026:09:31:58 -0500] "POST /wp-cron.php?doing_wp_cron=1777991518.1446480751037597656250 HTTP/1.1" 200 20 "https://www.ensad.edu.pe/wp-cron.php?doing_wp_cron=1777991518.1446480751037597656250" "WordPress/5.5.3; https://www.ensad.edu.pe"
94.23.188.215 - - [05/May/2026:09:31:58 -0500] "GET /concurso-dramaturgia-2019/ HTTP/1.1" 200 31737 "-" "Mozilla/5.0 (compatible; AhrefsBot/7.0; +http://ahrefs.com/robot/)"
202.8.43.128 - - [05/May/2026:09:31:59 -0500] "GET /wp-content/themes/Divi/core/admin/fonts/modules.ttf HTTP/1.1" 200 37445 "https://www.ensad.edu.pe/wp-content/themes/Divi/style.css?ver=5.5.3" "Mozilla/5.0 (compatible; AhrefsBot/7.0; +http://ahrefs.com/robot/)"
103.59.160.219 - - [05/May/2026:09:32:02 -0500] "POST /xmlrpc.php HTTP/1.1" 503 7117 "-" "python-httpx/0.22.0"
167.86.88.122 - - [05/May/2026:09:32:33 -0500] "POST /wp-cron.php?doing_wp_cron=1777991553.3300089836120605468750 HTTP/1.1" 200 20 "https://www.ensad.edu.pe/wp-cron.php?doing_wp_cron=1777991553.3300089836120605468750" "WordPress/5.5.3; https://www.ensad.edu.pe"
167.86.88.122 - - [05/May/2026:09:32:33 -0500] "POST /?wordfence_syncAttackData=1777991553.2389 HTTP/1.1" 200 20 "https://www.ensad.edu.pe/?wordfence_syncAttackData=1777991553.2389" "WordPress/5.5.3; https://www.ensad.edu.pe"
92.222.108.104 - - [05/May/2026:09:32:33 -0500] "GET /fondo-editorial-unae-presenta-el-libro-dramaturgia-joven-vi-en-la-sede-miraflores/ HTTP/1.1" 200 36681 "-" "Mozilla/5.0 (compatible; AhrefsBot/7.0; +http://ahrefs.com/robot/)"
167.86.88.122 - - [05/May/2026:09:32:46 -0500] "POST /wp-cron.php?doing_wp_cron=1777991566.0245459079742431640625 HTTP/1.1" 200 20 "https://www.ensad.edu.pe/wp-cron.php?doing_wp_cron=1777991566.0245459079742431640625" "WordPress/5.5.3; https://www.ensad.edu.pe"
176.31.139.11 - - [05/May/2026:09:32:45 -0500] "GET /paisdelmanana/ HTTP/1.1" 200 34012 "-" "Mozilla/5.0 (compatible; AhrefsBot/7.0; +http://ahrefs.com/robot/)"
202.8.43.114 - - [05/May/2026:09:32:48 -0500] "GET /wp-content/themes/Divi/core/admin/fonts/modules.ttf HTTP/1.1" 200 37445 "https://www.ensad.edu.pe/wp-content/themes/Divi/style.css?ver=5.5.3" "Mozilla/5.0 (compatible; AhrefsBot/7.0; +http://ahrefs.com/robot/)"
38.43.132.234 - - [05/May/2026:09:32:57 -0500] "POST /AutoDiscover/autodiscover.xml HTTP/1.1" 404 29915 "-" "Microsoft Office/16.0 (Windows NT 10.0; Microsoft Word 16.0.19929; Pro)"
54.37.118.76 - - [05/May/2026:09:33:03 -0500] "GET /unae-presenta-tres-clasicos-del-teatro-universal-en-el-ciclo-de-montajes-la-escena-en-transito-por-el-dia-mundial-del-teatro/ HTTP/1.1" 200 37766 "-" "Mozilla/5.0 (compatible; AhrefsBot/7.0; +http://ahrefs.com/robot/)"
167.86.88.122 - - [05/May/2026:09:33:16 -0500] "POST /wp-cron.php?doing_wp_cron=1777991596.2291460037231445312500 HTTP/1.1" 200 20 "https://www.ensad.edu.pe/wp-cron.php?doing_wp_cron=1777991596.2291460037231445312500" "WordPress/5.5.3; https://www.ensad.edu.pe"
51.75.236.132 - - [05/May/2026:09:33:16 -0500] "GET /solicitudes-aulas/diseno-escenografico/ HTTP/1.1" 200 33935 "-" "Mozilla/5.0 (compatible; AhrefsBot/7.0; +http://ahrefs.com/robot/)"
167.86.88.122 - - [05/May/2026:09:33:35 -0500] "POST /wp-cron.php?doing_wp_cron=1777991615.3175170421600341796875 HTTP/1.1" 200 20 "https://www.ensad.edu.pe/wp-cron.php?doing_wp_cron=1777991615.3175170421600341796875" "WordPress/5.5.3; https://www.ensad.edu.pe"
5.39.1.243 - - [05/May/2026:09:33:35 -0500] "GET /solicitudes-aulas/educacion-artistica/ HTTP/1.1" 200 33907 "-" "Mozilla/5.0 (compatible; AhrefsBot/7.0; +http://ahrefs.com/robot/)"
167.86.88.122 - - [05/May/2026:09:33:40 -0500] "POST /wp-cron.php?doing_wp_cron=1777991620.1213710308074951171875 HTTP/1.1" 200 20 "https://www.ensad.edu.pe/wp-cron.php?doing_wp_cron=1777991620.1213710308074951171875" "WordPress/5.5.3; https://www.ensad.edu.pe"
40.77.167.51 - - [05/May/2026:09:33:40 -0500] "GET /unae-abre-convocatoria-al-examen-de-admision-2026-para-sus-tres-carreras-profesionales/ HTTP/1.1" 200 36655 "-" "Mozilla/5.0 AppleWebKit/537.36 (KHTML, like Gecko; compatible; bingbot/2.0; +http://www.bing.com/bingbot.htm) Chrome/116.0.1938.76 Safari/537.36"
103.59.160.219 - - [05/May/2026:09:33:55 -0500] "POST /xmlrpc.php HTTP/1.1" 503 7117 "-" "python-httpx/0.22.0"
167.86.88.122 - - [05/May/2026:09:34:02 -0500] "POST /wp-cron.php?doing_wp_cron=1777991642.9559919834136962890625 HTTP/1.1" 200 20 "https://www.ensad.edu.pe/wp-cron.php?doing_wp_cron=1777991642.9559919834136962890625" "WordPress/5.5.3; https://www.ensad.edu.pe"
167.86.88.122 - - [05/May/2026:09:34:02 -0500] "POST /?wordfence_syncAttackData=1777991642.8524 HTTP/1.1" 200 20 "https://www.ensad.edu.pe/?wordfence_syncAttackData=1777991642.8524" "WordPress/5.5.3; https://www.ensad.edu.pe"
94.23.188.199 - - [05/May/2026:09:34:02 -0500] "GET /solicitudes-aulas/serv-academicos/admision/ HTTP/1.1" 404 31111 "-" "Mozilla/5.0 (compatible; AhrefsBot/7.0; +http://ahrefs.com/robot/)"
91.92.243.236 - - [05/May/2026:09:34:10 -0500] "POST /wp-login.php HTTP/1.1" 503 18947 "-" "Mozilla/5.0"
91.92.243.236 - - [05/May/2026:09:34:10 -0500] "POST /wp-login.php HTTP/1.1" 503 18947 "-" "Mozilla/5.0"
176.31.139.13 - - [05/May/2026:09:34:27 -0500] "GET /cined2020/ HTTP/1.1" 404 31087 "-" "Mozilla/5.0 (compatible; AhrefsBot/7.0; +http://ahrefs.com/robot/)"
92.222.108.125 - - [05/May/2026:09:34:34 -0500] "GET /wp-content/uploads/2022/05/portada_dj.jpg HTTP/1.1" 200 325075 "-" "Mozilla/5.0 (compatible; AhrefsBot/7.0; +http://ahrefs.com/robot/)"
54.37.118.81 - - [05/May/2026:09:34:36 -0500] "GET /wp-content/uploads/2022/05/afiche-dramaturgia-01.png HTTP/1.1" 200 144567 "-" "Mozilla/5.0 (compatible; AhrefsBot/7.0; +http://ahrefs.com/robot/)"
103.59.160.219 - - [05/May/2026:09:34:44 -0500] "POST /xmlrpc.php HTTP/1.1" 503 7117 "-" "python-httpx/0.22.0"
167.86.88.122 - - [05/May/2026:09:34:49 -0500] "POST /?wordfence_syncAttackData=1777991689.9077 HTTP/1.1" 200 20 "https://www.ensad.edu.pe/?wordfence_syncAttackData=1777991689.9077" "WordPress/5.5.3; https://www.ensad.edu.pe"
92.222.104.201 - - [05/May/2026:09:34:49 -0500] "GET /somos-unae-se-promulgo-la-ley/serv-academicos/admision/ HTTP/1.1" 404 31111 "-" "Mozilla/5.0 (compatible; AhrefsBot/7.0; +http://ahrefs.com/robot/)"
2a06:98c0:3600::103 - - [05/May/2026:09:35:00 -0500] "GET /ettien/talleres-actividades-ettien/ HTTP/1.1" 200 30097 "-" "Mozilla/5.0 (X11; Linux x86_64) AppleWebKit/537.36 (KHTML, like Gecko) Chrome/83.0.4103.7 Safari/537.36"
167.86.88.122 - - [05/May/2026:09:35:06 -0500] "POST /wp-cron.php?doing_wp_cron=1777991706.5872559547424316406250 HTTP/1.1" 200 20 "https://www.ensad.edu.pe/wp-cron.php?doing_wp_cron=1777991706.5872559547424316406250" "WordPress/5.5.3; https://www.ensad.edu.pe"
92.222.104.206 - - [05/May/2026:09:35:06 -0500] "GET /convenio-icpna/ HTTP/1.1" 200 35817 "-" "Mozilla/5.0 (compatible; AhrefsBot/7.0; +http://ahrefs.com/robot/)"
54.37.118.92 - - [05/May/2026:09:35:22 -0500] "GET /informe-presupuestal-y-contable/ HTTP/1.1" 404 31087 "-" "Mozilla/5.0 (compatible; AhrefsBot/7.0; +http://ahrefs.com/robot/)"
103.59.160.219 - - [05/May/2026:09:35:26 -0500] "POST /xmlrpc.php HTTP/1.1" 503 7304 "-" "python-httpx/0.22.0"
167.86.88.122 - - [05/May/2026:09:35:45 -0500] "POST /wp-cron.php?doing_wp_cron=1777991745.8112030029296875000000 HTTP/1.1" 200 20 "https://www.ensad.edu.pe/wp-cron.php?doing_wp_cron=1777991745.8112030029296875000000" "WordPress/5.5.3; https://www.ensad.edu.pe"
176.31.139.17 - - [05/May/2026:09:35:45 -0500] "GET /memoria-cined-2020 HTTP/1.1" 404 31087 "-" "Mozilla/5.0 (compatible; AhrefsBot/7.0; +http://ahrefs.com/robot/)"
167.86.88.122 - - [05/May/2026:09:36:12 -0500] "POST /wp-cron.php?doing_wp_cron=1777991772.7910289764404296875000 HTTP/1.1" 200 20 "https://www.ensad.edu.pe/wp-cron.php?doing_wp_cron=1777991772.7910289764404296875000" "WordPress/5.5.3; https://www.ensad.edu.pe"
92.222.104.195 - - [05/May/2026:09:36:12 -0500] "GET /directorio/ HTTP/1.1" 301 20 "-" "Mozilla/5.0 (compatible; AhrefsBot/7.0; +http://ahrefs.com/robot/)"
103.59.160.219 - - [05/May/2026:09:36:20 -0500] "POST /xmlrpc.php HTTP/1.1" 503 7117 "-" "python-httpx/0.22.0"
167.86.88.122 - - [05/May/2026:09:36:23 -0500] "POST /wp-cron.php?doing_wp_cron=1777991783.8621659278869628906250 HTTP/1.1" 200 20 "https://www.ensad.edu.pe/wp-cron.php?doing_wp_cron=1777991783.8621659278869628906250" "WordPress/5.5.3; https://www.ensad.edu.pe"
167.86.88.122 - - [05/May/2026:09:36:23 -0500] "POST /?wordfence_syncAttackData=1777991783.7619 HTTP/1.1" 200 20 "https://www.ensad.edu.pe/?wordfence_syncAttackData=1777991783.7619" "WordPress/5.5.3; https://www.ensad.edu.pe"
162.120.186.113 - - [05/May/2026:09:36:23 -0500] "GET /inicioo/ HTTP/1.1" 200 38719 "https://www.google.com/" "Mozilla/5.0 (Windows NT 10.0; Win64; x64) AppleWebKit/537.36 (KHTML, like Gecko) Chrome/147.0.0.0 Safari/537.36"
181.66.177.49 - - [05/May/2026:09:36:24 -0500] "GET /inicioo/ HTTP/1.1" 200 38719 "https://www.google.com/" "Mozilla/5.0 (Windows NT 10.0; Win64; x64) AppleWebKit/537.36 (KHTML, like Gecko) Chrome/147.0.0.0 Safari/537.36"
193.186.4.249 - - [05/May/2026:09:36:26 -0500] "GET /serv-academicos/admision/ HTTP/1.1" 200 42480 "https://www.google.com/" "Mozilla/5.0 (Windows NT 10.0; Win64; x64) AppleWebKit/537.36 (KHTML, like Gecko) Chrome/147.0.0.0 Safari/537.36"
181.66.177.49 - - [05/May/2026:09:36:27 -0500] "GET /wp-content/themes/Divi/core/admin/fonts/modules.ttf HTTP/1.1" 304 - "https://www.ensad.edu.pe/wp-content/themes/Divi/style.css?ver=5.5.3" "Mozilla/5.0 (Windows NT 10.0; Win64; x64) AppleWebKit/537.36 (KHTML, like Gecko) Chrome/147.0.0.0 Safari/537.36"
181.66.177.49 - - [05/May/2026:09:36:27 -0500] "GET /wp-content/uploads/2021/07/art3-300x219.jpg HTTP/1.1" 200 20380 "https://www.ensad.edu.pe/inicioo/" "Mozilla/5.0 (Windows NT 10.0; Win64; x64) AppleWebKit/537.36 (KHTML, like Gecko) Chrome/147.0.0.0 Safari/537.36"
181.66.177.49 - - [05/May/2026:09:36:27 -0500] "GET /wp-content/uploads/2021/07/art1-300x215.jpg HTTP/1.1" 200 14326 "https://www.ensad.edu.pe/inicioo/" "Mozilla/5.0 (Windows NT 10.0; Win64; x64) AppleWebKit/537.36 (KHTML, like Gecko) Chrome/147.0.0.0 Safari/537.36"
181.66.177.49 - - [05/May/2026:09:36:28 -0500] "GET /wp-content/uploads/2021/07/Alondra-300x215.jpg HTTP/1.1" 200 18423 "https://www.ensad.edu.pe/inicioo/" "Mozilla/5.0 (Windows NT 10.0; Win64; x64) AppleWebKit/537.36 (KHTML, like Gecko) Chrome/147.0.0.0 Safari/537.36"
181.66.177.49 - - [05/May/2026:09:36:27 -0500] "GET /wp-content/uploads/2020/11/WhatsApp-Image-2020-11-21-at-1.19.01-PM.jpeg HTTP/1.1" 404 29934 "https://www.ensad.edu.pe/inicioo/" "Mozilla/5.0 (Windows NT 10.0; Win64; x64) AppleWebKit/537.36 (KHTML, like Gecko) Chrome/147.0.0.0 Safari/537.36"
181.66.177.49 - - [05/May/2026:09:36:27 -0500] "GET /wp-content/uploads/2020/11/E-12-1.png HTTP/1.1" 404 29934 "https://www.ensad.edu.pe/inicioo/" "Mozilla/5.0 (Windows NT 10.0; Win64; x64) AppleWebKit/537.36 (KHTML, like Gecko) Chrome/147.0.0.0 Safari/537.36"
181.66.177.49 - - [05/May/2026:09:36:28 -0500] "GET /wp-content/uploads/2023/02/ed_art_portada.jpg HTTP/1.1" 200 101360 "https://www.ensad.edu.pe/inicioo/" "Mozilla/5.0 (Windows NT 10.0; Win64; x64) AppleWebKit/537.36 (KHTML, like Gecko) Chrome/147.0.0.0 Safari/537.36"
181.66.177.49 - - [05/May/2026:09:36:28 -0500] "GET /wp-content/uploads/2020/11/D-16-1.png HTTP/1.1" 404 29934 "https://www.ensad.edu.pe/inicioo/" "Mozilla/5.0 (Windows NT 10.0; Win64; x64) AppleWebKit/537.36 (KHTML, like Gecko) Chrome/147.0.0.0 Safari/537.36"
181.66.177.49 - - [05/May/2026:09:36:27 -0500] "GET /wp-content/uploads/2023/02/diseno_portada.jpg HTTP/1.1" 200 235060 "https://www.ensad.edu.pe/inicioo/" "Mozilla/5.0 (Windows NT 10.0; Win64; x64) AppleWebKit/537.36 (KHTML, like Gecko) Chrome/147.0.0.0 Safari/537.36"
181.66.177.49 - - [05/May/2026:09:36:29 -0500] "GET /wp-content/plugins/wow-divi-carousel/assets/imgs/loading.png HTTP/1.1" 200 325 "https://www.ensad.edu.pe/wp-content/plugins/wow-divi-carousel/assets/css/module-core.css?ver=5.5.3" "Mozilla/5.0 (Windows NT 10.0; Win64; x64) AppleWebKit/537.36 (KHTML, like Gecko) Chrome/147.0.0.0 Safari/537.36"
181.66.177.49 - - [05/May/2026:09:36:30 -0500] "GET /wp-content/uploads/2023/02/logo_actuacion_-300x300.png HTTP/1.1" 200 6318 "https://www.ensad.edu.pe/inicioo/" "Mozilla/5.0 (Windows NT 10.0; Win64; x64) AppleWebKit/537.36 (KHTML, like Gecko) Chrome/147.0.0.0 Safari/537.36"
181.66.177.49 - - [05/May/2026:09:36:28 -0500] "GET /wp-content/uploads/2021/05/banner20.jpg HTTP/1.1" 200 313619 "https://www.ensad.edu.pe/inicioo/" "Mozilla/5.0 (Windows NT 10.0; Win64; x64) AppleWebKit/537.36 (KHTML, like Gecko) Chrome/147.0.0.0 Safari/537.36"
181.66.177.49 - - [05/May/2026:09:36:29 -0500] "GET /wp-content/uploads/2020/11/N-13-1.png HTTP/1.1" 404 29934 "https://www.ensad.edu.pe/inicioo/" "Mozilla/5.0 (Windows NT 10.0; Win64; x64) AppleWebKit/537.36 (KHTML, like Gecko) Chrome/147.0.0.0 Safari/537.36"
181.66.177.49 - - [05/May/2026:09:36:30 -0500] "GET /wp-content/uploads/2023/02/porque_seccion.jpg HTTP/1.1" 200 57435 "https://www.ensad.edu.pe/inicioo/" "Mozilla/5.0 (Windows NT 10.0; Win64; x64) AppleWebKit/537.36 (KHTML, like Gecko) Chrome/147.0.0.0 Safari/537.36"
181.66.177.49 - - [05/May/2026:09:36:29 -0500] "GET /wp-content/uploads/2020/11/S-14-1.png HTTP/1.1" 404 29934 "https://www.ensad.edu.pe/inicioo/" "Mozilla/5.0 (Windows NT 10.0; Win64; x64) AppleWebKit/537.36 (KHTML, like Gecko) Chrome/147.0.0.0 Safari/537.36"
181.66.177.49 - - [05/May/2026:09:36:29 -0500] "GET /wp-content/uploads/2020/11/A-15-1.png HTTP/1.1" 404 29934 "https://www.ensad.edu.pe/inicioo/" "Mozilla/5.0 (Windows NT 10.0; Win64; x64) AppleWebKit/537.36 (KHTML, like Gecko) Chrome/147.0.0.0 Safari/537.36"
181.66.177.49 - - [05/May/2026:09:36:29 -0500] "GET /wp-content/uploads/2020/11/LOGO-DISENO-ESCENOGRAFICO-LINEA-BLANCA-08-150x150.png HTTP/1.1" 404 29934 "https://www.ensad.edu.pe/inicioo/" "Mozilla/5.0 (Windows NT 10.0; Win64; x64) AppleWebKit/537.36 (KHTML, like Gecko) Chrome/147.0.0.0 Safari/537.36"
181.66.177.49 - - [05/May/2026:09:36:30 -0500] "GET /wp-content/uploads/2020/11/LOGO-EDUCACION-ARTISTICA-LINEA-BLANCA-10-300x300.png HTTP/1.1" 404 29934 "https://www.ensad.edu.pe/inicioo/" "Mozilla/5.0 (Windows NT 10.0; Win64; x64) AppleWebKit/537.36 (KHTML, like Gecko) Chrome/147.0.0.0 Safari/537.36"
181.66.177.49 - - [05/May/2026:09:36:31 -0500] "GET /wp-content/uploads/2021/02/presentacion-dramaturgia-joven-ii-01.jpg HTTP/1.1" 200 1824755 "https://www.ensad.edu.pe/inicioo/" "Mozilla/5.0 (Windows NT 10.0; Win64; x64) AppleWebKit/537.36 (KHTML, like Gecko) Chrome/147.0.0.0 Safari/537.36"
162.55.165.86 - - [05/May/2026:09:36:36 -0500] "GET / HTTP/1.1" 200 38422 "-" "Better Uptime Bot Mozilla/5.0 (Windows NT 10.0; Win64; x64) AppleWebKit/537.36 (KHTML, like Gecko) Chrome/74.0.3729.169 Safari/537.36"
167.86.88.122 - - [05/May/2026:09:36:42 -0500] "POST /wp-cron.php?doing_wp_cron=1777991802.8623700141906738281250 HTTP/1.1" 200 20 "https://www.ensad.edu.pe/wp-cron.php?doing_wp_cron=1777991802.8623700141906738281250" "WordPress/5.5.3; https://www.ensad.edu.pe"
92.222.104.201 - - [05/May/2026:09:36:42 -0500] "GET /01-silvana-bustos/ HTTP/1.1" 404 31087 "-" "Mozilla/5.0 (compatible; AhrefsBot/7.0; +http://ahrefs.com/robot/)"
167.86.88.122 - - [05/May/2026:09:36:57 -0500] "POST /wp-cron.php?doing_wp_cron=1777991817.4410519599914550781250 HTTP/1.1" 200 20 "https://www.ensad.edu.pe/wp-cron.php?doing_wp_cron=1777991817.4410519599914550781250" "WordPress/5.5.3; https://www.ensad.edu.pe"
162.120.185.240 - - [05/May/2026:09:36:57 -0500] "GET /serv-academicos/admision/ HTTP/1.1" 200 42480 "https://www.google.com/" "Mozilla/5.0 (Windows NT 10.0; Win64; x64) AppleWebKit/537.36 (KHTML, like Gecko) Chrome/147.0.0.0 Safari/537.36"
181.66.177.49 - - [05/May/2026:09:36:58 -0500] "GET /serv-academicos/admision/ HTTP/1.1" 200 42480 "https://www.google.com/" "Mozilla/5.0 (Windows NT 10.0; Win64; x64) AppleWebKit/537.36 (KHTML, like Gecko) Chrome/147.0.0.0 Safari/537.36"
181.66.177.49 - - [05/May/2026:09:37:00 -0500] "GET /wp-content/plugins/wpdatatables/integrations/starter/page-builders/divi-wpdt/styles/divi-wpdt.css?ver=7.3.5 HTTP/1.1" 200 225 "https://www.ensad.edu.pe/serv-academicos/admision/" "Mozilla/5.0 (Windows NT 10.0; Win64; x64) AppleWebKit/537.36 (KHTML, like Gecko) Chrome/147.0.0.0 Safari/537.36"
181.66.177.49 - - [05/May/2026:09:37:00 -0500] "GET /wp-content/plugins/gtranslate/gtranslate-style24.css?ver=5.5.3 HTTP/1.1" 200 299 "https://www.ensad.edu.pe/serv-academicos/admision/" "Mozilla/5.0 (Windows NT 10.0; Win64; x64) AppleWebKit/537.36 (KHTML, like Gecko) Chrome/147.0.0.0 Safari/537.36"
181.66.177.49 - - [05/May/2026:09:37:00 -0500] "GET /wp-content/plugins/formidable/css/formidableforms.css?ver=5181606 HTTP/1.1" 200 8581 "https://www.ensad.edu.pe/serv-academicos/admision/" "Mozilla/5.0 (Windows NT 10.0; Win64; x64) AppleWebKit/537.36 (KHTML, like Gecko) Chrome/147.0.0.0 Safari/537.36"
181.66.177.49 - - [05/May/2026:09:37:00 -0500] "GET /wp-includes/css/dist/block-library/style.min.css?ver=5.5.3 HTTP/1.1" 200 7907 "https://www.ensad.edu.pe/serv-academicos/admision/" "Mozilla/5.0 (Windows NT 10.0; Win64; x64) AppleWebKit/537.36 (KHTML, like Gecko) Chrome/147.0.0.0 Safari/537.36"
181.66.177.49 - - [05/May/2026:09:37:00 -0500] "GET /wp-content/plugins/superb-social-share-and-follow-buttons//assets/css/frontend.css?ver=101.0.0 HTTP/1.1" 200 2157 "https://www.ensad.edu.pe/serv-academicos/admision/" "Mozilla/5.0 (Windows NT 10.0; Win64; x64) AppleWebKit/537.36 (KHTML, like Gecko) Chrome/147.0.0.0 Safari/537.36"
181.66.177.49 - - [05/May/2026:09:37:00 -0500] "GET /wp-content/plugins/popups-for-divi/styles/front.min.css?ver=3.0.5 HTTP/1.1" 200 1641 "https://www.ensad.edu.pe/serv-academicos/admision/" "Mozilla/5.0 (Windows NT 10.0; Win64; x64) AppleWebKit/537.36 (KHTML, like Gecko) Chrome/147.0.0.0 Safari/537.36"
162.120.185.240 - - [05/May/2026:09:36:59 -0500] "GET /serv-academicos/ HTTP/1.1" 200 35627 "https://www.google.com/" "Mozilla/5.0 (Windows NT 10.0; Win64; x64) AppleWebKit/537.36 (KHTML, like Gecko) Chrome/147.0.0.0 Safari/537.36"
181.66.177.49 - - [05/May/2026:09:37:00 -0500] "GET /wp-content/plugins/wow-divi-carousel/assets/vendor/slick/slick.css?ver=1.4.2 HTTP/1.1" 200 569 "https://www.ensad.edu.pe/serv-academicos/admision/" "Mozilla/5.0 (Windows NT 10.0; Win64; x64) AppleWebKit/537.36 (KHTML, like Gecko) Chrome/147.0.0.0 Safari/537.36"
181.66.177.49 - - [05/May/2026:09:37:00 -0500] "GET /wp-content/plugins/wow-divi-carousel/assets/css/module-core.css?ver=5.5.3 HTTP/1.1" 200 3834 "https://www.ensad.edu.pe/serv-academicos/admision/" "Mozilla/5.0 (Windows NT 10.0; Win64; x64) AppleWebKit/537.36 (KHTML, like Gecko) Chrome/147.0.0.0 Safari/537.36"
181.66.177.49 - - [05/May/2026:09:37:00 -0500] "GET /wp-content/plugins/wow-divi-carousel/assets/vendor/slick/slick-theme.css?ver=1.4.2 HTTP/1.1" 200 866 "https://www.ensad.edu.pe/serv-academicos/admision/" "Mozilla/5.0 (Windows NT 10.0; Win64; x64) AppleWebKit/537.36 (KHTML, like Gecko) Chrome/147.0.0.0 Safari/537.36"
181.66.177.49 - - [05/May/2026:09:37:00 -0500] "GET /wp-content/themes/Divi-Child-Theme/style.css?ver=4.7.3 HTTP/1.1" 200 297 "https://www.ensad.edu.pe/serv-academicos/admision/" "Mozilla/5.0 (Windows NT 10.0; Win64; x64) AppleWebKit/537.36 (KHTML, like Gecko) Chrome/147.0.0.0 Safari/537.36"
181.66.177.49 - - [05/May/2026:09:37:00 -0500] "GET /wp-content/plugins/dflip/assets/css/themify-icons.min.css?ver=1.6.6 HTTP/1.1" 200 2814 "https://www.ensad.edu.pe/serv-academicos/admision/" "Mozilla/5.0 (Windows NT 10.0; Win64; x64) AppleWebKit/537.36 (KHTML, like Gecko) Chrome/147.0.0.0 Safari/537.36"
181.66.177.49 - - [05/May/2026:09:37:00 -0500] "GET /wp-content/themes/Divi/style.css?ver=5.5.3 HTTP/1.1" 200 81311 "https://www.ensad.edu.pe/serv-academicos/admision/" "Mozilla/5.0 (Windows NT 10.0; Win64; x64) AppleWebKit/537.36 (KHTML, like Gecko) Chrome/147.0.0.0 Safari/537.36"
181.66.177.49 - - [05/May/2026:09:37:00 -0500] "GET /wp-content/plugins/dflip/assets/css/dflip.min.css?ver=1.6.6 HTTP/1.1" 200 5343 "https://www.ensad.edu.pe/serv-academicos/admision/" "Mozilla/5.0 (Windows NT 10.0; Win64; x64) AppleWebKit/537.36 (KHTML, like Gecko) Chrome/147.0.0.0 Safari/537.36"
181.66.177.49 - - [05/May/2026:09:37:00 -0500] "GET /wp-content/plugins/eventON/assets/css/eventon_styles.css?ver=3.0.2 HTTP/1.1" 200 21261 "https://www.ensad.edu.pe/serv-academicos/admision/" "Mozilla/5.0 (Windows NT 10.0; Win64; x64) AppleWebKit/537.36 (KHTML, like Gecko) Chrome/147.0.0.0 Safari/537.36"
181.66.177.49 - - [05/May/2026:09:37:00 -0500] "GET /wp-content/plugins/eventON/assets/fonts/all.css?ver=3.0.2 HTTP/1.1" 200 13456 "https://www.ensad.edu.pe/serv-academicos/admision/" "Mozilla/5.0 (Windows NT 10.0; Win64; x64) AppleWebKit/537.36 (KHTML, like Gecko) Chrome/147.0.0.0 Safari/537.36"
181.66.177.49 - - [05/May/2026:09:37:00 -0500] "GET /wp-content/plugins/eventON/assets/css/eventon_dynamic_styles.css?ver=3.0.2 HTTP/1.1" 200 2255 "https://www.ensad.edu.pe/serv-academicos/admision/" "Mozilla/5.0 (Windows NT 10.0; Win64; x64) AppleWebKit/537.36 (KHTML, like Gecko) Chrome/147.0.0.0 Safari/537.36"
181.66.177.49 - - [05/May/2026:09:37:00 -0500] "GET /wp-content/plugins/supreme-modules-pro-for-divi/styles/style.min.css?ver=3.9.92 HTTP/1.1" 200 29914 "https://www.ensad.edu.pe/serv-academicos/admision/" "Mozilla/5.0 (Windows NT 10.0; Win64; x64) AppleWebKit/537.36 (KHTML, like Gecko) Chrome/147.0.0.0 Safari/537.36"
181.66.177.49 - - [05/May/2026:09:37:00 -0500] "GET /wp-content/plugins/wow-divi-carousel/styles/style.min.css?ver=1.0.0 HTTP/1.1" 200 4449 "https://www.ensad.edu.pe/serv-academicos/admision/" "Mozilla/5.0 (Windows NT 10.0; Win64; x64) AppleWebKit/537.36 (KHTML, like Gecko) Chrome/147.0.0.0 Safari/537.36"
181.66.177.49 - - [05/May/2026:09:37:00 -0500] "GET /wp-content/plugins/wpdatatables/integrations/starter/page-builders/divi-wpdt/styles/style.min.css?ver=1.0.0 HTTP/1.1" 200 1797 "https://www.ensad.edu.pe/serv-academicos/admision/" "Mozilla/5.0 (Windows NT 10.0; Win64; x64) AppleWebKit/537.36 (KHTML, like Gecko) Chrome/147.0.0.0 Safari/537.36"
181.66.177.49 - - [05/May/2026:09:37:00 -0500] "GET /wp-content/uploads/pum/pum-site-styles.css?generated=1747710144&ver=1.15.0 HTTP/1.1" 200 3468 "https://www.ensad.edu.pe/serv-academicos/admision/" "Mozilla/5.0 (Windows NT 10.0; Win64; x64) AppleWebKit/537.36 (KHTML, like Gecko) Chrome/147.0.0.0 Safari/537.36"
181.66.177.49 - - [05/May/2026:09:37:00 -0500] "GET /wp-includes/css/dashicons.min.css?ver=5.5.3 HTTP/1.1" 200 35722 "https://www.ensad.edu.pe/serv-academicos/admision/" "Mozilla/5.0 (Windows NT 10.0; Win64; x64) AppleWebKit/537.36 (KHTML, like Gecko) Chrome/147.0.0.0 Safari/537.36"
181.66.177.49 - - [05/May/2026:09:37:01 -0500] "GET /wp-includes/js/jquery/jquery.js?ver=1.12.4-wp HTTP/1.1" 200 33776 "https://www.ensad.edu.pe/serv-academicos/admision/" "Mozilla/5.0 (Windows NT 10.0; Win64; x64) AppleWebKit/537.36 (KHTML, like Gecko) Chrome/147.0.0.0 Safari/537.36"
181.66.177.49 - - [05/May/2026:09:37:01 -0500] "GET /wp-content/plugins/popups-for-divi/scripts/ie-compat.min.js?ver=3.0.5 HTTP/1.1" 200 3695 "https://www.ensad.edu.pe/serv-academicos/admision/" "Mozilla/5.0 (Windows NT 10.0; Win64; x64) AppleWebKit/537.36 (KHTML, like Gecko) Chrome/147.0.0.0 Safari/537.36"
181.66.177.49 - - [05/May/2026:09:37:01 -0500] "GET /wp-content/plugins/popups-for-divi/scripts/front.min.js?ver=3.0.5 HTTP/1.1" 200 21335 "https://www.ensad.edu.pe/serv-academicos/admision/" "Mozilla/5.0 (Windows NT 10.0; Win64; x64) AppleWebKit/537.36 (KHTML, like Gecko) Chrome/147.0.0.0 Safari/537.36"
181.66.177.49 - - [05/May/2026:09:37:01 -0500] "GET /wp-content/plugins/wow-divi-carousel/assets/vendor/slick/slick.min.js?ver=1.4.2 HTTP/1.1" 200 10519 "https://www.ensad.edu.pe/serv-academicos/admision/" "Mozilla/5.0 (Windows NT 10.0; Win64; x64) AppleWebKit/537.36 (KHTML, like Gecko) Chrome/147.0.0.0 Safari/537.36"
181.66.177.49 - - [05/May/2026:09:37:01 -0500] "GET /wp-content/plugins/wow-divi-carousel/assets/js/wow-divi-carousel.js?ver=1.4.2 HTTP/1.1" 200 45 "https://www.ensad.edu.pe/serv-academicos/admision/" "Mozilla/5.0 (Windows NT 10.0; Win64; x64) AppleWebKit/537.36 (KHTML, like Gecko) Chrome/147.0.0.0 Safari/537.36"
181.66.177.49 - - [05/May/2026:09:37:01 -0500] "GET /wp-content/themes/Divi/js/custom.unified.js?ver=4.7.3 HTTP/1.1" 200 135984 "https://www.ensad.edu.pe/serv-academicos/admision/" "Mozilla/5.0 (Windows NT 10.0; Win64; x64) AppleWebKit/537.36 (KHTML, like Gecko) Chrome/147.0.0.0 Safari/537.36"
181.66.177.49 - - [05/May/2026:09:37:01 -0500] "GET /wp-content/themes/Divi/core/admin/js/es6-promise.auto.min.js?ver=4.7.3 HTTP/1.1" 200 2684 "https://www.ensad.edu.pe/serv-academicos/admision/" "Mozilla/5.0 (Windows NT 10.0; Win64; x64) AppleWebKit/537.36 (KHTML, like Gecko) Chrome/147.0.0.0 Safari/537.36"
181.66.177.49 - - [05/May/2026:09:37:01 -0500] "GET /wp-content/themes/Divi/core/admin/js/recaptcha.js?ver=4.7.3 HTTP/1.1" 200 712 "https://www.ensad.edu.pe/serv-academicos/admision/" "Mozilla/5.0 (Windows NT 10.0; Win64; x64) AppleWebKit/537.36 (KHTML, like Gecko) Chrome/147.0.0.0 Safari/537.36"
181.66.177.49 - - [05/May/2026:09:37:01 -0500] "GET /wp-content/plugins/dflip/assets/js/dflip.min.js?ver=1.6.6 HTTP/1.1" 200 40479 "https://www.ensad.edu.pe/serv-academicos/admision/" "Mozilla/5.0 (Windows NT 10.0; Win64; x64) AppleWebKit/537.36 (KHTML, like Gecko) Chrome/147.0.0.0 Safari/537.36"
