167.86.88.122 - - [05/May/2026:07:24:28 -0500] "POST /?wordfence_syncAttackData=1777983868.3376 HTTP/1.1" 200 20 "https://www.ensad.edu.pe/?wordfence_syncAttackData=1777983868.3376" "WordPress/5.5.3; https://www.ensad.edu.pe"
190.12.84.3 - - [05/May/2026:07:24:28 -0500] "GET /favicon.ico HTTP/1.1" 302 20 "https://www.ensad.edu.pe/" "Mozilla/5.0 (Linux; Android 10; K) AppleWebKit/537.36 (KHTML, like Gecko) Chrome/138.0.0.0 Mobile Safari/537.36"
190.12.84.3 - - [05/May/2026:07:24:29 -0500] "GET /wp-content/uploads/2026/04/cropped-unae_favico-32x32.png HTTP/1.1" 200 272 "https://www.ensad.edu.pe/" "Mozilla/5.0 (Linux; Android 10; K) AppleWebKit/537.36 (KHTML, like Gecko) Chrome/138.0.0.0 Mobile Safari/537.36"
220.181.108.146 - - [05/May/2026:07:24:39 -0500] "GET /wp-content/uploads/2026/04/libro_unae0101.png HTTP/1.1" 200 54207 "-" "Baiduspider-image+(+http://www.baidu.com/search/spider.htm)"
103.59.160.219 - - [05/May/2026:07:24:50 -0500] "POST /xmlrpc.php HTTP/1.1" 503 7117 "-" "python-httpx/0.22.0"
167.86.88.122 - - [05/May/2026:07:24:50 -0500] "POST /?wordfence_syncAttackData=1777983890.9942 HTTP/1.1" 200 20 "https://www.ensad.edu.pe/?wordfence_syncAttackData=1777983890.9942" "WordPress/5.5.3; https://www.ensad.edu.pe"
190.12.84.3 - - [05/May/2026:07:24:50 -0500] "GET /serv-academicos/carreras/actuacion/ HTTP/1.1" 301 20 "https://www.ensad.edu.pe/" "Mozilla/5.0 (Linux; Android 10; K) AppleWebKit/537.36 (KHTML, like Gecko) Chrome/138.0.0.0 Mobile Safari/537.36"
190.12.84.3 - - [05/May/2026:07:24:51 -0500] "GET /solicitudes-aulas/actuacion/ HTTP/1.1" 200 34242 "https://www.ensad.edu.pe/" "Mozilla/5.0 (Linux; Android 10; K) AppleWebKit/537.36 (KHTML, like Gecko) Chrome/138.0.0.0 Mobile Safari/537.36"
190.12.84.3 - - [05/May/2026:07:24:53 -0500] "GET /wp-content/themes/Divi/core/admin/fonts/modules.ttf HTTP/1.1" 304 - "https://www.ensad.edu.pe/wp-content/themes/Divi/style.css?ver=5.5.3" "Mozilla/5.0 (Linux; Android 10; K) AppleWebKit/537.36 (KHTML, like Gecko) Chrome/138.0.0.0 Mobile Safari/537.36"
103.59.160.219 - - [05/May/2026:07:25:57 -0500] "POST /xmlrpc.php HTTP/1.1" 503 7117 "-" "python-httpx/0.22.0"
167.86.88.122 - - [05/May/2026:07:26:04 -0500] "POST /wp-cron.php?doing_wp_cron=1777983964.1027050018310546875000 HTTP/1.1" 200 20 "https://www.ensad.edu.pe/wp-cron.php?doing_wp_cron=1777983964.1027050018310546875000" "WordPress/5.5.3; https://www.ensad.edu.pe"
167.86.88.122 - - [05/May/2026:07:26:03 -0500] "POST /?wordfence_syncAttackData=1777983963.9215 HTTP/1.1" 200 20 "https://www.ensad.edu.pe/?wordfence_syncAttackData=1777983963.9215" "WordPress/5.5.3; https://www.ensad.edu.pe"
167.86.88.122 - - [05/May/2026:07:26:04 -0500] "POST /wp-cron.php?doing_wp_cron=1777983964.2195920944213867187500 HTTP/1.1" 200 20 "https://www.ensad.edu.pe/wp-cron.php?doing_wp_cron=1777983964.2195920944213867187500" "WordPress/5.5.3; https://www.ensad.edu.pe"
195.178.110.186 - - [05/May/2026:07:26:03 -0500] "GET / HTTP/1.1" 301 20 "-" "Mozilla/5.0 (X11; Linux x86_64) AppleWebKit/537.36 Chrome/122.0.0.0 Safari/537.36"
103.59.160.219 - - [05/May/2026:07:26:22 -0500] "POST /xmlrpc.php HTTP/1.1" 503 7118 "-" "python-httpx/0.22.0"
190.12.84.3 - - [05/May/2026:07:26:22 -0500] "GET /serv-academicos/guia-de-matricula/ HTTP/1.1" 200 39152 "https://www.google.com/" "Mozilla/5.0 (Linux; Android 10; K) AppleWebKit/537.36 (KHTML, like Gecko) Chrome/138.0.0.0 Mobile Safari/537.36"
190.12.84.3 - - [05/May/2026:07:26:24 -0500] "GET /wp-content/themes/Divi/core/admin/fonts/modules.ttf HTTP/1.1" 304 - "https://www.ensad.edu.pe/wp-content/themes/Divi/style.css?ver=5.5.3" "Mozilla/5.0 (Linux; Android 10; K) AppleWebKit/537.36 (KHTML, like Gecko) Chrome/138.0.0.0 Mobile Safari/537.36"
190.12.84.3 - - [05/May/2026:07:26:24 -0500] "GET /wp-content/uploads/2026/03/m26_top_img.png HTTP/1.1" 200 12843 "https://www.ensad.edu.pe/serv-academicos/guia-de-matricula/" "Mozilla/5.0 (Linux; Android 10; K) AppleWebKit/537.36 (KHTML, like Gecko) Chrome/138.0.0.0 Mobile Safari/537.36"
190.12.84.3 - - [05/May/2026:07:26:24 -0500] "GET /wp-content/uploads/2025/07/gm-01.jpg HTTP/1.1" 200 76731 "https://www.ensad.edu.pe/serv-academicos/guia-de-matricula/" "Mozilla/5.0 (Linux; Android 10; K) AppleWebKit/537.36 (KHTML, like Gecko) Chrome/138.0.0.0 Mobile Safari/537.36"
190.12.84.3 - - [05/May/2026:07:26:25 -0500] "GET /wp-content/uploads/2025/07/gm-02.jpg HTTP/1.1" 200 58114 "https://www.ensad.edu.pe/serv-academicos/guia-de-matricula/" "Mozilla/5.0 (Linux; Android 10; K) AppleWebKit/537.36 (KHTML, like Gecko) Chrome/138.0.0.0 Mobile Safari/537.36"
190.12.84.3 - - [05/May/2026:07:26:26 -0500] "GET /wp-content/uploads/2025/07/topb2025.jpg HTTP/1.1" 200 50524 "https://www.ensad.edu.pe/serv-academicos/guia-de-matricula/" "Mozilla/5.0 (Linux; Android 10; K) AppleWebKit/537.36 (KHTML, like Gecko) Chrome/138.0.0.0 Mobile Safari/537.36"
190.12.84.3 - - [05/May/2026:07:26:30 -0500] "GET /wp-content/uploads/2025/07/gm_003.png HTTP/1.1" 200 98347 "https://www.ensad.edu.pe/serv-academicos/guia-de-matricula/" "Mozilla/5.0 (Linux; Android 10; K) AppleWebKit/537.36 (KHTML, like Gecko) Chrome/138.0.0.0 Mobile Safari/537.36"
190.12.84.3 - - [05/May/2026:07:26:32 -0500] "GET /wp-content/uploads/2025/07/gm-03.png HTTP/1.1" 200 100283 "https://www.ensad.edu.pe/serv-academicos/guia-de-matricula/" "Mozilla/5.0 (Linux; Android 10; K) AppleWebKit/537.36 (KHTML, like Gecko) Chrome/138.0.0.0 Mobile Safari/537.36"
66.249.73.231 - - [05/May/2026:07:26:37 -0500] "GET /descargas/2021/convenio_ensad_icpna.pdf HTTP/1.1" 304 - "-" "Mozilla/5.0 (Linux; Android 6.0.1; Nexus 5X Build/MMB29P) AppleWebKit/537.36 (KHTML, like Gecko) Chrome/147.0.7727.137 Mobile Safari/537.36 (compatible; Googlebot/2.1; +http://www.google.com/bot.html)"
167.86.88.122 - - [05/May/2026:07:26:39 -0500] "POST /wp-cron.php?doing_wp_cron=1777983999.5711419582366943359375 HTTP/1.1" 200 20 "https://www.ensad.edu.pe/wp-cron.php?doing_wp_cron=1777983999.5711419582366943359375" "WordPress/5.5.3; https://www.ensad.edu.pe"
167.86.88.122 - - [05/May/2026:07:26:39 -0500] "POST /?wordfence_syncAttackData=1777983999.4759 HTTP/1.1" 200 20 "https://www.ensad.edu.pe/?wordfence_syncAttackData=1777983999.4759" "WordPress/5.5.3; https://www.ensad.edu.pe"
190.12.84.3 - - [05/May/2026:07:26:40 -0500] "GET /wp-content/uploads/2025/08/GRAF01.jpg HTTP/1.1" 200 29244 "https://www.ensad.edu.pe/serv-academicos/guia-de-matricula/" "Mozilla/5.0 (Linux; Android 10; K) AppleWebKit/537.36 (KHTML, like Gecko) Chrome/138.0.0.0 Mobile Safari/537.36"
168.119.246.194 - - [05/May/2026:07:26:39 -0500] "GET / HTTP/1.1" 200 38690 "-" "Better Uptime Bot Mozilla/5.0 (Windows NT 10.0; Win64; x64) AppleWebKit/537.36 (KHTML, like Gecko) Chrome/74.0.3729.169 Safari/537.36"
190.12.84.3 - - [05/May/2026:07:26:40 -0500] "GET /wp-content/uploads/2025/07/gm-07_.png HTTP/1.1" 200 171977 "https://www.ensad.edu.pe/serv-academicos/guia-de-matricula/" "Mozilla/5.0 (Linux; Android 10; K) AppleWebKit/537.36 (KHTML, like Gecko) Chrome/138.0.0.0 Mobile Safari/537.36"
103.59.160.219 - - [05/May/2026:07:26:45 -0500] "POST /xmlrpc.php HTTP/1.1" 503 7117 "-" "python-httpx/0.22.0"
190.12.84.3 - - [05/May/2026:07:26:40 -0500] "GET /wp-content/uploads/2025/07/gm-06.png HTTP/1.1" 200 367361 "https://www.ensad.edu.pe/serv-academicos/guia-de-matricula/" "Mozilla/5.0 (Linux; Android 10; K) AppleWebKit/537.36 (KHTML, like Gecko) Chrome/138.0.0.0 Mobile Safari/537.36"
190.12.84.3 - - [05/May/2026:07:26:49 -0500] "GET /wp-content/uploads/2025/07/gm_009.png HTTP/1.1" 200 27864 "https://www.ensad.edu.pe/serv-academicos/guia-de-matricula/" "Mozilla/5.0 (Linux; Android 10; K) AppleWebKit/537.36 (KHTML, like Gecko) Chrome/138.0.0.0 Mobile Safari/537.36"
190.12.84.3 - - [05/May/2026:07:26:40 -0500] "GET /wp-content/uploads/2025/07/gm-4.png HTTP/1.1" 200 645302 "https://www.ensad.edu.pe/serv-academicos/guia-de-matricula/" "Mozilla/5.0 (Linux; Android 10; K) AppleWebKit/537.36 (KHTML, like Gecko) Chrome/138.0.0.0 Mobile Safari/537.36"
190.12.84.3 - - [05/May/2026:07:26:59 -0500] "GET /wp-content/uploads/2025/03/ENSAD.-Guia-Matricula.2025.pdf HTTP/1.1" 200 410249 "https://www.google.com/" "Mozilla/5.0 (Linux; Android 10; K) AppleWebKit/537.36 (KHTML, like Gecko) Chrome/138.0.0.0 Mobile Safari/537.36"
103.59.160.219 - - [05/May/2026:07:27:05 -0500] "POST /xmlrpc.php HTTP/1.1" 503 7118 "-" "python-httpx/0.22.0"
103.59.160.219 - - [05/May/2026:07:27:25 -0500] "POST /xmlrpc.php HTTP/1.1" 503 7117 "-" "python-httpx/0.22.0"
167.86.88.122 - - [05/May/2026:07:27:46 -0500] "POST /wp-cron.php?doing_wp_cron=1777984066.0008640289306640625000 HTTP/1.1" 200 20 "https://www.ensad.edu.pe/wp-cron.php?doing_wp_cron=1777984066.0008640289306640625000" "WordPress/5.5.3; https://www.ensad.edu.pe"
167.86.88.122 - - [05/May/2026:07:27:45 -0500] "POST /?wordfence_syncAttackData=1777984065.8703 HTTP/1.1" 200 20 "https://www.ensad.edu.pe/?wordfence_syncAttackData=1777984065.8703" "WordPress/5.5.3; https://www.ensad.edu.pe"
103.59.160.219 - - [05/May/2026:07:27:45 -0500] "POST /xmlrpc.php HTTP/1.1" 503 7304 "-" "python-httpx/0.22.0"
190.12.84.3 - - [05/May/2026:07:27:46 -0500] "GET /serv-academicos/admision/ HTTP/1.1" 200 42751 "https://www.google.com/" "Mozilla/5.0 (Linux; Android 10; K) AppleWebKit/537.36 (KHTML, like Gecko) Chrome/138.0.0.0 Mobile Safari/537.36"
190.12.84.3 - - [05/May/2026:07:27:47 -0500] "GET /wp-content/themes/Divi/core/admin/fonts/modules.ttf HTTP/1.1" 304 - "https://www.ensad.edu.pe/wp-content/themes/Divi/style.css?ver=5.5.3" "Mozilla/5.0 (Linux; Android 10; K) AppleWebKit/537.36 (KHTML, like Gecko) Chrome/138.0.0.0 Mobile Safari/537.36"
190.12.84.3 - - [05/May/2026:07:27:49 -0500] "GET /wp-content/uploads/2025/11/admin2026.jpg HTTP/1.1" 200 80639 "https://www.ensad.edu.pe/serv-academicos/admision/" "Mozilla/5.0 (Linux; Android 10; K) AppleWebKit/537.36 (KHTML, like Gecko) Chrome/138.0.0.0 Mobile Safari/537.36"
103.59.160.219 - - [05/May/2026:07:27:56 -0500] "POST /xmlrpc.php HTTP/1.1" 503 7117 "-" "python-httpx/0.22.0"
103.59.160.219 - - [05/May/2026:07:28:09 -0500] "POST /xmlrpc.php HTTP/1.1" 503 7117 "-" "python-httpx/0.22.0"
103.59.160.219 - - [05/May/2026:07:28:21 -0500] "POST /xmlrpc.php HTTP/1.1" 503 7117 "-" "python-httpx/0.22.0"
167.86.88.122 - - [05/May/2026:07:28:35 -0500] "POST /wp-cron.php?doing_wp_cron=1777984115.0325510501861572265625 HTTP/1.1" 200 20 "https://www.ensad.edu.pe/wp-cron.php?doing_wp_cron=1777984115.0325510501861572265625" "WordPress/5.5.3; https://www.ensad.edu.pe"
167.86.88.122 - - [05/May/2026:07:28:34 -0500] "POST /?wordfence_syncAttackData=1777984114.9248 HTTP/1.1" 200 20 "https://www.ensad.edu.pe/?wordfence_syncAttackData=1777984114.9248" "WordPress/5.5.3; https://www.ensad.edu.pe"
190.12.84.3 - - [05/May/2026:07:28:11 -0500] "GET /wp-content/uploads/2026/04/ResultadoFinal-ActuacionFPFPFPFP.pdf HTTP/1.1" 200 1007599 "-" "Mozilla/5.0 (Linux; Android 10; K) AppleWebKit/537.36 (KHTML, like Gecko) Chrome/138.0.0.0 Mobile Safari/537.36"
38.25.25.224 - - [05/May/2026:07:28:36 -0500] "GET / HTTP/1.1" 200 38691 "http://www.ensad.edu.pe/" "Mozilla/5.0 (Linux; Android 16; 23117RA68G Build/BP2A.250605.031.A3) AppleWebKit/537.36 (KHTML, like Gecko) Version/4.0 Chrome/147.0.7727.86 Mobile Safari/537.36 [FB_IAB/FB4A;FBAV/556.1.0.63.64;IABMV/1;]"
38.25.25.224 - - [05/May/2026:07:28:36 -0500] "GET / HTTP/1.1" 200 38691 "http://m.facebook.com/" "Mozilla/5.0 (Linux; Android 16; 23117RA68G Build/BP2A.250605.031.A3) AppleWebKit/537.36 (KHTML, like Gecko) Version/4.0 Chrome/147.0.7727.86 Mobile Safari/537.36 [FB_IAB/FB4A;FBAV/556.1.0.63.64;IABMV/1;]"
38.25.25.224 - - [05/May/2026:07:28:38 -0500] "GET /wp-content/plugins/wpdatatables/integrations/starter/page-builders/divi-wpdt/styles/divi-wpdt.css?ver=7.3.5 HTTP/1.1" 200 225 "https://www.ensad.edu.pe/" "Mozilla/5.0 (Linux; Android 16; 23117RA68G Build/BP2A.250605.031.A3) AppleWebKit/537.36 (KHTML, like Gecko) Version/4.0 Chrome/147.0.7727.86 Mobile Safari/537.36 [FB_IAB/FB4A;FBAV/556.1.0.63.64;IABMV/1;]"
38.25.25.224 - - [05/May/2026:07:28:38 -0500] "GET /wp-content/plugins/gtranslate/gtranslate-style24.css?ver=5.5.3 HTTP/1.1" 200 299 "https://www.ensad.edu.pe/" "Mozilla/5.0 (Linux; Android 16; 23117RA68G Build/BP2A.250605.031.A3) AppleWebKit/537.36 (KHTML, like Gecko) Version/4.0 Chrome/147.0.7727.86 Mobile Safari/537.36 [FB_IAB/FB4A;FBAV/556.1.0.63.64;IABMV/1;]"
38.25.25.224 - - [05/May/2026:07:28:38 -0500] "GET /wp-content/plugins/formidable/css/formidableforms.css?ver=5181606 HTTP/1.1" 200 8581 "https://www.ensad.edu.pe/" "Mozilla/5.0 (Linux; Android 16; 23117RA68G Build/BP2A.250605.031.A3) AppleWebKit/537.36 (KHTML, like Gecko) Version/4.0 Chrome/147.0.7727.86 Mobile Safari/537.36 [FB_IAB/FB4A;FBAV/556.1.0.63.64;IABMV/1;]"
38.25.25.224 - - [05/May/2026:07:28:38 -0500] "GET /wp-includes/css/dist/block-library/style.min.css?ver=5.5.3 HTTP/1.1" 200 7907 "https://www.ensad.edu.pe/" "Mozilla/5.0 (Linux; Android 16; 23117RA68G Build/BP2A.250605.031.A3) AppleWebKit/537.36 (KHTML, like Gecko) Version/4.0 Chrome/147.0.7727.86 Mobile Safari/537.36 [FB_IAB/FB4A;FBAV/556.1.0.63.64;IABMV/1;]"
38.25.25.224 - - [05/May/2026:07:28:38 -0500] "GET /wp-content/plugins/superb-social-share-and-follow-buttons//assets/css/frontend.css?ver=101.0.0 HTTP/1.1" 200 2157 "https://www.ensad.edu.pe/" "Mozilla/5.0 (Linux; Android 16; 23117RA68G Build/BP2A.250605.031.A3) AppleWebKit/537.36 (KHTML, like Gecko) Version/4.0 Chrome/147.0.7727.86 Mobile Safari/537.36 [FB_IAB/FB4A;FBAV/556.1.0.63.64;IABMV/1;]"
38.25.25.224 - - [05/May/2026:07:28:38 -0500] "GET /wp-content/plugins/popups-for-divi/styles/front.min.css?ver=3.0.5 HTTP/1.1" 200 1641 "https://www.ensad.edu.pe/" "Mozilla/5.0 (Linux; Android 16; 23117RA68G Build/BP2A.250605.031.A3) AppleWebKit/537.36 (KHTML, like Gecko) Version/4.0 Chrome/147.0.7727.86 Mobile Safari/537.36 [FB_IAB/FB4A;FBAV/556.1.0.63.64;IABMV/1;]"
38.25.25.224 - - [05/May/2026:07:28:38 -0500] "GET /wp-content/plugins/wow-divi-carousel/assets/css/module-core.css?ver=5.5.3 HTTP/1.1" 200 3834 "https://www.ensad.edu.pe/" "Mozilla/5.0 (Linux; Android 16; 23117RA68G Build/BP2A.250605.031.A3) AppleWebKit/537.36 (KHTML, like Gecko) Version/4.0 Chrome/147.0.7727.86 Mobile Safari/537.36 [FB_IAB/FB4A;FBAV/556.1.0.63.64;IABMV/1;]"
38.25.25.224 - - [05/May/2026:07:28:38 -0500] "GET /wp-content/plugins/wow-divi-carousel/assets/vendor/slick/slick.css?ver=1.4.2 HTTP/1.1" 200 569 "https://www.ensad.edu.pe/" "Mozilla/5.0 (Linux; Android 16; 23117RA68G Build/BP2A.250605.031.A3) AppleWebKit/537.36 (KHTML, like Gecko) Version/4.0 Chrome/147.0.7727.86 Mobile Safari/537.36 [FB_IAB/FB4A;FBAV/556.1.0.63.64;IABMV/1;]"
38.25.25.224 - - [05/May/2026:07:28:38 -0500] "GET /wp-content/plugins/wow-divi-carousel/assets/vendor/slick/slick-theme.css?ver=1.4.2 HTTP/1.1" 200 866 "https://www.ensad.edu.pe/" "Mozilla/5.0 (Linux; Android 16; 23117RA68G Build/BP2A.250605.031.A3) AppleWebKit/537.36 (KHTML, like Gecko) Version/4.0 Chrome/147.0.7727.86 Mobile Safari/537.36 [FB_IAB/FB4A;FBAV/556.1.0.63.64;IABMV/1;]"
38.25.25.224 - - [05/May/2026:07:28:38 -0500] "GET /wp-content/themes/Divi-Child-Theme/style.css?ver=4.7.3 HTTP/1.1" 200 297 "https://www.ensad.edu.pe/" "Mozilla/5.0 (Linux; Android 16; 23117RA68G Build/BP2A.250605.031.A3) AppleWebKit/537.36 (KHTML, like Gecko) Version/4.0 Chrome/147.0.7727.86 Mobile Safari/537.36 [FB_IAB/FB4A;FBAV/556.1.0.63.64;IABMV/1;]"
38.25.25.224 - - [05/May/2026:07:28:38 -0500] "GET /wp-content/plugins/dflip/assets/css/themify-icons.min.css?ver=1.6.6 HTTP/1.1" 200 2814 "https://www.ensad.edu.pe/" "Mozilla/5.0 (Linux; Android 16; 23117RA68G Build/BP2A.250605.031.A3) AppleWebKit/537.36 (KHTML, like Gecko) Version/4.0 Chrome/147.0.7727.86 Mobile Safari/537.36 [FB_IAB/FB4A;FBAV/556.1.0.63.64;IABMV/1;]"
38.25.25.224 - - [05/May/2026:07:28:38 -0500] "GET /wp-content/plugins/dflip/assets/css/dflip.min.css?ver=1.6.6 HTTP/1.1" 200 5343 "https://www.ensad.edu.pe/" "Mozilla/5.0 (Linux; Android 16; 23117RA68G Build/BP2A.250605.031.A3) AppleWebKit/537.36 (KHTML, like Gecko) Version/4.0 Chrome/147.0.7727.86 Mobile Safari/537.36 [FB_IAB/FB4A;FBAV/556.1.0.63.64;IABMV/1;]"
38.25.25.224 - - [05/May/2026:07:28:38 -0500] "GET /wp-content/plugins/eventON/assets/css/eventon_styles.css?ver=3.0.2 HTTP/1.1" 200 21261 "https://www.ensad.edu.pe/" "Mozilla/5.0 (Linux; Android 16; 23117RA68G Build/BP2A.250605.031.A3) AppleWebKit/537.36 (KHTML, like Gecko) Version/4.0 Chrome/147.0.7727.86 Mobile Safari/537.36 [FB_IAB/FB4A;FBAV/556.1.0.63.64;IABMV/1;]"
38.25.25.224 - - [05/May/2026:07:28:38 -0500] "GET /wp-content/plugins/eventON/assets/fonts/all.css?ver=3.0.2 HTTP/1.1" 200 13456 "https://www.ensad.edu.pe/" "Mozilla/5.0 (Linux; Android 16; 23117RA68G Build/BP2A.250605.031.A3) AppleWebKit/537.36 (KHTML, like Gecko) Version/4.0 Chrome/147.0.7727.86 Mobile Safari/537.36 [FB_IAB/FB4A;FBAV/556.1.0.63.64;IABMV/1;]"
38.25.25.224 - - [05/May/2026:07:28:38 -0500] "GET /wp-content/plugins/eventON/assets/css/eventon_dynamic_styles.css?ver=3.0.2 HTTP/1.1" 200 2255 "https://www.ensad.edu.pe/" "Mozilla/5.0 (Linux; Android 16; 23117RA68G Build/BP2A.250605.031.A3) AppleWebKit/537.36 (KHTML, like Gecko) Version/4.0 Chrome/147.0.7727.86 Mobile Safari/537.36 [FB_IAB/FB4A;FBAV/556.1.0.63.64;IABMV/1;]"
38.25.25.224 - - [05/May/2026:07:28:38 -0500] "GET /wp-content/plugins/supreme-modules-pro-for-divi/styles/style.min.css?ver=3.9.92 HTTP/1.1" 200 29914 "https://www.ensad.edu.pe/" "Mozilla/5.0 (Linux; Android 16; 23117RA68G Build/BP2A.250605.031.A3) AppleWebKit/537.36 (KHTML, like Gecko) Version/4.0 Chrome/147.0.7727.86 Mobile Safari/537.36 [FB_IAB/FB4A;FBAV/556.1.0.63.64;IABMV/1;]"
38.25.25.224 - - [05/May/2026:07:28:38 -0500] "GET /wp-content/plugins/wow-divi-carousel/styles/style.min.css?ver=1.0.0 HTTP/1.1" 200 4449 "https://www.ensad.edu.pe/" "Mozilla/5.0 (Linux; Android 16; 23117RA68G Build/BP2A.250605.031.A3) AppleWebKit/537.36 (KHTML, like Gecko) Version/4.0 Chrome/147.0.7727.86 Mobile Safari/537.36 [FB_IAB/FB4A;FBAV/556.1.0.63.64;IABMV/1;]"
38.25.25.224 - - [05/May/2026:07:28:39 -0500] "GET /wp-content/plugins/wpdatatables/integrations/starter/page-builders/divi-wpdt/styles/style.min.css?ver=1.0.0 HTTP/1.1" 200 1797 "https://www.ensad.edu.pe/" "Mozilla/5.0 (Linux; Android 16; 23117RA68G Build/BP2A.250605.031.A3) AppleWebKit/537.36 (KHTML, like Gecko) Version/4.0 Chrome/147.0.7727.86 Mobile Safari/537.36 [FB_IAB/FB4A;FBAV/556.1.0.63.64;IABMV/1;]"
38.25.25.224 - - [05/May/2026:07:28:39 -0500] "GET /wp-content/uploads/pum/pum-site-styles.css?generated=1747710144&ver=1.15.0 HTTP/1.1" 200 3468 "https://www.ensad.edu.pe/" "Mozilla/5.0 (Linux; Android 16; 23117RA68G Build/BP2A.250605.031.A3) AppleWebKit/537.36 (KHTML, like Gecko) Version/4.0 Chrome/147.0.7727.86 Mobile Safari/537.36 [FB_IAB/FB4A;FBAV/556.1.0.63.64;IABMV/1;]"
38.25.25.224 - - [05/May/2026:07:28:38 -0500] "GET /wp-content/themes/Divi/style.css?ver=5.5.3 HTTP/1.1" 200 81311 "https://www.ensad.edu.pe/" "Mozilla/5.0 (Linux; Android 16; 23117RA68G Build/BP2A.250605.031.A3) AppleWebKit/537.36 (KHTML, like Gecko) Version/4.0 Chrome/147.0.7727.86 Mobile Safari/537.36 [FB_IAB/FB4A;FBAV/556.1.0.63.64;IABMV/1;]"
38.25.25.224 - - [05/May/2026:07:28:39 -0500] "GET /wp-includes/css/dashicons.min.css?ver=5.5.3 HTTP/1.1" 200 35722 "https://www.ensad.edu.pe/" "Mozilla/5.0 (Linux; Android 16; 23117RA68G Build/BP2A.250605.031.A3) AppleWebKit/537.36 (KHTML, like Gecko) Version/4.0 Chrome/147.0.7727.86 Mobile Safari/537.36 [FB_IAB/FB4A;FBAV/556.1.0.63.64;IABMV/1;]"
38.25.25.224 - - [05/May/2026:07:28:39 -0500] "GET /wp-content/plugins/popups-for-divi/scripts/ie-compat.min.js?ver=3.0.5 HTTP/1.1" 200 3695 "https://www.ensad.edu.pe/" "Mozilla/5.0 (Linux; Android 16; 23117RA68G Build/BP2A.250605.031.A3) AppleWebKit/537.36 (KHTML, like Gecko) Version/4.0 Chrome/147.0.7727.86 Mobile Safari/537.36 [FB_IAB/FB4A;FBAV/556.1.0.63.64;IABMV/1;]"
38.25.25.224 - - [05/May/2026:07:28:39 -0500] "GET /wp-includes/js/jquery/jquery.js?ver=1.12.4-wp HTTP/1.1" 200 33776 "https://www.ensad.edu.pe/" "Mozilla/5.0 (Linux; Android 16; 23117RA68G Build/BP2A.250605.031.A3) AppleWebKit/537.36 (KHTML, like Gecko) Version/4.0 Chrome/147.0.7727.86 Mobile Safari/537.36 [FB_IAB/FB4A;FBAV/556.1.0.63.64;IABMV/1;]"
38.25.25.224 - - [05/May/2026:07:28:39 -0500] "GET /wp-content/uploads/2026/03/IMG_destacada_1203.jpg HTTP/1.1" 200 477716 "https://www.ensad.edu.pe/" "Mozilla/5.0 (Linux; Android 16; 23117RA68G Build/BP2A.250605.031.A3) AppleWebKit/537.36 (KHTML, like Gecko) Version/4.0 Chrome/147.0.7727.86 Mobile Safari/537.36 [FB_IAB/FB4A;FBAV/556.1.0.63.64;IABMV/1;]"
38.25.25.224 - - [05/May/2026:07:28:39 -0500] "GET /wp-content/plugins/popups-for-divi/scripts/front.min.js?ver=3.0.5 HTTP/1.1" 200 21335 "https://www.ensad.edu.pe/" "Mozilla/5.0 (Linux; Android 16; 23117RA68G Build/BP2A.250605.031.A3) AppleWebKit/537.36 (KHTML, like Gecko) Version/4.0 Chrome/147.0.7727.86 Mobile Safari/537.36 [FB_IAB/FB4A;FBAV/556.1.0.63.64;IABMV/1;]"
38.25.25.224 - - [05/May/2026:07:28:39 -0500] "GET /wp-content/uploads/2026/03/DJ_IV_IMG.jpg HTTP/1.1" 200 373493 "https://www.ensad.edu.pe/" "Mozilla/5.0 (Linux; Android 16; 23117RA68G Build/BP2A.250605.031.A3) AppleWebKit/537.36 (KHTML, like Gecko) Version/4.0 Chrome/147.0.7727.86 Mobile Safari/537.36 [FB_IAB/FB4A;FBAV/556.1.0.63.64;IABMV/1;]"
38.25.25.224 - - [05/May/2026:07:28:39 -0500] "GET /wp-content/uploads/2026/03/img_110326.jpg HTTP/1.1" 200 443659 "https://www.ensad.edu.pe/" "Mozilla/5.0 (Linux; Android 16; 23117RA68G Build/BP2A.250605.031.A3) AppleWebKit/537.36 (KHTML, like Gecko) Version/4.0 Chrome/147.0.7727.86 Mobile Safari/537.36 [FB_IAB/FB4A;FBAV/556.1.0.63.64;IABMV/1;]"
38.25.25.224 - - [05/May/2026:07:28:39 -0500] "GET /wp-content/uploads/2025/12/IMG_2511_01.jpg HTTP/1.1" 200 230503 "https://www.ensad.edu.pe/" "Mozilla/5.0 (Linux; Android 16; 23117RA68G Build/BP2A.250605.031.A3) AppleWebKit/537.36 (KHTML, like Gecko) Version/4.0 Chrome/147.0.7727.86 Mobile Safari/537.36 [FB_IAB/FB4A;FBAV/556.1.0.63.64;IABMV/1;]"
38.25.25.224 - - [05/May/2026:07:28:39 -0500] "GET /wp-content/uploads/2026/01/nota2201.jpg.jpeg HTTP/1.1" 200 352140 "https://www.ensad.edu.pe/" "Mozilla/5.0 (Linux; Android 16; 23117RA68G Build/BP2A.250605.031.A3) AppleWebKit/537.36 (KHTML, like Gecko) Version/4.0 Chrome/147.0.7727.86 Mobile Safari/537.36 [FB_IAB/FB4A;FBAV/556.1.0.63.64;IABMV/1;]"
38.25.25.224 - - [05/May/2026:07:28:39 -0500] "GET /wp-content/themes/Divi/core/admin/fonts/modules.ttf HTTP/1.1" 200 37445 "https://www.ensad.edu.pe/wp-content/themes/Divi/style.css?ver=5.5.3" "Mozilla/5.0 (Linux; Android 16; 23117RA68G Build/BP2A.250605.031.A3) AppleWebKit/537.36 (KHTML, like Gecko) Version/4.0 Chrome/147.0.7727.86 Mobile Safari/537.36 [FB_IAB/FB4A;FBAV/556.1.0.63.64;IABMV/1;]"
38.25.25.224 - - [05/May/2026:07:28:39 -0500] "GET /wp-content/plugins/wow-divi-carousel/assets/fonts/icowdc.ttf?sqw28v HTTP/1.1" 200 4382 "https://www.ensad.edu.pe/wp-content/plugins/wow-divi-carousel/assets/css/module-core.css?ver=5.5.3" "Mozilla/5.0 (Linux; Android 16; 23117RA68G Build/BP2A.250605.031.A3) AppleWebKit/537.36 (KHTML, like Gecko) Version/4.0 Chrome/147.0.7727.86 Mobile Safari/537.36 [FB_IAB/FB4A;FBAV/556.1.0.63.64;IABMV/1;]"
38.25.25.224 - - [05/May/2026:07:28:40 -0500] "GET /wp-content/plugins/wow-divi-carousel/assets/vendor/slick/slick.min.js?ver=1.4.2 HTTP/1.1" 200 10519 "https://www.ensad.edu.pe/" "Mozilla/5.0 (Linux; Android 16; 23117RA68G Build/BP2A.250605.031.A3) AppleWebKit/537.36 (KHTML, like Gecko) Version/4.0 Chrome/147.0.7727.86 Mobile Safari/537.36 [FB_IAB/FB4A;FBAV/556.1.0.63.64;IABMV/1;]"
38.25.25.224 - - [05/May/2026:07:28:40 -0500] "GET /wp-content/plugins/wow-divi-carousel/assets/js/wow-divi-carousel.js?ver=1.4.2 HTTP/1.1" 200 45 "https://www.ensad.edu.pe/" "Mozilla/5.0 (Linux; Android 16; 23117RA68G Build/BP2A.250605.031.A3) AppleWebKit/537.36 (KHTML, like Gecko) Version/4.0 Chrome/147.0.7727.86 Mobile Safari/537.36 [FB_IAB/FB4A;FBAV/556.1.0.63.64;IABMV/1;]"
38.25.25.224 - - [05/May/2026:07:28:40 -0500] "GET /wp-content/themes/Divi/js/custom.unified.js?ver=4.7.3 HTTP/1.1" 200 135984 "https://www.ensad.edu.pe/" "Mozilla/5.0 (Linux; Android 16; 23117RA68G Build/BP2A.250605.031.A3) AppleWebKit/537.36 (KHTML, like Gecko) Version/4.0 Chrome/147.0.7727.86 Mobile Safari/537.36 [FB_IAB/FB4A;FBAV/556.1.0.63.64;IABMV/1;]"
38.25.25.224 - - [05/May/2026:07:28:40 -0500] "GET /wp-content/themes/Divi/core/admin/js/es6-promise.auto.min.js?ver=4.7.3 HTTP/1.1" 200 2684 "https://www.ensad.edu.pe/" "Mozilla/5.0 (Linux; Android 16; 23117RA68G Build/BP2A.250605.031.A3) AppleWebKit/537.36 (KHTML, like Gecko) Version/4.0 Chrome/147.0.7727.86 Mobile Safari/537.36 [FB_IAB/FB4A;FBAV/556.1.0.63.64;IABMV/1;]"
38.25.25.224 - - [05/May/2026:07:28:40 -0500] "GET /wp-content/themes/Divi/core/admin/js/recaptcha.js?ver=4.7.3 HTTP/1.1" 200 712 "https://www.ensad.edu.pe/" "Mozilla/5.0 (Linux; Android 16; 23117RA68G Build/BP2A.250605.031.A3) AppleWebKit/537.36 (KHTML, like Gecko) Version/4.0 Chrome/147.0.7727.86 Mobile Safari/537.36 [FB_IAB/FB4A;FBAV/556.1.0.63.64;IABMV/1;]"
38.25.25.224 - - [05/May/2026:07:28:40 -0500] "GET /wp-content/plugins/eventON/assets/js/eventon_functions.js?ver=3.0.2 HTTP/1.1" 200 3768 "https://www.ensad.edu.pe/" "Mozilla/5.0 (Linux; Android 16; 23117RA68G Build/BP2A.250605.031.A3) AppleWebKit/537.36 (KHTML, like Gecko) Version/4.0 Chrome/147.0.7727.86 Mobile Safari/537.36 [FB_IAB/FB4A;FBAV/556.1.0.63.64;IABMV/1;]"
38.25.25.224 - - [05/May/2026:07:28:40 -0500] "GET /wp-content/plugins/dflip/assets/js/dflip.min.js?ver=1.6.6 HTTP/1.1" 200 40479 "https://www.ensad.edu.pe/" "Mozilla/5.0 (Linux; Android 16; 23117RA68G Build/BP2A.250605.031.A3) AppleWebKit/537.36 (KHTML, like Gecko) Version/4.0 Chrome/147.0.7727.86 Mobile Safari/537.36 [FB_IAB/FB4A;FBAV/556.1.0.63.64;IABMV/1;]"
38.25.25.224 - - [05/May/2026:07:28:40 -0500] "GET /wp-content/plugins/eventON/assets/js/lib/jquery.easing.1.3.js?ver=1.0 HTTP/1.1" 200 1986 "https://www.ensad.edu.pe/" "Mozilla/5.0 (Linux; Android 16; 23117RA68G Build/BP2A.250605.031.A3) AppleWebKit/537.36 (KHTML, like Gecko) Version/4.0 Chrome/147.0.7727.86 Mobile Safari/537.36 [FB_IAB/FB4A;FBAV/556.1.0.63.64;IABMV/1;]"
38.25.25.224 - - [05/May/2026:07:28:40 -0500] "GET /wp-content/plugins/eventON/assets/js/lib/jquery.mobile.min.js?ver=3.0.2 HTTP/1.1" 200 2743 "https://www.ensad.edu.pe/" "Mozilla/5.0 (Linux; Android 16; 23117RA68G Build/BP2A.250605.031.A3) AppleWebKit/537.36 (KHTML, like Gecko) Version/4.0 Chrome/147.0.7727.86 Mobile Safari/537.36 [FB_IAB/FB4A;FBAV/556.1.0.63.64;IABMV/1;]"
38.25.25.224 - - [05/May/2026:07:28:40 -0500] "GET /wp-content/plugins/eventON/assets/js/lib/handlebars.js?ver=3.0.2 HTTP/1.1" 200 38247 "https://www.ensad.edu.pe/" "Mozilla/5.0 (Linux; Android 16; 23117RA68G Build/BP2A.250605.031.A3) AppleWebKit/537.36 (KHTML, like Gecko) Version/4.0 Chrome/147.0.7727.86 Mobile Safari/537.36 [FB_IAB/FB4A;FBAV/556.1.0.63.64;IABMV/1;]"
38.25.25.224 - - [05/May/2026:07:28:40 -0500] "GET /wp-content/plugins/eventON/assets/js/lib/moment.min.js?ver=3.0.2 HTTP/1.1" 200 17113 "https://www.ensad.edu.pe/" "Mozilla/5.0 (Linux; Android 16; 23117RA68G Build/BP2A.250605.031.A3) AppleWebKit/537.36 (KHTML, like Gecko) Version/4.0 Chrome/147.0.7727.86 Mobile Safari/537.36 [FB_IAB/FB4A;FBAV/556.1.0.63.64;IABMV/1;]"
38.25.25.224 - - [05/May/2026:07:28:40 -0500] "GET /wp-content/plugins/eventON/assets/js/lib/jquery.mousewheel.min.js?ver=3.0.2 HTTP/1.1" 200 716 "https://www.ensad.edu.pe/" "Mozilla/5.0 (Linux; Android 16; 23117RA68G Build/BP2A.250605.031.A3) AppleWebKit/537.36 (KHTML, like Gecko) Version/4.0 Chrome/147.0.7727.86 Mobile Safari/537.36 [FB_IAB/FB4A;FBAV/556.1.0.63.64;IABMV/1;]"
38.25.25.224 - - [05/May/2026:07:28:40 -0500] "GET /wp-content/plugins/eventON/assets/js/eventon_script.js?ver=3.0.2 HTTP/1.1" 200 13449 "https://www.ensad.edu.pe/" "Mozilla/5.0 (Linux; Android 16; 23117RA68G Build/BP2A.250605.031.A3) AppleWebKit/537.36 (KHTML, like Gecko) Version/4.0 Chrome/147.0.7727.86 Mobile Safari/537.36 [FB_IAB/FB4A;FBAV/556.1.0.63.64;IABMV/1;]"
38.25.25.224 - - [05/May/2026:07:28:40 -0500] "GET /wp-content/plugins/supreme-modules-pro-for-divi/scripts/frontend-bundle.min.js?ver=3.9.92 HTTP/1.1" 200 619 "https://www.ensad.edu.pe/" "Mozilla/5.0 (Linux; Android 16; 23117RA68G Build/BP2A.250605.031.A3) AppleWebKit/537.36 (KHTML, like Gecko) Version/4.0 Chrome/147.0.7727.86 Mobile Safari/537.36 [FB_IAB/FB4A;FBAV/556.1.0.63.64;IABMV/1;]"
38.25.25.224 - - [05/May/2026:07:28:40 -0500] "GET /wp-content/plugins/wow-divi-carousel/scripts/frontend-bundle.min.js?ver=1.0.0 HTTP/1.1" 200 1694 "https://www.ensad.edu.pe/" "Mozilla/5.0 (Linux; Android 16; 23117RA68G Build/BP2A.250605.031.A3) AppleWebKit/537.36 (KHTML, like Gecko) Version/4.0 Chrome/147.0.7727.86 Mobile Safari/537.36 [FB_IAB/FB4A;FBAV/556.1.0.63.64;IABMV/1;]"
38.25.25.224 - - [05/May/2026:07:28:40 -0500] "GET /wp-content/plugins/wpdatatables/integrations/starter/page-builders/divi-wpdt/scripts/frontend-bundle.min.js?ver=1.0.0 HTTP/1.1" 200 327 "https://www.ensad.edu.pe/" "Mozilla/5.0 (Linux; Android 16; 23117RA68G Build/BP2A.250605.031.A3) AppleWebKit/537.36 (KHTML, like Gecko) Version/4.0 Chrome/147.0.7727.86 Mobile Safari/537.36 [FB_IAB/FB4A;FBAV/556.1.0.63.64;IABMV/1;]"
38.25.25.224 - - [05/May/2026:07:28:40 -0500] "GET /wp-includes/js/jquery/ui/core.min.js?ver=1.11.4 HTTP/1.1" 200 1813 "https://www.ensad.edu.pe/" "Mozilla/5.0 (Linux; Android 16; 23117RA68G Build/BP2A.250605.031.A3) AppleWebKit/537.36 (KHTML, like Gecko) Version/4.0 Chrome/147.0.7727.86 Mobile Safari/537.36 [FB_IAB/FB4A;FBAV/556.1.0.63.64;IABMV/1;]"
38.25.25.224 - - [05/May/2026:07:28:40 -0500] "GET /wp-includes/js/jquery/ui/position.min.js?ver=1.11.4 HTTP/1.1" 200 2507 "https://www.ensad.edu.pe/" "Mozilla/5.0 (Linux; Android 16; 23117RA68G Build/BP2A.250605.031.A3) AppleWebKit/537.36 (KHTML, like Gecko) Version/4.0 Chrome/147.0.7727.86 Mobile Safari/537.36 [FB_IAB/FB4A;FBAV/556.1.0.63.64;IABMV/1;]"
38.25.25.224 - - [05/May/2026:07:28:40 -0500] "GET /wp-content/uploads/pum/pum-site-scripts.js?defer&generated=1747710144&ver=1.15.0 HTTP/1.1" 200 17645 "https://www.ensad.edu.pe/" "Mozilla/5.0 (Linux; Android 16; 23117RA68G Build/BP2A.250605.031.A3) AppleWebKit/537.36 (KHTML, like Gecko) Version/4.0 Chrome/147.0.7727.86 Mobile Safari/537.36 [FB_IAB/FB4A;FBAV/556.1.0.63.64;IABMV/1;]"
38.25.25.224 - - [05/May/2026:07:28:40 -0500] "GET /wp-content/plugins/popup-maker/assets/js/vendor/mobile-detect.min.js?ver=1.3.3 HTTP/1.1" 200 16296 "https://www.ensad.edu.pe/" "Mozilla/5.0 (Linux; Android 16; 23117RA68G Build/BP2A.250605.031.A3) AppleWebKit/537.36 (KHTML, like Gecko) Version/4.0 Chrome/147.0.7727.86 Mobile Safari/537.36 [FB_IAB/FB4A;FBAV/556.1.0.63.64;IABMV/1;]"
38.25.25.224 - - [05/May/2026:07:28:40 -0500] "GET /wp-content/themes/Divi/core/admin/js/common.js?ver=4.7.3 HTTP/1.1" 200 577 "https://www.ensad.edu.pe/" "Mozilla/5.0 (Linux; Android 16; 23117RA68G Build/BP2A.250605.031.A3) AppleWebKit/537.36 (KHTML, like Gecko) Version/4.0 Chrome/147.0.7727.86 Mobile Safari/537.36 [FB_IAB/FB4A;FBAV/556.1.0.63.64;IABMV/1;]"
38.25.25.224 - - [05/May/2026:07:28:40 -0500] "GET /wp-includes/js/wp-embed.min.js?ver=5.5.3 HTTP/1.1" 200 769 "https://www.ensad.edu.pe/" "Mozilla/5.0 (Linux; Android 16; 23117RA68G Build/BP2A.250605.031.A3) AppleWebKit/537.36 (KHTML, like Gecko) Version/4.0 Chrome/147.0.7727.86 Mobile Safari/537.36 [FB_IAB/FB4A;FBAV/556.1.0.63.64;IABMV/1;]"
38.25.25.224 - - [05/May/2026:07:28:40 -0500] "GET /wp-content/plugins/eventON/assets/js/maps/eventon_gen_maps.js?ver=3.0.2 HTTP/1.1" 200 1907 "https://www.ensad.edu.pe/" "Mozilla/5.0 (Linux; Android 16; 23117RA68G Build/BP2A.250605.031.A3) AppleWebKit/537.36 (KHTML, like Gecko) Version/4.0 Chrome/147.0.7727.86 Mobile Safari/537.36 [FB_IAB/FB4A;FBAV/556.1.0.63.64;IABMV/1;]"
38.25.25.224 - - [05/May/2026:07:28:41 -0500] "GET /wp-content/uploads/2026/04/01.jpeg HTTP/1.1" 200 3132 "https://www.ensad.edu.pe/" "Mozilla/5.0 (Linux; Android 16; 23117RA68G Build/BP2A.250605.031.A3) AppleWebKit/537.36 (KHTML, like Gecko) Version/4.0 Chrome/147.0.7727.86 Mobile Safari/537.36 [FB_IAB/FB4A;FBAV/556.1.0.63.64;IABMV/1;]"
38.25.25.224 - - [05/May/2026:07:28:41 -0500] "GET /wp-content/uploads/2026/04/LOGOFINALENSAD-300x91-1.png HTTP/1.1" 200 14654 "https://www.ensad.edu.pe/" "Mozilla/5.0 (Linux; Android 16; 23117RA68G Build/BP2A.250605.031.A3) AppleWebKit/537.36 (KHTML, like Gecko) Version/4.0 Chrome/147.0.7727.86 Mobile Safari/537.36 [FB_IAB/FB4A;FBAV/556.1.0.63.64;IABMV/1;]"
38.25.25.224 - - [05/May/2026:07:28:41 -0500] "GET /wp-content/plugins/eventON/assets/js/maps/eventon_init_gmap.js?ver=1.0 HTTP/1.1" 200 153 "https://www.ensad.edu.pe/" "Mozilla/5.0 (Linux; Android 16; 23117RA68G Build/BP2A.250605.031.A3) AppleWebKit/537.36 (KHTML, like Gecko) Version/4.0 Chrome/147.0.7727.86 Mobile Safari/537.36 [FB_IAB/FB4A;FBAV/556.1.0.63.64;IABMV/1;]"
38.25.25.224 - - [05/May/2026:07:28:41 -0500] "GET /wp-content/uploads/2026/04/N-13-1.png HTTP/1.1" 200 6646 "https://www.ensad.edu.pe/" "Mozilla/5.0 (Linux; Android 16; 23117RA68G Build/BP2A.250605.031.A3) AppleWebKit/537.36 (KHTML, like Gecko) Version/4.0 Chrome/147.0.7727.86 Mobile Safari/537.36 [FB_IAB/FB4A;FBAV/556.1.0.63.64;IABMV/1;]"
38.25.25.224 - - [05/May/2026:07:28:41 -0500] "GET /wp-content/uploads/2026/04/E-12-1.png HTTP/1.1" 200 4596 "https://www.ensad.edu.pe/" "Mozilla/5.0 (Linux; Android 16; 23117RA68G Build/BP2A.250605.031.A3) AppleWebKit/537.36 (KHTML, like Gecko) Version/4.0 Chrome/147.0.7727.86 Mobile Safari/537.36 [FB_IAB/FB4A;FBAV/556.1.0.63.64;IABMV/1;]"
38.25.25.224 - - [05/May/2026:07:28:41 -0500] "GET /wp-content/uploads/2026/04/S-14-1.png HTTP/1.1" 200 5173 "https://www.ensad.edu.pe/" "Mozilla/5.0 (Linux; Android 16; 23117RA68G Build/BP2A.250605.031.A3) AppleWebKit/537.36 (KHTML, like Gecko) Version/4.0 Chrome/147.0.7727.86 Mobile Safari/537.36 [FB_IAB/FB4A;FBAV/556.1.0.63.64;IABMV/1;]"
167.86.88.122 - - [05/May/2026:07:28:41 -0500] "POST /wp-cron.php?doing_wp_cron=1777984121.7852070331573486328125 HTTP/1.1" 200 20 "https://www.ensad.edu.pe/wp-cron.php?doing_wp_cron=1777984121.7852070331573486328125" "WordPress/5.5.3; https://www.ensad.edu.pe"
167.86.88.122 - - [05/May/2026:07:28:41 -0500] "POST /wp-cron.php?doing_wp_cron=1777984121.7854859828948974609375 HTTP/1.1" 200 20 "https://www.ensad.edu.pe/wp-cron.php?doing_wp_cron=1777984121.7854859828948974609375" "WordPress/5.5.3; https://www.ensad.edu.pe"
38.25.25.224 - - [05/May/2026:07:28:41 -0500] "GET /wp-content/uploads/2026/04/D-16-1.png HTTP/1.1" 200 4727 "https://www.ensad.edu.pe/" "Mozilla/5.0 (Linux; Android 16; 23117RA68G Build/BP2A.250605.031.A3) AppleWebKit/537.36 (KHTML, like Gecko) Version/4.0 Chrome/147.0.7727.86 Mobile Safari/537.36 [FB_IAB/FB4A;FBAV/556.1.0.63.64;IABMV/1;]"
38.25.25.224 - - [05/May/2026:07:28:41 -0500] "GET /wp-content/uploads/2026/04/A-15-1.png HTTP/1.1" 200 4561 "https://www.ensad.edu.pe/" "Mozilla/5.0 (Linux; Android 16; 23117RA68G Build/BP2A.250605.031.A3) AppleWebKit/537.36 (KHTML, like Gecko) Version/4.0 Chrome/147.0.7727.86 Mobile Safari/537.36 [FB_IAB/FB4A;FBAV/556.1.0.63.64;IABMV/1;]"
38.25.25.224 - - [05/May/2026:07:28:42 -0500] "GET /wp-content/uploads/2025/07/directora-over.jpg HTTP/1.1" 200 115748 "https://www.ensad.edu.pe/" "Mozilla/5.0 (Linux; Android 16; 23117RA68G Build/BP2A.250605.031.A3) AppleWebKit/537.36 (KHTML, like Gecko) Version/4.0 Chrome/147.0.7727.86 Mobile Safari/537.36 [FB_IAB/FB4A;FBAV/556.1.0.63.64;IABMV/1;]"
38.25.25.224 - - [05/May/2026:07:28:42 -0500] "GET /wp-content/uploads/2024/03/quienes_somos.jpg HTTP/1.1" 200 131381 "https://www.ensad.edu.pe/" "Mozilla/5.0 (Linux; Android 16; 23117RA68G Build/BP2A.250605.031.A3) AppleWebKit/537.36 (KHTML, like Gecko) Version/4.0 Chrome/147.0.7727.86 Mobile Safari/537.36 [FB_IAB/FB4A;FBAV/556.1.0.63.64;IABMV/1;]"
38.25.25.224 - - [05/May/2026:07:28:42 -0500] "GET /wp-content/uploads/2023/02/educacion_icon.png HTTP/1.1" 200 2370 "https://www.ensad.edu.pe/" "Mozilla/5.0 (Linux; Android 16; 23117RA68G Build/BP2A.250605.031.A3) AppleWebKit/537.36 (KHTML, like Gecko) Version/4.0 Chrome/147.0.7727.86 Mobile Safari/537.36 [FB_IAB/FB4A;FBAV/556.1.0.63.64;IABMV/1;]"
38.25.25.224 - - [05/May/2026:07:28:42 -0500] "GET /wp-content/uploads/2023/02/diseno_logo-300x300.png HTTP/1.1" 200 1201 "https://www.ensad.edu.pe/" "Mozilla/5.0 (Linux; Android 16; 23117RA68G Build/BP2A.250605.031.A3) AppleWebKit/537.36 (KHTML, like Gecko) Version/4.0 Chrome/147.0.7727.86 Mobile Safari/537.36 [FB_IAB/FB4A;FBAV/556.1.0.63.64;IABMV/1;]"
38.25.25.224 - - [05/May/2026:07:28:42 -0500] "GET /wp-content/uploads/2026/04/Slider_Admision2026.jpg HTTP/1.1" 200 411734 "https://www.ensad.edu.pe/" "Mozilla/5.0 (Linux; Android 16; 23117RA68G Build/BP2A.250605.031.A3) AppleWebKit/537.36 (KHTML, like Gecko) Version/4.0 Chrome/147.0.7727.86 Mobile Safari/537.36 [FB_IAB/FB4A;FBAV/556.1.0.63.64;IABMV/1;]"
91.92.243.236 - - [05/May/2026:07:28:41 -0500] "POST /wp-login.php HTTP/1.1" 503 18947 "-" "Mozilla/5.0"
91.92.243.236 - - [05/May/2026:07:28:41 -0500] "POST /wp-login.php HTTP/1.1" 503 18947 "-" "Mozilla/5.0"
38.25.25.224 - - [05/May/2026:07:28:42 -0500] "GET /wp-content/uploads/2025/03/b_unae_web.jpg HTTP/1.1" 200 163513 "https://www.ensad.edu.pe/" "Mozilla/5.0 (Linux; Android 16; 23117RA68G Build/BP2A.250605.031.A3) AppleWebKit/537.36 (KHTML, like Gecko) Version/4.0 Chrome/147.0.7727.86 Mobile Safari/537.36 [FB_IAB/FB4A;FBAV/556.1.0.63.64;IABMV/1;]"
38.25.25.224 - - [05/May/2026:07:28:42 -0500] "GET /wp-content/uploads/2024/10/BannerWeb.png HTTP/1.1" 200 237474 "https://www.ensad.edu.pe/" "Mozilla/5.0 (Linux; Android 16; 23117RA68G Build/BP2A.250605.031.A3) AppleWebKit/537.36 (KHTML, like Gecko) Version/4.0 Chrome/147.0.7727.86 Mobile Safari/537.36 [FB_IAB/FB4A;FBAV/556.1.0.63.64;IABMV/1;]"
38.25.25.224 - - [05/May/2026:07:28:42 -0500] "GET /wp-content/uploads/2024/10/banner_revista_liminal.jpg HTTP/1.1" 200 162885 "https://www.ensad.edu.pe/" "Mozilla/5.0 (Linux; Android 16; 23117RA68G Build/BP2A.250605.031.A3) AppleWebKit/537.36 (KHTML, like Gecko) Version/4.0 Chrome/147.0.7727.86 Mobile Safari/537.36 [FB_IAB/FB4A;FBAV/556.1.0.63.64;IABMV/1;]"
38.25.25.224 - - [05/May/2026:07:28:42 -0500] "GET /wp-content/uploads/2024/01/banner_fondo.jpg HTTP/1.1" 200 188152 "https://www.ensad.edu.pe/" "Mozilla/5.0 (Linux; Android 16; 23117RA68G Build/BP2A.250605.031.A3) AppleWebKit/537.36 (KHTML, like Gecko) Version/4.0 Chrome/147.0.7727.86 Mobile Safari/537.36 [FB_IAB/FB4A;FBAV/556.1.0.63.64;IABMV/1;]"
38.25.25.224 - - [05/May/2026:07:28:42 -0500] "GET /wp-content/uploads/2023/02/actuacion_icon.png HTTP/1.1" 200 6083 "https://www.ensad.edu.pe/" "Mozilla/5.0 (Linux; Android 16; 23117RA68G Build/BP2A.250605.031.A3) AppleWebKit/537.36 (KHTML, like Gecko) Version/4.0 Chrome/147.0.7727.86 Mobile Safari/537.36 [FB_IAB/FB4A;FBAV/556.1.0.63.64;IABMV/1;]"
38.25.25.224 - - [05/May/2026:07:28:43 -0500] "GET /wp-content/plugins/wow-divi-carousel/assets/vendor/slick/ajax-loader.gif HTTP/1.1" 200 4178 "https://www.ensad.edu.pe/wp-content/plugins/wow-divi-carousel/assets/vendor/slick/slick-theme.css?ver=1.4.2" "Mozilla/5.0 (Linux; Android 16; 23117RA68G Build/BP2A.250605.031.A3) AppleWebKit/537.36 (KHTML, like Gecko) Version/4.0 Chrome/147.0.7727.86 Mobile Safari/537.36 [FB_IAB/FB4A;FBAV/556.1.0.63.64;IABMV/1;]"
167.86.88.122 - - [05/May/2026:07:28:44 -0500] "POST /wp-cron.php?doing_wp_cron=1777984124.5037689208984375000000 HTTP/1.1" 200 20 "https://www.ensad.edu.pe/wp-cron.php?doing_wp_cron=1777984124.5037689208984375000000" "WordPress/5.5.3; https://www.ensad.edu.pe"
38.25.25.224 - - [05/May/2026:07:28:44 -0500] "GET /favicon.ico HTTP/1.1" 302 20 "https://www.ensad.edu.pe/" "Mozilla/5.0 (Linux; Android 16; 23117RA68G Build/BP2A.250605.031.A3) AppleWebKit/537.36 (KHTML, like Gecko) Version/4.0 Chrome/147.0.7727.86 Mobile Safari/537.36 [FB_IAB/FB4A;FBAV/556.1.0.63.64;IABMV/1;]"
38.25.25.224 - - [05/May/2026:07:28:45 -0500] "GET /wp-content/uploads/2026/04/cropped-unae_favico-32x32.png HTTP/1.1" 200 272 "https://www.ensad.edu.pe/" "Mozilla/5.0 (Linux; Android 16; 23117RA68G Build/BP2A.250605.031.A3) AppleWebKit/537.36 (KHTML, like Gecko) Version/4.0 Chrome/147.0.7727.86 Mobile Safari/537.36 [FB_IAB/FB4A;FBAV/556.1.0.63.64;IABMV/1;]"
5.254.26.20 - - [05/May/2026:07:28:46 -0500] "POST /owa/auth.owa HTTP/1.1" 404 31360 "https://mail.ensad.edu.pe/owa/auth/logon.aspx?replaceCurrent=1&url=https%3a%2f%2fmail.ensad.edu.pe%2fowa%2f" "Mozilla/5.0 (Windows NT 10.0; Win64; x64) AppleWebKit/537.36 (KHTML, like Gecko) Chrome/96.0.4664.110 Safari/537.36"
5.254.26.20 - - [05/May/2026:07:28:47 -0500] "POST /owa/auth.owa HTTP/1.1" 200 12286 "https://webmail.ensad.edu.pe/owa/auth/logon.aspx?replaceCurrent=1&url=https%3a%2f%2fwebmail.ensad.edu.pe%2fowa%2f" "Mozilla/5.0 (Windows NT 10.0; Win64; x64) AppleWebKit/537.36 (KHTML, like Gecko) Chrome/96.0.4664.110 Safari/537.36"
103.59.160.219 - - [05/May/2026:07:28:48 -0500] "POST /xmlrpc.php HTTP/1.1" 503 7117 "-" "python-httpx/0.22.0"
167.86.88.122 - - [05/May/2026:07:28:48 -0500] "POST /?wordfence_syncAttackData=1777984128.9533 HTTP/1.1" 200 20 "https://www.ensad.edu.pe/?wordfence_syncAttackData=1777984128.9533" "WordPress/5.5.3; https://www.ensad.edu.pe"
5.254.26.20 - - [05/May/2026:07:28:48 -0500] "POST /owa/auth.owa HTTP/1.1" 404 31360 "https://ensad.edu.pe/owa/auth/logon.aspx?replaceCurrent=1&url=https%3a%2f%2fensad.edu.pe%2fowa%2f" "Mozilla/5.0 (Windows NT 10.0; Win64; x64) AppleWebKit/537.36 (KHTML, like Gecko) Chrome/96.0.4664.110 Safari/537.36"
103.59.160.219 - - [05/May/2026:07:29:00 -0500] "POST /xmlrpc.php HTTP/1.1" 503 7117 "-" "python-httpx/0.22.0"
38.25.25.224 - - [05/May/2026:07:29:03 -0500] "GET /wp-content/uploads/2024/03/servicios_icon.png HTTP/1.1" 200 1605 "https://www.ensad.edu.pe/" "Mozilla/5.0 (Linux; Android 16; 23117RA68G Build/BP2A.250605.031.A3) AppleWebKit/537.36 (KHTML, like Gecko) Version/4.0 Chrome/147.0.7727.86 Mobile Safari/537.36 [FB_IAB/FB4A;FBAV/556.1.0.63.64;IABMV/1;]"
38.25.25.224 - - [05/May/2026:07:29:06 -0500] "GET /wp-content/uploads/2024/03/admision_icon.png HTTP/1.1" 200 2316 "https://www.ensad.edu.pe/" "Mozilla/5.0 (Linux; Android 16; 23117RA68G Build/BP2A.250605.031.A3) AppleWebKit/537.36 (KHTML, like Gecko) Version/4.0 Chrome/147.0.7727.86 Mobile Safari/537.36 [FB_IAB/FB4A;FBAV/556.1.0.63.64;IABMV/1;]"
38.25.25.224 - - [05/May/2026:07:29:07 -0500] "GET /wp-content/uploads/2024/03/biblioteca_icon.png HTTP/1.1" 200 1616 "https://www.ensad.edu.pe/" "Mozilla/5.0 (Linux; Android 16; 23117RA68G Build/BP2A.250605.031.A3) AppleWebKit/537.36 (KHTML, like Gecko) Version/4.0 Chrome/147.0.7727.86 Mobile Safari/537.36 [FB_IAB/FB4A;FBAV/556.1.0.63.64;IABMV/1;]"
181.66.151.224 - - [05/May/2026:07:29:09 -0500] "GET /descargas/logoensad.png HTTP/1.1" 304 - "https://ensadperu.sharepoint.com/" "Mozilla/5.0 (Macintosh; Intel Mac OS X 10_15_7) AppleWebKit/605.1.15 (KHTML, like Gecko) Version/26.4 Safari/605.1.15"
103.59.160.219 - - [05/May/2026:07:29:14 -0500] "POST /xmlrpc.php HTTP/1.1" 503 7117 "-" "python-httpx/0.22.0"
38.25.25.224 - - [05/May/2026:07:29:18 -0500] "GET /wp-content/uploads/2026/04/LOGO-ACCESO-A-LA-INFORMACION-PUBLICA-01.png HTTP/1.1" 200 19287 "https://www.ensad.edu.pe/" "Mozilla/5.0 (Linux; Android 16; 23117RA68G Build/BP2A.250605.031.A3) AppleWebKit/537.36 (KHTML, like Gecko) Version/4.0 Chrome/147.0.7727.86 Mobile Safari/537.36 [FB_IAB/FB4A;FBAV/556.1.0.63.64;IABMV/1;]"
38.25.25.224 - - [05/May/2026:07:29:18 -0500] "GET /wp-content/uploads/2026/04/libro_unae0101.png HTTP/1.1" 200 54207 "https://www.ensad.edu.pe/" "Mozilla/5.0 (Linux; Android 16; 23117RA68G Build/BP2A.250605.031.A3) AppleWebKit/537.36 (KHTML, like Gecko) Version/4.0 Chrome/147.0.7727.86 Mobile Safari/537.36 [FB_IAB/FB4A;FBAV/556.1.0.63.64;IABMV/1;]"
38.25.25.224 - - [05/May/2026:07:29:18 -0500] "GET /wp-content/uploads/2026/04/logo-portal-transparencia-1.png HTTP/1.1" 200 63169 "https://www.ensad.edu.pe/" "Mozilla/5.0 (Linux; Android 16; 23117RA68G Build/BP2A.250605.031.A3) AppleWebKit/537.36 (KHTML, like Gecko) Version/4.0 Chrome/147.0.7727.86 Mobile Safari/537.36 [FB_IAB/FB4A;FBAV/556.1.0.63.64;IABMV/1;]"
38.25.25.224 - - [05/May/2026:07:29:18 -0500] "GET /wp-content/uploads/2026/04/minedu_logo_300px.png HTTP/1.1" 200 15114 "https://www.ensad.edu.pe/" "Mozilla/5.0 (Linux; Android 16; 23117RA68G Build/BP2A.250605.031.A3) AppleWebKit/537.36 (KHTML, like Gecko) Version/4.0 Chrome/147.0.7727.86 Mobile Safari/537.36 [FB_IAB/FB4A;FBAV/556.1.0.63.64;IABMV/1;]"
103.59.160.219 - - [05/May/2026:07:29:21 -0500] "POST /xmlrpc.php HTTP/1.1" 503 7117 "-" "python-httpx/0.22.0"
167.86.88.122 - - [05/May/2026:07:29:27 -0500] "POST /wp-cron.php?doing_wp_cron=1777984167.4064860343933105468750 HTTP/1.1" 200 20 "https://www.ensad.edu.pe/wp-cron.php?doing_wp_cron=1777984167.4064860343933105468750" "WordPress/5.5.3; https://www.ensad.edu.pe"
167.86.88.122 - - [05/May/2026:07:29:27 -0500] "POST /?wordfence_syncAttackData=1777984167.3264 HTTP/1.1" 200 20 "https://www.ensad.edu.pe/?wordfence_syncAttackData=1777984167.3264" "WordPress/5.5.3; https://www.ensad.edu.pe"
190.12.84.3 - - [05/May/2026:07:29:27 -0500] "GET /serv-academicos/ HTTP/1.1" 200 35898 "https://www.google.com/" "Mozilla/5.0 (Linux; Android 10; K) AppleWebKit/537.36 (KHTML, like Gecko) Chrome/138.0.0.0 Mobile Safari/537.36"
190.12.84.3 - - [05/May/2026:07:29:28 -0500] "GET /wp-content/themes/Divi/core/admin/fonts/modules.ttf HTTP/1.1" 304 - "https://www.ensad.edu.pe/wp-content/themes/Divi/style.css?ver=5.5.3" "Mozilla/5.0 (Linux; Android 10; K) AppleWebKit/537.36 (KHTML, like Gecko) Chrome/138.0.0.0 Mobile Safari/537.36"
190.12.84.3 - - [05/May/2026:07:29:30 -0500] "GET /wp-content/uploads/2025/07/header_cartelera_web_.jpg HTTP/1.1" 200 105713 "https://www.ensad.edu.pe/serv-academicos/" "Mozilla/5.0 (Linux; Android 10; K) AppleWebKit/537.36 (KHTML, like Gecko) Chrome/138.0.0.0 Mobile Safari/537.36"
38.25.25.224 - - [05/May/2026:07:29:31 -0500] "GET /serv-academicos/carreras/ HTTP/1.1" 404 31371 "https://www.ensad.edu.pe/" "Mozilla/5.0 (Linux; Android 16; 23117RA68G Build/BP2A.250605.031.A3) AppleWebKit/537.36 (KHTML, like Gecko) Version/4.0 Chrome/147.0.7727.86 Mobile Safari/537.36 [FB_IAB/FB4A;FBAV/556.1.0.63.64;IABMV/1;]"
38.25.25.224 - - [05/May/2026:07:29:32 -0500] "GET /wp-content/plugins/wpdatatables/integrations/starter/page-builders/divi-wpdt/styles/divi-wpdt.css?ver=7.3.5 HTTP/1.1" 200 225 "https://www.ensad.edu.pe/serv-academicos/carreras/" "Mozilla/5.0 (Linux; Android 16; 23117RA68G Build/BP2A.250605.031.A3) AppleWebKit/537.36 (KHTML, like Gecko) Version/4.0 Chrome/147.0.7727.86 Mobile Safari/537.36 [FB_IAB/FB4A;FBAV/556.1.0.63.64;IABMV/1;]"
38.25.25.224 - - [05/May/2026:07:29:32 -0500] "GET /wp-content/plugins/gtranslate/gtranslate-style24.css?ver=5.5.3 HTTP/1.1" 200 299 "https://www.ensad.edu.pe/serv-academicos/carreras/" "Mozilla/5.0 (Linux; Android 16; 23117RA68G Build/BP2A.250605.031.A3) AppleWebKit/537.36 (KHTML, like Gecko) Version/4.0 Chrome/147.0.7727.86 Mobile Safari/537.36 [FB_IAB/FB4A;FBAV/556.1.0.63.64;IABMV/1;]"
38.25.25.224 - - [05/May/2026:07:29:33 -0500] "GET /wp-content/plugins/formidable/css/formidableforms.css?ver=5181606 HTTP/1.1" 200 8581 "https://www.ensad.edu.pe/serv-academicos/carreras/" "Mozilla/5.0 (Linux; Android 16; 23117RA68G Build/BP2A.250605.031.A3) AppleWebKit/537.36 (KHTML, like Gecko) Version/4.0 Chrome/147.0.7727.86 Mobile Safari/537.36 [FB_IAB/FB4A;FBAV/556.1.0.63.64;IABMV/1;]"
38.25.25.224 - - [05/May/2026:07:29:33 -0500] "GET /wp-includes/css/dist/block-library/style.min.css?ver=5.5.3 HTTP/1.1" 200 7907 "https://www.ensad.edu.pe/serv-academicos/carreras/" "Mozilla/5.0 (Linux; Android 16; 23117RA68G Build/BP2A.250605.031.A3) AppleWebKit/537.36 (KHTML, like Gecko) Version/4.0 Chrome/147.0.7727.86 Mobile Safari/537.36 [FB_IAB/FB4A;FBAV/556.1.0.63.64;IABMV/1;]"
38.25.25.224 - - [05/May/2026:07:29:33 -0500] "GET /wp-content/plugins/superb-social-share-and-follow-buttons//assets/css/frontend.css?ver=101.0.0 HTTP/1.1" 200 2157 "https://www.ensad.edu.pe/serv-academicos/carreras/" "Mozilla/5.0 (Linux; Android 16; 23117RA68G Build/BP2A.250605.031.A3) AppleWebKit/537.36 (KHTML, like Gecko) Version/4.0 Chrome/147.0.7727.86 Mobile Safari/537.36 [FB_IAB/FB4A;FBAV/556.1.0.63.64;IABMV/1;]"
38.25.25.224 - - [05/May/2026:07:29:33 -0500] "GET /wp-content/plugins/popups-for-divi/styles/front.min.css?ver=3.0.5 HTTP/1.1" 200 1641 "https://www.ensad.edu.pe/serv-academicos/carreras/" "Mozilla/5.0 (Linux; Android 16; 23117RA68G Build/BP2A.250605.031.A3) AppleWebKit/537.36 (KHTML, like Gecko) Version/4.0 Chrome/147.0.7727.86 Mobile Safari/537.36 [FB_IAB/FB4A;FBAV/556.1.0.63.64;IABMV/1;]"
38.25.25.224 - - [05/May/2026:07:29:33 -0500] "GET /wp-content/plugins/wow-divi-carousel/assets/css/module-core.css?ver=5.5.3 HTTP/1.1" 200 3834 "https://www.ensad.edu.pe/serv-academicos/carreras/" "Mozilla/5.0 (Linux; Android 16; 23117RA68G Build/BP2A.250605.031.A3) AppleWebKit/537.36 (KHTML, like Gecko) Version/4.0 Chrome/147.0.7727.86 Mobile Safari/537.36 [FB_IAB/FB4A;FBAV/556.1.0.63.64;IABMV/1;]"
38.25.25.224 - - [05/May/2026:07:29:33 -0500] "GET /wp-content/plugins/wow-divi-carousel/assets/vendor/slick/slick.css?ver=1.4.2 HTTP/1.1" 200 569 "https://www.ensad.edu.pe/serv-academicos/carreras/" "Mozilla/5.0 (Linux; Android 16; 23117RA68G Build/BP2A.250605.031.A3) AppleWebKit/537.36 (KHTML, like Gecko) Version/4.0 Chrome/147.0.7727.86 Mobile Safari/537.36 [FB_IAB/FB4A;FBAV/556.1.0.63.64;IABMV/1;]"
38.25.25.224 - - [05/May/2026:07:29:33 -0500] "GET /wp-content/plugins/wow-divi-carousel/assets/vendor/slick/slick-theme.css?ver=1.4.2 HTTP/1.1" 200 866 "https://www.ensad.edu.pe/serv-academicos/carreras/" "Mozilla/5.0 (Linux; Android 16; 23117RA68G Build/BP2A.250605.031.A3) AppleWebKit/537.36 (KHTML, like Gecko) Version/4.0 Chrome/147.0.7727.86 Mobile Safari/537.36 [FB_IAB/FB4A;FBAV/556.1.0.63.64;IABMV/1;]"
